Report for Module-Packaged-0.86

Back
From: metabase:user:0d96120c-29e2-11e5-b049-ede3035d37de
Subject: FAIL Module-Packaged-0.86 v5.22.0 GNU/Linux
Date: 2015-08-07T10:36:19Z

This distribution has been tested as part of the CPAN Testers
project, supporting the Perl programming language.  See
http://wiki.cpantesters.org/ for more information or email
questions to cpan-testers-discuss@perl.org


--
Dear Leon Brocard,

This is a computer-generated report for Module-Packaged-0.86
on perl 5.22.0, created by CPAN-Reporter-1.2015.

Thank you for uploading your work to CPAN.  However, there was a problem
testing your distribution.

If you think this report is invalid, please consult the CPAN Testers Wiki
for suggestions on how to avoid getting FAIL reports for missing library
or binary dependencies, unsupported operating systems, and so on:

http://wiki.cpantesters.org/wiki/CPANAuthorNotes

Sections of this report:

    * Tester comments
    * Program output
    * Prerequisites
    * Environment and other context

------------------------------
TESTER COMMENTS
------------------------------

Additional comments from tester:

this report is from an automated smoke testing program
and was not reviewed by a human for accuracy

MEMORY         : 1.96 GB
ARCH           : armv7l
OS             : Debian 8.1
KERNEL         : Linux 4.1.3-armv7-x2
VIRTUALIZATION : No Virtualization

------------------------------
PROGRAM OUTPUT
------------------------------

Output from './Build test':

t/pod.t ........... ok
t/pod_coverage.t .. ok

# These tests take a while to run as we need to mirror a large
# file from the web. Please be patient.
Error fetching http://www.astray.com/tmp/module_packaged.gz: 500 Internal Server Error at /home/jmaslak/.cpan/build/App-Cache-0.37-QdBEvt/blib/lib/App/Cache.pm line 105.
# Looks like you planned 4 tests but ran 1.
# Looks like your test exited with 255 just after 1.
t/simple.t ........ 
Dubious, test returned 255 (wstat 65280, 0xff00)
Failed 3/4 subtests 

Test Summary Report
-------------------
t/simple.t      (Wstat: 65280 Tests: 1 Failed: 0)
  Non-zero exit status: 255
  Parse errors: Bad plan.  You planned 4 tests but ran 1.
Files=3, Tests=5,  7 wallclock secs ( 0.12 usr  0.03 sys +  5.80 cusr  0.50 csys =  6.45 CPU)
Result: FAIL
Failed 1/3 test programs. 0/5 subtests failed.

------------------------------
PREREQUISITES
------------------------------

Prerequisite modules loaded:

requires:

    Module                         Need Have    
    ------------------------------ ---- --------
    App::Cache                     0    0.37    
    Class::Accessor::Chained::Fast 0    0       
    Compress::Zlib                 0    2.068   
    IO::File                       1.08 1.16    
    IO::String                     0    1.08    
    IO::Zlib                       1.01 1.10    
    LWP::Simple                    1.38 6.13    
    Parse::CPAN::Packages          2.20 2.40    
    Parse::Debian::Packages        0.01 0.03    
    Sort::Versions                 1.50 1.61    
    Storable                       0    2.53    
    Test::More                     0.47 1.001014


------------------------------
ENVIRONMENT AND OTHER CONTEXT
------------------------------

Environment variables:

    AUTOMATED_TESTING = 1
    LANG = en_US.UTF-8
    NONINTERACTIVE_TESTING = 1
    PATH = /home/jmaslak/perl5/perlbrew/bin:/home/jmaslak/perl5/perlbrew/perls/perl-5.22.0-64int/bin:/home/jmaslak/perltest/bin:/home/jmaslak/perltest/bin:/home/jmaslak/perltest/bin:/home/jmaslak/perl5/perlbrew/bin:/home/jmaslak/perl5/perlbrew/perls/perl-5.22.0/bin:/usr/local/bin:/usr/bin:/bin:/usr/local/games:/usr/games:/usr/sbin:~/perltest/bin
    PERL5LIB = /home/jmaslak/.cpan/build/App-Cache-0.37-QdBEvt/blib/arch:/home/jmaslak/.cpan/build/App-Cache-0.37-QdBEvt/blib/lib:/home/jmaslak/.cpan/build/Sort-Versions-1.61-sHe2Im/blib/arch:/home/jmaslak/.cpan/build/Sort-Versions-1.61-sHe2Im/blib/lib:/home/jmaslak/.cpan/build/Parse-CPAN-Packages-2.40-8FuAGt/blib/arch:/home/jmaslak/.cpan/build/Parse-CPAN-Packages-2.40-8FuAGt/blib/lib:/home/jmaslak/.cpan/build/Test-InDistDir-1.112071-O2pFPC/blib/arch:/home/jmaslak/.cpan/build/Test-InDistDir-1.112071-O2pFPC/blib/lib:/home/jmaslak/.cpan/build/Archive-Peek-0.35-f0VWMZ/blib/arch:/home/jmaslak/.cpan/build/Archive-Peek-0.35-f0VWMZ/blib/lib:/home/jmaslak/.cpan/build/Parse-Debian-Packages-0.03-5ixOHh/blib/arch:/home/jmaslak/.cpan/build/Parse-Debian-Packages-0.03-5ixOHh/blib/lib:/home/jmaslak/.cpan/build/HTML-Template-2.95-0wNLxb/blib/arch:/home/jmaslak/.cpan/build/HTML-Template-2.95-0wNLxb/blib/lib
    PERL5OPT = 
    PERL5_CPANPLUS_IS_RUNNING = 5549
    PERL5_CPAN_IS_RUNNING = 5549
    PERL5_CPAN_IS_RUNNING_IN_RECURSION = 25377,5549
    PERLBREW_BASHRC_VERSION = 0.73
    PERLBREW_HOME = /home/jmaslak/.perlbrew
    PERLBREW_LIB = 
    PERLBREW_MANPATH = /home/jmaslak/perl5/perlbrew/perls/perl-5.22.0-64int/man
    PERLBREW_PATH = /home/jmaslak/perl5/perlbrew/bin:/home/jmaslak/perl5/perlbrew/perls/perl-5.22.0-64int/bin
    PERLBREW_PERL = perl-5.22.0-64int
    PERLBREW_ROOT = /home/jmaslak/perl5/perlbrew
    PERLBREW_VERSION = 0.73
    PERL_CR_SMOKER_CURRENT = Module-Packaged-Report-0.04
    PERL_EXTUTILS_AUTOINSTALL = --defaultdeps
    PERL_LOCAL_LIB_ROOT = 
    PERL_MM_USE_DEFAULT = 1
    SHELL = /bin/bash
    TERM = screen

Perl special variables (and OS-specific diagnostics, for MSWin32):

    $^X = /home/jmaslak/perl5/perlbrew/perls/perl-5.22.0-64int/bin/perl
    $UID/$EUID = 1000 / 1000
    $GID = 1000 27 1000
    $EGID = 1000 27 1000

Perl module toolchain versions installed:

    Module              Have    
    ------------------- --------
    CPAN                2.11    
    CPAN::Meta          2.150001
    Cwd                 3.56    
    ExtUtils::CBuilder  0.280221
    ExtUtils::Command   1.20    
    ExtUtils::Install   2.04    
    ExtUtils::MakeMaker 7.04_01 
    ExtUtils::Manifest  1.70    
    ExtUtils::ParseXS   3.28    
    File::Spec          3.56    
    JSON                2.90    
    JSON::PP            2.27300 
    Module::Build       0.4214  
    Module::Signature   n/a     
    Parse::CPAN::Meta   1.4414  
    Test::Harness       3.35    
    Test::More          1.001014
    YAML                1.15    
    YAML::Syck          n/a     
    version             0.9909  


--

Summary of my perl5 (revision 5 version 22 subversion 0) configuration:
   
  Platform:
    osname=linux, osvers=4.1.3-armv7-x2, archname=armv7l-linux-64int
    uname='linux armperl.antelope.net 4.1.3-armv7-x2 #1 smp wed jul 29 12:23:30 mdt 2015 armv7l gnulinux '
    config_args='-de -Dprefix=/home/jmaslak/perl5/perlbrew/perls/perl-5.22.0-64int -Duse64bitint -Aeval:scriptdir=/home/jmaslak/perl5/perlbrew/perls/perl-5.22.0-64int/bin'
    hint=recommended, useposix=true, d_sigaction=define
    useithreads=undef, usemultiplicity=undef
    use64bitint=define, use64bitall=undef, uselongdouble=undef
    usemymalloc=n, bincompat5005=undef
  Compiler:
    cc='cc', ccflags ='-fwrapv -fno-strict-aliasing -pipe -fstack-protector-strong -I/usr/local/include -D_LARGEFILE_SOURCE -D_FILE_OFFSET_BITS=64 -D_FORTIFY_SOURCE=2',
    optimize='-O2',
    cppflags='-fwrapv -fno-strict-aliasing -pipe -fstack-protector-strong -I/usr/local/include'
    ccversion='', gccversion='4.9.2', gccosandvers=''
    intsize=4, longsize=4, ptrsize=4, doublesize=8, byteorder=12345678, doublekind=3
    d_longlong=define, longlongsize=8, d_longdbl=define, longdblsize=8, longdblkind=0
    ivtype='long long', ivsize=8, nvtype='double', nvsize=8, Off_t='off_t', lseeksize=8
    alignbytes=8, prototype=define
  Linker and Libraries:
    ld='cc', ldflags =' -fstack-protector-strong -L/usr/local/lib'
    libpth=/usr/local/lib /usr/lib/gcc/arm-linux-gnueabihf/4.9/include-fixed /usr/include/arm-linux-gnueabihf /usr/lib /lib/arm-linux-gnueabihf /lib /usr/lib/arm-linux-gnueabihf
    libs=-lpthread -lnsl -ldl -lm -lcrypt -lutil -lc
    perllibs=-lpthread -lnsl -ldl -lm -lcrypt -lutil -lc
    libc=libc-2.19.so, so=so, useshrplib=false, libperl=libperl.a
    gnulibc_version='2.19'
  Dynamic Linking:
    dlsrc=dl_dlopen.xs, dlext=so, d_dlsymun=undef, ccdlflags='-Wl,-E'
    cccdlflags='-fPIC', lddlflags='-shared -O2 -L/usr/local/lib -fstack-protector-strong'


Characteristics of this binary (from libperl): 
  Compile-time options: HAS_TIMES PERLIO_LAYERS PERL_DONT_CREATE_GVSV
                        PERL_HASH_FUNC_ONE_AT_A_TIME_HARD PERL_MALLOC_WRAP
                        PERL_NEW_COPY_ON_WRITE PERL_PRESERVE_IVUV
                        USE_64_BIT_INT USE_LARGE_FILES USE_LOCALE
                        USE_LOCALE_COLLATE USE_LOCALE_CTYPE
                        USE_LOCALE_NUMERIC USE_LOCALE_TIME USE_PERLIO
                        USE_PERL_ATOF
  Locally applied patches:
	Devel::PatchPerl 1.38
  Built under linux
  Compiled at Jul 30 2015 06:17:43
  %ENV:
    PERL5LIB="/home/jmaslak/.cpan/build/App-Cache-0.37-QdBEvt/blib/arch:/home/jmaslak/.cpan/build/App-Cache-0.37-QdBEvt/blib/lib:/home/jmaslak/.cpan/build/Sort-Versions-1.61-sHe2Im/blib/arch:/home/jmaslak/.cpan/build/Sort-Versions-1.61-sHe2Im/blib/lib:/home/jmaslak/.cpan/build/Parse-CPAN-Packages-2.40-8FuAGt/blib/arch:/home/jmaslak/.cpan/build/Parse-CPAN-Packages-2.40-8FuAGt/blib/lib:/home/jmaslak/.cpan/build/Test-InDistDir-1.112071-O2pFPC/blib/arch:/home/jmaslak/.cpan/build/Test-InDistDir-1.112071-O2pFPC/blib/lib:/home/jmaslak/.cpan/build/Archive-Peek-0.35-f0VWMZ/blib/arch:/home/jmaslak/.cpan/build/Archive-Peek-0.35-f0VWMZ/blib/lib:/home/jmaslak/.cpan/build/Parse-Debian-Packages-0.03-5ixOHh/blib/arch:/home/jmaslak/.cpan/build/Parse-Debian-Packages-0.03-5ixOHh/blib/lib:/home/jmaslak/.cpan/build/HTML-Template-2.95-0wNLxb/blib/arch:/home/jmaslak/.cpan/build/HTML-Template-2.95-0wNLxb/blib/lib"
    PERL5OPT=""
    PERL5_CPANPLUS_IS_RUNNING="5549"
    PERL5_CPAN_IS_RUNNING="5549"
    PERL5_CPAN_IS_RUNNING_IN_RECURSION="25377,5549"
    PERLBREW_BASHRC_VERSION="0.73"
    PERLBREW_HOME="/home/jmaslak/.perlbrew"
    PERLBREW_LIB=""
    PERLBREW_MANPATH="/home/jmaslak/perl5/perlbrew/perls/perl-5.22.0-64int/man"
    PERLBREW_PATH="/home/jmaslak/perl5/perlbrew/bin:/home/jmaslak/perl5/perlbrew/perls/perl-5.22.0-64int/bin"
    PERLBREW_PERL="perl-5.22.0-64int"
    PERLBREW_ROOT="/home/jmaslak/perl5/perlbrew"
    PERLBREW_VERSION="0.73"
    PERL_CR_SMOKER_CURRENT="Module-Packaged-Report-0.04"
    PERL_EXTUTILS_AUTOINSTALL="--defaultdeps"
    PERL_LOCAL_LIB_ROOT=""
    PERL_MM_USE_DEFAULT="1"
  @INC:
    /home/jmaslak/.cpan/build/App-Cache-0.37-QdBEvt/blib/arch
    /home/jmaslak/.cpan/build/App-Cache-0.37-QdBEvt/blib/lib
    /home/jmaslak/.cpan/build/Sort-Versions-1.61-sHe2Im/blib/arch
    /home/jmaslak/.cpan/build/Sort-Versions-1.61-sHe2Im/blib/lib
    /home/jmaslak/.cpan/build/Parse-CPAN-Packages-2.40-8FuAGt/blib/arch
    /home/jmaslak/.cpan/build/Parse-CPAN-Packages-2.40-8FuAGt/blib/lib
    /home/jmaslak/.cpan/build/Test-InDistDir-1.112071-O2pFPC/blib/arch
    /home/jmaslak/.cpan/build/Test-InDistDir-1.112071-O2pFPC/blib/lib
    /home/jmaslak/.cpan/build/Archive-Peek-0.35-f0VWMZ/blib/arch
    /home/jmaslak/.cpan/build/Archive-Peek-0.35-f0VWMZ/blib/lib
    /home/jmaslak/.cpan/build/Parse-Debian-Packages-0.03-5ixOHh/blib/arch
    /home/jmaslak/.cpan/build/Parse-Debian-Packages-0.03-5ixOHh/blib/lib
    /home/jmaslak/.cpan/build/HTML-Template-2.95-0wNLxb/blib/arch
    /home/jmaslak/.cpan/build/HTML-Template-2.95-0wNLxb/blib/lib
    /home/jmaslak/perl5/perlbrew/perls/perl-5.22.0-64int/lib/site_perl/5.22.0/armv7l-linux-64int
    /home/jmaslak/perl5/perlbrew/perls/perl-5.22.0-64int/lib/site_perl/5.22.0
    /home/jmaslak/perl5/perlbrew/perls/perl-5.22.0-64int/lib/5.22.0/armv7l-linux-64int
    /home/jmaslak/perl5/perlbrew/perls/perl-5.22.0-64int/lib/5.22.0
    .