Acme-Colour v1.06 Perl 5 v5.24.1 x86_64-linux

Status
Fail
From
Slaven Rezić (SREZIC)
Dist
Acme-Colour v1.06
Platform
Perl 5 v5.24.1 x86_64-linux
Date
2019-06-07 06:12:00
ID
2958c126-88eb-11e9-af6a-605f1f24ea8f
This distribution has been tested as part of the CPAN Testers
project, supporting the Perl programming language.  See
http://wiki.cpantesters.org/ for more information or email
questions to cpan-testers-discuss@perl.org


--
Dear Leon Brocard,

This is a computer-generated report for Acme-Colour-1.06
on perl 5.24.1, created by CPAN-Reporter-1.2018.

Thank you for uploading your work to CPAN.  However, there was a problem
testing your distribution.

If you think this report is invalid, please consult the CPAN Testers Wiki
for suggestions on how to avoid getting FAIL reports for missing library
or binary dependencies, unsupported operating systems, and so on:

http://wiki.cpantesters.org/wiki/CPANAuthorNotes

Sections of this report:

    * Tester comments
    * Program output
    * Prerequisites
    * Environment and other context

------------------------------
TESTER COMMENTS
------------------------------

Additional comments from tester:

none provided

------------------------------
PROGRAM OUTPUT
------------------------------

Output from './Build test':

t/pod.t ........... skipped: Test::Pod 1.14 required for testing POD
t/pod_coverage.t .. skipped: Test::Pod::Coverage 1.04 required for testing POD coverage

#   Failed test 'black and 0.5 red is dark red'
#   at t/simple.t line 36.
#                   'webmaroon'
#     doesn't match '(?^:dark ?red)'

#   Failed test 'red and blue is magenta'
#   at t/simple.t line 44.
#          got: 'fuchsia'
#     expected: 'magenta'

#   Failed test 'green and blue is cyan'
#   at t/simple.t line 54.
#          got: 'aqua'
#     expected: 'cyan'

#   Failed test 'white and cyan is cyan'
#   at t/simple.t line 93.
#          got: 'aqua'
#     expected: 'cyan'

#   Failed test 'white and magenta is magenta'
#   at t/simple.t line 113.
#          got: 'fuchsia'
#     expected: 'magenta'

#   Failed test 'salman and half cyan is dim gray'
#   at t/simple.t line 140.
#                   'webgray'
#     doesn't match '(?^:dim ?gray)'
# Looks like you failed 6 tests of 73.
t/simple.t ........ 
Dubious, test returned 6 (wstat 1536, 0x600)
Failed 6/73 subtests 

Test Summary Report
-------------------
t/simple.t      (Wstat: 1536 Tests: 73 Failed: 6)
  Failed tests:  14, 18, 23, 41, 51, 65
  Non-zero exit status: 6
Files=3, Tests=73,  0 wallclock secs ( 0.04 usr  0.03 sys +  0.39 cusr  0.07 csys =  0.53 CPU)
Result: FAIL
Failed 1/3 test programs. 6/73 subtests failed.

------------------------------
PREREQUISITES
------------------------------

Prerequisite modules loaded:

requires:

    Module               Need Have    
    -------------------- ---- --------
    Error                0.15 0.17027 
    Graphics::ColorNames 0    v3.5.0  
    List::Util           0    1.50    
    Module::Build        0.20 0.4224  
    Test::Exception      0.15 0.43    
    Test::More           0.01 1.302162


------------------------------
ENVIRONMENT AND OTHER CONTEXT
------------------------------

Environment variables:

    LANG = en_US.UTF-8
    LC_ALL = de_DE.UTF-8
    PATH = /usr/local/bin:/usr/bin:/bin:/usr/local/sbin:/usr/sbin:/sbin:/home/cpansand/bin/linux-gnu:/home/cpansand/bin/sh:/home/cpansand/bin:/usr/games:/home/cpansand/devel:/home/eserte/src/srezic-misc/scripts
    PERL5LIB = /home/cpansand/.cpan/build/2019060705/Error-0.17027-gyWHyM/blib/arch:/home/cpansand/.cpan/build/2019060705/Error-0.17027-gyWHyM/blib/lib:/home/cpansand/.cpan/build/2019060705/Graphics-ColorNames-v3.5.0-i9rYLJ/blib/arch:/home/cpansand/.cpan/build/2019060705/Graphics-ColorNames-v3.5.0-i9rYLJ/blib/lib
    PERL5OPT = 
    PERL5_CPANPLUS_IS_RUNNING = 25788
    PERL5_CPAN_IS_RUNNING = 25788
    PERL5_CPAN_IS_RUNNING_IN_RECURSION = 25770,25788
    PERLDOC = -MPod::Perldoc::ToTextOverstrike
    PERL_BATCH = yes
    PERL_CANARY_STABILITY_NOPROMPT = 1
    PERL_CPAN_REPORTER_CONFIG = /var/tmp/cpansmoker-1023/2019060705/cpanreporter_001_config.ini
    PERL_EXTUTILS_AUTOINSTALL = --defaultdeps
    SHELL = /usr/bin/zsh
    TERM = screen
    TMPDIR = /var/tmp/cpansmoker-1023/2019060705

Perl special variables (and OS-specific diagnostics, for MSWin32):

    $^X = /opt/perl-5.24.1d/bin/perl
    $UID/$EUID = 1023 / 1023
    $GID = 1023 1023
    $EGID = 1023 1023

Perl module toolchain versions installed:

    Module              Have      
    ------------------- ----------
    CPAN                2.11_01   
    CPAN::Meta          2.150005  
    Cwd                 3.63_01   
    ExtUtils::CBuilder  0.280225  
    ExtUtils::Command   7.10_02   
    ExtUtils::Install   2.04      
    ExtUtils::MakeMaker 7.10_02   
    ExtUtils::Manifest  1.70      
    ExtUtils::ParseXS   3.31      
    File::Spec          3.63_01   
    JSON                4.02      
    JSON::PP            2.27300_01
    Module::Build       0.4224    
    Module::Signature   n/a       
    Parse::CPAN::Meta   1.4417_001
    Test::Harness       3.36_01   
    Test::More          1.302162  
    YAML                1.27      
    YAML::Syck          1.31      
    version             0.9924    


--

Summary of my perl5 (revision 5 version 24 subversion 1) configuration:
   
  Platform:
    osname=linux, osvers=4.4.0-142-generic, archname=x86_64-linux
    uname='linux ubuntu16 4.4.0-142-generic #168-ubuntu smp wed jan 16 21:00:45 utc 2019 x86_64 x86_64 x86_64 gnulinux '
    config_args='-ds -e -Dprefix=/opt/perl-5.24.1d -DDEBUGGING -Dcf_email=srezic@cpan.org'
    hint=recommended, useposix=true, d_sigaction=define
    useithreads=undef, usemultiplicity=undef
    use64bitint=define, use64bitall=define, uselongdouble=undef
    usemymalloc=n, bincompat5005=undef
  Compiler:
    cc='cc', ccflags ='-fwrapv -DDEBUGGING -fno-strict-aliasing -pipe -fstack-protector-strong -I/usr/local/include -D_LARGEFILE_SOURCE -D_FILE_OFFSET_BITS=64',
    optimize='-O2 -g',
    cppflags='-fwrapv -DDEBUGGING -fno-strict-aliasing -pipe -fstack-protector-strong -I/usr/local/include'
    ccversion='', gccversion='5.4.0 20160609', gccosandvers=''
    intsize=4, longsize=8, ptrsize=8, doublesize=8, byteorder=12345678, doublekind=3
    d_longlong=define, longlongsize=8, d_longdbl=define, longdblsize=16, longdblkind=3
    ivtype='long', ivsize=8, nvtype='double', nvsize=8, Off_t='off_t', lseeksize=8
    alignbytes=8, prototype=define
  Linker and Libraries:
    ld='cc', ldflags =' -fstack-protector-strong -L/usr/local/lib'
    libpth=/usr/local/lib /usr/lib/gcc/x86_64-linux-gnu/5/include-fixed /usr/include/x86_64-linux-gnu /usr/lib /lib/x86_64-linux-gnu /lib/../lib /usr/lib/x86_64-linux-gnu /usr/lib/../lib /lib
    libs=-lpthread -lnsl -lgdbm -ldb -ldl -lm -lcrypt -lutil -lc -lgdbm_compat
    perllibs=-lpthread -lnsl -ldl -lm -lcrypt -lutil -lc
    libc=libc-2.23.so, so=so, useshrplib=false, libperl=libperl.a
    gnulibc_version='2.23'
  Dynamic Linking:
    dlsrc=dl_dlopen.xs, dlext=so, d_dlsymun=undef, ccdlflags='-Wl,-E'
    cccdlflags='-fPIC', lddlflags='-shared -O2 -g -L/usr/local/lib -fstack-protector-strong'


Characteristics of this binary (from libperl): 
  Compile-time options: DEBUGGING HAS_TIMES PERLIO_LAYERS PERL_COPY_ON_WRITE
                        PERL_DONT_CREATE_GVSV
                        PERL_HASH_FUNC_ONE_AT_A_TIME_HARD PERL_MALLOC_WRAP
                        PERL_PRESERVE_IVUV USE_64_BIT_ALL USE_64_BIT_INT
                        USE_LARGE_FILES USE_LOCALE USE_LOCALE_COLLATE
                        USE_LOCALE_CTYPE USE_LOCALE_NUMERIC USE_LOCALE_TIME
                        USE_PERLIO USE_PERL_ATOF
  Built under linux
  Compiled at Mar 24 2019 21:39:05
  %ENV:
    PERL5LIB="/home/cpansand/.cpan/build/2019060705/Error-0.17027-gyWHyM/blib/arch:/home/cpansand/.cpan/build/2019060705/Error-0.17027-gyWHyM/blib/lib:/home/cpansand/.cpan/build/2019060705/Graphics-ColorNames-v3.5.0-i9rYLJ/blib/arch:/home/cpansand/.cpan/build/2019060705/Graphics-ColorNames-v3.5.0-i9rYLJ/blib/lib"
    PERL5OPT=""
    PERL5_CPANPLUS_IS_RUNNING="25788"
    PERL5_CPAN_IS_RUNNING="25788"
    PERL5_CPAN_IS_RUNNING_IN_RECURSION="25770,25788"
    PERLDOC="-MPod::Perldoc::ToTextOverstrike"
    PERL_BATCH="yes"
    PERL_CANARY_STABILITY_NOPROMPT="1"
    PERL_CPAN_REPORTER_CONFIG="/var/tmp/cpansmoker-1023/2019060705/cpanreporter_001_config.ini"
    PERL_EXTUTILS_AUTOINSTALL="--defaultdeps"
  @INC:
    /home/cpansand/.cpan/build/2019060705/Error-0.17027-gyWHyM/blib/arch
    /home/cpansand/.cpan/build/2019060705/Error-0.17027-gyWHyM/blib/lib
    /home/cpansand/.cpan/build/2019060705/Graphics-ColorNames-v3.5.0-i9rYLJ/blib/arch
    /home/cpansand/.cpan/build/2019060705/Graphics-ColorNames-v3.5.0-i9rYLJ/blib/lib
    /opt/perl-5.24.1d/lib/site_perl/5.24.1/x86_64-linux
    /opt/perl-5.24.1d/lib/site_perl/5.24.1
    /opt/perl-5.24.1d/lib/5.24.1/x86_64-linux
    /opt/perl-5.24.1d/lib/5.24.1
    .