Report for Tkx-1.09

Back
From: metabase:user:30f4dfbe-2aae-11df-837a-5e0a49663a4f
Subject: FAIL Tkx-1.09 v5.14.1 GNU/Linux
Date: 2016-02-15T12:39:33Z

This distribution has been tested as part of the CPAN Testers
project, supporting the Perl programming language.  See
http://wiki.cpantesters.org/ for more information or email
questions to cpan-testers-discuss@perl.org


--
Dear Gisle Aas,

This is a computer-generated report for Tkx-1.09
on perl 5.14.1, created by CPAN-Reporter-1.2015.

Thank you for uploading your work to CPAN.  However, there was a problem
testing your distribution.

If you think this report is invalid, please consult the CPAN Testers Wiki
for suggestions on how to avoid getting FAIL reports for missing library
or binary dependencies, unsupported operating systems, and so on:

http://wiki.cpantesters.org/wiki/CPANAuthorNotes

Sections of this report:

    * Tester comments
    * Program output
    * Prerequisites
    * Environment and other context

------------------------------
TESTER COMMENTS
------------------------------

Additional comments from tester:

this report is from an automated smoke testing program
and was not reviewed by a human for accuracy

------------------------------
PROGRAM OUTPUT
------------------------------

Output from '/usr/bin/make test':

PERL_DL_NONLAZY=1 "/home/njh/perl5/perlbrew/perls/perl-5.14.1/bin/perl5.14.1" "-MExtUtils::Command::MM" "-MTest::Harness" "-e" "undef *Test::Harness::Switches; test_harness(0, 'blib/lib', 'blib/arch')" t/*.t
can't find package Tk at t/LabEntry.t line 8.
Compilation failed in require at t/LabEntry.t line 8.
BEGIN failed--compilation aborted at t/LabEntry.t line 8.
t/LabEntry.t ...... 
Dubious, test returned 2 (wstat 512, 0x200)
No subtests run 
can't find package Tk at t/mega-config.t line 8.
Compilation failed in require at t/mega-config.t line 8.
BEGIN failed--compilation aborted at t/mega-config.t line 8.
t/mega-config.t ... 
Dubious, test returned 2 (wstat 512, 0x200)
No subtests run 
can't find package Tk at t/mega.t line 8.
Compilation failed in require at t/mega.t line 8.
BEGIN failed--compilation aborted at t/mega.t line 8.
t/mega.t .......... 
Dubious, test returned 2 (wstat 512, 0x200)
No subtests run 
can't find package Tk at t/nul-char.t line 15.
Compilation failed in require at t/nul-char.t line 15.
BEGIN failed--compilation aborted at t/nul-char.t line 15.
t/nul-char.t ...... 
Dubious, test returned 2 (wstat 512, 0x200)
No subtests run 
can't find package Tk at t/tcl-callback.t line 8.
Compilation failed in require at t/tcl-callback.t line 8.
BEGIN failed--compilation aborted at t/tcl-callback.t line 8.
t/tcl-callback.t .. 
Dubious, test returned 2 (wstat 512, 0x200)
No subtests run 
can't find package Tk at t/tcl.t line 8.
Compilation failed in require at t/tcl.t line 8.
BEGIN failed--compilation aborted at t/tcl.t line 8.
t/tcl.t ........... 
Dubious, test returned 2 (wstat 512, 0x200)
No subtests run 
can't find package Tk at t/tk.t line 8.
Compilation failed in require at t/tk.t line 8.
BEGIN failed--compilation aborted at t/tk.t line 8.
t/tk.t ............ 
Dubious, test returned 2 (wstat 512, 0x200)
No subtests run 
can't find package Tk at t/utf8.t line 15.
Compilation failed in require at t/utf8.t line 15.
BEGIN failed--compilation aborted at t/utf8.t line 15.
t/utf8.t .......... 
Dubious, test returned 2 (wstat 512, 0x200)
No subtests run 

Test Summary Report
-------------------
t/LabEntry.t    (Wstat: 512 Tests: 0 Failed: 0)
  Non-zero exit status: 2
  Parse errors: No plan found in TAP output
t/mega-config.t (Wstat: 512 Tests: 0 Failed: 0)
  Non-zero exit status: 2
  Parse errors: No plan found in TAP output
t/mega.t        (Wstat: 512 Tests: 0 Failed: 0)
  Non-zero exit status: 2
  Parse errors: No plan found in TAP output
t/nul-char.t    (Wstat: 512 Tests: 0 Failed: 0)
  Non-zero exit status: 2
  Parse errors: No plan found in TAP output
t/tcl-callback.t (Wstat: 512 Tests: 0 Failed: 0)
  Non-zero exit status: 2
  Parse errors: No plan found in TAP output
t/tcl.t         (Wstat: 512 Tests: 0 Failed: 0)
  Non-zero exit status: 2
  Parse errors: No plan found in TAP output
t/tk.t          (Wstat: 512 Tests: 0 Failed: 0)
  Non-zero exit status: 2
  Parse errors: No plan found in TAP output
t/utf8.t        (Wstat: 512 Tests: 0 Failed: 0)
  Non-zero exit status: 2
  Parse errors: No plan found in TAP output
Files=8, Tests=0,  1 wallclock secs ( 0.06 usr  0.01 sys +  0.31 cusr  0.05 csys =  0.43 CPU)
Result: FAIL
Failed 8/8 test programs. 0/0 subtests failed.
Makefile:893: recipe for target 'test_dynamic' failed
make: *** [test_dynamic] Error 2

------------------------------
PREREQUISITES
------------------------------

Prerequisite modules loaded:

requires:

    Module              Need  Have    
    ------------------- ----- --------
    perl                5.008 5.014001
    Tcl                 1     1.02    

build_requires:

    Module              Need  Have    
    ------------------- ----- --------
    ExtUtils::MakeMaker 0     7.10    

configure_requires:

    Module              Need  Have    
    ------------------- ----- --------
    ExtUtils::MakeMaker 0     7.10    


------------------------------
ENVIRONMENT AND OTHER CONTEXT
------------------------------

Environment variables:

    AUTOMATED_TESTING = 1
    LANG = en_US.UTF-8
    PATH = /home/njh/perl5/perlbrew/bin:/home/njh/perl5/perlbrew/perls/perl-5.14.1/bin:/home/njh/perl5/perlbrew/bin:/usr/bin:/bin
    PERL5LIB = /home/njh/.cpan/build/Tcl-1.02-a2peHt/blib/arch:/home/njh/.cpan/build/Tcl-1.02-a2peHt/blib/lib:/home/njh/.cpan/build/Test-Pod-Coverage-1.10-NYVmWZ/blib/arch:/home/njh/.cpan/build/Test-Pod-Coverage-1.10-NYVmWZ/blib/lib:/home/njh/.cpan/build/Pod-Coverage-0.23-dwQm3Y/blib/arch:/home/njh/.cpan/build/Pod-Coverage-0.23-dwQm3Y/blib/lib:/home/njh/.cpan/build/Devel-Symdump-2.15-DQP1dZ/blib/arch:/home/njh/.cpan/build/Devel-Symdump-2.15-DQP1dZ/blib/lib:/home/njh/.cpan/build/File-Remove-1.55-7zftgz/blib/arch:/home/njh/.cpan/build/File-Remove-1.55-7zftgz/blib/lib:/home/njh/.cpan/build/Module-Build-0.4216-xxYg8r/blib/arch:/home/njh/.cpan/build/Module-Build-0.4216-xxYg8r/blib/lib:/home/njh/.cpan/build/CPAN-Meta-2.150005-GLSPLX/blib/arch:/home/njh/.cpan/build/CPAN-Meta-2.150005-GLSPLX/blib/lib:/home/njh/.cpan/build/Parse-CPAN-Meta-1.4417-CqrdjS/blib/arch:/home/njh/.cpan/build/Parse-CPAN-Meta-1.4417-CqrdjS/blib/lib:/home/njh/.cpan/build/CPAN-Meta-YAML-0.018-M40Aux/blib/arch:/home/njh/.cpan/build/CPAN-Meta-YAML-0.018-M40Aux/blib/lib
    PERL5OPT = 
    PERL5_CPANPLUS_IS_RUNNING = 29326
    PERL5_CPAN_IS_RUNNING = 29326
    PERL5_MINISMOKEBOX = 0.58
    PERLBREW_BASHRC_VERSION = 0.73
    PERLBREW_LIB = 
    PERLBREW_MANPATH = /home/njh/perl5/perlbrew/perls/perl-5.14.1/man
    PERLBREW_PATH = /home/njh/perl5/perlbrew/bin:/home/njh/perl5/perlbrew/perls/perl-5.14.1/bin
    PERLBREW_PERL = perl-5.14.1
    PERLBREW_ROOT = /home/njh/perl5/perlbrew
    PERLBREW_VERSION = 0.73
    PERL_EXTUTILS_AUTOINSTALL = --defaultdeps
    PERL_LOCAL_LIB_ROOT = 
    PERL_MM_USE_DEFAULT = 1
    SHELL = /bin/sh

Perl special variables (and OS-specific diagnostics, for MSWin32):

    $^X = /home/njh/perl5/perlbrew/perls/perl-5.14.1/bin/perl5.14.1
    $UID/$EUID = 1000 / 1000
    $GID = 1000 4 24 25 29 30 44 46 108 1000
    $EGID = 1000 4 24 25 29 30 44 46 108 1000

Perl module toolchain versions installed:

    Module              Have    
    ------------------- --------
    CPAN                2.10    
    CPAN::Meta          2.150005
    Cwd                 3.36    
    ExtUtils::CBuilder  0.280203
    ExtUtils::Command   7.10    
    ExtUtils::Install   1.56    
    ExtUtils::MakeMaker 7.10    
    ExtUtils::Manifest  1.65    
    ExtUtils::ParseXS   2.2210  
    File::Spec          3.33    
    JSON                n/a     
    JSON::PP            2.27203 
    Module::Build       0.4216  
    Module::Signature   n/a     
    Parse::CPAN::Meta   1.4417  
    Test::Harness       3.35    
    Test::More          1.001014
    YAML                1.15    
    YAML::Syck          1.29    
    version             0.88    


--

Summary of my perl5 (revision 5 version 14 subversion 1) configuration:
   
  Platform:
    osname=linux, osvers=4.2.0-1-686-pae, archname=i686-linux-thread-multi
    uname='linux zack 4.2.0-1-686-pae #1 smp debian 4.2.6-1 (2015-11-10) i686 gnulinux '
    config_args='-de -Dprefix=/home/njh/perl5/perlbrew/perls/perl-5.14.1 -Duseithreads -Dusemultiplicity -Dusedevel -Accflags= -Aeval:scriptdir=/home/njh/perl5/perlbrew/perls/perl-5.14.1/bin'
    hint=recommended, useposix=true, d_sigaction=define
    useithreads=define, usemultiplicity=define
    useperlio=define, d_sfio=undef, uselargefiles=define, usesocks=undef
    use64bitint=undef, use64bitall=undef, uselongdouble=undef
    usemymalloc=n, bincompat5005=undef
  Compiler:
    cc='cc', ccflags ='-D_REENTRANT -D_GNU_SOURCE -fno-strict-aliasing -pipe -fstack-protector -I/usr/local/include -D_LARGEFILE_SOURCE -D_FILE_OFFSET_BITS=64',
    optimize='-O2',
    cppflags='-D_REENTRANT -D_GNU_SOURCE -fno-strict-aliasing -pipe -fstack-protector -I/usr/local/include'
    ccversion='', gccversion='5.2.1 20151121', gccosandvers=''
    intsize=4, longsize=4, ptrsize=4, doublesize=8, byteorder=1234
    d_longlong=define, longlongsize=8, d_longdbl=define, longdblsize=12
    ivtype='long', ivsize=4, nvtype='double', nvsize=8, Off_t='off_t', lseeksize=8
    alignbytes=4, prototype=define
  Linker and Libraries:
    ld='cc', ldflags =' -fstack-protector -L/usr/local/lib'
    libpth=/usr/local/lib /lib/i386-linux-gnu /lib/../lib /usr/lib/i386-linux-gnu /usr/lib/../lib /lib /usr/lib
    libs=-lnsl -lgdbm -ldb -ldl -lm -lcrypt -lutil -lpthread -lc -lgdbm_compat
    perllibs=-lnsl -ldl -lm -lcrypt -lutil -lpthread -lc
    libc=libc-2.19.so, so=so, useshrplib=false, libperl=libperl.a
    gnulibc_version='2.19'
  Dynamic Linking:
    dlsrc=dl_dlopen.xs, dlext=so, d_dlsymun=undef, ccdlflags='-Wl,-E'
    cccdlflags='-fPIC', lddlflags='-shared -O2 -L/usr/local/lib -fstack-protector'


Characteristics of this binary (from libperl): 
  Compile-time options: MULTIPLICITY PERL_DONT_CREATE_GVSV
                        PERL_IMPLICIT_CONTEXT PERL_MALLOC_WRAP
                        PERL_PRESERVE_IVUV PERL_USE_DEVEL USE_ITHREADS
                        USE_LARGE_FILES USE_PERLIO USE_PERL_ATOF
                        USE_REENTRANT_API
  Locally applied patches:
	Devel::PatchPerl 1.38
  Built under linux
  Compiled at Nov 24 2015 02:30:59
  %ENV:
    PERL5LIB="/home/njh/.cpan/build/Tcl-1.02-a2peHt/blib/arch:/home/njh/.cpan/build/Tcl-1.02-a2peHt/blib/lib:/home/njh/.cpan/build/Test-Pod-Coverage-1.10-NYVmWZ/blib/arch:/home/njh/.cpan/build/Test-Pod-Coverage-1.10-NYVmWZ/blib/lib:/home/njh/.cpan/build/Pod-Coverage-0.23-dwQm3Y/blib/arch:/home/njh/.cpan/build/Pod-Coverage-0.23-dwQm3Y/blib/lib:/home/njh/.cpan/build/Devel-Symdump-2.15-DQP1dZ/blib/arch:/home/njh/.cpan/build/Devel-Symdump-2.15-DQP1dZ/blib/lib:/home/njh/.cpan/build/File-Remove-1.55-7zftgz/blib/arch:/home/njh/.cpan/build/File-Remove-1.55-7zftgz/blib/lib:/home/njh/.cpan/build/Module-Build-0.4216-xxYg8r/blib/arch:/home/njh/.cpan/build/Module-Build-0.4216-xxYg8r/blib/lib:/home/njh/.cpan/build/CPAN-Meta-2.150005-GLSPLX/blib/arch:/home/njh/.cpan/build/CPAN-Meta-2.150005-GLSPLX/blib/lib:/home/njh/.cpan/build/Parse-CPAN-Meta-1.4417-CqrdjS/blib/arch:/home/njh/.cpan/build/Parse-CPAN-Meta-1.4417-CqrdjS/blib/lib:/home/njh/.cpan/build/CPAN-Meta-YAML-0.018-M40Aux/blib/arch:/home/njh/.cpan/build/CPAN-Meta-YAML-0.018-M40Aux/blib/lib"
    PERL5OPT=""
    PERL5_CPANPLUS_IS_RUNNING="29326"
    PERL5_CPAN_IS_RUNNING="29326"
    PERL5_MINISMOKEBOX="0.58"
    PERLBREW_BASHRC_VERSION="0.73"
    PERLBREW_LIB=""
    PERLBREW_MANPATH="/home/njh/perl5/perlbrew/perls/perl-5.14.1/man"
    PERLBREW_PATH="/home/njh/perl5/perlbrew/bin:/home/njh/perl5/perlbrew/perls/perl-5.14.1/bin"
    PERLBREW_PERL="perl-5.14.1"
    PERLBREW_ROOT="/home/njh/perl5/perlbrew"
    PERLBREW_VERSION="0.73"
    PERL_EXTUTILS_AUTOINSTALL="--defaultdeps"
    PERL_LOCAL_LIB_ROOT=""
    PERL_MM_USE_DEFAULT="1"
  @INC:
    /home/njh/.cpan/build/Tcl-1.02-a2peHt/blib/arch
    /home/njh/.cpan/build/Tcl-1.02-a2peHt/blib/lib
    /home/njh/.cpan/build/Test-Pod-Coverage-1.10-NYVmWZ/blib/arch
    /home/njh/.cpan/build/Test-Pod-Coverage-1.10-NYVmWZ/blib/lib
    /home/njh/.cpan/build/Pod-Coverage-0.23-dwQm3Y/blib/arch
    /home/njh/.cpan/build/Pod-Coverage-0.23-dwQm3Y/blib/lib
    /home/njh/.cpan/build/Devel-Symdump-2.15-DQP1dZ/blib/arch
    /home/njh/.cpan/build/Devel-Symdump-2.15-DQP1dZ/blib/lib
    /home/njh/.cpan/build/File-Remove-1.55-7zftgz/blib/arch
    /home/njh/.cpan/build/File-Remove-1.55-7zftgz/blib/lib
    /home/njh/.cpan/build/Module-Build-0.4216-xxYg8r/blib/arch
    /home/njh/.cpan/build/Module-Build-0.4216-xxYg8r/blib/lib
    /home/njh/.cpan/build/CPAN-Meta-2.150005-GLSPLX/blib/arch
    /home/njh/.cpan/build/CPAN-Meta-2.150005-GLSPLX/blib/lib
    /home/njh/.cpan/build/Parse-CPAN-Meta-1.4417-CqrdjS/blib/arch
    /home/njh/.cpan/build/Parse-CPAN-Meta-1.4417-CqrdjS/blib/lib
    /home/njh/.cpan/build/CPAN-Meta-YAML-0.018-M40Aux/blib/arch
    /home/njh/.cpan/build/CPAN-Meta-YAML-0.018-M40Aux/blib/lib
    /home/njh/perl5/perlbrew/perls/perl-5.14.1/lib/site_perl/5.14.1/i686-linux-thread-multi
    /home/njh/perl5/perlbrew/perls/perl-5.14.1/lib/site_perl/5.14.1
    /home/njh/perl5/perlbrew/perls/perl-5.14.1/lib/5.14.1/i686-linux-thread-multi
    /home/njh/perl5/perlbrew/perls/perl-5.14.1/lib/5.14.1
    .