Net-DNS-Resolver-Unbound v1.32 Perl 5 v5.8.9 amd64-freebsd

Status
Fail
From
Slaven Rezić
Dist
Net-DNS-Resolver-Unbound v1.32
Platform
Perl 5 v5.8.9 amd64-freebsd
Date
2025-02-08 09:22:06
ID
2a24b7ce-e5fe-11ef-86d1-b6d76d8775ea
This distribution has been tested as part of the CPAN Testers
project, supporting the Perl programming language.  See
http://wiki.cpantesters.org/ for more information or email
questions to cpan-testers-discuss@perl.org


--
Dear Dick Franks,

This is a computer-generated report for Net-DNS-Resolver-Unbound-1.32
on perl 5.8.9, created by CPAN-Reporter-1.2019.

Thank you for uploading your work to CPAN.  However, there was a problem
testing your distribution.

If you think this report is invalid, please consult the CPAN Testers Wiki
for suggestions on how to avoid getting FAIL reports for missing library
or binary dependencies, unsupported operating systems, and so on:

http://wiki.cpantesters.org/wiki/CPANAuthorNotes

Sections of this report:

    * Tester comments
    * Program output
    * Prerequisites
    * Environment and other context

------------------------------
TESTER COMMENTS
------------------------------

Additional comments from tester:

none provided

------------------------------
PROGRAM OUTPUT
------------------------------

Output from '/usr/bin/make test':

"/usr/perl5.8.9/bin/perl" -MExtUtils::Command::MM -e 'cp_nonempty' -- Unbound.bs blib/arch/auto/Net/DNS/Resolver/Unbound/Unbound.bs 644
PERL_DL_NONLAZY=1 HARNESS_OPTIONS=j1:c "/usr/perl5.8.9/bin/perl" "-It" "-MExtUtils::Command::MM" "-MTest::Harness" "-e" "undef *Test::Harness::Switches; test_harness(0, 'blib/lib', 'blib/arch')" t/*.t
t/00-install.t ....... ok
# 
# These tests were run using:
# 	Net::DNS                        1.48
# 	Net::DNS::Resolver::Unbound     1.32
# 	Net::DNS::Resolver::libunbound  1.5.3
# 	Carp                            1.50
# 	DynaLoader                      1.09
# 	ExtUtils::MakeMaker             7.70
# 	File::Find                      1.13
# 	File::Spec                      3.75
# 	IO::File                        1.55
# 	Test::More                      1.302209
# 	base                            2.23
# 	constant                        1.33
# 	integer                         1.00
# 	strict                          1.03
# 	warnings                        1.05_01
t/00-load.t .......... ok
t/00-pod.t ........... ok
Use of uninitialized value in concatenation (.) or string at /usr/home/cpansand/.cpan/build/2025020720/Net-DNS-Resolver-Unbound-1.32-1/blib/lib/Net/DNS/Resolver/Unbound.pm line 527.
Use of uninitialized value in concatenation (.) or string at /usr/home/cpansand/.cpan/build/2025020720/Net-DNS-Resolver-Unbound-1.32-1/blib/lib/Net/DNS/Resolver/Unbound.pm line 527.
Use of uninitialized value in concatenation (.) or string at /usr/home/cpansand/.cpan/build/2025020720/Net-DNS-Resolver-Unbound-1.32-1/blib/lib/Net/DNS/Resolver/Unbound.pm line 527.
Use of uninitialized value in concatenation (.) or string at /usr/home/cpansand/.cpan/build/2025020720/Net-DNS-Resolver-Unbound-1.32-1/blib/lib/Net/DNS/Resolver/Unbound.pm line 527.
t/10-context.t ....... ok
_make_query_packet: no such method at t/20-synchronous.t line 22.
# Looks like your test exited with 2 before it could output anything.
t/20-synchronous.t ... 
Dubious, test returned 2 (wstat 512, 0x200)
Failed 4/4 subtests 

#   Failed test 'secure flag not set'
#   at t/25-decode.t line 29.
#          got: ''
#     expected: 'INSECURE'

#   Failed test 'bogus flag set'
#   at t/25-decode.t line 35.
# Looks like you failed 2 tests of 4.
t/25-decode.t ........ 
Dubious, test returned 2 (wstat 512, 0x200)
Failed 2/4 subtests 
_make_query_packet: no such method at t/30-asynchronous.t line 19.
# Looks like your test exited with 2 before it could output anything.
t/30-asynchronous.t .. 
Dubious, test returned 2 (wstat 512, 0x200)
Failed 7/7 subtests 
t/35-bgread.t ........ ok

Test Summary Report
-------------------
t/20-synchronous.t (Wstat: 512 (exited 2) Tests: 0 Failed: 0)
  Non-zero exit status: 2
  Parse errors: Bad plan.  You planned 4 tests but ran 0.
t/25-decode.t      (Wstat: 512 (exited 2) Tests: 4 Failed: 2)
  Failed tests:  2-3
  Non-zero exit status: 2
t/30-asynchronous.t (Wstat: 512 (exited 2) Tests: 0 Failed: 0)
  Non-zero exit status: 2
  Parse errors: Bad plan.  You planned 7 tests but ran 0.
Files=8, Tests=58,  2 wallclock secs ( 0.02 usr  0.02 sys +  0.64 cusr  0.06 csys =  0.73 CPU)
Result: FAIL
Failed 3/8 test programs. 2/58 subtests failed.
*** [test_dynamic] Error code 255

Stop in /usr/home/cpansand/.cpan/build/2025020720/Net-DNS-Resolver-Unbound-1.32-1.

------------------------------
PREREQUISITES
------------------------------

Prerequisite modules loaded:

requires:

    Module              Need     Have    
    ------------------- -------- --------
    base                2.13     2.23    
    Carp                1.1      1.50    
    constant            1.17     1.33    
    DynaLoader          1.09     1.09    
    integer             1        1.00    
    Net::DNS            1.19     1.48    
    perl                5.008009 5.008009
    strict              1.03     1.03    
    warnings            1.0501   1.05_01 

build_requires:

    Module              Need     Have    
    ------------------- -------- --------
    ExtUtils::MakeMaker 0        7.70    
    File::Find          1.13     1.13    
    File::Spec          3.29     3.75    
    IO::File            1.14     1.55    
    Test::More          0.8      1.302209

configure_requires:

    Module              Need     Have    
    ------------------- -------- --------
    Config              0        0       
    ExtUtils::MakeMaker 6.48     7.70    


------------------------------
ENVIRONMENT AND OTHER CONTEXT
------------------------------

Environment variables:

    LC_ALL = de_DE.ISO8859-1
    PATH = /usr/local/bin:/usr/bin:/bin:/usr/local/sbin:/usr/sbin:/sbin:/home/cpansand/bin/freebsd9.3:/home/cpansand/bin/sh:/home/cpansand/bin:/usr/games:/home/cpansand/devel:/usr/home/eserte/src/srezic-misc/scripts
    PERL5LIB = 
    PERL5OPT = 
    PERL5_CPANPLUS_IS_RUNNING = 83150
    PERL5_CPAN_IS_RUNNING = 83150
    PERL5_CPAN_IS_RUNNING_IN_RECURSION = 73450,83150
    PERLDOC = -MPod::Perldoc::ToTextOverstrike
    PERL_BATCH = yes
    PERL_CANARY_STABILITY_NOPROMPT = 1
    PERL_CPAN_REPORTER_CONFIG = /var/tmp/cpansmoker-1023/2025020717/cpanreporter_000_config.ini
    PERL_EXTUTILS_AUTOINSTALL = --defaultdeps
    PERL_USE_UNSAFE_INC = 1
    SHELL = /usr/local/bin/zsh
    TERM = screen
    TMPDIR = /var/tmp/cpansmoker-1023/2025020717

Perl special variables (and OS-specific diagnostics, for MSWin32):

    $^X = /usr/perl5.8.9/bin/perl
    $UID/$EUID = 1023 / 1023
    $GID = 1023 1023
    $EGID = 1023 1023

Perl module toolchain versions installed:

    Module              Have    
    ------------------- --------
    CPAN                2.36    
    CPAN::Meta          2.150010
    Cwd                 3.75    
    ExtUtils::CBuilder  0.280236
    ExtUtils::Command   7.70    
    ExtUtils::Install   2.22    
    ExtUtils::MakeMaker 7.70    
    ExtUtils::Manifest  1.75    
    ExtUtils::ParseXS   3.51    
    File::Spec          3.75    
    JSON                4.10    
    JSON::PP            4.16    
    Module::Build       0.4234  
    Module::Signature   0.89    
    Parse::CPAN::Meta   2.150010
    Test2               1.302209
    Test::Harness       3.50    
    Test::More          1.302209
    YAML                1.30    
    YAML::Syck          1.34    
    version             0.9932  


--

Summary of my perl5 (revision 5 version 8 subversion 9) configuration:
  Platform:
    osname=freebsd, osvers=9.2-release-p4, archname=amd64-freebsd
    uname='freebsd cvrsnica-freebsd-92 9.2-release-p4 freebsd 9.2-release-p4 #0: tue apr 8 18:08:22 utc 2014 root@amd64-builder.daemonology.net:usrobjusrsrcsysgeneric amd64 '
    config_args='-ds -e -Dprefix=/usr/perl5.8.9'
    hint=recommended, useposix=true, d_sigaction=define
    usethreads=undef use5005threads=undef useithreads=undef usemultiplicity=undef
    useperlio=define d_sfio=undef uselargefiles=define usesocks=undef
    use64bitint=define use64bitall=define uselongdouble=undef
    usemymalloc=n, bincompat5005=undef
  Compiler:
    cc='cc', ccflags ='-DHAS_FPSETMASK -DHAS_FLOATINGPOINT_H -fno-strict-aliasing -pipe -I/usr/local/include',
    optimize='-O',
    cppflags='-DHAS_FPSETMASK -DHAS_FLOATINGPOINT_H -fno-strict-aliasing -pipe -I/usr/local/include'
    ccversion='', gccversion='4.2.1 20070831 patched [FreeBSD]', gccosandvers=''
    intsize=4, longsize=8, ptrsize=8, doublesize=8, byteorder=12345678
    d_longlong=define, longlongsize=8, d_longdbl=define, longdblsize=16
    ivtype='long', ivsize=8, nvtype='double', nvsize=8, Off_t='off_t', lseeksize=8
    alignbytes=8, prototype=define
  Linker and Libraries:
    ld='cc', ldflags ='-Wl,-E  -L/usr/local/lib'
    libpth=/usr/lib /usr/local/lib
    libs=-lgdbm -lm -lcrypt -lutil -lc
    perllibs=-lm -lcrypt -lutil -lc
    libc=, so=so, useshrplib=false, libperl=libperl.a
    gnulibc_version=''
  Dynamic Linking:
    dlsrc=dl_dlopen.xs, dlext=so, d_dlsymun=undef, ccdlflags=' '
    cccdlflags='-DPIC -fPIC', lddlflags='-shared  -L/usr/local/lib'


Characteristics of this binary (from libperl): 
  Compile-time options: PERL_MALLOC_WRAP USE_64_BIT_ALL USE_64_BIT_INT
                        USE_FAST_STDIO USE_LARGE_FILES USE_PERLIO
  Built under freebsd
  Compiled at May 15 2014 22:27:57
  %ENV:
    PERL5LIB=""
    PERL5OPT=""
    PERL5_CPANPLUS_IS_RUNNING="83150"
    PERL5_CPAN_IS_RUNNING="83150"
    PERL5_CPAN_IS_RUNNING_IN_RECURSION="73450,83150"
    PERLDOC="-MPod::Perldoc::ToTextOverstrike"
    PERL_BATCH="yes"
    PERL_CANARY_STABILITY_NOPROMPT="1"
    PERL_CPAN_REPORTER_CONFIG="/var/tmp/cpansmoker-1023/2025020717/cpanreporter_000_config.ini"
    PERL_EXTUTILS_AUTOINSTALL="--defaultdeps"
    PERL_USE_UNSAFE_INC="1"
  @INC:
    /usr/perl5.8.9/lib/5.8.9/amd64-freebsd
    /usr/perl5.8.9/lib/5.8.9
    /usr/perl5.8.9/lib/site_perl/5.8.9/amd64-freebsd
    /usr/perl5.8.9/lib/site_perl/5.8.9
    .