Back
From: metabase:user:313dc9fe-2aae-11df-837a-5e0a49663a4f
Subject: FAIL Net-RabbitMQ-0.1.8 v5.12.1 GNU/Linux
Date: 2010-11-15T19:33:08Z
This distribution has been tested as part of the CPAN Testers
project, supporting the Perl programming language. See
http://wiki.cpantesters.org/ for more information or email
questions to cpan-testers-discuss@perl.org
--
Dear Theo Schlossnagle,
This is a computer-generated report for Net-RabbitMQ-0.1.8
on perl 5.12.1, created by CPAN-Reporter-1.1805.
Thank you for uploading your work to CPAN. However, there was a problem
testing your distribution.
If you think this report is invalid, please consult the CPAN Testers Wiki
for suggestions on how to avoid getting FAIL reports for missing library
or binary dependencies, unsupported operating systems, and so on:
http://wiki.cpantesters.org/wiki/CPANAuthorNotes
Sections of this report:
* Tester comments
* Program output
* Prerequisites
* Environment and other context
------------------------------
TESTER COMMENTS
------------------------------
Additional comments from tester:
this report is from an automated smoke testing program
and was not reviewed by a human for accuracy
------------------------------
PROGRAM OUTPUT
------------------------------
Output from '/usr/bin/make test':
PERL_DL_NONLAZY=1 /home/perl5121/perl/bin/perl "-MExtUtils::Command::MM" "-e" "test_harness(0, 'blib/lib', 'blib/arch')" t/*.t
t/001_declare_exchange.t .. ok
# Failed test 'connect'
# at t/002_publish.t line 12.
# got: 'Opening socket: Connection refused
# '
# expected: ''
# Failed test 'channel_open'
# at t/002_publish.t line 14.
# got: 'Opening channel: Operation not permitted
# '
# expected: ''
# Failed test 'queue_declare'
# at t/002_publish.t line 16.
# got: 'Declaring queue: Operation not permitted
# '
# expected: ''
# Failed test 'queue_bind'
# at t/002_publish.t line 18.
# got: 'Binding queue: Operation not permitted
# '
# expected: ''
# Looks like you failed 4 tests of 7.
t/002_publish.t ...........
Dubious, test returned 4 (wstat 1024, 0x400)
Failed 4/7 subtests
# Failed test 'connect'
# at t/003_consume.t line 13.
# got: 'Opening socket: Connection refused
# '
# expected: ''
# Failed test 'channel_open'
# at t/003_consume.t line 15.
# got: 'Opening channel: Operation not permitted
# '
# expected: ''
# Failed test 'consume'
# at t/003_consume.t line 17.
# got: 'Consume queue: Operation not permitted
# '
# expected: ''
# Failed test 'recv'
# at t/003_consume.t line 21.
# got: 'Bad frame read. at t/003_consume.t line 20.
# '
# expected: ''
Use of uninitialized value in substitution (s///) at t/003_consume.t line 22.
# Failed test 'payload'
# at t/003_consume.t line 23.
# Structures begin differing at:
# $got->{body} = Does not exist
# $expected->{body} = 'Magic Payload'
# Looks like you failed 5 tests of 7.
t/003_consume.t ...........
Dubious, test returned 5 (wstat 1280, 0x500)
Failed 5/7 subtests
# Failed test 'connect'
# at t/004_selfconsume.t line 13.
# got: 'Opening socket: Connection refused
# '
# expected: ''
# Failed test 'channel_open'
# at t/004_selfconsume.t line 15.
# got: 'Opening channel: Operation not permitted
# '
# expected: ''
# Failed test 'queue_declare'
# at t/004_selfconsume.t line 18.
# got: 'Declaring queue: Operation not permitted
# '
# expected: ''
# Failed test 'queue_declare -> private name'
# at t/004_selfconsume.t line 19.
# got: ''
# expected: anything else
# Failed test 'queue_bind'
# at t/004_selfconsume.t line 21.
# got: 'Binding queue: Operation not permitted
# '
# expected: ''
# Failed test 'consume'
# at t/004_selfconsume.t line 24.
# got: 'Consume queue: Operation not permitted
# '
# expected: ''
# Failed test 'recv'
# at t/004_selfconsume.t line 28.
# got: 'Bad frame read. at t/004_selfconsume.t line 27.
# '
# expected: ''
Use of uninitialized value in substitution (s///) at t/004_selfconsume.t line 29.
# Failed test 'payload'
# at t/004_selfconsume.t line 30.
# Structures begin differing at:
# $got->{body} = Does not exist
# $expected->{body} = 'Magic Transient Payload'
# Looks like you failed 8 tests of 10.
t/004_selfconsume.t .......
Dubious, test returned 8 (wstat 2048, 0x800)
Failed 8/10 subtests
# Failed test 'connect'
# at t/005_noack.t line 13.
# got: 'Opening socket: Connection refused
# '
# expected: ''
# Failed test 'channel_open'
# at t/005_noack.t line 15.
# got: 'Opening channel: Operation not permitted
# '
# expected: ''
# Failed test 'queue_declare'
# at t/005_noack.t line 17.
# got: 'Declaring queue: Operation not permitted
# '
# expected: ''
# Failed test 'queue_bind'
# at t/005_noack.t line 19.
# got: 'Binding queue: Operation not permitted
# '
# expected: ''
# Failed test 'purge'
# at t/005_noack.t line 21.
# got: 'Purging queue: Operation not permitted
# '
# expected: ''
# Failed test 'consuming'
# at t/005_noack.t line 25.
# got: 'Consume queue: Operation not permitted
# '
# expected: ''
Use of uninitialized value in substitution (s///) at t/005_noack.t line 28.
# Failed test 'payload'
# at t/005_noack.t line 29.
# Structures begin differing at:
# $got->{body} = Does not exist
# $expected->{body} = 'Magic Payload 20761'
# Failed test 'disconnect'
# at t/005_noack.t line 39.
# got: 'Closing connection: Operation not permitted
# '
# expected: ''
# Failed test 'connect'
# at t/005_noack.t line 42.
# got: 'Opening socket: Connection refused
# '
# expected: ''
# Failed test 'channel_open'
# at t/005_noack.t line 44.
# got: 'Opening channel: Operation not permitted
# '
# expected: ''
# Failed test 'consuming'
# at t/005_noack.t line 46.
# got: 'Consume queue: Operation not permitted
# '
# expected: ''
Use of uninitialized value in substitution (s///) at t/005_noack.t line 50.
# Failed test 'payload'
# at t/005_noack.t line 51.
# Structures begin differing at:
# $got->{body} = Does not exist
# $expected->{body} = 'Magic Payload 20761'
Use of uninitialized value in subroutine entry at t/005_noack.t line 60.
# Failed test 'acking'
# at t/005_noack.t line 61.
# got: 'bad tag at t/005_noack.t line 60.
# '
# expected: ''
# Looks like you failed 13 tests of 16.
t/005_noack.t .............
Dubious, test returned 13 (wstat 3328, 0xd00)
Failed 13/16 subtests
# Failed test 'connect'
# at t/006_txn.t line 13.
# got: 'Opening socket: Connection refused
# '
# expected: ''
# Failed test 'channel_open'
# at t/006_txn.t line 15.
# got: 'Opening channel: Operation not permitted
# '
# expected: ''
# Failed test 'queue_declare'
# at t/006_txn.t line 18.
# got: 'Declaring queue: Operation not permitted
# '
# expected: ''
# Failed test 'queue_declare -> private name'
# at t/006_txn.t line 19.
# got: ''
# expected: anything else
# Failed test 'queue_bind'
# at t/006_txn.t line 21.
# got: 'Binding queue: Operation not permitted
# '
# expected: ''
# Failed test 'tx_select'
# at t/006_txn.t line 23.
# got: 'Selecting transaction: Operation not permitted
# '
# expected: ''
# Failed test 'tx_rollback'
# at t/006_txn.t line 26.
# got: 'Rolling Back transaction: Operation not permitted
# '
# expected: ''
# Failed test 'tx_commit'
# at t/006_txn.t line 29.
# got: 'Commiting transaction: Operation not permitted
# '
# expected: ''
# Failed test 'consume'
# at t/006_txn.t line 31.
# got: 'Consume queue: Operation not permitted
# '
# expected: ''
# Failed test 'recv'
# at t/006_txn.t line 35.
# got: 'Bad frame read. at t/006_txn.t line 34.
# '
# expected: ''
Use of uninitialized value in substitution (s///) at t/006_txn.t line 36.
# Failed test 'payload'
# at t/006_txn.t line 37.
# Structures begin differing at:
# $got->{body} = Does not exist
# $expected->{body} = 'Magic Transient Payload (Commit)'
# Looks like you failed 11 tests of 13.
t/006_txn.t ...............
Dubious, test returned 11 (wstat 2816, 0xb00)
Failed 11/13 subtests
# Failed test 'connect'
# at t/007_get.t line 13.
# got: 'Opening socket: Connection refused
# '
# expected: ''
# Failed test 'channel_open'
# at t/007_get.t line 15.
# got: 'Opening channel: Operation not permitted
# '
# expected: ''
# Failed test 'queue_declare'
# at t/007_get.t line 18.
# got: 'Declaring queue: Operation not permitted
# '
# expected: ''
# Failed test 'queue_declare -> private name'
# at t/007_get.t line 19.
# got: ''
# expected: anything else
# Failed test 'queue_bind'
# at t/007_get.t line 21.
# got: 'Binding queue: Operation not permitted
# '
# expected: ''
# Failed test 'get'
# at t/007_get.t line 25.
# got: 'basic_get: Operation not permitted
# '
# expected: ''
# Failed test 'get'
# at t/007_get.t line 31.
# got: 'basic_get: Operation not permitted
# '
# expected: ''
Use of uninitialized value in substitution (s///) at t/007_get.t line 32.
# Failed test 'get should see message'
# at t/007_get.t line 33.
# Structures begin differing at:
# $got->{body} = Does not exist
# $expected->{body} = 'Magic Transient Payload'
# Failed test 'get'
# at t/007_get.t line 64.
# got: 'basic_get: Operation not permitted
# '
# expected: ''
Use of uninitialized value in substitution (s///) at t/007_get.t line 65.
# Failed test 'get should see message'
# at t/007_get.t line 67.
# Structures begin differing at:
# $got->{body} = Does not exist
# $expected->{body} = 'Magic Transient Payload 2'
# Looks like you failed 10 tests of 13.
t/007_get.t ...............
Dubious, test returned 10 (wstat 2560, 0xa00)
Failed 10/13 subtests
# Failed test 'connect'
# at t/008_queue_declare.t line 12.
# got: 'Opening socket: Connection refused
# '
# expected: ''
# Failed test 'channel_open'
# at t/008_queue_declare.t line 14.
# got: 'Opening channel: Operation not permitted
# '
# expected: ''
# Failed test 'queue_declare'
# at t/008_queue_declare.t line 18.
# got: 'Declaring queue: Operation not permitted
# '
# expected: ''
Use of uninitialized value $queuename in concatenation (.) or string at t/008_queue_declare.t line 19.
# Failed test 'queue_declare -> = test.net.rabbitmq.perl'
# at t/008_queue_declare.t line 19.
# got: undef
# expected: 'test.net.rabbitmq.perl'
# Looks like you failed 4 tests of 6.
t/008_queue_declare.t .....
Dubious, test returned 4 (wstat 1024, 0x400)
Failed 4/6 subtests
# Failed test 'connect'
# at t/009_delete_exchange.t line 12.
# got: 'Opening socket: Connection refused
# '
# expected: ''
# Failed test 'channel_open'
# at t/009_delete_exchange.t line 14.
# got: 'Opening channel: Operation not permitted
# '
# expected: ''
# Failed test 'exchange_delete'
# at t/009_delete_exchange.t line 16.
# got: 'Deleting exchange: Operation not permitted
# '
# expected: ''
# Looks like you failed 3 tests of 5.
t/009_delete_exchange.t ...
Dubious, test returned 3 (wstat 768, 0x300)
Failed 3/5 subtests
Test Summary Report
-------------------
t/002_publish.t (Wstat: 1024 Tests: 7 Failed: 4)
Failed tests: 3-6
Non-zero exit status: 4
t/003_consume.t (Wstat: 1280 Tests: 7 Failed: 5)
Failed tests: 3-7
Non-zero exit status: 5
t/004_selfconsume.t (Wstat: 2048 Tests: 10 Failed: 8)
Failed tests: 3-10
Non-zero exit status: 8
t/005_noack.t (Wstat: 3328 Tests: 16 Failed: 13)
Failed tests: 3-7, 9-16
Non-zero exit status: 13
t/006_txn.t (Wstat: 2816 Tests: 13 Failed: 11)
Failed tests: 3-13
Non-zero exit status: 11
t/007_get.t (Wstat: 2560 Tests: 13 Failed: 10)
Failed tests: 3-8, 10-13
Non-zero exit status: 10
t/008_queue_declare.t (Wstat: 1024 Tests: 6 Failed: 4)
Failed tests: 3-6
Non-zero exit status: 4
t/009_delete_exchange.t (Wstat: 768 Tests: 5 Failed: 3)
Failed tests: 3-5
Non-zero exit status: 3
Files=9, Tests=82, 2 wallclock secs ( 0.09 usr 0.02 sys + 0.44 cusr 0.08 csys = 0.63 CPU)
Result: FAIL
Failed 8/9 test programs. 58/82 subtests failed.
make: *** [test_dynamic] Error 3
------------------------------
PREREQUISITES
------------------------------
Prerequisite modules loaded:
configure_requires:
Module Need Have
------------------- ---- ----
ExtUtils::MakeMaker 0 6.56
------------------------------
ENVIRONMENT AND OTHER CONTEXT
------------------------------
Environment variables:
AUTOMATED_TESTING = 1
LANG = en_US.UTF-8
PATH = /usr/local/sbin:/usr/local/bin:/usr/sbin:/usr/bin:/sbin:/bin:/usr/games
PERL5LIB = /home/perl5121/.cpan/build/Test-LeakTrace-0.13-klSPGV/blib/arch:/home/perl5121/.cpan/build/Test-LeakTrace-0.13-klSPGV/blib/lib
PERL5OPT =
PERL5_CPANPLUS_IS_RUNNING = 20420
PERL5_CPAN_IS_RUNNING = 20420
PERL5_CPAN_IS_RUNNING_IN_RECURSION = 16814,20420
PERL_CR_SMOKER_CURRENT = Net-RabbitMQ-Simple-0.0007
PERL_EXTUTILS_AUTOINSTALL = --defaultdeps
PERL_MM_USE_DEFAULT = 1
SHELL = /bin/bash
TERM = xterm
Perl special variables (and OS-specific diagnostics, for MSWin32):
$^X = /home/perl5121/perl/bin/perl
$UID/$EUID = 1007 / 1007
$GID = 1007 1007
$EGID = 1007 1007
Perl module toolchain versions installed:
Module Have
------------------- -------
CPAN 1.94_56
Cwd 3.31
ExtUtils::CBuilder 0.2703
ExtUtils::Command 1.16
ExtUtils::Install 1.55
ExtUtils::MakeMaker 6.56
ExtUtils::Manifest 1.57
ExtUtils::ParseXS 2.21
File::Spec 3.31
Module::Build 0.3607
Module::Signature n/a
Test::Harness 3.17
Test::More 0.94
YAML 0.71
YAML::Syck 1.09
version 0.82
--
Summary of my perl5 (revision 5 version 12 subversion 1) configuration:
Platform:
osname=linux, osvers=2.6.32-25-generic, archname=i686-linux-thread-multi
uname='linux st47-laptop 2.6.32-25-generic #44-ubuntu smp fri sep 17 20:26:08 utc 2010 i686 gnulinux '
config_args=''
hint=recommended, useposix=true, d_sigaction=define
useithreads=define, usemultiplicity=define
useperlio=define, d_sfio=undef, uselargefiles=define, usesocks=undef
use64bitint=undef, use64bitall=undef, uselongdouble=undef
usemymalloc=n, bincompat5005=undef
Compiler:
cc='cc', ccflags ='-D_REENTRANT -D_GNU_SOURCE -fno-strict-aliasing -pipe -fstack-protector -I/usr/local/include -D_LARGEFILE_SOURCE -D_FILE_OFFSET_BITS=64',
optimize='-O2',
cppflags='-D_REENTRANT -D_GNU_SOURCE -fno-strict-aliasing -pipe -fstack-protector -I/usr/local/include'
ccversion='', gccversion='4.4.3', gccosandvers=''
intsize=4, longsize=4, ptrsize=4, doublesize=8, byteorder=1234
d_longlong=define, longlongsize=8, d_longdbl=define, longdblsize=12
ivtype='long', ivsize=4, nvtype='double', nvsize=8, Off_t='off_t', lseeksize=8
alignbytes=4, prototype=define
Linker and Libraries:
ld='cc', ldflags =' -fstack-protector -L/usr/local/lib'
libpth=/usr/local/lib /lib /usr/lib /usr/lib64
libs=-lnsl -ldl -lm -lcrypt -lutil -lpthread -lc
perllibs=-lnsl -ldl -lm -lcrypt -lutil -lpthread -lc
libc=/lib/libc-2.11.1.so, so=so, useshrplib=false, libperl=libperl.a
gnulibc_version='2.11.1'
Dynamic Linking:
dlsrc=dl_dlopen.xs, dlext=so, d_dlsymun=undef, ccdlflags='-Wl,-E'
cccdlflags='-fPIC', lddlflags='-shared -O2 -L/usr/local/lib -fstack-protector'
Characteristics of this binary (from libperl):
Compile-time options: MULTIPLICITY PERL_DONT_CREATE_GVSV
PERL_IMPLICIT_CONTEXT PERL_MALLOC_WRAP USE_ITHREADS
USE_LARGE_FILES USE_PERLIO USE_PERL_ATOF
USE_REENTRANT_API
Built under linux
Compiled at Oct 9 2010 12:53:48
%ENV:
PERL5LIB="/home/perl5121/.cpan/build/Test-LeakTrace-0.13-klSPGV/blib/arch:/home/perl5121/.cpan/build/Test-LeakTrace-0.13-klSPGV/blib/lib"
PERL5OPT=""
PERL5_CPANPLUS_IS_RUNNING="20420"
PERL5_CPAN_IS_RUNNING="20420"
PERL5_CPAN_IS_RUNNING_IN_RECURSION="16814,20420"
PERL_CR_SMOKER_CURRENT="Net-RabbitMQ-Simple-0.0007"
PERL_EXTUTILS_AUTOINSTALL="--defaultdeps"
PERL_MM_USE_DEFAULT="1"
@INC:
/home/perl5121/.cpan/build/Test-LeakTrace-0.13-klSPGV/blib/arch
/home/perl5121/.cpan/build/Test-LeakTrace-0.13-klSPGV/blib/lib
/home/perl5121/perl/lib
/home/perl5121/perl/lib
.