Report for Parallel-Workers-0.0.9

Back
From: metabase:user:30977d10-2aae-11df-837a-5e0a49663a4f
Subject: FAIL Parallel-Workers-0.0.9 v5.12.4 GNU/Linux
Date: 2011-07-20T11:34:06Z

This distribution has been tested as part of the CPAN Testers
project, supporting the Perl programming language.  See
http://wiki.cpantesters.org/ for more information or email
questions to cpan-testers-discuss@perl.org


--
Dear Olivier Evalet,

This is a computer-generated report for Parallel-Workers-0.0.9
on perl 5.12.4, created by CPAN-Reporter-1.19_04.

Thank you for uploading your work to CPAN.  However, there was a problem
testing your distribution.

If you think this report is invalid, please consult the CPAN Testers Wiki
for suggestions on how to avoid getting FAIL reports for missing library
or binary dependencies, unsupported operating systems, and so on:

http://wiki.cpantesters.org/wiki/CPANAuthorNotes

Sections of this report:

    * Tester comments
    * Program output
    * Prerequisites
    * Environment and other context

------------------------------
TESTER COMMENTS
------------------------------

Additional comments from tester:

this report is from an automated smoke testing program
and was not reviewed by a human for accuracy

------------------------------
PROGRAM OUTPUT
------------------------------

Output from '/usr/bin/make test':

PERL_DL_NONLAZY=1 /home/trushel/perl/perl5124/bin/perl "-MExtUtils::Command::MM" "-e" "test_harness(0, 'blib/lib', 'blib/arch')" t/*.t

#   Failed test 'use Parallel::Workers;'
#   at t/00.load.t line 4.
#     Tried to use 'Parallel::Workers'.
#     Error:  This Perl not built to support threads
# Compilation failed in require at /home/trushel/cpan/build/5.12.4/Parallel-Workers-0.0.9-SMRpUc/blib/lib/Parallel/Workers.pm line 8.
# BEGIN failed--compilation aborted at /home/trushel/cpan/build/5.12.4/Parallel-Workers-0.0.9-SMRpUc/blib/lib/Parallel/Workers.pm line 8.
# Compilation failed in require at (eval 4) line 2.
# BEGIN failed--compilation aborted at (eval 4) line 2.
Use of uninitialized value $Parallel::Workers::VERSION in concatenation (.) or string at t/00.load.t line 10.
# Testing Parallel::Workers 
# Looks like you failed 1 test of 4.
t/00.load.t ........ 
Dubious, test returned 1 (wstat 256, 0x100)
Failed 1/4 subtests 
Name "Parallel::Workers::WARN" used only once: possible typo at t/process-0.t line 29.

#   Failed test 'use Parallel::Workers;'
#   at t/process-0.t line 3.
#     Tried to use 'Parallel::Workers'.
#     Error:  This Perl not built to support threads
# Compilation failed in require at /home/trushel/cpan/build/5.12.4/Parallel-Workers-0.0.9-SMRpUc/blib/lib/Parallel/Workers.pm line 8.
# BEGIN failed--compilation aborted at /home/trushel/cpan/build/5.12.4/Parallel-Workers-0.0.9-SMRpUc/blib/lib/Parallel/Workers.pm line 8.
# Compilation failed in require at (eval 4) line 2.
# BEGIN failed--compilation aborted at (eval 4) line 2.
Can't locate object method "new" via package "Parallel::Workers" at t/process-0.t line 33.
# Looks like you planned 6 tests but ran 1.
# Looks like you failed 1 test of 1 run.
# Looks like your test exited with 255 just after 1.
t/process-0.t ...... 
Dubious, test returned 255 (wstat 65280, 0xff00)
Failed 6/6 subtests 

#   Failed test 'use Parallel::Workers;'
#   at t/ssh-0.t line 3.
#     Tried to use 'Parallel::Workers'.
#     Error:  This Perl not built to support threads
# Compilation failed in require at /home/trushel/cpan/build/5.12.4/Parallel-Workers-0.0.9-SMRpUc/blib/lib/Parallel/Workers.pm line 8.
# BEGIN failed--compilation aborted at /home/trushel/cpan/build/5.12.4/Parallel-Workers-0.0.9-SMRpUc/blib/lib/Parallel/Workers.pm line 8.
# Compilation failed in require at (eval 4) line 2.
# BEGIN failed--compilation aborted at (eval 4) line 2.
Can't locate object method "new" via package "Parallel::Workers" at t/ssh-0.t line 14.
# Looks like you planned 3 tests but ran 1.
# Looks like you failed 1 test of 1 run.
# Looks like your test exited with 255 just after 1.
t/ssh-0.t .......... 
Dubious, test returned 255 (wstat 65280, 0xff00)
Failed 3/3 subtests 
Name "Parallel::Workers::WARN" used only once: possible typo at t/transaction-0.t line 13.

#   Failed test 'use Parallel::Workers;'
#   at t/transaction-0.t line 3.
#     Tried to use 'Parallel::Workers'.
#     Error:  This Perl not built to support threads
# Compilation failed in require at /home/trushel/cpan/build/5.12.4/Parallel-Workers-0.0.9-SMRpUc/blib/lib/Parallel/Workers.pm line 8.
# BEGIN failed--compilation aborted at /home/trushel/cpan/build/5.12.4/Parallel-Workers-0.0.9-SMRpUc/blib/lib/Parallel/Workers.pm line 8.
# Compilation failed in require at (eval 4) line 2.
# BEGIN failed--compilation aborted at (eval 4) line 2.

#   Failed test 'use Parallel::Workers::Transaction;'
#   at t/transaction-0.t line 4.
#     Tried to use 'Parallel::Workers::Transaction'.
#     Error:  Attempt to reload threads.pm aborted.
# Compilation failed in require at /home/trushel/cpan/build/5.12.4/Parallel-Workers-0.0.9-SMRpUc/blib/lib/Parallel/Workers/Shared.pm line 8.
# BEGIN failed--compilation aborted at /home/trushel/cpan/build/5.12.4/Parallel-Workers-0.0.9-SMRpUc/blib/lib/Parallel/Workers/Shared.pm line 8.
# Compilation failed in require at /home/trushel/cpan/build/5.12.4/Parallel-Workers-0.0.9-SMRpUc/blib/lib/Parallel/Workers/Transaction.pm line 8.
# BEGIN failed--compilation aborted at /home/trushel/cpan/build/5.12.4/Parallel-Workers-0.0.9-SMRpUc/blib/lib/Parallel/Workers/Transaction.pm line 8.
# Compilation failed in require at (eval 8) line 2.
# BEGIN failed--compilation aborted at (eval 8) line 2.
Can't locate object method "new" via package "Parallel::Workers" at t/transaction-0.t line 17.
# Looks like you planned 7 tests but ran 2.
# Looks like you failed 2 tests of 2 run.
# Looks like your test exited with 255 just after 2.
t/transaction-0.t .. 
Dubious, test returned 255 (wstat 65280, 0xff00)
Failed 7/7 subtests 

Test Summary Report
-------------------
t/00.load.t      (Wstat: 256 Tests: 4 Failed: 1)
  Failed test:  1
  Non-zero exit status: 1
t/process-0.t    (Wstat: 65280 Tests: 1 Failed: 1)
  Failed test:  1
  Non-zero exit status: 255
  Parse errors: Bad plan.  You planned 6 tests but ran 1.
t/ssh-0.t        (Wstat: 65280 Tests: 1 Failed: 1)
  Failed test:  1
  Non-zero exit status: 255
  Parse errors: Bad plan.  You planned 3 tests but ran 1.
t/transaction-0.t (Wstat: 65280 Tests: 2 Failed: 2)
  Failed tests:  1-2
  Non-zero exit status: 255
  Parse errors: Bad plan.  You planned 7 tests but ran 2.
Files=4, Tests=8,  1 wallclock secs ( 0.02 usr  0.02 sys +  0.22 cusr  0.03 csys =  0.29 CPU)
Result: FAIL
Failed 4/4 test programs. 5/8 subtests failed.
make: *** [test_dynamic] Error 255

------------------------------
PREREQUISITES
------------------------------

Prerequisite modules loaded:

requires:

    Module              Need Have  
    ------------------- ---- ------
    Data::Serializer    0    0.59  
    File::Find::Rule    0    0.32  
    File::Temp          0    0.22  
    Getopt::Long        0    2.3802
    Math::BigInt::GMP   0    1.36  

build_requires:

    Module              Need Have  
    ------------------- ---- ------
    ExtUtils::MakeMaker 0    6.58  


------------------------------
ENVIRONMENT AND OTHER CONTEXT
------------------------------

Environment variables:

    AUTOMATED_TESTING = 1
    LANG = en_US.UTF-8
    LANGUAGE = en
    LC_COLLATE = C
    LC_MONETARY = C
    LC_NUMERIC = C
    LC_TIME = C
    PATH = /usr/local/sbin:/usr/local/bin:/usr/sbin:/usr/bin:/sbin:/bin
    PERL5LIB = 
    PERL5OPT = 
    PERL5_CPANPLUS_IS_RUNNING = 25286
    PERL5_CPAN_IS_RUNNING = 25286
    PERL5_CPAN_IS_RUNNING_IN_RECURSION = 4458,25286
    PERL_CR_SMOKER_CURRENT = Parallel-Workers-0.0.9
    PERL_EXTUTILS_AUTOINSTALL = --defaultdeps
    PERL_MM_USE_DEFAULT = 1
    SHELL = /bin/bash
    TERM = xterm

Perl special variables (and OS-specific diagnostics, for MSWin32):

    $^X = /home/trushel/perl/perl5124/bin/perl
    $UID/$EUID = 138375 / 138375
    $GID = 5762 4 20 21 24 25 26 30 44 46 104 105 119 122 431 5762
    $EGID = 5762 4 20 21 24 25 26 30 44 46 104 105 119 122 431 5762

Perl module toolchain versions installed:

    Module              Have    
    ------------------- --------
    CPAN                1.97_51 
    CPAN::Meta          2.110930
    Cwd                 3.33    
    ExtUtils::CBuilder  0.280202
    ExtUtils::Command   1.17    
    ExtUtils::Install   1.54    
    ExtUtils::MakeMaker 6.58    
    ExtUtils::Manifest  1.58    
    ExtUtils::ParseXS   3.00_02 
    File::Spec          3.33    
    JSON                2.53    
    JSON::PP            2.27200 
    Module::Build       0.3800  
    Module::Signature   0.68    
    Parse::CPAN::Meta   1.4401  
    Test::Harness       3.23    
    Test::More          0.98    
    YAML                0.73    
    YAML::Syck          1.17    
    version             0.91    


--

Summary of my perl5 (revision 5 version 12 subversion 4) configuration:
   
  Platform:
    osname=linux, osvers=2.6.32-32-generic, archname=x86_64-linux
    uname='linux trushel-glaptop 2.6.32-32-generic #62-ubuntu smp wed apr 20 21:52:38 utc 2011 x86_64 gnulinux '
    config_args=''
    hint=recommended, useposix=true, d_sigaction=define
    useithreads=undef, usemultiplicity=undef
    useperlio=define, d_sfio=undef, uselargefiles=define, usesocks=undef
    use64bitint=define, use64bitall=define, uselongdouble=undef
    usemymalloc=n, bincompat5005=undef
  Compiler:
    cc='cc', ccflags ='-fno-strict-aliasing -pipe -fstack-protector -I/usr/local/include -D_LARGEFILE_SOURCE -D_FILE_OFFSET_BITS=64',
    optimize='-O2',
    cppflags='-fno-strict-aliasing -pipe -fstack-protector -I/usr/local/include'
    ccversion='', gccversion='4.4.3', gccosandvers=''
    intsize=4, longsize=8, ptrsize=8, doublesize=8, byteorder=12345678
    d_longlong=define, longlongsize=8, d_longdbl=define, longdblsize=16
    ivtype='long', ivsize=8, nvtype='double', nvsize=8, Off_t='off_t', lseeksize=8
    alignbytes=8, prototype=define
  Linker and Libraries:
    ld='cc', ldflags =' -fstack-protector -L/usr/local/lib'
    libpth=/usr/local/lib /lib/../lib /usr/lib/../lib /lib /usr/lib /usr/lib/x86_64-linux-gnu /lib64 /usr/lib64
    libs=-lnsl -ldl -lm -lcrypt -lutil -lc
    perllibs=-lnsl -ldl -lm -lcrypt -lutil -lc
    libc=/lib/libc-2.11.1.so, so=so, useshrplib=false, libperl=libperl.a
    gnulibc_version='2.11.1'
  Dynamic Linking:
    dlsrc=dl_dlopen.xs, dlext=so, d_dlsymun=undef, ccdlflags='-Wl,-E'
    cccdlflags='-fPIC', lddlflags='-shared -O2 -L/usr/local/lib -fstack-protector'


Characteristics of this binary (from libperl): 
  Compile-time options: PERL_DONT_CREATE_GVSV PERL_MALLOC_WRAP USE_64_BIT_ALL
                        USE_64_BIT_INT USE_LARGE_FILES USE_PERLIO
                        USE_PERL_ATOF
  Built under linux
  Compiled at Jun 22 2011 19:00:13
  %ENV:
    PERL5LIB=""
    PERL5OPT=""
    PERL5_CPANPLUS_IS_RUNNING="25286"
    PERL5_CPAN_IS_RUNNING="25286"
    PERL5_CPAN_IS_RUNNING_IN_RECURSION="4458,25286"
    PERL_CR_SMOKER_CURRENT="Parallel-Workers-0.0.9"
    PERL_EXTUTILS_AUTOINSTALL="--defaultdeps"
    PERL_MM_USE_DEFAULT="1"
  @INC:
    /home/trushel/perl/perl5124/lib/site_perl/5.12.4/x86_64-linux
    /home/trushel/perl/perl5124/lib/site_perl/5.12.4
    /home/trushel/perl/perl5124/lib/5.12.4/x86_64-linux
    /home/trushel/perl/perl5124/lib/5.12.4
    .