UniEvent v1.2.13 Perl 5 v5.24.4 x86_64-linux-ld

Status
Fail
From
Andreas J. K├Ânig (ANDK)
Dist
UniEvent v1.2.13
Platform
Perl 5 v5.24.4 x86_64-linux-ld
Date
2024-02-26T04:12:04
ID
32c29684-d45d-11ee-bb4c-1a0c2820d34f
This distribution has been tested as part of the CPAN Testers
project, supporting the Perl programming language.  See
http://wiki.cpantesters.org/ for more information or email
questions to cpan-testers-discuss@perl.org


--
Dear Oleg Pronin,

This is a computer-generated report for UniEvent-1.2.13
on perl 5.24.4, created by CPAN-Reporter-1.2019.

Thank you for uploading your work to CPAN.  However, there was a problem
testing your distribution.

If you think this report is invalid, please consult the CPAN Testers Wiki
for suggestions on how to avoid getting FAIL reports for missing library
or binary dependencies, unsupported operating systems, and so on:

http://wiki.cpantesters.org/wiki/CPANAuthorNotes

Sections of this report:

    * Tester comments
    * Program output
    * Prerequisites
    * Environment and other context

------------------------------
TESTER COMMENTS
------------------------------

Additional comments from tester:

this report is from an automated smoke testing program
and was not reviewed by a human for accuracy

------------------------------
PROGRAM OUTPUT
------------------------------

Output from '/usr/bin/make test':

"/home/sand/src/perl/repoperls/installed-perls/host/k93msid/v5.24.4/af11/bin/perl" -MExtUtils::Command::MM -e 'cp_nonempty' -- UniEvent.bs blib/arch/auto/UniEvent/UniEvent.bs 644
cd clib/build && cd ../cmake_props && make  unievent
make[1]: Entering directory '/tmp/loop_over_bdir-2207-Duwe7P/UniEvent-1.2.13-0/clib/cmake_props'
make[2]: Entering directory '/tmp/loop_over_bdir-2207-Duwe7P/UniEvent-1.2.13-0/clib/cmake_props'
make[3]: Entering directory '/tmp/loop_over_bdir-2207-Duwe7P/UniEvent-1.2.13-0/clib/cmake_props'
make[4]: Entering directory '/tmp/loop_over_bdir-2207-Duwe7P/UniEvent-1.2.13-0/clib/cmake_props'
make[4]: Leaving directory '/tmp/loop_over_bdir-2207-Duwe7P/UniEvent-1.2.13-0/clib/cmake_props'
[100%] Built target unievent
make[3]: Leaving directory '/tmp/loop_over_bdir-2207-Duwe7P/UniEvent-1.2.13-0/clib/cmake_props'
make[2]: Leaving directory '/tmp/loop_over_bdir-2207-Duwe7P/UniEvent-1.2.13-0/clib/cmake_props'
make[1]: Leaving directory '/tmp/loop_over_bdir-2207-Duwe7P/UniEvent-1.2.13-0/clib/cmake_props'
cd clib/build && make install > /dev/null 2>&1
/home/sand/src/perl/repoperls/installed-perls/host/k93msid/v5.24.4/af11/lib/site_perl/5.24.4/x86_64-linux-ld/auto/share/dist/Alien-cmake3/bin/cmake -E copy_directory clib/build/cmake_prefix/include blib/arch/UniEvent.x/i/
Skip blib/arch/UniEvent/Idle.pod (unchanged)
Skip blib/arch/UniEvent/Prepare.pm (unchanged)
Skip blib/arch/UniEvent/Poll.pod (unchanged)
Skip blib/arch/UniEvent/Idle.pm (unchanged)
Skip blib/arch/UniEvent/Request.pm (unchanged)
Skip blib/arch/UniEvent/Error.pm (unchanged)
Skip blib/arch/UniEvent/Loop.pod (unchanged)
Skip blib/arch/UniEvent/Error.pod (unchanged)
Skip blib/arch/UniEvent/Check.pod (unchanged)
Skip blib/arch/UniEvent/Request/Send.pod (unchanged)
Skip blib/arch/UniEvent/Backend/UV.pod (unchanged)
Skip blib/arch/UE.pm (unchanged)
Skip blib/arch/UniEvent/Request/Write.pod (unchanged)
Skip blib/arch/UniEvent/Handle.pm (unchanged)
Skip blib/arch/UniEvent/Request/Shutdown.pod (unchanged)
Skip blib/arch/UniEvent/Resolver.pm (unchanged)
Skip blib/arch/UniEvent/Check.pm (unchanged)
Skip blib/arch/UniEvent/Poll.pm (unchanged)
Skip blib/arch/UniEvent/Backend.pod (unchanged)
Skip blib/arch/UniEvent/FsPoll.pod (unchanged)
Skip blib/arch/UniEvent/Resolver.pod (unchanged)
Skip blib/arch/UniEvent.x/info (unchanged)
Skip blib/arch/UniEvent/Request/Connect.pod (unchanged)
Skip blib/arch/UniEvent/Backend/UV.pm (unchanged)
Skip blib/arch/UniEvent/Resolver/Request.pm (unchanged)
Skip blib/arch/UniEvent/Fs.pm (unchanged)
Skip blib/arch/UniEvent/ResolveError.pod (unchanged)
Skip blib/arch/UniEvent/FsPoll.pm (unchanged)
Skip blib/arch/UniEvent/Backend.pm (unchanged)
Skip blib/arch/UniEvent/Prepare.pod (unchanged)
Skip blib/arch/UniEvent/FsEvent.pod (unchanged)
Skip blib/arch/UniEvent/Pipe.pm (unchanged)
Skip blib/arch/UE.pod (unchanged)
Skip blib/arch/UniEvent.pm (unchanged)
Skip blib/arch/UniEvent/Handle.pod (unchanged)
Skip blib/arch/UniEvent/FsEvent.pm (unchanged)
Skip blib/arch/UniEvent.pod (unchanged)
Skip blib/arch/UniEvent/Pipe.pod (unchanged)
Skip blib/arch/UniEvent/Loop.pm (unchanged)
Skip blib/arch/UniEvent/Fs.pod (unchanged)
Skip blib/arch/UniEvent/Udp.pm (unchanged)
Skip blib/arch/UniEvent/Streamer/IInput.pod (unchanged)
Skip blib/arch/UniEvent/Streamer.pod (unchanged)
Skip blib/arch/UniEvent/Tty.pm (unchanged)
Skip blib/arch/UniEvent/Streamer/StreamOutput.pod (unchanged)
Skip blib/arch/UniEvent/Udp.pod (unchanged)
Skip blib/arch/UniEvent/Streamer/Output.pm (unchanged)
Skip blib/arch/UniEvent/Streamer/FileInput.pod (unchanged)
Skip blib/arch/UniEvent/Streamer/FileOutput.pod (unchanged)
Skip blib/arch/UniEvent/Timer.pod (unchanged)
Skip blib/arch/UniEvent/Signal.pm (unchanged)
Skip blib/arch/UniEvent/Streamer/Output.pod (unchanged)
Skip blib/arch/UniEvent/Tcp.pm (unchanged)
Skip blib/arch/UniEvent/Stream.pm (unchanged)
Skip blib/arch/UniEvent/Streamer/FileInput.pm (unchanged)
Skip blib/arch/UniEvent/Streamer/IOutput.pm (unchanged)
Skip blib/arch/UniEvent/Streamer/StreamOutput.pm (unchanged)
Skip blib/arch/UniEvent/Resolver/Request.pod (unchanged)
Skip blib/arch/UniEvent/Streamer/IInput.pm (unchanged)
Skip blib/arch/UniEvent/SystemError.pod (unchanged)
Skip blib/arch/UniEvent/Timer.pm (unchanged)
Skip blib/arch/UniEvent/SystemError.pm (unchanged)
Skip blib/arch/UniEvent/Streamer/StreamInput.pm (unchanged)
Skip blib/arch/UniEvent/Test/Async.pm (unchanged)
Skip blib/arch/UniEvent/StreamerError.pod (unchanged)
Skip blib/arch/UniEvent/Signal.pod (unchanged)
Skip blib/arch/UniEvent/Streamer/Input.pm (unchanged)
Skip blib/arch/UniEvent/Streamer/Input.pod (unchanged)
Skip blib/arch/UniEvent/Streamer/StreamInput.pod (unchanged)
Skip blib/arch/UniEvent/Tcp.pod (unchanged)
Skip blib/arch/UniEvent/Tty.pod (unchanged)
Skip blib/arch/UniEvent/Streamer/FileOutput.pm (unchanged)
Skip blib/arch/UniEvent/Streamer/IOutput.pod (unchanged)
Skip blib/arch/UniEvent/Stream.pod (unchanged)
Skip blib/arch/UniEvent/Streamer.pm (unchanged)
Skip blib/arch/UniEvent.x/i/xs/unievent/Udp.h (unchanged)
Skip blib/arch/UniEvent.x/i/xs/unievent/Check.h (unchanged)
Skip blib/arch/UniEvent.x/i/xs/unievent/Tty.h (unchanged)
Skip blib/arch/UniEvent.x/i/xs/unievent/AddrInfo.h (unchanged)
Skip blib/arch/UniEvent/Work.pm (unchanged)
Skip blib/arch/UniEvent.x/i/xs/unievent/Streamer.h (unchanged)
Skip blib/arch/UniEvent.x/i/xs/unievent/Backend.h (unchanged)
Skip blib/arch/UniEvent.x/i/xs/unievent/Pipe.h (unchanged)
Skip blib/arch/UniEvent.x/i/xs/unievent/Work.h (unchanged)
Skip blib/arch/UniEvent.x/i/xs/unievent/Stream.h (unchanged)
Skip blib/arch/UniEvent.x/i/xs/unievent/Poll.h (unchanged)
Skip blib/arch/UniEvent.x/i/xs/unievent/Handle.h (unchanged)
Skip blib/arch/UniEvent.x/i/xs/unievent/Idle.h (unchanged)
Skip blib/arch/UniEvent.x/i/xs/unievent/FsPoll.h (unchanged)
Skip blib/arch/UniEvent.x/i/xs/unievent/Request.h (unchanged)
Skip blib/arch/UniEvent.x/i/xs/unievent/Resolver.h (unchanged)
Skip blib/arch/UniEvent.x/i/xs/unievent/Timer.h (unchanged)
Skip blib/arch/UniEvent.x/i/xs/unievent/Ssl.h (unchanged)
Skip blib/arch/UniEvent.x/i/xs/unievent/Signal.h (unchanged)
Skip blib/arch/UniEvent.x/i/xs/unievent/error.h (unchanged)
Skip blib/arch/UniEvent.x/i/xs/unievent/Tcp.h (unchanged)
Skip blib/arch/UniEvent.x/i/xs/unievent/Prepare.h (unchanged)
Skip blib/arch/UniEvent.x/i/xs/unievent/util.h (unchanged)
Skip blib/arch/UniEvent.x/i/xs/unievent.h (unchanged)
Skip blib/arch/UniEvent.x/i/xs/unievent/Listener.h (unchanged)
Skip blib/arch/UniEvent.x/i/xs/unievent/Fs.h (unchanged)
Skip blib/arch/UniEvent.x/i/xs/unievent/Loop.h (unchanged)
Skip blib/arch/UniEvent.x/i/xs/unievent/FsEvent.h (unchanged)
"/home/sand/src/perl/repoperls/installed-perls/host/k93msid/v5.24.4/af11/bin/perl" -Ilib -MXS::Install::ParseXS -MXS::Framework::ParseXS "/home/sand/src/perl/repoperls/installed-perls/host/k93msid/v5.24.4/af11/lib/site_perl/5.24.4/ExtUtils/xsubpp"  -hiertype -C++ -hiertype -C++ -typemap '/home/sand/src/perl/repoperls/installed-perls/host/k93msid/v5.24.4/af11/lib/5.24.4/ExtUtils/typemap' -typemap '/home/sand/src/perl/repoperls/installed-perls/host/k93msid/v5.24.4/af11/lib/site_perl/5.24.4/XS/Install.x/tm/typemap' -typemap '/home/sand/src/perl/repoperls/installed-perls/host/k93msid/v5.24.4/af11/lib/site_perl/5.24.4/x86_64-linux-ld/XS/Framework.x/tm/typemap64' -typemap '/home/sand/src/perl/repoperls/installed-perls/host/k93msid/v5.24.4/af11/lib/site_perl/5.24.4/x86_64-linux-ld/XS/Framework.x/tm/typemap' -typemap '/home/sand/src/perl/repoperls/installed-perls/host/k93msid/v5.24.4/af11/lib/site_perl/5.24.4/XS/Install.x/tm/typemap' -typemap '/home/sand/src/perl/repoperls/installed-perls/host/k93msid/v5.24.4/af11/lib/site_perl/5.24.4/x86_64-linux-ld/XS/Framework.x/tm/typemap64' -typemap '/home/sand/src/perl/repoperls/installed-perls/host/k93msid/v5.24.4/af11/lib/site_perl/5.24.4/x86_64-linux-ld/XS/Framework.x/tm/typemap' -csuffix _xsgen.cc  t/lib/MyTest.xs > t/lib/MyTest.xsc
mv t/lib/MyTest.xsc t/lib/MyTest_xsgen.cc
c++ -c  -Isrc -I/tmp/loop_over_bdir-2207-Duwe7P/UniEvent-1.2.13-0/clib/src -I/tmp/loop_over_bdir-2207-Duwe7P/UniEvent-1.2.13-0/clib/backend-uv/src -I/tmp/loop_over_bdir-2207-Duwe7P/UniEvent-1.2.13-0/clib/backend-uv/include -I/usr/include -I/tmp/loop_over_bdir-2207-Duwe7P/UniEvent-1.2.13-0/clib/src -I/tmp/loop_over_bdir-2207-Duwe7P/UniEvent-1.2.13-0/clib/backend-uv/src -I/tmp/loop_over_bdir-2207-Duwe7P/UniEvent-1.2.13-0/clib/backend-uv/include -I/usr/include -I/home/sand/src/perl/repoperls/installed-perls/host/k93msid/v5.24.4/af11/lib/site_perl/5.24.4/x86_64-linux-ld/next/XS.x/i -I/home/sand/src/perl/repoperls/installed-perls/host/k93msid/v5.24.4/af11/lib/site_perl/5.24.4/XS/Install.x/i -I/home/sand/src/perl/repoperls/installed-perls/host/k93msid/v5.24.4/af11/lib/site_perl/5.24.4/x86_64-linux-ld/Export/XS.x/i -I/home/sand/src/perl/repoperls/installed-perls/host/k93msid/v5.24.4/af11/lib/site_perl/5.24.4/x86_64-linux-ld/XS/Framework.x/i -I/home/sand/src/perl/repoperls/installed-perls/host/k93msid/v5.24.4/af11/lib/site_perl/5.24.4/x86_64-linux-ld/XS/libpanda.x/i -I/home/sand/src/perl/repoperls/installed-perls/host/k93msid/v5.24.4/af11/lib/site_perl/5.24.4/x86_64-linux-ld/XLog.x/i -I/home/sand/src/perl/repoperls/installed-perls/host/k93msid/v5.24.4/af11/lib/site_perl/5.24.4/x86_64-linux-ld/Net/SockAddr.x/i -I/home/sand/src/perl/repoperls/installed-perls/host/k93msid/v5.24.4/af11/lib/site_perl/5.24.4/x86_64-linux-ld/XS/libcares.x/i -I/home/sand/src/perl/repoperls/installed-perls/host/k93msid/v5.24.4/af11/lib/site_perl/5.24.4/x86_64-linux-ld/XS/libuv.x/i -I/home/sand/src/perl/repoperls/installed-perls/host/k93msid/v5.24.4/af11/lib/site_perl/5.24.4/x86_64-linux-ld/XS/libcatch.x/i -I/usr/include -Wall -Wextra -std=c++14 -fwrapv -fno-strict-aliasing -pipe -fstack-protector-strong -I/usr/local/include -D_LARGEFILE_SOURCE -D_FILE_OFFSET_BITS=64 -D_FORTIFY_SOURCE=2 -o t/lib/MyTest_xsgen.o -g -O0   -DVERSION=\"0.0.0\" -DXS_VERSION=\"0.0.0\" -fPIC "-I/home/sand/src/perl/repoperls/installed-perls/host/k93msid/v5.24.4/af11/lib/5.24.4/x86_64-linux-ld/CORE"  -DCARES_STATICLIB -DCARES_STATICLIB t/lib/MyTest_xsgen.cc
Running Mkbootstrap for MyTest ()
chmod 644 "MyTest.bs"
"/home/sand/src/perl/repoperls/installed-perls/host/k93msid/v5.24.4/af11/bin/perl" -MExtUtils::Command::MM -e 'cp_nonempty' -- MyTest.bs blib/arch/auto/MyTest/MyTest.bs 644
cd clib/build && cd ../cmake_props && make  unievent-tests
[ 55%] Built target unievent
[ 57%] Building CXX object ../build/CMakeFiles/unievent-tests.dir/tests/async.cc.o
[ 57%] Building CXX object ../build/CMakeFiles/unievent-tests.dir/tests/async_test.cc.o
[ 59%] Building CXX object ../build/CMakeFiles/unievent-tests.dir/tests/backend.cc.o
[ 61%] Building CXX object ../build/CMakeFiles/unievent-tests.dir/tests/bench.cc.o
[ 62%] Building CXX object ../build/CMakeFiles/unievent-tests.dir/tests/check.cc.o
[ 64%] Building CXX object ../build/CMakeFiles/unievent-tests.dir/tests/fs.cc.o
[ 66%] Building CXX object ../build/CMakeFiles/unievent-tests.dir/tests/handle.cc.o
[ 68%] Building CXX object ../build/CMakeFiles/unievent-tests.dir/tests/idle.cc.o
[ 70%] Building CXX object ../build/CMakeFiles/unievent-tests.dir/tests/lib/test.cc.o
[ 72%] Building CXX object ../build/CMakeFiles/unievent-tests.dir/tests/loop.cc.o
[ 74%] Building CXX object ../build/CMakeFiles/unievent-tests.dir/tests/pipe.cc.o
[ 75%] Building CXX object ../build/CMakeFiles/unievent-tests.dir/tests/prepare.cc.o
[ 77%] Building CXX object ../build/CMakeFiles/unievent-tests.dir/tests/regression.cc.o
[ 77%] Building CXX object ../build/CMakeFiles/unievent-tests.dir/tests/resolver.cc.o
[ 79%] Building CXX object ../build/CMakeFiles/unievent-tests.dir/tests/stream/establish.cc.o
[ 81%] Building CXX object ../build/CMakeFiles/unievent-tests.dir/tests/stream/write.cc.o
[ 83%] Building CXX object ../build/CMakeFiles/unievent-tests.dir/tests/streamer/basic.cc.o
[ 85%] Building CXX object ../build/CMakeFiles/unievent-tests.dir/tests/streamer/file.cc.o
[ 87%] Building CXX object ../build/CMakeFiles/unievent-tests.dir/tests/streamer/stream.cc.o
[ 88%] Building CXX object ../build/CMakeFiles/unievent-tests.dir/tests/tcp/base.cc.o
[ 90%] Building CXX object ../build/CMakeFiles/unievent-tests.dir/tests/tcp/connect.cc.o
[ 92%] Building CXX object ../build/CMakeFiles/unievent-tests.dir/tests/tcp/ssl.cc.o
[ 94%] Building CXX object ../build/CMakeFiles/unievent-tests.dir/tests/timer.cc.o
[ 96%] Building CXX object ../build/CMakeFiles/unievent-tests.dir/tests/util.cc.o
[ 98%] Building CXX object ../build/CMakeFiles/unievent-tests.dir/tests/work.cc.o
[100%] Linking CXX static library libunievent-tests.a
[100%] Built target unievent-tests
rm -f blib/arch/auto/MyTest/MyTest.so
c++  -shared -O2 -g -L/usr/local/lib -fstack-protector-strong  t/lib/MyTest_xsgen.o blib/arch/auto/UniEvent/UniEvent.so -Wl,--whole-archive clib/build/libunievent-tests.a  -Wl,--no-whole-archive -lunwind -lpthread /usr/lib/x86_64-linux-gnu/libssl.so /usr/lib/x86_64-linux-gnu/libcrypto.so -o blib/arch/auto/MyTest/MyTest.so  \
      \
  
chmod 755 blib/arch/auto/MyTest/MyTest.so
cd clib/build && make install > /dev/null 2>&1
Skip blib/arch/UE.pm (unchanged)
Skip blib/arch/UniEvent/Backend.pm (unchanged)
Skip blib/arch/UniEvent/ResolveError.pod (unchanged)
Skip blib/arch/UniEvent/Error.pod (unchanged)
Skip blib/arch/UniEvent/Backend/UV.pod (unchanged)
Skip blib/arch/UniEvent/Request/Write.pod (unchanged)
Skip blib/arch/UniEvent/Request/Shutdown.pod (unchanged)
Skip blib/arch/UniEvent/Check.pod (unchanged)
Skip blib/arch/UniEvent/Resolver/Request.pm (unchanged)
Skip blib/arch/UniEvent/Request/Connect.pod (unchanged)
Skip blib/arch/UniEvent/Poll.pod (unchanged)
Skip blib/arch/UniEvent/Check.pm (unchanged)
Skip blib/arch/UniEvent/Pipe.pm (unchanged)
Skip blib/arch/UniEvent/Backend/UV.pm (unchanged)
Skip blib/arch/UniEvent.pm (unchanged)
Skip blib/arch/UniEvent/Resolver.pm (unchanged)
Skip blib/arch/UniEvent/FsPoll.pm (unchanged)
Skip blib/arch/UniEvent/Request.pm (unchanged)
Skip blib/arch/UniEvent/Pipe.pod (unchanged)
Skip blib/arch/UniEvent/Backend.pod (unchanged)
Skip blib/arch/UniEvent/Idle.pod (unchanged)
Skip blib/arch/UniEvent/FsEvent.pod (unchanged)
Skip blib/arch/UniEvent/Fs.pm (unchanged)
Skip blib/arch/UniEvent/Prepare.pod (unchanged)
Skip blib/arch/UniEvent/FsPoll.pod (unchanged)
Skip blib/arch/UniEvent/Fs.pod (unchanged)
Skip blib/arch/UniEvent/Handle.pod (unchanged)
Skip blib/arch/UniEvent/FsEvent.pm (unchanged)
Skip blib/arch/UniEvent/Idle.pm (unchanged)
Skip blib/arch/UE.pod (unchanged)
Skip blib/arch/UniEvent/Poll.pm (unchanged)
Skip blib/arch/UniEvent/Resolver.pod (unchanged)
Skip blib/arch/UniEvent/Loop.pm (unchanged)
Skip blib/arch/UniEvent/Loop.pod (unchanged)
Skip blib/arch/UniEvent/Handle.pm (unchanged)
Skip blib/arch/UniEvent/Request/Send.pod (unchanged)
Skip blib/arch/UniEvent/Prepare.pm (unchanged)
Skip blib/arch/UniEvent.pod (unchanged)
Skip blib/arch/UniEvent/Resolver/Request.pod (unchanged)
Skip blib/arch/UniEvent/Error.pm (unchanged)
Skip blib/arch/UniEvent/Streamer/StreamInput.pod (unchanged)
Skip blib/arch/UniEvent/Streamer.pm (unchanged)
Skip blib/arch/UniEvent/Streamer/StreamOutput.pod (unchanged)
Skip blib/arch/UniEvent/Streamer/Input.pm (unchanged)
Skip blib/arch/UniEvent/Streamer/IInput.pod (unchanged)
Skip blib/arch/UniEvent/Signal.pm (unchanged)
Skip blib/arch/UniEvent/Timer.pm (unchanged)
Skip blib/arch/UniEvent/Test/Async.pm (unchanged)
Skip blib/arch/UniEvent/Streamer/IOutput.pm (unchanged)
Skip blib/arch/UniEvent/Streamer/FileInput.pm (unchanged)
Skip blib/arch/UniEvent/Streamer/FileOutput.pm (unchanged)
Skip blib/arch/UniEvent/StreamerError.pod (unchanged)
Skip blib/arch/UniEvent/Signal.pod (unchanged)
Skip blib/arch/UniEvent/Streamer/Input.pod (unchanged)
Skip blib/arch/UniEvent/SystemError.pm (unchanged)
Skip blib/arch/UniEvent/Streamer/StreamInput.pm (unchanged)
Skip blib/arch/UniEvent/Stream.pod (unchanged)
Skip blib/arch/UniEvent/Streamer/IInput.pm (unchanged)
Skip blib/arch/UniEvent/Streamer/StreamOutput.pm (unchanged)
Skip blib/arch/UniEvent/Tty.pod (unchanged)
Skip blib/arch/UniEvent/Udp.pod (unchanged)
Skip blib/arch/UniEvent/Streamer/Output.pm (unchanged)
Skip blib/arch/UniEvent/Stream.pm (unchanged)
Skip blib/arch/UniEvent/Streamer/Output.pod (unchanged)
Skip blib/arch/UniEvent/Streamer/FileInput.pod (unchanged)
Skip blib/arch/UniEvent/Streamer.pod (unchanged)
Skip blib/arch/UniEvent/Udp.pm (unchanged)
Skip blib/arch/UniEvent/Work.pm (unchanged)
Skip blib/arch/UniEvent/SystemError.pod (unchanged)
Skip blib/arch/UniEvent/Tcp.pod (unchanged)
Skip blib/arch/UniEvent/Tcp.pm (unchanged)
Skip blib/arch/UniEvent/Timer.pod (unchanged)
Skip blib/arch/UniEvent/Streamer/FileOutput.pod (unchanged)
Skip blib/arch/UniEvent/Streamer/IOutput.pod (unchanged)
Skip blib/arch/UniEvent/Tty.pm (unchanged)
Manifying 35 pod documents
Manifying 4 pod documents
PERL_DL_NONLAZY=1 "/home/sand/src/perl/repoperls/installed-perls/host/k93msid/v5.24.4/af11/bin/perl" "-MExtUtils::Command::MM" "-MTest::Harness" "-e" "undef *Test::Harness::Switches; test_harness(0, 'blib/lib', 'blib/arch')" t/*.t t/*/*.t
t/async.t ............. ok
t/async_test.t ........ ok
t/backend.t ........... ok
t/backend_pp.t ........ ok
t/check.t ............. ok
t/error.t ............. ok
t/fs.t ................ ok
t/fs_event.t .......... ok
t/fs_poll.t ........... ok
t/handle.t ............ ok
t/idle.t .............. ok
t/listener.t .......... ok
t/loop.t .............. ok
t/misc.t .............. ok
t/pipe/pair.t ......... ok
t/pipe/pipe.t ......... ok
t/poll.t .............. ok
t/prepare.t ........... ok
t/regression.t ........ ok
t/resolver.t .......... ok
t/signal.t ............ ok
t/stream/establish.t .. ok
t/stream/write.t ...... ok
t/streamer/basic.t .... ok
t/streamer/file.t ..... ok
t/streamer/stream.t ... ok
t/tcp/base.t .......... ok
t/tcp/connect.t ....... ok
t/tcp/double-free.t ... ok
t/tcp/fork.t .......... ok
t/tcp/open.t .......... ok
t/tcp/pair.t .......... ok
t/tcp/ssl.t ........... 
All 7 subtests passed 
t/tcp/tcp.t ........... ok
t/timer.t ............. ok
t/tty.t ............... skipped: Need interactive stdin, stderr
t/udp/simple.t ........ ok
t/udp/udp.t ........... ok
t/util.t .............. ok
t/work.t .............. ok

Test Summary Report
-------------------
t/tcp/ssl.t         (Wstat: 139 (Signal: SEGV, dumped core) Tests: 7 Failed: 0)
  Non-zero wait status: 139
  Parse errors: No plan found in TAP output
Files=40, Tests=301, 15 wallclock secs ( 0.27 usr  0.09 sys +  6.14 cusr  1.62 csys =  8.12 CPU)
Result: FAIL
Failed 1/40 test programs. 0/301 subtests failed.
make: *** [Makefile:1471: test_dynamic] Error 255

------------------------------
PREREQUISITES
------------------------------

Prerequisite modules loaded:

requires:

    Module          Need      Have    
    --------------- --------- --------
    Export::XS      v3.0.7    3.0.7   
    Net::SockAddr   v1.1.3    1.1.3   
    next::XS        v1.0.7    1.0.7   
    XLog            v1.1.3    1.1.3   
    XS::Framework   v1.5.6    1.5.6   
    XS::Install     v1.3.5    1.3.5   
    XS::libcares    v1.17.1.2 1.17.1.2
    XS::libpanda    v1.5.10   1.5.10  
    XS::libuv       v1.41.0.1 1.41.0.1

build_requires:

    Module          Need      Have    
    --------------- --------- --------
    Export::XS      v3.0.7    3.0.7   
    Net::SockAddr   v1.1.3    1.1.3   
    Net::SSLeay     0         1.92    
    next::XS        v1.0.7    1.0.7   
    Test::Catch     v2.0.1    2.0.1   
    Test::Deep      0         1.130   
    Test::Exception 0         0.43    
    Test::More      0         1.302195
    Test::Simple    0.96      1.302195
    XLog            v1.1.3    1.1.3   
    XS::Framework   v1.5.6    1.5.6   
    XS::libcares    v1.17.1.2 1.17.1.2
    XS::libcatch    v3.0.1    3.0.1   
    XS::libpanda    v1.5.10   1.5.10  
    XS::libuv       v1.41.0.1 1.41.0.1

configure_requires:

    Module          Need      Have    
    --------------- --------- --------
    Alien::cmake3   0         0.08    
    Export::XS      v3.0.7    3.0.7   
    Net::SockAddr   v1.1.3    1.1.3   
    next::XS        v1.0.7    1.0.7   
    Test::Catch     v2.0.1    2.0.1   
    XLog            v1.1.3    1.1.3   
    XS::Framework   v1.5.6    1.5.6   
    XS::Install     v1.3.5    1.3.5   
    XS::libcares    v1.17.1.2 1.17.1.2
    XS::libcatch    v3.0.1    3.0.1   
    XS::libpanda    v1.5.10   1.5.10  
    XS::libuv       v1.41.0.1 1.41.0.1


------------------------------
ENVIRONMENT AND OTHER CONTEXT
------------------------------

Environment variables:

    AUTOMATED_TESTING = 1
    LANG = en_US.UTF-8
    LANGUAGE = en_US:en
    PATH = /home/sand/bin:/usr/local/bin:/usr/bin:/bin:/usr/games:/usr/local/perl/bin:/usr/X11/bin:/sbin:/usr/sbin
    PERL5LIB = 
    PERL5OPT = 
    PERL5_CPANPLUS_IS_RUNNING = 317644
    PERL5_CPAN_IS_RUNNING = 317644
    PERL_CANARY_STABILITY_NOPROMPT = 1
    PERL_MM_USE_DEFAULT = 1
    PERL_USE_UNSAFE_INC = 1
    SHELL = /usr/bin/zsh
    TERM = screen

Perl special variables (and OS-specific diagnostics, for MSWin32):

    $^X = /home/sand/src/perl/repoperls/installed-perls/host/k93msid/v5.24.4/af11/bin/perl
    $UID/$EUID = 1005 / 1005
    $GID = 1005 1005
    $EGID = 1005 1005

Perl module toolchain versions installed:

    Module              Have    
    ------------------- --------
    CPAN                2.33    
    CPAN::Meta          2.150010
    Cwd                 3.75    
    ExtUtils::CBuilder  0.280236
    ExtUtils::Command   7.70    
    ExtUtils::Install   2.22    
    ExtUtils::MakeMaker 7.70    
    ExtUtils::Manifest  1.75    
    ExtUtils::ParseXS   3.51    
    File::Spec          3.75    
    JSON                4.07    
    JSON::PP            4.12    
    Module::Build       0.4231  
    Module::Signature   0.88    
    Parse::CPAN::Meta   2.150010
    Test2               1.302195
    Test::Harness       3.45_01 
    Test::More          1.302195
    YAML                1.30    
    YAML::Syck          1.34    
    version             0.9929  


--

Summary of my perl5 (revision 5 version 24 subversion 4) configuration:
  Derived from: 901dd848e31de6d0cacfb77c029b4e92c41a13ce
  Platform:
    osname=linux, osvers=5.16.0-5-amd64, archname=x86_64-linux-ld
    uname='linux k93msid 5.16.0-5-amd64 #1 smp preempt debian 5.16.14-1 (2022-03-15) x86_64 gnulinux '
    config_args='-Dprefix=/home/sand/src/perl/repoperls/installed-perls/host/k93msid/v5.24.4/af11 -Dmyhostname=k93msid -Dinstallusrbinperl=n -Uversiononly -Dusedevel -des -Ui_db -Dlibswanted=cl pthread socket inet nsl gdbm dbm malloc dl ld sun m crypt sec util c cposix posix ucb BSD gdbm_compat -Uuseithreads -Duselongdouble -DEBUGGING=-g'
    hint=recommended, useposix=true, d_sigaction=define
    useithreads=undef, usemultiplicity=undef
    use64bitint=define, use64bitall=define, uselongdouble=define
    usemymalloc=n, bincompat5005=undef
  Compiler:
    cc='cc', ccflags ='-fwrapv -fno-strict-aliasing -pipe -fstack-protector-strong -I/usr/local/include -D_LARGEFILE_SOURCE -D_FILE_OFFSET_BITS=64 -D_FORTIFY_SOURCE=2',
    optimize='-O2 -g',
    cppflags='-fwrapv -fno-strict-aliasing -pipe -fstack-protector-strong -I/usr/local/include'
    ccversion='', gccversion='11.2.0', gccosandvers=''
    intsize=4, longsize=8, ptrsize=8, doublesize=8, byteorder=12345678, doublekind=3
    d_longlong=define, longlongsize=8, d_longdbl=define, longdblsize=16, longdblkind=3
    ivtype='long', ivsize=8, nvtype='long double', nvsize=16, Off_t='off_t', lseeksize=8
    alignbytes=16, prototype=define
  Linker and Libraries:
    ld='cc', ldflags =' -fstack-protector-strong -L/usr/local/lib'
    libpth=/usr/local/lib /usr/include/x86_64-linux-gnu /usr/lib /lib/x86_64-linux-gnu /lib/../lib /usr/lib/x86_64-linux-gnu /usr/lib/../lib /lib
    libs=-lpthread -lnsl -ldl -lm -lcrypt -lutil -lc
    perllibs=-lpthread -lnsl -ldl -lm -lcrypt -lutil -lc
    libc=libc-2.33.so, so=so, useshrplib=false, libperl=libperl.a
    gnulibc_version='2.33'
  Dynamic Linking:
    dlsrc=dl_dlopen.xs, dlext=so, d_dlsymun=undef, ccdlflags='-Wl,-E'
    cccdlflags='-fPIC', lddlflags='-shared -O2 -g -L/usr/local/lib -fstack-protector-strong'


Characteristics of this binary (from libperl): 
  Compile-time options: HAS_TIMES PERLIO_LAYERS PERL_COPY_ON_WRITE
                        PERL_DONT_CREATE_GVSV
                        PERL_HASH_FUNC_ONE_AT_A_TIME_HARD PERL_MALLOC_WRAP
                        PERL_PRESERVE_IVUV PERL_USE_DEVEL USE_64_BIT_ALL
                        USE_64_BIT_INT USE_LARGE_FILES USE_LOCALE
                        USE_LOCALE_COLLATE USE_LOCALE_CTYPE
                        USE_LOCALE_NUMERIC USE_LOCALE_TIME USE_LONG_DOUBLE
                        USE_PERLIO USE_PERL_ATOF
  Locally applied patches:
	uncommitted-changes
  Built under linux
  Compiled at Mar 19 2022 09:02:29
  %ENV:
    PERL5LIB=""
    PERL5OPT=""
    PERL5_CPANPLUS_IS_RUNNING="317644"
    PERL5_CPAN_IS_RUNNING="317644"
    PERL_CANARY_STABILITY_NOPROMPT="1"
    PERL_MM_USE_DEFAULT="1"
    PERL_USE_UNSAFE_INC="1"
  @INC:
    /home/sand/src/perl/repoperls/installed-perls/host/k93msid/v5.24.4/af11/lib/site_perl/5.24.4/x86_64-linux-ld
    /home/sand/src/perl/repoperls/installed-perls/host/k93msid/v5.24.4/af11/lib/site_perl/5.24.4
    /home/sand/src/perl/repoperls/installed-perls/host/k93msid/v5.24.4/af11/lib/5.24.4/x86_64-linux-ld
    /home/sand/src/perl/repoperls/installed-perls/host/k93msid/v5.24.4/af11/lib/5.24.4
    .