Tcl-pTk v1.11 Perl 5 v5.30.1 x86_64-linux-thread-multi-ld

Status
Fail
From
Andreas J. K├Ânig (ANDK)
Dist
Tcl-pTk v1.11
Platform
Perl 5 v5.30.1 x86_64-linux-thread-multi-ld
Date
2023-09-16T15:32:11
ID
3493066a-54a6-11ee-bdad-8a2258d4364c
This distribution has been tested as part of the CPAN Testers
project, supporting the Perl programming language.  See
http://wiki.cpantesters.org/ for more information or email
questions to cpan-testers-discuss@perl.org


--
Dear Christopher Alexander Chavez,

This is a computer-generated report for Tcl-pTk-1.11
on perl 5.30.1, created by CPAN-Reporter-1.2018.

Thank you for uploading your work to CPAN.  However, there was a problem
testing your distribution.

If you think this report is invalid, please consult the CPAN Testers Wiki
for suggestions on how to avoid getting FAIL reports for missing library
or binary dependencies, unsupported operating systems, and so on:

http://wiki.cpantesters.org/wiki/CPANAuthorNotes

Sections of this report:

    * Tester comments
    * Program output
    * Prerequisites
    * Environment and other context

------------------------------
TESTER COMMENTS
------------------------------

Additional comments from tester:

this report is from an automated smoke testing program
and was not reviewed by a human for accuracy

------------------------------
PROGRAM OUTPUT
------------------------------

Output from '/usr/bin/make test':

PERL_DL_NONLAZY=1 "/home/sand/src/perl/repoperls/installed-perls/host/k93msid/v5.30.1/ac75/bin/perl" "-MExtUtils::Command::MM" "-MTest::Harness" "-e" "undef *Test::Harness::Switches; test_harness(0, 'blib/lib', 'blib/arch')" t/*.t
t/after.t ..................... ok
t/afterDestroy.t .............. ok
t/afterIdle.t ................. ok
t/balloon.t ................... ok
Balloon should appear over 'Balloon Text' button
t/balloon2.t .................. ok
t/bgerror1.t .................. ok
t/bgerror2.t .................. ok
Error Dialog Should Show. This is expected
t/bgerror3.t .................. ok
t/bind.t ...................... ok
t/bindBreak.t ................. ok
t/bitmapSubClass.t ............ ok
t/browseEntry.t ............... ok
t/browseEntry2.t .............. ok
t/busy.t ...................... ok
t/callback.t .................. ok
t/callbackSet.t ............... ok
t/canFind.t ................... ok
t/canIndex.t .................. ok
t/canScale.t .................. ok
t/canvasFocusBusy.t ........... ok
t/checkradio.t ................ ok
t/cleanupCrashTest.t .......... ok
t/command.t ................... ok
t/configureReturn.t ........... ok
t/dialog.t .................... ok
t/dialogBox.t ................. ok
t/dialogBoxGeom.t ............. ok
t/dirtree.t ................... skipped: Tix Tcl package not available
t/dndlocal.t .................. ok
t/emptyMenuButtonSubclass.t ... ok
t/emptyMenuSubclass.t ......... ok
t/emptySubclass.t ............. ok
t/entry.t ..................... ok
t/entryPaste.t ................ ok
t/entryValidate.t ............. ok
t/fileevent.t ................. skipped: fileevent is unavailable, reason: Can't locate sys/ioctl.ph in @INC (did you run h2ph?) (@INC contains: /tmp/loop_over_bdir-493677-s_45nB/Tcl-pTk-1.11-0/blib/lib /tmp/loop_over_bdir-493677-s_45nB/Tcl-pTk-1.11-0/blib/arch /home/sand/src/perl/repoperls/installed-perls/host/k93msid/v5.30.1/ac75/lib/site_perl/5.30.1/x86_64-linux-thread-multi-ld /home/sand/src/perl/repoperls/installed-perls/host/k93msid/v5.30.1/ac75/lib/site_perl/5.30.1 /home/sand/src/perl/repoperls/installed-perls/host/k93msid/v5.30.1/ac75/lib/5.30.1/x86_64-linux-thread-multi-ld /home/sand/src/perl/repoperls/installed-perls/host/k93msid/v5.30.1/ac75/lib/5.30.1 .) at /tmp/loop_over_bdir-493677-s_45nB/Tcl-pTk-1.11-0/blib/lib/Tcl/pTk/Widget.pm line 2164.
t/fileevent2.t ................ skipped: fileevent is unavailable, reason: Can't locate sys/ioctl.ph in @INC (did you run h2ph?) (@INC contains: /tmp/loop_over_bdir-493677-s_45nB/Tcl-pTk-1.11-0/blib/lib /tmp/loop_over_bdir-493677-s_45nB/Tcl-pTk-1.11-0/blib/arch /home/sand/src/perl/repoperls/installed-perls/host/k93msid/v5.30.1/ac75/lib/site_perl/5.30.1/x86_64-linux-thread-multi-ld /home/sand/src/perl/repoperls/installed-perls/host/k93msid/v5.30.1/ac75/lib/site_perl/5.30.1 /home/sand/src/perl/repoperls/installed-perls/host/k93msid/v5.30.1/ac75/lib/5.30.1/x86_64-linux-thread-multi-ld /home/sand/src/perl/repoperls/installed-perls/host/k93msid/v5.30.1/ac75/lib/5.30.1 .) at /tmp/loop_over_bdir-493677-s_45nB/Tcl-pTk-1.11-0/blib/lib/Tcl/pTk/Widget.pm line 2164.
t/focusMethods.t .............. ok
t/font.t ...................... ok
t/font2.t ..................... ok
t/fontAttr.t .................. ok
t/frameForeground.t ........... ok
t/geomgr.t .................... ok
t/hlist.t ..................... skipped: Tix Tcl package not available
t/iconimage.t ................. ok
t/imageLoad.t ................. skipped: Tix Tcl package not available
t/itemStyle.t ................. skipped: Tix Tcl package not available
t/labEntry.t .................. ok
t/labEntryFacelift.t .......... ok
t/labEntryParentChild.t ....... ok
t/libLoad.t ................... skipped: Tix Tcl package not available
t/listbox.t ................... ok
t/mainloopMult.t .............. ok
t/menub-cascade.t ............. ok
t/menub_newMenu.t ............. ok
t/menubarpath.t ............... ok
t/menuitems.t ................. ok
t/messageBox.t ................ ok
t/moveResizeWindow.t .......... ok
t/moveToplevelWindow.t ........ ok
t/multMainWindow1.t ........... ok
t/multMainWindow2.t ........... ok
t/notebook.t .................. skipped: Tix Tcl package not available
t/notebook2.t ................. skipped: Tix Tcl package not available
t/onDestroy.t ................. ok
t/optmenu.t ................... ok
t/palette.t ................... ok
t/pane.t ...................... skipped: BWidget Tcl package not available
t/patchTk.t ................... skipped: Not using Aqua Tk
t/photoGetImage.t ............. ok
t/photoImg.t .................. ok
t/photoSubClass.t ............. ok
t/photoTk.t ................... ok
t/progBar.t ................... ok
t/protocol.t .................. ok
t/ptk-compat.t ................ ok
t/ptk-compat2.t ............... ok
t/repeat.t .................... ok
t/repeatSubReuse.t ............ ok
t/rt125058.t .................. ok
t/scrolled.t .................. ok
t/scrolledOptional.t .......... ok
t/selection.t ................. ok
t/slideMegaWidget.t ........... ok
t/slideMegaWidget2.t .......... ok
panic: free from wrong pool, 74726f707865!=561d304082a0 during global destruction.
t/spreadsheetHideRows.t ....... 
Dubious, test returned 11 (wstat 2816, 0xb00)
All 1 subtests passed 
panic: free from wrong pool, 74726f707865!=564095f432a0 during global destruction.
t/table.t ..................... 
Dubious, test returned 11 (wstat 2816, 0xb00)
All 2 subtests passed 
panic: free from wrong pool, 74726f707865!=5611a3ddc2a0 during global destruction.
t/tableFacelift.t ............. 
Dubious, test returned 11 (wstat 2816, 0xb00)
All 2 subtests passed 
panic: free from wrong pool, 74726f707865!=55e73cc712a0 during global destruction.
t/tableMatrixCallbacks.t ...... 
Dubious, test returned 11 (wstat 2816, 0xb00)
All 10 subtests passed 
panic: free from wrong pool, 74726f707865!=55c5a29292a0 during global destruction.
t/tableMatrixCleanup.t ........ 
Dubious, test returned 11 (wstat 2816, 0xb00)
All 2 subtests passed 
panic: free from wrong pool, 74726f707865!=55f9c8acc2a0 during global destruction.
t/tableMatrixDebug.t .......... 
Dubious, test returned 11 (wstat 2816, 0xb00)
All 2 subtests passed 
panic: free from wrong pool, 74726f707865!=55f02ce842a0 during global destruction.
t/tableMatrixSpreadsheet.t .... 
Dubious, test returned 11 (wstat 2816, 0xb00)
All 6 subtests passed 
t/tclVersion.t ................ ok
t/text.t ...................... ok
t/text2-old.t ................. ok
t/text2.t ..................... ok
t/text3.t ..................... ok
t/textEdit.t .................. ok
t/textRO.t .................... ok
t/textSubwidget.t ............. ok
t/textUndo.t .................. ok
t/tileLabelFont.t ............. ok
t/tileTree.t .................. ok
t/tileWidget.t ................ ok
t/tixTree.t ................... skipped: Tix Tcl package not available
t/tk-mw.t ..................... ok
t/tkFacelift_BEsubclass.t ..... ok
t/tkFacelift_browseEntry.t .... ok
t/tkFacelift_frameSubclass.t .. ok
t/tkFacelift_mega1.t .......... ok
t/tkFacelift_notebook.t ....... ok
t/tkFacelift_simple.t ......... skipped: Tix Tcl package not available
t/tkHijack_BEsubclass.t ....... ok
t/tkHijack_bgerror1.t ......... ok
t/tkHijack_bgerror2.t ......... ok
t/tkHijack_bgerror3.t ......... ok
t/tkHijack_mega1.t ............ ok
t/tkHijack_simple.t ........... skipped: Tix Tcl package not available
panic: free from wrong pool, 74726f707865!=558cf2df32a0 during global destruction.
t/tkHijack_spreadsheet.t ...... 
Dubious, test returned 11 (wstat 2816, 0xb00)
All 1 subtests passed 
t/trace.t ..................... ok
t/tree.t ...................... skipped: Tix Tcl package not available
t/ttkBrowseEntry.t ............ ok
t/ttkEntryValidate.t .......... ok
t/ttkTixNoteBook.t ............ ok
t/unicode.t ................... ok
t/usewidgets.t ................ ok
t/virtualEv.t ................. ok
t/widgetDelete.t .............. ok
t/widgetMethod.t .............. ok
t/widgetName.t ................ ok
t/wmForget.t .................. ok
t/wmStackorder.t .............. ok
t/xevent.t .................... ok
t/zzPhoto.t ................... ok

Test Summary Report
-------------------
t/font.t                    (Wstat: 0 Tests: 13 Failed: 0)
  TODO passed:   11
t/fontAttr.t                (Wstat: 0 Tests: 8 Failed: 0)
  TODO passed:   1-2, 5-8
t/spreadsheetHideRows.t     (Wstat: 2816 (exited 11) Tests: 1 Failed: 0)
  Non-zero exit status: 11
t/table.t                   (Wstat: 2816 (exited 11) Tests: 2 Failed: 0)
  Non-zero exit status: 11
t/tableFacelift.t           (Wstat: 2816 (exited 11) Tests: 2 Failed: 0)
  Non-zero exit status: 11
t/tableMatrixCallbacks.t    (Wstat: 2816 (exited 11) Tests: 10 Failed: 0)
  Non-zero exit status: 11
t/tableMatrixCleanup.t      (Wstat: 2816 (exited 11) Tests: 2 Failed: 0)
  Non-zero exit status: 11
t/tableMatrixDebug.t        (Wstat: 2816 (exited 11) Tests: 2 Failed: 0)
  Non-zero exit status: 11
t/tableMatrixSpreadsheet.t  (Wstat: 2816 (exited 11) Tests: 6 Failed: 0)
  Non-zero exit status: 11
t/tkHijack_spreadsheet.t    (Wstat: 2816 (exited 11) Tests: 1 Failed: 0)
  Non-zero exit status: 11
t/wmStackorder.t            (Wstat: 0 Tests: 10 Failed: 0)
  TODO passed:   1-10
Files=134, Tests=618, 175 wallclock secs ( 0.41 usr  0.19 sys + 22.20 cusr  5.13 csys = 27.93 CPU)
Result: FAIL
Failed 8/134 test programs. 0/618 subtests failed.
make: *** [Makefile:1211: test_dynamic] Error 255

------------------------------
PREREQUISITES
------------------------------

Prerequisite modules loaded:

requires:

    Module              Need  Have    
    ------------------- ----- --------
    Class::ISA          0.36  0.36    
    perl                5.008 5.030001
    Sub::Name           0.05  0.27    
    Tcl                 0.90  1.27    
    Time::HiRes         0     1.9764  

build_requires:

    Module              Need  Have    
    ------------------- ----- --------
    ExtUtils::MakeMaker 0     7.70    
    Test::Deep          0     1.204   
    Test::More          0     1.302195

configure_requires:

    Module              Need  Have    
    ------------------- ----- --------
    ExtUtils::MakeMaker 0     7.70    


------------------------------
ENVIRONMENT AND OTHER CONTEXT
------------------------------

Environment variables:

    AUTOMATED_TESTING = 1
    LANG = en_US.UTF-8
    LANGUAGE = en_US:en
    PATH = /home/sand/bin:/usr/local/bin:/usr/bin:/bin:/usr/games:/usr/local/perl/bin:/usr/X11/bin:/sbin:/usr/sbin
    PERL5LIB = 
    PERL5OPT = 
    PERL5_CPANPLUS_IS_RUNNING = 1211623
    PERL5_CPAN_IS_RUNNING = 1211623
    PERL_CANARY_STABILITY_NOPROMPT = 1
    PERL_MM_USE_DEFAULT = 1
    PERL_USE_UNSAFE_INC = 1
    SHELL = /usr/bin/zsh
    TERM = screen

Perl special variables (and OS-specific diagnostics, for MSWin32):

    $^X = /home/sand/src/perl/repoperls/installed-perls/host/k93msid/v5.30.1/ac75/bin/perl
    $UID/$EUID = 1005 / 1005
    $GID = 1005 1005
    $EGID = 1005 1005

Perl module toolchain versions installed:

    Module              Have    
    ------------------- --------
    CPAN                2.34    
    CPAN::Meta          2.150010
    Cwd                 3.78    
    ExtUtils::CBuilder  0.280236
    ExtUtils::Command   7.70    
    ExtUtils::Install   2.14    
    ExtUtils::MakeMaker 7.70    
    ExtUtils::Manifest  1.72    
    ExtUtils::ParseXS   3.40    
    File::Spec          3.78    
    JSON                4.07    
    JSON::PP            4.12    
    Module::Build       0.42_35 
    Module::Signature   0.88    
    Parse::CPAN::Meta   2.150010
    Test::Harness       3.44    
    Test::More          1.302195
    YAML                1.30    
    YAML::Syck          1.34    
    version             0.9929  


--

Summary of my perl5 (revision 5 version 30 subversion 1) configuration:
  Commit id: 92dc8555fd2841214d65c8e754898f4079ec46bf
  Platform:
    osname=linux
    osvers=5.15.0-2-amd64
    archname=x86_64-linux-thread-multi-ld
    uname='linux k93msid 5.15.0-2-amd64 #1 smp debian 5.15.5-2 (2021-12-18) x86_64 gnulinux '
    config_args='-Dprefix=/home/sand/src/perl/repoperls/installed-perls/host/k93msid/v5.30.1/ac75 -Dmyhostname=k93msid -Dinstallusrbinperl=n -Uversiononly -Dusedevel -des -Ui_db -Dlibswanted=cl pthread socket inet nsl gdbm dbm malloc dl ld sun m crypt sec util c cposix posix ucb BSD gdbm_compat -Duseithreads -Duselongdouble -DEBUGGING=both'
    hint=recommended
    useposix=true
    d_sigaction=define
    useithreads=define
    usemultiplicity=define
    use64bitint=define
    use64bitall=define
    uselongdouble=define
    usemymalloc=n
    default_inc_excludes_dot=define
    bincompat5005=undef
  Compiler:
    cc='cc'
    ccflags ='-D_REENTRANT -D_GNU_SOURCE -fwrapv -DDEBUGGING -fpcc-struct-return -pipe -fstack-protector-strong -I/usr/local/include -D_LARGEFILE_SOURCE -D_FILE_OFFSET_BITS=64'
    optimize='-O2 -g'
    cppflags='-D_REENTRANT -D_GNU_SOURCE -fwrapv -DDEBUGGING -fpcc-struct-return -pipe -fstack-protector-strong -I/usr/local/include -D__GNUC__'
    ccversion=''
    gccversion='11.2.0'
    gccosandvers=''
    intsize=4
    longsize=8
    ptrsize=8
    doublesize=8
    byteorder=12345678
    doublekind=3
    d_longlong=define
    longlongsize=8
    d_longdbl=define
    longdblsize=16
    longdblkind=3
    ivtype='long'
    ivsize=8
    nvtype='long double'
    nvsize=16
    Off_t='off_t'
    lseeksize=8
    alignbytes=16
    prototype=define
  Linker and Libraries:
    ld='cc'
    ldflags =' -fstack-protector-strong -L/usr/local/lib'
    libpth=/usr/local/lib /usr/include/x86_64-linux-gnu /usr/lib /lib/x86_64-linux-gnu /lib/../lib /usr/lib/x86_64-linux-gnu /usr/lib/../lib /lib
    libs=-lpthread -lnsl -ldl -lm -lcrypt -lutil -lc
    perllibs=-lpthread -lnsl -ldl -lm -lcrypt -lutil -lc
    libc=libc-2.33.so
    so=so
    useshrplib=false
    libperl=libperl.a
    gnulibc_version='2.33'
  Dynamic Linking:
    dlsrc=dl_dlopen.xs
    dlext=so
    d_dlsymun=undef
    ccdlflags='-Wl,-E'
    cccdlflags='-fPIC'
    lddlflags='-shared -O2 -g -L/usr/local/lib -fstack-protector-strong'


Characteristics of this binary (from libperl): 
  Compile-time options:
    DEBUGGING
    HAS_TIMES
    MULTIPLICITY
    PERLIO_LAYERS
    PERL_COPY_ON_WRITE
    PERL_DONT_CREATE_GVSV
    PERL_IMPLICIT_CONTEXT
    PERL_MALLOC_WRAP
    PERL_OP_PARENT
    PERL_PRESERVE_IVUV
    PERL_TRACK_MEMPOOL
    PERL_USE_DEVEL
    USE_64_BIT_ALL
    USE_64_BIT_INT
    USE_ITHREADS
    USE_LARGE_FILES
    USE_LOCALE
    USE_LOCALE_COLLATE
    USE_LOCALE_CTYPE
    USE_LOCALE_NUMERIC
    USE_LOCALE_TIME
    USE_LONG_DOUBLE
    USE_PERLIO
    USE_PERL_ATOF
    USE_REENTRANT_API
    USE_THREAD_SAFE_LOCALE
  Built under linux
  Compiled at Mar 17 2022 16:47:09
  %ENV:
    PERL5LIB=""
    PERL5OPT=""
    PERL5_CPANPLUS_IS_RUNNING="1211623"
    PERL5_CPAN_IS_RUNNING="1211623"
    PERL_CANARY_STABILITY_NOPROMPT="1"
    PERL_MM_USE_DEFAULT="1"
    PERL_USE_UNSAFE_INC="1"
  @INC:
    /home/sand/src/perl/repoperls/installed-perls/host/k93msid/v5.30.1/ac75/lib/site_perl/5.30.1/x86_64-linux-thread-multi-ld
    /home/sand/src/perl/repoperls/installed-perls/host/k93msid/v5.30.1/ac75/lib/site_perl/5.30.1
    /home/sand/src/perl/repoperls/installed-perls/host/k93msid/v5.30.1/ac75/lib/5.30.1/x86_64-linux-thread-multi-ld
    /home/sand/src/perl/repoperls/installed-perls/host/k93msid/v5.30.1/ac75/lib/5.30.1
    .