Mojolicious v9.40 Perl 5 v5.20.2 armv7l-linux

Status
Fail
From
Nigel Horne
Dist
Mojolicious v9.40
Platform
Perl 5 v5.20.2 armv7l-linux
Date
2025-05-20 14:17:50
ID
366b5840-3585-11f0-b729-994d3931c3fa
This distribution has been tested as part of the CPAN Testers
project, supporting the Perl programming language.  See
http://wiki.cpantesters.org/ for more information or email
questions to cpan-testers-discuss@perl.org


--
Dear Sebastian Riedel,

This is a computer-generated report for Mojolicious-9.40
on perl 5.20.2, created by CPAN-Reporter-1.2018.

Thank you for uploading your work to CPAN.  However, there was a problem
testing your distribution.

If you think this report is invalid, please consult the CPAN Testers Wiki
for suggestions on how to avoid getting FAIL reports for missing library
or binary dependencies, unsupported operating systems, and so on:

http://wiki.cpantesters.org/wiki/CPANAuthorNotes

Sections of this report:

    * Tester comments
    * Program output
    * Prerequisites
    * Environment and other context

------------------------------
TESTER COMMENTS
------------------------------

Additional comments from tester:

this report is from an automated smoke testing program
and was not reviewed by a human for accuracy

------------------------------
PROGRAM OUTPUT
------------------------------

Output from '/usr/bin/make test':

PERL_DL_NONLAZY=1 "/home/smoker/perl5/perlbrew/perls/perl-5.20.2-ld/bin/perl5.20.2" "-MExtUtils::Command::MM" "-MTest::Harness" "-e" "undef *Test::Harness::Switches; test_harness(0, 'blib/lib', 'blib/arch')" t/*.t t/*/*.t
t/mojo/base_util.t ......................... ok
t/mojo/cache.t ............................. ok
t/mojo/base.t .............................. ok
t/mojo/bytestream.t ........................ ok
t/mojo/asset.t ............................. ok
t/mojo/cgi.t ............................... ok
t/mojo/collection.t ........................ ok
t/mojo/content.t ........................... ok
t/mojo/cookie.t ............................ ok
t/mojo/daemon_ipv6_tls.t ................... skipped: set TEST_IPV6 to enable this test (developer only!)
t/mojo/date.t .............................. ok
t/mojo/cookiejar.t ......................... ok
t/mojo/eventemitter.t ...................... ok
t/mojo/dynamic_methods.t ................... ok
t/mojo/daemon.t ............................ ok
t/mojo/exception.t ......................... ok
t/mojo/file.t .............................. ok
t/mojo/headers.t ........................... ok
t/mojo/file_download.t ..................... ok
t/mojo/home.t .............................. ok
t/mojo/hypnotoad.t ......................... skipped: set TEST_HYPNOTOAD to enable this test (developer only!)
t/mojo/dom.t ............................... ok
t/mojo/ioloop_ipv6.t ....................... skipped: set TEST_IPV6 to enable this test (developer only!)
t/mojo/json_pointer.t ...................... ok
t/mojo/ioloop_tls.t ........................ skipped: set TEST_TLS to enable this test (developer only!)
t/mojo/json.t .............................. ok
t/mojo/json_xs.t ........................... skipped: Cpanel::JSON::XS 4.09+ required for this test!
t/mojo/log.t ............................... ok
t/mojo/loader.t ............................ ok
t/mojo/ioloop.t ............................ ok
t/mojo/morbo.t ............................. skipped: set TEST_MORBO to enable this test (developer only!)
t/mojo/path.t .............................. ok
t/mojo/parameters.t ........................ ok
t/mojo/prefork.t ........................... skipped: set TEST_PREFORK to enable this test (developer only!)
t/mojo/promise_async_await.t ............... skipped: set TEST_ASYNC_AWAIT to enable this test (developer only!)
t/mojo/promise.t ........................... ok
t/mojo/proxy.t ............................. ok
t/mojo/reactor_detect.t .................... ok
t/mojo/reactor_ev.t ........................ skipped: set TEST_EV to enable this test (developer only!)
t/mojo/psgi.t .............................. ok
t/mojo/request_cgi.t ....................... ok
t/mojo/roles.t ............................. skipped: Role::Tiny 2.000001+ required for this test!
t/mojo/reactor_poll.t ...................... ok
t/mojo/signatures.t ........................ ok
t/mojo/subprocess_ev.t ..................... skipped: set TEST_SUBPROCESS to enable this test (developer only!)
t/mojo/request.t ........................... ok
t/mojo/response.t .......................... ok
t/mojo/subprocess.t ........................ skipped: set TEST_SUBPROCESS to enable this test (developer only!)
t/mojo/tls.t ............................... skipped: set TEST_TLS to enable this test (developer only!)
t/mojo/template.t .......................... ok
t/mojo/url.t ............................... ok
t/mojo/user_agent_online.t ................. skipped: set TEST_ONLINE to enable this test (developer only!)
t/mojo/transactor.t ........................ ok
t/mojo/user_agent_socks.t .................. skipped: set TEST_SOCKS to enable this test (developer only!)
t/mojo/user_agent_tls.t .................... skipped: set TEST_TLS to enable this test (developer only!)
t/mojo/user_agent_unix.t ................... skipped: set TEST_UNIX to enable this test (developer only!)
t/mojo/user_agent.t ........................ ok
t/mojo/util.t .............................. ok
t/mojo/websocket_frames.t .................. ok
t/mojo/websocket.t ......................... ok
t/mojo/websocket_proxy.t ................... ok
t/mojo/websocket_proxy_tls.t ............... skipped: set TEST_TLS to enable this test (developer only!)
t/mojolicious/charset_lite_app.t ........... ok
t/mojolicious/command.t .................... ok
t/mojolicious/dispatch.t ................... ok
t/mojolicious/dispatcher_lite_app.t ........ ok
t/mojolicious/app.t ........................ ok
t/mojolicious/commands.t ................... ok
t/mojolicious/embedded_app.t ............... ok
t/mojolicious/external_app.t ............... ok
t/mojolicious/external_lite_app.t .......... ok
    # Premature connection close

    #   Failed test 'GET /x/♥/echo'
    #   at t/mojolicious/embedded_lite_app.t line 255.

    #   Failed test '200 OK'
    #   at t/mojolicious/embedded_lite_app.t line 255.
    #          got: undef
    #     expected: '200'

    #   Failed test 'exact match for content'
    #   at t/mojolicious/embedded_lite_app.t line 255.
    #          got: ''
    #     expected: 'echo: works 2!'
    # Looks like you failed 3 tests of 3.

#   Failed test 'Echo from myapp.pl with Unicode prefix'
#   at t/mojolicious/embedded_lite_app.t line 256.
t/mojolicious/exception_lite_app.t ......... ok
# Looks like you failed 1 test of 62.
t/mojolicious/embedded_lite_app.t .......... 
Dubious, test returned 1 (wstat 256, 0x100)
Failed 1/62 subtests 
t/mojolicious/json_config_lite_app.t ....... ok
t/mojolicious/json_config_mode_lite_app.t .. ok
t/mojolicious/group_lite_app.t ............. ok
t/mojolicious/log_lite_app.t ............... ok
t/mojolicious/layouted_lite_app.t .......... ok
t/mojolicious/multipath_lite_app.t ......... ok
t/mojolicious/ojo.t ........................ ok
t/mojolicious/longpolling_lite_app.t ....... ok
t/mojolicious/pattern.t .................... ok
t/mojolicious/lite_app.t ................... ok
t/mojolicious/ojo_signatures.t ............. ok
t/mojolicious/production_app.t ............. ok
t/mojolicious/renderer.t ................... ok
t/mojolicious/rebased_lite_app.t ........... ok
t/mojolicious/proxy_app.t .................. ok
t/mojolicious/routes.t ..................... ok
t/mojolicious/signatures_lite_app.t ........ ok
t/mojolicious/session_lite_app.t ........... ok
t/mojolicious/restful_lite_app.t ........... ok
t/mojolicious/static_prefix_lite_app.t ..... ok
t/mojolicious/tag_helper_lite_app.t ........ ok
t/mojolicious/static_lite_app.t ............ ok
t/mojolicious/testing_app.t ................ ok
t/mojolicious/tls_lite_app.t ............... skipped: set TEST_TLS to enable this test (developer only!)
t/mojolicious/types.t ...................... ok
t/mojolicious/twinkle_lite_app.t ........... ok
t/mojolicious/upload_stream_lite_app.t ..... ok
t/mojolicious/upload_lite_app.t ............ ok
t/pod.t .................................... skipped: set TEST_POD to enable this test (developer only!)
t/pod_coverage.t ........................... skipped: set TEST_POD to enable this test (developer only!)
t/mojolicious/validation_lite_app.t ........ ok
t/mojolicious/yaml_config_lite_app.t ....... ok
t/mojolicious/websocket_lite_app.t ......... ok
t/test/mojo.t .............................. ok

Test Summary Report
-------------------
t/mojolicious/embedded_lite_app.t        (Wstat: 256 Tests: 62 Failed: 1)
  Failed test:  29
  Non-zero exit status: 1
Files=107, Tests=4275, 222 wallclock secs ( 5.95 usr  1.38 sys + 120.19 cusr 21.66 csys = 149.18 CPU)
Result: FAIL
Failed 1/107 test programs. 1/4275 subtests failed.
make: *** [Makefile:1058: test_dynamic] Error 255

------------------------------
PREREQUISITES
------------------------------

Prerequisite modules loaded:

requires:

    Module              Need  Have    
    ------------------- ----- --------
    IO::Socket::IP      0.37  0.43    
    perl                5.016 5.020002
    Sub::Util           1.41  1.69    

build_requires:

    Module              Need  Have    
    ------------------- ----- --------
    ExtUtils::MakeMaker 0     7.44    

configure_requires:

    Module              Need  Have    
    ------------------- ----- --------
    ExtUtils::MakeMaker 0     7.44    


------------------------------
ENVIRONMENT AND OTHER CONTEXT
------------------------------

Environment variables:

    AUTOMATED_TESTING = 1
    HARNESS_OPTIONS = j4
    NONINTERACTIVE_TESTING = 1
    PATH = /home/smoker/perl5/perlbrew/bin:/home/smoker/perl5/perlbrew/perls/perl-5.20.2-ld/bin:/usr/local/sbin:/usr/local/bin:/usr/sbin:/usr/bin:/sbin:/bin
    PERL5LIB = /tmp/build/Scalar-List-Utils-1.69-0/blib/arch:/tmp/build/Scalar-List-Utils-1.69-0/blib/lib:/tmp/build/IO-Socket-IP-0.43-0/blib/arch:/tmp/build/IO-Socket-IP-0.43-0/blib/lib:/tmp/build/Test-Simple-1.302213-0/blib/arch:/tmp/build/Test-Simple-1.302213-0/blib/lib:/tmp/build/Term-Table-0.024-0/blib/arch:/tmp/build/Term-Table-0.024-0/blib/lib:/tmp/build/CryptX-0.086-0/blib/arch:/tmp/build/CryptX-0.086-0/blib/lib
    PERL5OPT = 
    PERL5_CPANPLUS_IS_RUNNING = 12105
    PERL5_CPAN_IS_RUNNING = 12105
    PERLBREW_HOME = /home/smoker/.perlbrew
    PERLBREW_MANPATH = /home/smoker/perl5/perlbrew/perls/perl-5.20.2-ld/man
    PERLBREW_PATH = /home/smoker/perl5/perlbrew/bin:/home/smoker/perl5/perlbrew/perls/perl-5.20.2-ld/bin
    PERLBREW_PERL = perl-5.20.2-ld
    PERLBREW_ROOT = /home/smoker/perl5/perlbrew
    PERLBREW_SHELLRC_VERSION = 0.88
    PERLBREW_VERSION = 0.88
    PERL_MM_USE_DEFAULT = 1
    PERL_USE_UNSAFE_INC = 1
    SHELL = /bin/bash
    TERM = xterm
    TMPDIR = /tmp/testwrapper.12094

Perl special variables (and OS-specific diagnostics, for MSWin32):

    $^X = /home/smoker/perl5/perlbrew/perls/perl-5.20.2-ld/bin/perl5.20.2
    $UID/$EUID = 1000 / 1000
    $GID = 1000 1000
    $EGID = 1000 1000

Perl module toolchain versions installed:

    Module              Have    
    ------------------- --------
    CPAN                2.27    
    CPAN::Meta          2.150010
    Cwd                 3.75    
    ExtUtils::CBuilder  0.280217
    ExtUtils::Command   7.44    
    ExtUtils::Install   2.06    
    ExtUtils::MakeMaker 7.44    
    ExtUtils::Manifest  1.70    
    ExtUtils::ParseXS   3.24    
    File::Spec          3.75    
    JSON                4.02    
    JSON::PP            4.04    
    Module::Build       0.4231  
    Module::Signature   n/a     
    Parse::CPAN::Meta   2.150010
    Test::Harness       3.42    
    Test::More          1.302213
    YAML                1.30    
    YAML::Syck          1.32    
    version             0.9909  


--

Summary of my perl5 (revision 5 version 20 subversion 2) configuration:
   
  Platform:
    osname=linux, osvers=4.19.75-v7l+, archname=armv7l-linux
    uname='linux 2c1d99e927e1 4.19.75-v7l+ #1270 smp tue sep 24 18:51:41 bst 2019 armv7l gnulinux '
    config_args='-de -Dprefix=/home/smoker/perl5/perlbrew/perls/perl-5.20.2-ld -Dusedevel -Duselongdouble -Accflags=-O2 -pipe -Wall -Wextra -mtune=native -march=native -Aeval:scriptdir=/home/smoker/perl5/perlbrew/perls/perl-5.20.2-ld/bin'
    hint=recommended, useposix=true, d_sigaction=define
    useithreads=undef, usemultiplicity=undef
    use64bitint=undef, use64bitall=undef, uselongdouble=define
    usemymalloc=n, bincompat5005=undef
  Compiler:
    cc='cc', ccflags ='-O2 -pipe -Wall -Wextra -mtune=native -march=native -fwrapv -fno-strict-aliasing -fstack-protector -I/usr/local/include -D_LARGEFILE_SOURCE -D_FILE_OFFSET_BITS=64',
    optimize='-O2',
    cppflags='-O2 -pipe -Wall -Wextra -mtune=native -march=native -fwrapv -fno-strict-aliasing -fstack-protector -I/usr/local/include'
    ccversion='', gccversion='8.3.0', gccosandvers=''
    intsize=4, longsize=4, ptrsize=4, doublesize=8, byteorder=1234
    d_longlong=define, longlongsize=8, d_longdbl=define, longdblsize=8
    ivtype='long', ivsize=4, nvtype='long double', nvsize=8, Off_t='off_t', lseeksize=8
    alignbytes=8, prototype=define
  Linker and Libraries:
    ld='cc', ldflags =' -fstack-protector -L/usr/local/lib'
    libpth=/usr/local/lib /usr/lib/gcc/arm-linux-gnueabihf/8/include-fixed /usr/include/arm-linux-gnueabihf /usr/lib /lib/arm-linux-gnueabihf /lib /usr/lib/arm-linux-gnueabihf
    libs=-lnsl -ldl -lm -lcrypt -lutil -lc
    perllibs=-lnsl -ldl -lm -lcrypt -lutil -lc
    libc=libc-2.28.so, so=so, useshrplib=false, libperl=libperl.a
    gnulibc_version='2.28'
  Dynamic Linking:
    dlsrc=dl_dlopen.xs, dlext=so, d_dlsymun=undef, ccdlflags='-Wl,-E'
    cccdlflags='-fPIC', lddlflags='-shared -O2 -L/usr/local/lib -fstack-protector'


Characteristics of this binary (from libperl): 
  Compile-time options: HAS_TIMES PERLIO_LAYERS PERL_DONT_CREATE_GVSV
                        PERL_HASH_FUNC_ONE_AT_A_TIME_HARD PERL_MALLOC_WRAP
                        PERL_NEW_COPY_ON_WRITE PERL_PRESERVE_IVUV
                        PERL_USE_DEVEL USE_LARGE_FILES USE_LOCALE
                        USE_LOCALE_COLLATE USE_LOCALE_CTYPE
                        USE_LOCALE_NUMERIC USE_PERLIO USE_PERL_ATOF
  Locally applied patches:
	Devel::PatchPerl 1.84
  Built under linux
  Compiled at Feb  2 2020 18:06:26
  %ENV:
    PERL5LIB="/tmp/build/Scalar-List-Utils-1.69-0/blib/arch:/tmp/build/Scalar-List-Utils-1.69-0/blib/lib:/tmp/build/IO-Socket-IP-0.43-0/blib/arch:/tmp/build/IO-Socket-IP-0.43-0/blib/lib:/tmp/build/Test-Simple-1.302213-0/blib/arch:/tmp/build/Test-Simple-1.302213-0/blib/lib:/tmp/build/Term-Table-0.024-0/blib/arch:/tmp/build/Term-Table-0.024-0/blib/lib:/tmp/build/CryptX-0.086-0/blib/arch:/tmp/build/CryptX-0.086-0/blib/lib"
    PERL5OPT=""
    PERL5_CPANPLUS_IS_RUNNING="12105"
    PERL5_CPAN_IS_RUNNING="12105"
    PERLBREW_HOME="/home/smoker/.perlbrew"
    PERLBREW_MANPATH="/home/smoker/perl5/perlbrew/perls/perl-5.20.2-ld/man"
    PERLBREW_PATH="/home/smoker/perl5/perlbrew/bin:/home/smoker/perl5/perlbrew/perls/perl-5.20.2-ld/bin"
    PERLBREW_PERL="perl-5.20.2-ld"
    PERLBREW_ROOT="/home/smoker/perl5/perlbrew"
    PERLBREW_SHELLRC_VERSION="0.88"
    PERLBREW_VERSION="0.88"
    PERL_MM_USE_DEFAULT="1"
    PERL_USE_UNSAFE_INC="1"
  @INC:
    /tmp/build/Scalar-List-Utils-1.69-0/blib/arch
    /tmp/build/Scalar-List-Utils-1.69-0/blib/lib
    /tmp/build/IO-Socket-IP-0.43-0/blib/arch
    /tmp/build/IO-Socket-IP-0.43-0/blib/lib
    /tmp/build/Test-Simple-1.302213-0/blib/arch
    /tmp/build/Test-Simple-1.302213-0/blib/lib
    /tmp/build/Term-Table-0.024-0/blib/arch
    /tmp/build/Term-Table-0.024-0/blib/lib
    /tmp/build/CryptX-0.086-0/blib/arch
    /tmp/build/CryptX-0.086-0/blib/lib
    /home/smoker/perl5/perlbrew/perls/perl-5.20.2-ld/lib/site_perl/5.20.2/armv7l-linux
    /home/smoker/perl5/perlbrew/perls/perl-5.20.2-ld/lib/site_perl/5.20.2
    /home/smoker/perl5/perlbrew/perls/perl-5.20.2-ld/lib/5.20.2/armv7l-linux
    /home/smoker/perl5/perlbrew/perls/perl-5.20.2-ld/lib/5.20.2
    .