Back
From: metabase:user:3198cbe2-2aae-11df-837a-5e0a49663a4f
Subject: FAIL Lorem-0.200 v5.14.3 GNU/Linux
Date: 2012-12-12T17:34:44Z
This distribution has been tested as part of the CPAN Testers
project, supporting the Perl programming language. See
http://wiki.cpantesters.org/ for more information or email
questions to cpan-testers-discuss@perl.org
--
Dear Jeffrey Ray Hallock,
This is a computer-generated report for Lorem-0.200
on perl 5.14.3, created by CPAN-Reporter-1.2007.
Thank you for uploading your work to CPAN. However, there was a problem
testing your distribution.
If you think this report is invalid, please consult the CPAN Testers Wiki
for suggestions on how to avoid getting FAIL reports for missing library
or binary dependencies, unsupported operating systems, and so on:
http://wiki.cpantesters.org/wiki/CPANAuthorNotes
Sections of this report:
* Tester comments
* Program output
* Prerequisites
* Environment and other context
------------------------------
TESTER COMMENTS
------------------------------
Additional comments from tester:
this report is from an automated smoke testing program
and was not reviewed by a human for accuracy
------------------------------
PROGRAM OUTPUT
------------------------------
Output from '/usr/bin/make test':
PERL_DL_NONLAZY=1 /home/graham/perls/perl-5.14.3/bin/perl "-MExtUtils::Command::MM" "-e" "test_harness(0, 'blib/lib', 'blib/arch')" t/*.t
Can't locate Gtk2.pm in @INC (@INC contains: /home/graham/perls/caches/perl-5.14.3/build/Lorem-0.200-n6gFNJ/blib/lib /home/graham/perls/caches/perl-5.14.3/build/Lorem-0.200-n6gFNJ/blib/arch /home/graham/perls/perl-5.14.3/lib/site_perl/5.14.3/x86_64-linux /home/graham/perls/perl-5.14.3/lib/site_perl/5.14.3 /home/graham/perls/perl-5.14.3/lib/5.14.3/x86_64-linux /home/graham/perls/perl-5.14.3/lib/5.14.3 .) at t/001_document.t line 7.
BEGIN failed--compilation aborted at t/001_document.t line 7.
# Looks like your test exited with 2 before it could output anything.
t/001_document.t ............
Dubious, test returned 2 (wstat 512, 0x200)
No subtests run
Can't locate Gtk2.pm in @INC (@INC contains: /home/graham/perls/caches/perl-5.14.3/build/Lorem-0.200-n6gFNJ/blib/lib /home/graham/perls/caches/perl-5.14.3/build/Lorem-0.200-n6gFNJ/blib/arch /home/graham/perls/perl-5.14.3/lib/site_perl/5.14.3/x86_64-linux /home/graham/perls/perl-5.14.3/lib/site_perl/5.14.3 /home/graham/perls/perl-5.14.3/lib/5.14.3/x86_64-linux /home/graham/perls/perl-5.14.3/lib/5.14.3 .) at t/002_pdf_surface.t line 7.
BEGIN failed--compilation aborted at t/002_pdf_surface.t line 7.
# Looks like your test exited with 2 before it could output anything.
t/002_pdf_surface.t .........
Dubious, test returned 2 (wstat 512, 0x200)
No subtests run
Can't locate Gtk2.pm in @INC (@INC contains: /home/graham/perls/caches/perl-5.14.3/build/Lorem-0.200-n6gFNJ/blib/lib /home/graham/perls/caches/perl-5.14.3/build/Lorem-0.200-n6gFNJ/blib/arch /home/graham/perls/perl-5.14.3/lib/site_perl/5.14.3/x86_64-linux /home/graham/perls/perl-5.14.3/lib/site_perl/5.14.3 /home/graham/perls/perl-5.14.3/lib/5.14.3/x86_64-linux /home/graham/perls/perl-5.14.3/lib/5.14.3 .) at t/003_print_operation.t line 14.
BEGIN failed--compilation aborted at t/003_print_operation.t line 14.
t/003_print_operation.t .....
Dubious, test returned 2 (wstat 512, 0x200)
No subtests run
Useless use of a variable in void context at /home/graham/perls/perl-5.14.3/lib/site_perl/5.14.3/x86_64-linux/List/MoreUtils.pm line 362.
# Failed test 'use Lorem::Document;'
# at t/011_box_element.t line 9.
# Tried to use 'Lorem::Document'.
# Error: Can't locate TryCatch.pm in @INC (@INC contains: /home/graham/perls/caches/perl-5.14.3/build/Lorem-0.200-n6gFNJ/blib/lib /home/graham/perls/caches/perl-5.14.3/build/Lorem-0.200-n6gFNJ/blib/arch /home/graham/perls/perl-5.14.3/lib/site_perl/5.14.3/x86_64-linux /home/graham/perls/perl-5.14.3/lib/site_perl/5.14.3 /home/graham/perls/perl-5.14.3/lib/5.14.3/x86_64-linux /home/graham/perls/perl-5.14.3/lib/5.14.3 .) at /home/graham/perls/caches/perl-5.14.3/build/Lorem-0.200-n6gFNJ/blib/lib/Lorem/Role/ConstructsElement.pm line 21.
# BEGIN failed--compilation aborted at /home/graham/perls/caches/perl-5.14.3/build/Lorem-0.200-n6gFNJ/blib/lib/Lorem/Role/ConstructsElement.pm line 21.
# Compilation failed in require at /home/graham/perls/perl-5.14.3/lib/site_perl/5.14.3/x86_64-linux/Moose/Exporter.pm line 382.
# Compilation failed in require at /home/graham/perls/perl-5.14.3/lib/site_perl/5.14.3/x86_64-linux/Moose/Exporter.pm line 382.
# Compilation failed in require at /home/graham/perls/caches/perl-5.14.3/build/Lorem-0.200-n6gFNJ/blib/lib/Lorem/Document.pm line 15.
# BEGIN failed--compilation aborted at /home/graham/perls/caches/perl-5.14.3/build/Lorem-0.200-n6gFNJ/blib/lib/Lorem/Document.pm line 15.
# Compilation failed in require at (eval 6) line 2.
# BEGIN failed--compilation aborted at (eval 6) line 2.
# Failed test 'use Lorem::Surface::Pdf;'
# at t/011_box_element.t line 10.
# Tried to use 'Lorem::Surface::Pdf'.
# Error: Can't locate Gtk2.pm in @INC (@INC contains: /home/graham/perls/caches/perl-5.14.3/build/Lorem-0.200-n6gFNJ/blib/lib /home/graham/perls/caches/perl-5.14.3/build/Lorem-0.200-n6gFNJ/blib/arch /home/graham/perls/perl-5.14.3/lib/site_perl/5.14.3/x86_64-linux /home/graham/perls/perl-5.14.3/lib/site_perl/5.14.3 /home/graham/perls/perl-5.14.3/lib/5.14.3/x86_64-linux /home/graham/perls/perl-5.14.3/lib/5.14.3 .) at /home/graham/perls/caches/perl-5.14.3/build/Lorem-0.200-n6gFNJ/blib/lib/Lorem/Surface/Pdf.pm line 11.
# BEGIN failed--compilation aborted at /home/graham/perls/caches/perl-5.14.3/build/Lorem-0.200-n6gFNJ/blib/lib/Lorem/Surface/Pdf.pm line 11.
# Compilation failed in require at (eval 367) line 2.
# BEGIN failed--compilation aborted at (eval 367) line 2.
# Failed test 'use Lorem::Element::Table;'
# at t/011_box_element.t line 12.
# Tried to use 'Lorem::Element::Table'.
# Error: A role generator is required to apply parameterized roles (did you forget the 'role { ... }' block in your parameterized role 'Lorem::Role::ConstructsElement'?) at /home/graham/perls/perl-5.14.3/lib/site_perl/5.14.3/MooseX/Role/Parameterized/Meta/Role/Parameterizable.pm line 56.
# MooseX::Role::Parameterized::Meta::Role::Parameterizable::generate_role('MooseX::Role::Parameterized::Meta::Role::Parameterizable=HASH...', 'consumer', 'Moose::Meta::Class::__ANON__::SERIAL::2=HASH(0x3228768)', 'parameters', 'HASH(0x31ace70)') called at /home/graham/perls/perl-5.14.3/lib/site_perl/5.14.3/MooseX/Role/Parameterized/Meta/Role/Parameterizable.pm line 104
# MooseX::Role::Parameterized::Meta::Role::Parameterizable::apply('MooseX::Role::Parameterized::Meta::Role::Parameterizable=HASH...', 'Moose::Meta::Class::__ANON__::SERIAL::2=HASH(0x3228768)', 'name', 'cell', 'class', 'Lorem::Element::TableCell') called at /home/graham/perls/perl-5.14.3/lib/site_perl/5.14.3/x86_64-linux/Moose/Util.pm line 160
# Moose::Util::_apply_all_roles('Moose::Meta::Class::__ANON__::SERIAL::2=HASH(0x3228768)', undef, 'Lorem::Role::ConstructsElement', 'HASH(0x321f548)') called at /home/graham/perls/perl-5.14.3/lib/site_perl/5.14.3/x86_64-linux/Moose/Util.pm line 99
# Moose::Util::apply_all_roles('Moose::Meta::Class::__ANON__::SERIAL::2=HASH(0x3228768)', 'Lorem::Role::ConstructsElement', 'HASH(0x321f548)') called at /home/graham/perls/perl-5.14.3/lib/site_perl/5.14.3/x86_64-linux/Moose.pm line 67
# Moose::with('Moose::Meta::Class::__ANON__::SERIAL::2=HASH(0x3228768)', 'Lorem::Role::ConstructsElement', 'HASH(0x321f548)') called at /home/graham/perls/perl-5.14.3/lib/site_perl/5.14.3/x86_64-linux/Moose/Exporter.pm line 382
# Moose::with('Lorem::Role::ConstructsElement', 'HASH(0x321f548)') called at /home/graham/perls/caches/perl-5.14.3/build/Lorem-0.200-n6gFNJ/blib/lib/Lorem/Element/TableRow.pm line 17
# require Lorem/Element/TableRow.pm called at /home/graham/perls/caches/perl-5.14.3/build/Lorem-0.200-n6gFNJ/blib/lib/Lorem/Element/Table.pm line 13
# Lorem::Element::Table::BEGIN() called at /home/graham/perls/caches/perl-5.14.3/build/Lorem-0.200-n6gFNJ/blib/lib/Lorem/Element/TableRow.pm line 0
# eval {...} called at /home/graham/perls/caches/perl-5.14.3/build/Lorem-0.200-n6gFNJ/blib/lib/Lorem/Element/TableRow.pm line 0
# require Lorem/Element/Table.pm called at (eval 371) line 2
# main::BEGIN() called at /home/graham/perls/caches/perl-5.14.3/build/Lorem-0.200-n6gFNJ/blib/lib/Lorem/Element/TableRow.pm line 0
# eval {...} called at /home/graham/perls/caches/perl-5.14.3/build/Lorem-0.200-n6gFNJ/blib/lib/Lorem/Element/TableRow.pm line 0
# eval 'package main;
# use Lorem::Element::Table @{$args[0]};
# 1;
#
# ;' called at /home/graham/perls/perl-5.14.3/lib/5.14.3/Test/More.pm line 885
# Test::More::_eval('package main;\x{a}use Lorem::Element::Table @{$args[0]};\x{a}1;\x{a}', 'ARRAY(0x216bd18)') called at /home/graham/perls/perl-5.14.3/lib/5.14.3/Test/More.pm line 860
# Test::More::use_ok('Lorem::Element::Table') called at t/011_box_element.t line 12
# Compilation failed in require at /home/graham/perls/caches/perl-5.14.3/build/Lorem-0.200-n6gFNJ/blib/lib/Lorem/Element/Table.pm line 13.
# BEGIN failed--compilation aborted at /home/graham/perls/caches/perl-5.14.3/build/Lorem-0.200-n6gFNJ/blib/lib/Lorem/Element/Table.pm line 13.
# Compilation failed in require at (eval 371) line 2.
# BEGIN failed--compilation aborted at (eval 371) line 2.
Can't locate object method "set_margin_top" via package "Lorem::Document" at t/011_box_element.t line 19.
# Looks like you failed 3 tests of 5.
# Looks like your test exited with 255 just after 5.
t/011_box_element.t .........
Dubious, test returned 255 (wstat 65280, 0xff00)
Failed 3/5 subtests
Useless use of a variable in void context at /home/graham/perls/perl-5.14.3/lib/site_perl/5.14.3/x86_64-linux/List/MoreUtils.pm line 362.
# Failed test 'use Lorem::Document;'
# at t/012_div.t line 8.
# Tried to use 'Lorem::Document'.
# Error: Can't locate TryCatch.pm in @INC (@INC contains: /home/graham/perls/caches/perl-5.14.3/build/Lorem-0.200-n6gFNJ/blib/lib /home/graham/perls/caches/perl-5.14.3/build/Lorem-0.200-n6gFNJ/blib/arch /home/graham/perls/perl-5.14.3/lib/site_perl/5.14.3/x86_64-linux /home/graham/perls/perl-5.14.3/lib/site_perl/5.14.3 /home/graham/perls/perl-5.14.3/lib/5.14.3/x86_64-linux /home/graham/perls/perl-5.14.3/lib/5.14.3 .) at /home/graham/perls/caches/perl-5.14.3/build/Lorem-0.200-n6gFNJ/blib/lib/Lorem/Role/ConstructsElement.pm line 21.
# BEGIN failed--compilation aborted at /home/graham/perls/caches/perl-5.14.3/build/Lorem-0.200-n6gFNJ/blib/lib/Lorem/Role/ConstructsElement.pm line 21.
# Compilation failed in require at /home/graham/perls/perl-5.14.3/lib/site_perl/5.14.3/x86_64-linux/Moose/Exporter.pm line 382.
# Compilation failed in require at /home/graham/perls/perl-5.14.3/lib/site_perl/5.14.3/x86_64-linux/Moose/Exporter.pm line 382.
# Compilation failed in require at /home/graham/perls/caches/perl-5.14.3/build/Lorem-0.200-n6gFNJ/blib/lib/Lorem/Document.pm line 15.
# BEGIN failed--compilation aborted at /home/graham/perls/caches/perl-5.14.3/build/Lorem-0.200-n6gFNJ/blib/lib/Lorem/Document.pm line 15.
# Compilation failed in require at (eval 6) line 2.
# BEGIN failed--compilation aborted at (eval 6) line 2.
# Failed test 'use Lorem::Surface::Pdf;'
# at t/012_div.t line 9.
# Tried to use 'Lorem::Surface::Pdf'.
# Error: Can't locate Gtk2.pm in @INC (@INC contains: /home/graham/perls/caches/perl-5.14.3/build/Lorem-0.200-n6gFNJ/blib/lib /home/graham/perls/caches/perl-5.14.3/build/Lorem-0.200-n6gFNJ/blib/arch /home/graham/perls/perl-5.14.3/lib/site_perl/5.14.3/x86_64-linux /home/graham/perls/perl-5.14.3/lib/site_perl/5.14.3 /home/graham/perls/perl-5.14.3/lib/5.14.3/x86_64-linux /home/graham/perls/perl-5.14.3/lib/5.14.3 .) at /home/graham/perls/caches/perl-5.14.3/build/Lorem-0.200-n6gFNJ/blib/lib/Lorem/Surface/Pdf.pm line 11.
# BEGIN failed--compilation aborted at /home/graham/perls/caches/perl-5.14.3/build/Lorem-0.200-n6gFNJ/blib/lib/Lorem/Surface/Pdf.pm line 11.
# Compilation failed in require at (eval 367) line 2.
# BEGIN failed--compilation aborted at (eval 367) line 2.
# Failed test 'use Lorem::Element::Div;'
# at t/012_div.t line 11.
# Tried to use 'Lorem::Element::Div'.
# Error: Attempt to reload Lorem/Element/Div.pm aborted.
# Compilation failed in require at (eval 371) line 2.
# BEGIN failed--compilation aborted at (eval 371) line 2.
Can't locate object method "set_margin_top" via package "Lorem::Document" at t/012_div.t line 18.
# Looks like you failed 3 tests of 5.
# Looks like your test exited with 255 just after 5.
t/012_div.t .................
Dubious, test returned 255 (wstat 65280, 0xff00)
Failed 3/5 subtests
Can't locate TryCatch.pm in @INC (@INC contains: /home/graham/perls/caches/perl-5.14.3/build/Lorem-0.200-n6gFNJ/blib/lib /home/graham/perls/caches/perl-5.14.3/build/Lorem-0.200-n6gFNJ/blib/arch /home/graham/perls/perl-5.14.3/lib/site_perl/5.14.3/x86_64-linux /home/graham/perls/perl-5.14.3/lib/site_perl/5.14.3 /home/graham/perls/perl-5.14.3/lib/5.14.3/x86_64-linux /home/graham/perls/perl-5.14.3/lib/5.14.3 .) at t/013_div_relative_width.t line 8.
BEGIN failed--compilation aborted at t/013_div_relative_width.t line 8.
# Looks like your test exited with 2 before it could output anything.
t/013_div_relative_width.t ..
Dubious, test returned 2 (wstat 512, 0x200)
No subtests run
Useless use of a variable in void context at /home/graham/perls/perl-5.14.3/lib/site_perl/5.14.3/x86_64-linux/List/MoreUtils.pm line 362.
# Failed test 'use Lorem::Document;'
# at t/014_table.t line 10.
# Tried to use 'Lorem::Document'.
# Error: Can't locate TryCatch.pm in @INC (@INC contains: ..\lib /home/graham/perls/caches/perl-5.14.3/build/Lorem-0.200-n6gFNJ/blib/lib /home/graham/perls/caches/perl-5.14.3/build/Lorem-0.200-n6gFNJ/blib/arch /home/graham/perls/perl-5.14.3/lib/site_perl/5.14.3/x86_64-linux /home/graham/perls/perl-5.14.3/lib/site_perl/5.14.3 /home/graham/perls/perl-5.14.3/lib/5.14.3/x86_64-linux /home/graham/perls/perl-5.14.3/lib/5.14.3 .) at /home/graham/perls/caches/perl-5.14.3/build/Lorem-0.200-n6gFNJ/blib/lib/Lorem/Role/ConstructsElement.pm line 21.
# BEGIN failed--compilation aborted at /home/graham/perls/caches/perl-5.14.3/build/Lorem-0.200-n6gFNJ/blib/lib/Lorem/Role/ConstructsElement.pm line 21.
# Compilation failed in require at /home/graham/perls/perl-5.14.3/lib/site_perl/5.14.3/x86_64-linux/Moose/Exporter.pm line 382.
# Compilation failed in require at /home/graham/perls/perl-5.14.3/lib/site_perl/5.14.3/x86_64-linux/Moose/Exporter.pm line 382.
# Compilation failed in require at /home/graham/perls/caches/perl-5.14.3/build/Lorem-0.200-n6gFNJ/blib/lib/Lorem/Document.pm line 15.
# BEGIN failed--compilation aborted at /home/graham/perls/caches/perl-5.14.3/build/Lorem-0.200-n6gFNJ/blib/lib/Lorem/Document.pm line 15.
# Compilation failed in require at (eval 6) line 2.
# BEGIN failed--compilation aborted at (eval 6) line 2.
# Failed test 'use Lorem::Surface::Pdf;'
# at t/014_table.t line 11.
# Tried to use 'Lorem::Surface::Pdf'.
# Error: Can't locate Gtk2.pm in @INC (@INC contains: ..\lib /home/graham/perls/caches/perl-5.14.3/build/Lorem-0.200-n6gFNJ/blib/lib /home/graham/perls/caches/perl-5.14.3/build/Lorem-0.200-n6gFNJ/blib/arch /home/graham/perls/perl-5.14.3/lib/site_perl/5.14.3/x86_64-linux /home/graham/perls/perl-5.14.3/lib/site_perl/5.14.3 /home/graham/perls/perl-5.14.3/lib/5.14.3/x86_64-linux /home/graham/perls/perl-5.14.3/lib/5.14.3 .) at /home/graham/perls/caches/perl-5.14.3/build/Lorem-0.200-n6gFNJ/blib/lib/Lorem/Surface/Pdf.pm line 11.
# BEGIN failed--compilation aborted at /home/graham/perls/caches/perl-5.14.3/build/Lorem-0.200-n6gFNJ/blib/lib/Lorem/Surface/Pdf.pm line 11.
# Compilation failed in require at (eval 367) line 2.
# BEGIN failed--compilation aborted at (eval 367) line 2.
# Failed test 'use Lorem::Element::Div;'
# at t/014_table.t line 13.
# Tried to use 'Lorem::Element::Div'.
# Error: Attempt to reload Lorem/Element/Div.pm aborted.
# Compilation failed in require at (eval 371) line 2.
# BEGIN failed--compilation aborted at (eval 371) line 2.
Can't locate object method "new_header" via package "Lorem::Document" at t/014_table.t line 22.
# Looks like you failed 3 tests of 5.
# Looks like your test exited with 255 just after 5.
t/014_table.t ...............
Dubious, test returned 255 (wstat 65280, 0xff00)
Failed 3/5 subtests
Useless use of a variable in void context at /home/graham/perls/perl-5.14.3/lib/site_perl/5.14.3/x86_64-linux/List/MoreUtils.pm line 362.
Name "Package::DeprecationManager::a" used only once: possible typo at /home/graham/perls/perl-5.14.3/lib/site_perl/5.14.3/x86_64-linux/List/MoreUtils.pm line 362.
Name "Package::DeprecationManager::b" used only once: possible typo at /home/graham/perls/perl-5.14.3/lib/site_perl/5.14.3/x86_64-linux/List/MoreUtils.pm line 362.
t/100_style.t ............... ok
Useless use of a variable in void context at /home/graham/perls/perl-5.14.3/lib/site_perl/5.14.3/x86_64-linux/List/MoreUtils.pm line 362.
Name "Package::DeprecationManager::a" used only once: possible typo at /home/graham/perls/perl-5.14.3/lib/site_perl/5.14.3/x86_64-linux/List/MoreUtils.pm line 362.
Name "Package::DeprecationManager::b" used only once: possible typo at /home/graham/perls/perl-5.14.3/lib/site_perl/5.14.3/x86_64-linux/List/MoreUtils.pm line 362.
t/101_style_dimensions.t .... ok
Useless use of a variable in void context at /home/graham/perls/perl-5.14.3/lib/site_perl/5.14.3/x86_64-linux/List/MoreUtils.pm line 362.
Name "Package::DeprecationManager::a" used only once: possible typo at /home/graham/perls/perl-5.14.3/lib/site_perl/5.14.3/x86_64-linux/List/MoreUtils.pm line 362.
Name "Package::DeprecationManager::b" used only once: possible typo at /home/graham/perls/perl-5.14.3/lib/site_perl/5.14.3/x86_64-linux/List/MoreUtils.pm line 362.
t/102_style_borders.t ....... ok
Useless use of a variable in void context at /home/graham/perls/perl-5.14.3/lib/site_perl/5.14.3/x86_64-linux/List/MoreUtils.pm line 362.
Name "Package::DeprecationManager::a" used only once: possible typo at /home/graham/perls/perl-5.14.3/lib/site_perl/5.14.3/x86_64-linux/List/MoreUtils.pm line 362.
Name "Package::DeprecationManager::b" used only once: possible typo at /home/graham/perls/perl-5.14.3/lib/site_perl/5.14.3/x86_64-linux/List/MoreUtils.pm line 362.
t/103_style_padding.t ....... ok
Useless use of a variable in void context at /home/graham/perls/perl-5.14.3/lib/site_perl/5.14.3/x86_64-linux/List/MoreUtils.pm line 362.
Name "Package::DeprecationManager::a" used only once: possible typo at /home/graham/perls/perl-5.14.3/lib/site_perl/5.14.3/x86_64-linux/List/MoreUtils.pm line 362.
Name "Package::DeprecationManager::b" used only once: possible typo at /home/graham/perls/perl-5.14.3/lib/site_perl/5.14.3/x86_64-linux/List/MoreUtils.pm line 362.
t/104_style_margin.t ........ ok
Useless use of a variable in void context at /home/graham/perls/perl-5.14.3/lib/site_perl/5.14.3/x86_64-linux/List/MoreUtils.pm line 362.
Name "Package::DeprecationManager::a" used only once: possible typo at /home/graham/perls/perl-5.14.3/lib/site_perl/5.14.3/x86_64-linux/List/MoreUtils.pm line 362.
Name "Package::DeprecationManager::b" used only once: possible typo at /home/graham/perls/perl-5.14.3/lib/site_perl/5.14.3/x86_64-linux/List/MoreUtils.pm line 362.
t/150_style_parsing.t ....... ok
Useless use of a variable in void context at /home/graham/perls/perl-5.14.3/lib/site_perl/5.14.3/x86_64-linux/List/MoreUtils.pm line 362.
Name "Package::DeprecationManager::a" used only once: possible typo at /home/graham/perls/perl-5.14.3/lib/site_perl/5.14.3/x86_64-linux/List/MoreUtils.pm line 362.
Name "Package::DeprecationManager::b" used only once: possible typo at /home/graham/perls/perl-5.14.3/lib/site_perl/5.14.3/x86_64-linux/List/MoreUtils.pm line 362.
t/151_style_parsing.t ....... ok
Useless use of a variable in void context at /home/graham/perls/perl-5.14.3/lib/site_perl/5.14.3/x86_64-linux/List/MoreUtils.pm line 362.
Can't locate TryCatch.pm in @INC (@INC contains: /home/graham/perls/caches/perl-5.14.3/build/Lorem-0.200-n6gFNJ/blib/lib /home/graham/perls/caches/perl-5.14.3/build/Lorem-0.200-n6gFNJ/blib/arch /home/graham/perls/perl-5.14.3/lib/site_perl/5.14.3/x86_64-linux /home/graham/perls/perl-5.14.3/lib/site_perl/5.14.3 /home/graham/perls/perl-5.14.3/lib/5.14.3/x86_64-linux /home/graham/perls/perl-5.14.3/lib/5.14.3 .) at /home/graham/perls/caches/perl-5.14.3/build/Lorem-0.200-n6gFNJ/blib/lib/Lorem/Role/ConstructsElement.pm line 21.
BEGIN failed--compilation aborted at /home/graham/perls/caches/perl-5.14.3/build/Lorem-0.200-n6gFNJ/blib/lib/Lorem/Role/ConstructsElement.pm line 21.
Compilation failed in require at /home/graham/perls/perl-5.14.3/lib/site_perl/5.14.3/x86_64-linux/Moose/Exporter.pm line 382.
Compilation failed in require at /home/graham/perls/perl-5.14.3/lib/site_perl/5.14.3/x86_64-linux/Moose/Exporter.pm line 382.
Compilation failed in require at /home/graham/perls/caches/perl-5.14.3/build/Lorem-0.200-n6gFNJ/blib/lib/Lorem/Document.pm line 15.
BEGIN failed--compilation aborted at /home/graham/perls/caches/perl-5.14.3/build/Lorem-0.200-n6gFNJ/blib/lib/Lorem/Document.pm line 15.
Compilation failed in require at /home/graham/perls/caches/perl-5.14.3/build/Lorem-0.200-n6gFNJ/blib/lib/Lorem.pm line 6.
BEGIN failed--compilation aborted at /home/graham/perls/caches/perl-5.14.3/build/Lorem-0.200-n6gFNJ/blib/lib/Lorem.pm line 6.
Compilation failed in require at t/152_style_coercion.t line 8.
BEGIN failed--compilation aborted at t/152_style_coercion.t line 8.
# Looks like your test exited with 2 before it could output anything.
t/152_style_coercion.t ......
Dubious, test returned 2 (wstat 512, 0x200)
Failed 10/10 subtests
Can't locate Gtk2.pm in @INC (@INC contains: /home/graham/perls/caches/perl-5.14.3/build/Lorem-0.200-n6gFNJ/blib/lib /home/graham/perls/caches/perl-5.14.3/build/Lorem-0.200-n6gFNJ/blib/arch /home/graham/perls/perl-5.14.3/lib/site_perl/5.14.3/x86_64-linux /home/graham/perls/perl-5.14.3/lib/site_perl/5.14.3 /home/graham/perls/perl-5.14.3/lib/5.14.3/x86_64-linux /home/graham/perls/perl-5.14.3/lib/5.14.3 .) at t/200_lorum.t line 7.
BEGIN failed--compilation aborted at t/200_lorum.t line 7.
# Looks like your test exited with 2 before it could output anything.
t/200_lorum.t ...............
Dubious, test returned 2 (wstat 512, 0x200)
No subtests run
Test Summary Report
-------------------
t/001_document.t (Wstat: 512 Tests: 0 Failed: 0)
Non-zero exit status: 2
Parse errors: No plan found in TAP output
t/002_pdf_surface.t (Wstat: 512 Tests: 0 Failed: 0)
Non-zero exit status: 2
Parse errors: No plan found in TAP output
t/003_print_operation.t (Wstat: 512 Tests: 0 Failed: 0)
Non-zero exit status: 2
Parse errors: No plan found in TAP output
t/011_box_element.t (Wstat: 65280 Tests: 5 Failed: 3)
Failed tests: 1-2, 4
Non-zero exit status: 255
t/012_div.t (Wstat: 65280 Tests: 5 Failed: 3)
Failed tests: 1-2, 4
Non-zero exit status: 255
t/013_div_relative_width.t (Wstat: 512 Tests: 0 Failed: 0)
Non-zero exit status: 2
Parse errors: No plan found in TAP output
t/014_table.t (Wstat: 65280 Tests: 5 Failed: 3)
Failed tests: 1-2, 4
Non-zero exit status: 255
t/152_style_coercion.t (Wstat: 512 Tests: 0 Failed: 0)
Non-zero exit status: 2
Parse errors: Bad plan. You planned 10 tests but ran 0.
t/200_lorum.t (Wstat: 512 Tests: 0 Failed: 0)
Non-zero exit status: 2
Parse errors: No plan found in TAP output
Files=16, Tests=102, 9 wallclock secs ( 0.10 usr 0.02 sys + 7.20 cusr 0.44 csys = 7.76 CPU)
Result: FAIL
Failed 9/16 test programs. 9/102 subtests failed.
make: *** [test_dynamic] Error 2
------------------------------
PREREQUISITES
------------------------------
Prerequisite modules loaded:
requires:
Module Need Have
------------------------------ ---- -------
Cairo 0 1.102
Moose 0 2.0604
MooseX::Clone 0 0.05
MooseX::SemiAffordanceAccessor 0 0.09
MooseX::StrictConstructor 0 0.19
MooseX::Types 0 0.35
Pango 0 1.223
Readonly 0 1.03
configure_requires:
Module Need Have
------------------------------ ---- -------
ExtUtils::MakeMaker 6.30 6.63_04
------------------------------
ENVIRONMENT AND OTHER CONTEXT
------------------------------
Environment variables:
AUTOMATED_TESTING = 1
LANG = C
PATH = /home/graham/perls/perl-5.14.3/bin:/usr/local/bin:/usr/bin:/bin:/usr/local/sbin:/usr/sbin:/sbin:/usr/bin/core_perl
PERL5LIB =
PERL5OPT =
PERL5_CPANPLUS_IS_RUNNING = 17852
PERL5_CPAN_IS_RUNNING = 17852
PERL5_CPAN_IS_RUNNING_IN_RECURSION = 537,17852
PERL_CR_SMOKER_CURRENT = Lorem-0.200
PERL_EXTUTILS_AUTOINSTALL = --defaultdeps
PERL_MM_USE_DEFAULT = 1
SHELL = /bin/bash
TERM = xterm
Perl special variables (and OS-specific diagnostics, for MSWin32):
$^X = /home/graham/perls/perl-5.14.3/bin/perl
$UID/$EUID = 1000 / 1000
$GID = 100 100
$EGID = 100 100
Perl module toolchain versions installed:
Module Have
------------------- --------
CPAN 1.99_51
CPAN::Meta 2.120921
Cwd 3.36
ExtUtils::CBuilder 0.280205
ExtUtils::Command 1.17
ExtUtils::Install 1.56
ExtUtils::MakeMaker 6.63_04
ExtUtils::Manifest 1.60
ExtUtils::ParseXS 3.18
File::Spec 3.33
JSON 2.53
JSON::PP 2.27200
Module::Build 0.4003
Module::Signature 0.70
Parse::CPAN::Meta 1.4404
Test::Harness 3.23
Test::More 0.98
YAML 0.84
YAML::Syck 1.22
version 0.9901
--
Summary of my perl5 (revision 5 version 14 subversion 3) configuration:
Platform:
osname=linux, osvers=3.5.6-1-arch, archname=x86_64-linux
uname='linux grosics 3.5.6-1-arch #1 smp preempt sun oct 7 19:30:49 cest 2012 x86_64 gnulinux '
config_args=''
hint=recommended, useposix=true, d_sigaction=define
useithreads=undef, usemultiplicity=undef
useperlio=define, d_sfio=undef, uselargefiles=define, usesocks=undef
use64bitint=define, use64bitall=define, uselongdouble=undef
usemymalloc=n, bincompat5005=undef
Compiler:
cc='cc', ccflags ='-fno-strict-aliasing -pipe -fstack-protector -I/usr/local/include -D_LARGEFILE_SOURCE -D_FILE_OFFSET_BITS=64',
optimize='-O2',
cppflags='-fno-strict-aliasing -pipe -fstack-protector -I/usr/local/include'
ccversion='', gccversion='4.7.2', gccosandvers=''
intsize=4, longsize=8, ptrsize=8, doublesize=8, byteorder=12345678
d_longlong=define, longlongsize=8, d_longdbl=define, longdblsize=16
ivtype='long', ivsize=8, nvtype='double', nvsize=8, Off_t='off_t', lseeksize=8
alignbytes=8, prototype=define
Linker and Libraries:
ld='cc', ldflags =' -fstack-protector -L/usr/local/lib'
libpth=/usr/local/lib /lib/../lib /usr/lib/../lib /lib /usr/lib
libs=-lnsl -lgdbm -ldb -ldl -lm -lcrypt -lutil -lc -lgdbm_compat
perllibs=-lnsl -ldl -lm -lcrypt -lutil -lc
libc=/lib/libc-2.16.so, so=so, useshrplib=false, libperl=libperl.a
gnulibc_version='2.16'
Dynamic Linking:
dlsrc=dl_dlopen.xs, dlext=so, d_dlsymun=undef, ccdlflags='-Wl,-E'
cccdlflags='-fPIC', lddlflags='-shared -O2 -L/usr/local/lib -fstack-protector'
Characteristics of this binary (from libperl):
Compile-time options: PERL_DONT_CREATE_GVSV PERL_MALLOC_WRAP
PERL_PRESERVE_IVUV USE_64_BIT_ALL USE_64_BIT_INT
USE_LARGE_FILES USE_PERLIO USE_PERL_ATOF
Built under linux
Compiled at Dec 10 2012 17:55:35
%ENV:
PERL5LIB=""
PERL5OPT=""
PERL5_CPANPLUS_IS_RUNNING="17852"
PERL5_CPAN_IS_RUNNING="17852"
PERL5_CPAN_IS_RUNNING_IN_RECURSION="537,17852"
PERL_CR_SMOKER_CURRENT="Lorem-0.200"
PERL_EXTUTILS_AUTOINSTALL="--defaultdeps"
PERL_MM_USE_DEFAULT="1"
@INC:
/home/graham/perls/perl-5.14.3/lib/site_perl/5.14.3/x86_64-linux
/home/graham/perls/perl-5.14.3/lib/site_perl/5.14.3
/home/graham/perls/perl-5.14.3/lib/5.14.3/x86_64-linux
/home/graham/perls/perl-5.14.3/lib/5.14.3
.