Mac-Tie-PList v0.03 Perl 5 v5.12.0 i386-freebsd-thread-multi

Status
Na
From
Chris Williams (BINGOS)
Dist
Mac-Tie-PList v0.03
Platform
Perl 5 v5.12.0 i386-freebsd-thread-multi
Date
2010-05-16T05:09:34
ID
3773ef20-60a9-11df-a648-0fd78fbefd91
This distribution has been tested as part of the CPAN Testers
project, supporting the Perl programming language.  See
http://wiki.cpantesters.org/ for more information or email
questions to cpan-testers-discuss@perl.org


--

Dear GBROCK,
    
This is a computer-generated error report created automatically by
CPANPLUS, version 0.9004. Testers personal comments may appear 
at the end of this report.


Thank you for uploading your work to CPAN.  However, it appears that
there were some problems testing your distribution.

TEST RESULTS:

Below is the error stack from stage 'make test':

[MSG] [Sun May 16 06:09:31 2010] Trying to get 'http://cpan.hexten.net/authors/id/G/GB/GBROCK/CHECKSUMS'
[MSG] [Sun May 16 06:09:31 2010] Checksum matches for 'Mac-Tie-PList-0.03.tar.gz'
[MSG] [Sun May 16 06:09:31 2010] Extracted 'Mac::Tie::PList' to '/usr/home/cpan/pit/thr/conf/perl-5.12.0/.cpanplus/5.12.0/build/Mac-Tie-PList-0.03'
[MSG] [Sun May 16 06:09:32 2010] CPANPLUS is prefering Build.PL
[MSG] [Sun May 16 06:09:32 2010] Loading YACSmoke database "/usr/home/cpan/pit/thr/conf/perl-5.12.0/.cpanplus/cpansmoke.dat"
[MSG] [Sun May 16 06:09:32 2010] Warning: this module is desigend for MacOS-X (not freebsd). It will probably not work.
Checking if your kit is complete...
Looks good
Warning: prerequisite Foundation 1 not found.
Writing Makefile for Mac::Tie::PList

[MSG] [Sun May 16 06:09:32 2010] DEFAULT 'filter_prereqs' HANDLER RETURNING 'sub return value'
[MSG] [Sun May 16 06:09:32 2010] Checking for previous PASS result for "Mac-Tie-PList-0.03"
[ERROR] [Sun May 16 06:09:32 2010] No such module 'Foundation' found on CPAN
[MSG] [Sun May 16 06:09:33 2010] cp lib/Mac/Tie/PList.pm blib/lib/Mac/Tie/PList.pm
Manifying blib/man3/Mac::Tie::PList.3

[ERROR] [Sun May 16 06:09:33 2010] MAKE TEST failed: No such file or directory PERL_DL_NONLAZY=1 /usr/home/cpan/pit/thr/perl-5.12.0/bin/perl "-MExtUtils::Command::MM" "-e" "test_harness(0, 'blib/lib', 'blib/arch')" t/*.t

#   Failed test 'use Mac::Tie::PList;'
#   at t/01.basic.t line 3.
#     Tried to use 'Mac::Tie::PList'.
#     Error:  Can't locate Foundation.pm in @INC (@INC contains: /usr/home/cpan/pit/thr/conf/perl-5.12.0/.cpanplus/5.12.0/build/Mac-Tie-PList-0.03/blib/lib /usr/home/cpan/pit/thr/conf/perl-5.12.0/.cpanplus/5.12.0/build/Mac-Tie-PList-0.03/blib/arch /usr/home/cpan/pit/thr/conf/perl-5.12.0/.cpanplus/5.12.0/build/Mac-Tie-PList-0.03/blib/lib /usr/home/cpan/pit/thr/conf/perl-5.12.0/.cpanplus/5.12.0/build/Mac-Tie-PList-0.03/blib/arch /usr/home/cpan/pit/thr/perl-5.12.0/lib/site_perl/5.12.0/i386-freebsd-thread-multi /usr/home/cpan/pit/thr/perl-5.12.0/lib/site_perl/5.12.0 /usr/home/cpan/pit/thr/perl-5.12.0/lib/5.12.0/i386-freebsd-thread-multi /usr/home/cpan/pit/thr/perl-5.12.0/lib/5.12.0 .) at /usr/home/cpan/pit/thr/conf/perl-5.12.0/.cpanplus/5.12.0/build/Mac-Tie-PList-0.03/blib/lib/Mac/Tie/PList.pm line 50.
# BEGIN failed--compilation aborted at /usr/home/cpan/pit/thr/conf/perl-5.12.0/.cpanplus/5.12.0/build/Mac-Tie-PList-0.03/blib/lib/Mac/Tie/PList.pm line 50.
# Compilation failed in require at (eval 4) line 2.
# BEGIN failed--compilation aborted at (eval 4) line 2.
Can't locate object method "new_from_file" via package "Mac::Tie::PList" at t/01.basic.t line 5.
# Looks like you planned 2 tests but ran 1.
# Looks like you failed 1 test of 1 run.
# Looks like your test exited with 255 just after 1.
t/01.basic.t ........ 
Dubious, test returned 255 (wstat 65280, 0xff00)
Failed 2/2 subtests 

#   Failed test 'use Mac::Tie::PList;'
#   at t/10.readxml.t line 3.
#     Tried to use 'Mac::Tie::PList'.
#     Error:  Can't locate Foundation.pm in @INC (@INC contains: /usr/home/cpan/pit/thr/conf/perl-5.12.0/.cpanplus/5.12.0/build/Mac-Tie-PList-0.03/blib/lib /usr/home/cpan/pit/thr/conf/perl-5.12.0/.cpanplus/5.12.0/build/Mac-Tie-PList-0.03/blib/arch /usr/home/cpan/pit/thr/conf/perl-5.12.0/.cpanplus/5.12.0/build/Mac-Tie-PList-0.03/blib/lib /usr/home/cpan/pit/thr/conf/perl-5.12.0/.cpanplus/5.12.0/build/Mac-Tie-PList-0.03/blib/arch /usr/home/cpan/pit/thr/perl-5.12.0/lib/site_perl/5.12.0/i386-freebsd-thread-multi /usr/home/cpan/pit/thr/perl-5.12.0/lib/site_perl/5.12.0 /usr/home/cpan/pit/thr/perl-5.12.0/lib/5.12.0/i386-freebsd-thread-multi /usr/home/cpan/pit/thr/perl-5.12.0/lib/5.12.0 .) at /usr/home/cpan/pit/thr/conf/perl-5.12.0/.cpanplus/5.12.0/build/Mac-Tie-PList-0.03/blib/lib/Mac/Tie/PList.pm line 50.
# BEGIN failed--compilation aborted at /usr/home/cpan/pit/thr/conf/perl-5.12.0/.cpanplus/5.12.0/build/Mac-Tie-PList-0.03/blib/lib/Mac/Tie/PList.pm line 50.
# Compilation failed in require at (eval 4) line 2.
# BEGIN failed--compilation aborted at (eval 4) line 2.
Can't locate object method "new_from_file" via package "Mac::Tie::PList" at t/10.readxml.t line 5.
# Looks like you planned 12 tests but ran 1.
# Looks like you failed 1 test of 1 run.
# Looks like your test exited with 255 just after 1.
t/10.readxml.t ...... 
Dubious, test returned 255 (wstat 65280, 0xff00)
Failed 12/12 subtests 

#   Failed test 'use Mac::Tie::PList;'
#   at t/11.readbin.t line 3.
#     Tried to use 'Mac::Tie::PList'.
#     Error:  Can't locate Foundation.pm in @INC (@INC contains: /usr/home/cpan/pit/thr/conf/perl-5.12.0/.cpanplus/5.12.0/build/Mac-Tie-PList-0.03/blib/lib /usr/home/cpan/pit/thr/conf/perl-5.12.0/.cpanplus/5.12.0/build/Mac-Tie-PList-0.03/blib/arch /usr/home/cpan/pit/thr/conf/perl-5.12.0/.cpanplus/5.12.0/build/Mac-Tie-PList-0.03/blib/lib /usr/home/cpan/pit/thr/conf/perl-5.12.0/.cpanplus/5.12.0/build/Mac-Tie-PList-0.03/blib/arch /usr/home/cpan/pit/thr/perl-5.12.0/lib/site_perl/5.12.0/i386-freebsd-thread-multi /usr/home/cpan/pit/thr/perl-5.12.0/lib/site_perl/5.12.0 /usr/home/cpan/pit/thr/perl-5.12.0/lib/5.12.0/i386-freebsd-thread-multi /usr/home/cpan/pit/thr/perl-5.12.0/lib/5.12.0 .) at /usr/home/cpan/pit/thr/conf/perl-5.12.0/.cpanplus/5.12.0/build/Mac-Tie-PList-0.03/blib/lib/Mac/Tie/PList.pm line 50.
# BEGIN failed--compilation aborted at /usr/home/cpan/pit/thr/conf/perl-5.12.0/.cpanplus/5.12.0/build/Mac-Tie-PList-0.03/blib/lib/Mac/Tie/PList.pm line 50.
# Compilation failed in require at (eval 4) line 2.
# BEGIN failed--compilation aborted at (eval 4) line 2.
Can't locate object method "new_from_file" via package "Mac::Tie::PList" at t/11.readbin.t line 5.
# Looks like you planned 12 tests but ran 1.
# Looks like you failed 1 test of 1 run.
# Looks like your test exited with 255 just after 1.
t/11.readbin.t ...... 
Dubious, test returned 255 (wstat 65280, 0xff00)
Failed 12/12 subtests 
t/90.pod.t .......... skipped: Test::Pod 1.00 required for testing POD
t/91.podcoverage.t .. skipped: Test::Pod::Coverage required for testing pod coverage

Test Summary Report
-------------------
t/01.basic.t      (Wstat: 65280 Tests: 1 Failed: 1)
  Failed test:  1
  Non-zero exit status: 255
  Parse errors: Bad plan.  You planned 2 tests but ran 1.
t/10.readxml.t    (Wstat: 65280 Tests: 1 Failed: 1)
  Failed test:  1
  Non-zero exit status: 255
  Parse errors: Bad plan.  You planned 12 tests but ran 1.
t/11.readbin.t    (Wstat: 65280 Tests: 1 Failed: 1)
  Failed test:  1
  Non-zero exit status: 255
  Parse errors: Bad plan.  You planned 12 tests but ran 1.
Files=5, Tests=3,  0 wallclock secs ( 0.06 usr  0.05 sys +  0.21 cusr  0.06 csys =  0.39 CPU)
Result: FAIL
Failed 3/5 test programs. 3/3 subtests failed.
*** Error code 255

Stop in /usr/home/cpan/pit/thr/conf/perl-5.12.0/.cpanplus/5.12.0/build/Mac-Tie-PList-0.03.

[MSG] [Sun May 16 06:09:33 2010] DEFAULT 'proceed_on_test_failure' HANDLER RETURNING 'sub return value'


******************************** NOTE ********************************
The comments above are created mechanically, possibly without manual
checking by the sender.  As there are many people performing automatic
tests on each upload to CPAN, it is likely that you will receive 
identical messages about the same problem.

If you believe that the message is mistaken, please reply to the first
one with correction and/or additional informations, and do not take
it personally.  We appreciate your patience. :)
**********************************************************************

Additional comments:
 

This report was machine-generated by CPANPLUS::Dist::YACSmoke 0.56.
Powered by minismokebox version 0.26

------------------------------
ENVIRONMENT AND OTHER CONTEXT
------------------------------

Environment variables:

    AUTOMATED_TESTING = 1
    PATH = /sbin:/bin:/usr/sbin:/usr/bin:/usr/games:/usr/local/sbin:/usr/local/bin:/home/cpan/bin
    PERL5LIB = :/usr/home/cpan/pit/thr/conf/perl-5.12.0/.cpanplus/5.12.0/build/Mac-Tie-PList-0.03/blib/lib:/usr/home/cpan/pit/thr/conf/perl-5.12.0/.cpanplus/5.12.0/build/Mac-Tie-PList-0.03/blib/arch
    PERL5_CPANPLUS_IS_RUNNING = 49955
    PERL5_CPANPLUS_IS_VERSION = 0.9004
    PERL5_MINISMOKEBOX = 0.26
    PERL5_YACSMOKE_BASE = /usr/home/cpan/pit/thr/conf/perl-5.12.0/
    PERL_EXTUTILS_AUTOINSTALL = --defaultdeps
    PERL_MM_USE_DEFAULT = 1
    SHELL = /usr/local/bin/bash
    TERM = screen

Perl special variables (and OS-specific diagnostics, for MSWin32):

    Perl: $^X = /usr/home/cpan/pit/thr/perl-5.12.0/bin/perl
    UID:  $<  = 1003
    EUID: $>  = 1003
    GID:  $(  = 1003 1003 1003
    EGID: $)  = 1003 1003 1003


-------------------------------


--

Summary of my perl5 (revision 5 version 12 subversion 0) configuration:
   
  Platform:
    osname=freebsd, osvers=7.2-release, archname=i386-freebsd-thread-multi
    uname='freebsd wintermute.staffordshire.gov.uk 7.2-release freebsd 7.2-release #0: fri may 1 08:49:13 utc 2009 root@walker.cse.buffalo.edu:usrobjusrsrcsysgeneric i386 '
    config_args='-des -Dusethreads -Dprefix=/usr/home/cpan/pit/thr/perl-5.12.0'
    hint=recommended, useposix=true, d_sigaction=define
    useithreads=define, usemultiplicity=define
    useperlio=define, d_sfio=undef, uselargefiles=define, usesocks=undef
    use64bitint=undef, use64bitall=undef, uselongdouble=undef
    usemymalloc=n, bincompat5005=undef
  Compiler:
    cc='cc', ccflags ='-DHAS_FPSETMASK -DHAS_FLOATINGPOINT_H -fno-strict-aliasing -pipe -fstack-protector -I/usr/local/include',
    optimize='-O',
    cppflags='-DHAS_FPSETMASK -DHAS_FLOATINGPOINT_H -fno-strict-aliasing -pipe -fstack-protector -I/usr/local/include'
    ccversion='', gccversion='4.2.1 20070719  [FreeBSD]', gccosandvers=''
    intsize=4, longsize=4, ptrsize=4, doublesize=8, byteorder=1234
    d_longlong=define, longlongsize=8, d_longdbl=define, longdblsize=12
    ivtype='long', ivsize=4, nvtype='double', nvsize=8, Off_t='off_t', lseeksize=8
    alignbytes=4, prototype=define
  Linker and Libraries:
    ld='cc', ldflags ='-pthread -Wl,-E  -fstack-protector -L/usr/local/lib'
    libpth=/usr/lib /usr/local/lib
    libs=-lgdbm -lm -lcrypt
    perllibs=-lm -lcrypt
    libc=, so=so, useshrplib=false, libperl=libperl.a
    gnulibc_version=''
  Dynamic Linking:
    dlsrc=dl_dlopen.xs, dlext=so, d_dlsymun=undef, ccdlflags=' '
    cccdlflags='-DPIC -fPIC', lddlflags='-shared  -L/usr/local/lib -fstack-protector'


Characteristics of this binary (from libperl): 
  Compile-time options: MULTIPLICITY PERL_DONT_CREATE_GVSV
                        PERL_IMPLICIT_CONTEXT PERL_MALLOC_WRAP USE_ITHREADS
                        USE_LARGE_FILES USE_PERLIO USE_PERL_ATOF
                        USE_REENTRANT_API
  Built under freebsd
  Compiled at May 13 2010 11:39:21
  %ENV:
    PERL5LIB=":/usr/home/cpan/pit/thr/conf/perl-5.12.0/.cpanplus/5.12.0/build/Mac-Tie-PList-0.03/blib/lib:/usr/home/cpan/pit/thr/conf/perl-5.12.0/.cpanplus/5.12.0/build/Mac-Tie-PList-0.03/blib/arch"
    PERL5_CPANPLUS_IS_RUNNING="49955"
    PERL5_CPANPLUS_IS_VERSION="0.9004"
    PERL5_MINISMOKEBOX="0.26"
    PERL5_YACSMOKE_BASE="/usr/home/cpan/pit/thr/conf/perl-5.12.0/"
    PERL_EXTUTILS_AUTOINSTALL="--defaultdeps"
    PERL_MM_USE_DEFAULT="1"
  @INC:
    /usr/home/cpan/pit/thr/conf/perl-5.12.0/.cpanplus/5.12.0/build/Mac-Tie-PList-0.03/blib/lib
    /usr/home/cpan/pit/thr/conf/perl-5.12.0/.cpanplus/5.12.0/build/Mac-Tie-PList-0.03/blib/arch
    /usr/home/cpan/pit/thr/perl-5.12.0/lib/site_perl/5.12.0/i386-freebsd-thread-multi
    /usr/home/cpan/pit/thr/perl-5.12.0/lib/site_perl/5.12.0
    /usr/home/cpan/pit/thr/perl-5.12.0/lib/5.12.0/i386-freebsd-thread-multi
    /usr/home/cpan/pit/thr/perl-5.12.0/lib/5.12.0
    .