Report for Net-RabbitMQ-0.1.2

Back
From: metabase:user:31d414ea-2aae-11df-837a-5e0a49663a4f
Subject: FAIL Net-RabbitMQ-0.1.2 v5.6.2 GNU/Linux
Date: 2010-09-05T19:53:26Z

This distribution has been tested as part of the CPAN Testers
project, supporting the Perl programming language.  See
http://wiki.cpantesters.org/ for more information or email
questions to cpan-testers-discuss@perl.org


--
Dear Theo Schlossnagle,

This is a computer-generated report for Net-RabbitMQ-0.1.2
on perl 5.6.2, created by CPAN-Reporter-1.18.

Thank you for uploading your work to CPAN.  However, there was a problem
testing your distribution.

If you think this report is invalid, please consult the CPAN Testers Wiki
for suggestions on how to avoid getting FAIL reports for missing library
or binary dependencies, unsupported operating systems, and so on:

http://wiki.cpantesters.org/wiki/CPANAuthorNotes

Sections of this report:

    * Tester comments
    * Program output
    * Prerequisites
    * Environment and other context

------------------------------
TESTER COMMENTS
------------------------------

Additional comments from tester:

this report is from an automated smoke testing program
and was not reviewed by a human for accuracy

------------------------------
PROGRAM OUTPUT
------------------------------

Output from '/usr/bin/make test':

make: Warning: File `blib/arch/auto/Net/RabbitMQ/RabbitMQ.so' has modification time 0.59 s in the future
PERL_DL_NONLAZY=1 /home/david/cpantesting/perl-5.6.2/bin/perl "-MExtUtils::Command::MM" "-e" "test_harness(0, 'blib/lib', 'blib/arch')" t/*.t

#   Failed test 'connect'
#   at t/001_declare_exchange.t line 12.
#          got: 'options is not of type HVPtr at t/001_declare_exchange.t line 11.
# '
#     expected: ''

#   Failed test 'channel_open'
#   at t/001_declare_exchange.t line 14.
#          got: 'Opening channel: Operation not permitted
# '
#     expected: ''

#   Failed test 'exchange_delcare'
#   at t/001_declare_exchange.t line 16.
#          got: 'options is not of type HVPtr at t/001_declare_exchange.t line 15.
# '
#     expected: ''
# Looks like you failed 3 tests of 5.
t/001_declare_exchange.t .. 
Dubious, test returned 3 (wstat 768, 0x300)
Failed 3/5 subtests 

#   Failed test 'connect'
#   at t/002_publish.t line 12.
#          got: 'options is not of type HVPtr at t/002_publish.t line 11.
# '
#     expected: ''

#   Failed test 'channel_open'
#   at t/002_publish.t line 14.
#          got: 'Opening channel: Operation not permitted
# '
#     expected: ''

#   Failed test 'queue_declare'
#   at t/002_publish.t line 16.
#          got: 'options is not of type HVPtr at t/002_publish.t line 15.
# '
#     expected: ''

#   Failed test 'queue_bind'
#   at t/002_publish.t line 18.
#          got: 'Binding queue: Operation not permitted
# '
#     expected: ''

#   Failed test 'publish'
#   at t/002_publish.t line 20.
#          got: 'options is not of type HVPtr at t/002_publish.t line 19.
# '
#     expected: ''
# Looks like you failed 5 tests of 7.
t/002_publish.t ........... 
Dubious, test returned 5 (wstat 1280, 0x500)
Failed 5/7 subtests 

#   Failed test 'connect'
#   at t/003_consume.t line 12.
#          got: 'options is not of type HVPtr at t/003_consume.t line 11.
# '
#     expected: ''

#   Failed test 'channel_open'
#   at t/003_consume.t line 14.
#          got: 'Opening channel: Operation not permitted
# '
#     expected: ''

#   Failed test 'consume'
#   at t/003_consume.t line 16.
#          got: 'Consume queue: Operation not permitted
# '
#     expected: ''

#   Failed test 'recv'
#   at t/003_consume.t line 20.
#          got: 'Bad frame read. at t/003_consume.t line 19.
# '
#     expected: ''

#   Failed test 'payload'
#   at t/003_consume.t line 21.
#     Structures begin differing at:
#          $got->{body} = Does not exist
#     $expected->{body} = 'Magic Payload'
# Looks like you failed 5 tests of 7.
t/003_consume.t ........... 
Dubious, test returned 5 (wstat 1280, 0x500)
Failed 5/7 subtests 

#   Failed test 'connect'
#   at t/004_selfconsume.t line 12.
#          got: 'options is not of type HVPtr at t/004_selfconsume.t line 11.
# '
#     expected: ''

#   Failed test 'channel_open'
#   at t/004_selfconsume.t line 14.
#          got: 'Opening channel: Operation not permitted
# '
#     expected: ''

#   Failed test 'queue_declare'
#   at t/004_selfconsume.t line 17.
#          got: 'options is not of type HVPtr at t/004_selfconsume.t line 16.
# '
#     expected: ''

#   Failed test 'queue_declare -> private name'
#   at t/004_selfconsume.t line 18.
#          got: ''
#     expected: anything else

#   Failed test 'queue_bind'
#   at t/004_selfconsume.t line 20.
#          got: 'Binding queue: Operation not permitted
# '
#     expected: ''

#   Failed test 'consume'
#   at t/004_selfconsume.t line 23.
#          got: 'Consume queue: Operation not permitted
# '
#     expected: ''

#   Failed test 'recv'
#   at t/004_selfconsume.t line 27.
#          got: 'Bad frame read. at t/004_selfconsume.t line 26.
# '
#     expected: ''

#   Failed test 'payload'
#   at t/004_selfconsume.t line 28.
#     Structures begin differing at:
#          $got->{body} = Does not exist
#     $expected->{body} = 'Magic Transient Payload'
# Looks like you failed 8 tests of 10.
t/004_selfconsume.t ....... 
Dubious, test returned 8 (wstat 2048, 0x800)
Failed 8/10 subtests 

#   Failed test 'connect'
#   at t/005_noack.t line 12.
#          got: 'options is not of type HVPtr at t/005_noack.t line 11.
# '
#     expected: ''

#   Failed test 'channel_open'
#   at t/005_noack.t line 14.
#          got: 'Opening channel: Operation not permitted
# '
#     expected: ''

#   Failed test 'queue_declare'
#   at t/005_noack.t line 16.
#          got: 'options is not of type HVPtr at t/005_noack.t line 15.
# '
#     expected: ''

#   Failed test 'queue_bind'
#   at t/005_noack.t line 18.
#          got: 'Binding queue: Operation not permitted
# '
#     expected: ''

#   Failed test 'purge'
#   at t/005_noack.t line 20.
#          got: 'Purging queue: Operation not permitted
# '
#     expected: ''

#   Failed test 'publish'
#   at t/005_noack.t line 22.
#          got: 'options is not of type HVPtr at t/005_noack.t line 21.
# '
#     expected: ''

#   Failed test 'consuming'
#   at t/005_noack.t line 24.
#          got: 'options is not of type HVPtr at t/005_noack.t line 23.
# '
#     expected: ''

#   Failed test 'payload'
#   at t/005_noack.t line 27.
#     Structures begin differing at:
#          $got->{body} = Does not exist
#     $expected->{body} = 'Magic Payload 30094'

#   Failed test 'disconnect'
#   at t/005_noack.t line 35.
#          got: 'Closing connection: Operation not permitted
# '
#     expected: ''

#   Failed test 'connect'
#   at t/005_noack.t line 38.
#          got: 'options is not of type HVPtr at t/005_noack.t line 37.
# '
#     expected: ''

#   Failed test 'channel_open'
#   at t/005_noack.t line 40.
#          got: 'Opening channel: Operation not permitted
# '
#     expected: ''

#   Failed test 'consuming'
#   at t/005_noack.t line 42.
#          got: 'options is not of type HVPtr at t/005_noack.t line 41.
# '
#     expected: ''

#   Failed test 'payload'
#   at t/005_noack.t line 45.
#     Structures begin differing at:
#          $got->{body} = Does not exist
#     $expected->{body} = 'Magic Payload 30094'
Use of uninitialized value in subroutine entry at t/005_noack.t line 52.

#   Failed test 'acking'
#   at t/005_noack.t line 53.
#          got: 'bad tag at t/005_noack.t line 52.
# '
#     expected: ''
# Looks like you failed 14 tests of 16.
t/005_noack.t ............. 
Dubious, test returned 14 (wstat 3584, 0xe00)
Failed 14/16 subtests 

#   Failed test 'connect'
#   at t/006_txn.t line 12.
#          got: 'options is not of type HVPtr at t/006_txn.t line 11.
# '
#     expected: ''

#   Failed test 'channel_open'
#   at t/006_txn.t line 14.
#          got: 'Opening channel: Operation not permitted
# '
#     expected: ''

#   Failed test 'queue_declare'
#   at t/006_txn.t line 17.
#          got: 'options is not of type HVPtr at t/006_txn.t line 16.
# '
#     expected: ''

#   Failed test 'queue_declare -> private name'
#   at t/006_txn.t line 18.
#          got: ''
#     expected: anything else

#   Failed test 'queue_bind'
#   at t/006_txn.t line 20.
#          got: 'Binding queue: Operation not permitted
# '
#     expected: ''

#   Failed test 'tx_select'
#   at t/006_txn.t line 22.
#          got: 'Selecting transaction: Operation not permitted
# '
#     expected: ''

#   Failed test 'tx_rollback'
#   at t/006_txn.t line 25.
#          got: 'Rolling Back transaction: Operation not permitted
# '
#     expected: ''

#   Failed test 'tx_commit'
#   at t/006_txn.t line 28.
#          got: 'Commiting transaction: Operation not permitted
# '
#     expected: ''

#   Failed test 'consume'
#   at t/006_txn.t line 30.
#          got: 'Consume queue: Operation not permitted
# '
#     expected: ''

#   Failed test 'recv'
#   at t/006_txn.t line 34.
#          got: 'Bad frame read. at t/006_txn.t line 33.
# '
#     expected: ''

#   Failed test 'payload'
#   at t/006_txn.t line 35.
#     Structures begin differing at:
#          $got->{body} = Does not exist
#     $expected->{body} = 'Magic Transient Payload (Commit)'
# Looks like you failed 11 tests of 13.
t/006_txn.t ............... 
Dubious, test returned 11 (wstat 2816, 0xb00)
Failed 11/13 subtests 

#   Failed test 'connect'
#   at t/007_get.t line 12.
#          got: 'options is not of type HVPtr at t/007_get.t line 11.
# '
#     expected: ''

#   Failed test 'channel_open'
#   at t/007_get.t line 14.
#          got: 'Opening channel: Operation not permitted
# '
#     expected: ''

#   Failed test 'queue_declare'
#   at t/007_get.t line 17.
#          got: 'options is not of type HVPtr at t/007_get.t line 16.
# '
#     expected: ''

#   Failed test 'queue_declare -> private name'
#   at t/007_get.t line 18.
#          got: ''
#     expected: anything else

#   Failed test 'queue_bind'
#   at t/007_get.t line 20.
#          got: 'Binding queue: Operation not permitted
# '
#     expected: ''

#   Failed test 'get'
#   at t/007_get.t line 24.
#          got: 'basic_get: Operation not permitted
# '
#     expected: ''

#   Failed test 'get'
#   at t/007_get.t line 30.
#          got: 'basic_get: Operation not permitted
# '
#     expected: ''

#   Failed test 'get should see message'
#   at t/007_get.t line 31.
#     Structures begin differing at:
#          $got = undef
#     $expected = HASH(0x80f3f0)
# Looks like you failed 8 tests of 11.
t/007_get.t ............... 
Dubious, test returned 8 (wstat 2048, 0x800)
Failed 8/11 subtests 

Test Summary Report
-------------------
t/001_declare_exchange.t (Wstat: 768 Tests: 5 Failed: 3)
  Failed tests:  3-5
  Non-zero exit status: 3
t/002_publish.t         (Wstat: 1280 Tests: 7 Failed: 5)
  Failed tests:  3-7
  Non-zero exit status: 5
t/003_consume.t         (Wstat: 1280 Tests: 7 Failed: 5)
  Failed tests:  3-7
  Non-zero exit status: 5
t/004_selfconsume.t     (Wstat: 2048 Tests: 10 Failed: 8)
  Failed tests:  3-10
  Non-zero exit status: 8
t/005_noack.t           (Wstat: 3584 Tests: 16 Failed: 14)
  Failed tests:  3-16
  Non-zero exit status: 14
t/006_txn.t             (Wstat: 2816 Tests: 13 Failed: 11)
  Failed tests:  3-13
  Non-zero exit status: 11
t/007_get.t             (Wstat: 2048 Tests: 11 Failed: 8)
  Failed tests:  3-8, 10-11
  Non-zero exit status: 8
Files=7, Tests=69,  1 wallclock secs ( 0.04 usr  0.04 sys +  0.15 cusr  0.03 csys =  0.26 CPU)
Result: FAIL
Failed 7/7 test programs. 54/69 subtests failed.
make: *** [test_dynamic] Error 11

------------------------------
PREREQUISITES
------------------------------

Prerequisite modules loaded:

configure_requires:

    Module              Need Have
    ------------------- ---- ----
    ExtUtils::MakeMaker 0    6.56


------------------------------
ENVIRONMENT AND OTHER CONTEXT
------------------------------

Environment variables:

    AUTOMATED_TESTING = 1
    PATH = /usr/local/bin:/usr/bin:/bin:/usr/games
    PERL5LIB = 
    PERL5OPT = 
    PERL5_CPANPLUS_IS_RUNNING = 29978
    PERL5_CPAN_IS_RUNNING = 29978
    PERLVER = 5.6.2
    PERL_INLINE_DIRECTORY = /home/david/.Inline-5.6.2
    SHELL = /bin/bash
    TERM = screen

Perl special variables (and OS-specific diagnostics, for MSWin32):

    $^X = /home/david/cpantesting/perl-5.6.2/bin/perl
    $UID/$EUID = 1000 / 1000
    $GID = 1000 1000
    $EGID = 1000 1000

Perl module toolchain versions installed:

    Module              Have  
    ------------------- ------
    CPAN                1.9402
    Cwd                 3.31  
    ExtUtils::CBuilder  0.2703
    ExtUtils::Command   1.16  
    ExtUtils::Install   1.54  
    ExtUtils::MakeMaker 6.56  
    ExtUtils::Manifest  1.56  
    ExtUtils::ParseXS   2.2206
    File::Spec          3.31  
    Module::Build       0.3607
    Module::Signature   n/a   
    Test::Harness       3.22  
    Test::More          0.96  
    YAML                n/a   
    YAML::Syck          n/a   
    version             0.82  


--

Summary of my perl5 (revision 5.0 version 6 subversion 2) configuration:
  Platform:
    osname=linux, osvers=2.6.18-4-xen-amd64, archname=x86_64-linux
    uname='linux pigsty.barnyard.co.uk 2.6.18-4-xen-amd64 #1 smp fri may 4 02:40:51 utc 2007 x86_64 gnulinux '
    config_args='-de -Dprefix=/home/david/cpantesting/perl-5.6.2'
    hint=recommended, useposix=true, d_sigaction=define
    usethreads=undef use5005threads=undef useithreads=undef usemultiplicity=undef
    useperlio=undef d_sfio=undef uselargefiles=define usesocks=undef
    use64bitint=define use64bitall=define uselongdouble=undef
  Compiler:
    cc='cc', ccflags ='-fno-strict-aliasing -I/usr/local/include -D_LARGEFILE_SOURCE -D_FILE_OFFSET_BITS=64',
    optimize='-O2',
    cppflags='-fno-strict-aliasing -I/usr/local/include'
    ccversion='', gccversion='4.1.2 20061115 (prerelease) (Debian 4.1.1-21)', gccosandvers=''
    intsize=4, longsize=8, ptrsize=8, doublesize=8, byteorder=12345678
    d_longlong=define, longlongsize=8, d_longdbl=define, longdblsize=16
    ivtype='long', ivsize=8, nvtype='double', nvsize=8, Off_t='off_t', lseeksize=8
    alignbytes=8, usemymalloc=n, prototype=define
  Linker and Libraries:
    ld='cc', ldflags =' -L/usr/local/lib'
    libpth=/usr/local/lib /lib /usr/lib
    libs=-lnsl -lgdbm -ldb -ldl -lm -lc -lcrypt -lutil
    perllibs=-lnsl -ldl -lm -lc -lcrypt -lutil
    libc=/lib/libc-2.3.6.so, so=so, useshrplib=false, libperl=libperl.a
  Dynamic Linking:
    dlsrc=dl_dlopen.xs, dlext=so, d_dlsymun=undef, ccdlflags='-rdynamic'
    cccdlflags='-fpic', lddlflags='-shared -L/usr/local/lib'


Characteristics of this binary (from libperl): 
  Compile-time options: USE_64_BIT_INT USE_64_BIT_ALL USE_LARGE_FILES
  Built under linux
  Compiled at Aug 25 2010 13:58:18
  %ENV:
    PERL5LIB=""
    PERL5OPT=""
    PERL5_CPANPLUS_IS_RUNNING="29978"
    PERL5_CPAN_IS_RUNNING="29978"
    PERLVER="5.6.2"
    PERL_INLINE_DIRECTORY="/home/david/.Inline-5.6.2"
  @INC:
    /home/david/cpantesting/perl-5.6.2/lib/5.6.2/x86_64-linux
    /home/david/cpantesting/perl-5.6.2/lib/5.6.2
    /home/david/cpantesting/perl-5.6.2/lib/site_perl/5.6.2/x86_64-linux
    /home/david/cpantesting/perl-5.6.2/lib/site_perl/5.6.2
    /home/david/cpantesting/perl-5.6.2/lib/site_perl
    .