Image-Base-Magick v7 Perl 5 v5.8.9 MSWin32-x86-multi-thread

Status
Fail
From
NONAME
Dist
Image-Base-Magick v7
Platform
Perl 5 v5.8.9 MSWin32-x86-multi-thread
Date
2021-09-04T13:26:09
ID
403ee122-6e05-1014-9ef2-341b032c038b
This distribution has been tested as part of the CPAN Testers
project, supporting the Perl programming language.  See
http://wiki.cpantesters.org/ for more information or email
questions to cpan-testers-discuss@perl.org


--
Dear Kevin Ryde,

This is a computer-generated report for Image-Base-Magick-7
on perl 5.8.9, created by CPAN-Reporter-1.2018.

Thank you for uploading your work to CPAN.  However, there was a problem
testing your distribution.

If you think this report is invalid, please consult the CPAN Testers Wiki
for suggestions on how to avoid getting FAIL reports for missing library
or binary dependencies, unsupported operating systems, and so on:

http://wiki.cpantesters.org/wiki/CPANAuthorNotes

Sections of this report:

    * Tester comments
    * Program output
    * Prerequisites
    * Environment and other context

------------------------------
TESTER COMMENTS
------------------------------

Additional comments from tester:

none provided

------------------------------
PROGRAM OUTPUT
------------------------------

Output from 'C:\strawberry\c\bin\dmake.EXE test':

C:\"Strawberry\perl\bin\perl.exe" "-MExtUtils::Command::MM" "-MTest::Harness" "-e" "undef *Test::Harness::Switches; test_harness(0, 'blib\lib', 'blib\arch')" t/*.t
t/Magick-use.t ..... ok
# Test::Weaken 2.000 not available -- Can't locate Test/Weaken.pm in @INC (@INC contains: t C:\strawberry\cpan\build\Image-Base-Magick-7-0\blib\lib C:\strawberry\cpan\build\Image-Base-Magick-7-0\blib\arch C:\home\flower\perl5\lib\perl5/5.8.9/MSWin32-x86-multi-thread C:\home\flower\perl5\lib\perl5/5.8.9 C:\home\flower\perl5\lib\perl5/MSWin32-x86-multi-thread C:\home\flower\perl5\lib\perl5 C:/Strawberry/perl/lib C:/Strawberry/perl/site/lib C:\strawberry\perl\vendor\lib .) at (eval 2) line 1.
# BEGIN failed--compilation aborted at (eval 2) line 1.
# 
t/Magick-weaken.t .. ok
# Image::Magick VERSION 6.9.12
# Tempfile tempfile.png
t/Magick.t ......... 
Dubious, test returned 23 (wstat 5888, 0x1700)
Failed 2513/2518 subtests 

Test Summary Report
-------------------
t/Magick.t       (Wstat: 5888 Tests: 5 Failed: 0)
  Non-zero exit status: 23
  Parse errors: Bad plan.  You planned 2518 tests but ran 5.
Files=3, Tests=7, 10 wallclock secs ( 0.09 usr +  0.20 sys =  0.30 CPU)
Result: FAIL
Failed 1/3 test programs. 0/7 subtests failed.
dmake.EXE:  Error code 151, while making 'test_dynamic'

------------------------------
PREREQUISITES
------------------------------

Prerequisite modules loaded:

requires:

    Module              Need  Have    
    ------------------- ----- --------
    Image::Base         0     1.17    
    Image::Magick       0     6.9.12  
    perl                5.001 5.008009

build_requires:

    Module              Need  Have    
    ------------------- ----- --------
    ExtUtils::MakeMaker 0     7.63_05 
    Test                0     1.25    

configure_requires:

    Module              Need  Have    
    ------------------- ----- --------
    ExtUtils::MakeMaker 0     7.63_05 


------------------------------
ENVIRONMENT AND OTHER CONTEXT
------------------------------

Environment variables:

    COMSPEC = C:\windows\system32\cmd.exe
    NONINTERACTIVE_TESTING = 1
    NUMBER_OF_PROCESSORS = 4
    PATH = C:\Program Files\ImageMagick-6.9.12-Q16;C:\home\flower\perl5\bin;C:\windows\system32;C:\windows;C:\windows\System32\Wbem;C:\windows\System32\WindowsPowerShell\v1.0\;C:\Strawberry\c\bin;C:\Strawberry\perl\site\bin;C:\Strawberry\perl\bin
    PERL5LIB = C:\home\flower\perl5\lib\perl5
    PERL5OPT = 
    PERL5_CPANPLUS_IS_RUNNING = 8272
    PERL5_CPAN_IS_RUNNING = 8272
    PERL_LOCAL_LIB_ROOT = C:\home\flower\perl5
    PERL_MB_OPT = --install_base "C:\\home\\flower\\perl5"
    PERL_MM_OPT = INSTALL_BASE=C:\\home\\flower\\perl5
    PERL_MM_USE_DEFAULT = 1
    PROCESSOR_IDENTIFIER = x86 Family 6 Model 37 Stepping 5, GenuineIntel
    TEMP = C:\Users\user\AppData\Local\Temp
    TERM = dumb

Perl special variables (and OS-specific diagnostics, for MSWin32):

    $^X = C:\Strawberry\perl\bin\perl.exe
    $UID/$EUID = 0 / 0
    $GID = 0
    $EGID = 0
    Win32::GetOSName = Win7
    Win32::GetOSVersion = Service Pack 1, 6, 1, 7601, 2, 1, 0, 256, 1
    Win32::FsType = NTFS
    Win32::IsAdminUser = 0

Perl module toolchain versions installed:

    Module              Have    
    ------------------- --------
    CPAN                2.16    
    CPAN::Meta          2.150010
    Cwd                 3.62    
    ExtUtils::CBuilder  0.280224
    ExtUtils::Command   7.63_05 
    ExtUtils::Install   2.14    
    ExtUtils::MakeMaker 7.63_05 
    ExtUtils::Manifest  1.70    
    ExtUtils::ParseXS   3.30    
    File::Spec          3.62    
    JSON                2.94    
    JSON::PP            2.97001 
    Module::Build       0.42_28 
    Module::Signature   0.63    
    Parse::CPAN::Meta   2.150010
    Test::Harness       3.36    
    Test::More          1.302186
    YAML                1.26    
    YAML::Syck          1.29    
    version             0.9924  


--

Summary of my perl5 (revision 5 version 8 subversion 9) configuration:
  Platform:
    osname=MSWin32, osvers=5.1, archname=MSWin32-x86-multi-thread
    uname='Win32 strawberryperl 5.8.9.5 #1 Wed Apr 28 11:51:06 2010 i386'
    config_args='undef'
    hint=recommended, useposix=true, d_sigaction=undef
    usethreads=define use5005threads=undef useithreads=define usemultiplicity=define
    useperlio=define d_sfio=undef uselargefiles=define usesocks=undef
    use64bitint=undef use64bitall=undef uselongdouble=undef
    usemymalloc=n, bincompat5005=undef
  Compiler:
    cc='gcc', ccflags =' -s -O2 -DWIN32 -DHAVE_DES_FCRYPT  -DUSE_SITECUSTOMIZE -DPERL_IMPLICIT_CONTEXT -DPERL_IMPLICIT_SYS -fno-strict-aliasing -DPERL_MSVCRT_READFIX',
    optimize='-s -O2',
    cppflags='-DWIN32'
    ccversion='', gccversion='3.4.5', gccosandvers=''
    intsize=4, longsize=4, ptrsize=4, doublesize=8, byteorder=1234
    d_longlong=undef, longlongsize=8, d_longdbl=define, longdblsize=12
    ivtype='long', ivsize=4, nvtype='double', nvsize=8, Off_t='long long', lseeksize=8
    alignbytes=8, prototype=define
  Linker and Libraries:
    ld='g++', ldflags ='-s -L"C:\strawberry\perl\lib\CORE" -L"C:\strawberry\c\lib"'
    libpth=C:\strawberry\c\lib
    libs= -lmsvcrt -lmoldname -lkernel32 -luser32 -lgdi32 -lwinspool -lcomdlg32 -ladvapi32 -lshell32 -lole32 -loleaut32 -lnetapi32 -luuid -lws2_32 -lmpr -lwinmm -lversion -lodbc32 -lodbccp32
    perllibs= -lmsvcrt -lmoldname -lkernel32 -luser32 -lgdi32 -lwinspool -lcomdlg32 -ladvapi32 -lshell32 -lole32 -loleaut32 -lnetapi32 -luuid -lws2_32 -lmpr -lwinmm -lversion -lodbc32 -lodbccp32
    libc=-lmsvcrt, so=dll, useshrplib=true, libperl=libperl58.a
    gnulibc_version=''
  Dynamic Linking:
    dlsrc=dl_win32.xs, dlext=dll, d_dlsymun=undef, ccdlflags=' '
    cccdlflags=' ', lddlflags='-mdll -s -L"C:\strawberry\perl\lib\CORE" -L"C:\strawberry\c\lib"'


Characteristics of this binary (from libperl): 
  Compile-time options: MULTIPLICITY PERL_IMPLICIT_CONTEXT PERL_IMPLICIT_SYS
                        PERL_MALLOC_WRAP PL_OP_SLAB_ALLOC USE_FAST_STDIO
                        USE_ITHREADS USE_LARGE_FILES USE_PERLIO
                        USE_SITECUSTOMIZE
  Built under MSWin32
  Compiled at Apr 28 2010 11:57:55
  %ENV:
    PERL5LIB="C:\home\flower\perl5\lib\perl5"
    PERL5_CPANPLUS_IS_RUNNING="8272"
    PERL5_CPAN_IS_RUNNING="8272"
    PERL_LOCAL_LIB_ROOT="C:\home\flower\perl5"
    PERL_MB_OPT="--install_base "C:\\home\\flower\\perl5""
    PERL_MM_OPT="INSTALL_BASE=C:\\home\\flower\\perl5"
    PERL_MM_USE_DEFAULT="1"
  @INC:
    C:\home\flower\perl5\lib\perl5/5.8.9/MSWin32-x86-multi-thread
    C:\home\flower\perl5\lib\perl5/5.8.9
    C:\home\flower\perl5\lib\perl5/MSWin32-x86-multi-thread
    C:\home\flower\perl5\lib\perl5
    C:/Strawberry/perl/lib
    C:/Strawberry/perl/site/lib
    C:\strawberry\perl\vendor\lib
    .