UniEvent v1.2.10 Perl 5 v5.32.1 amd64-freebsd-thread-multi

Status
Fail
From
Slaven Rezić
Dist
UniEvent v1.2.10
Platform
Perl 5 v5.32.1 amd64-freebsd-thread-multi
Date
2022-02-10T21:41:51
ID
41ae36ec-8aba-11ec-a54a-dd321f24ea8f
This distribution has been tested as part of the CPAN Testers
project, supporting the Perl programming language.  See
http://wiki.cpantesters.org/ for more information or email
questions to cpan-testers-discuss@perl.org


--
Dear Oleg Pronin,

This is a computer-generated report for UniEvent-1.2.10
on perl 5.32.1, created by CPAN-Reporter-1.2018.

Thank you for uploading your work to CPAN.  However, there was a problem
testing your distribution.

If you think this report is invalid, please consult the CPAN Testers Wiki
for suggestions on how to avoid getting FAIL reports for missing library
or binary dependencies, unsupported operating systems, and so on:

http://wiki.cpantesters.org/wiki/CPANAuthorNotes

Sections of this report:

    * Tester comments
    * Program output
    * Prerequisites
    * Environment and other context

------------------------------
TESTER COMMENTS
------------------------------

Additional comments from tester:

none provided

------------------------------
PROGRAM OUTPUT
------------------------------

Output from '/usr/bin/make test':

"/usr/local/bin/perl" -MExtUtils::Command::MM -e 'cp_nonempty' -- UniEvent.bs blib/arch/auto/UniEvent/UniEvent.bs 644
cd clib/build && cd ../cmake_props && make  unievent
[100%] Built target unievent
cd clib/build && make install > /dev/null 2>&1
/home/cpansand/.cpan/build/2022021016/Alien-cmake3-0.08-0/blib/lib/auto/share/dist/Alien-cmake3/bin/cmake -E copy_directory clib/build/cmake_prefix/include blib/arch/UniEvent.x/i/
Skip blib/arch/UniEvent/Request/Write.pod (unchanged)
Skip blib/arch/UniEvent/Idle.pm (unchanged)
Skip blib/arch/UniEvent.x/i/xs/unievent/Backend.h (unchanged)
Skip blib/arch/UniEvent/Tty.pm (unchanged)
Skip blib/arch/UniEvent.x/i/xs/unievent/Tty.h (unchanged)
Skip blib/arch/UniEvent/Resolver/Request.pod (unchanged)
Skip blib/arch/UniEvent.x/i/xs/unievent/Fs.h (unchanged)
Skip blib/arch/UniEvent.x/i/xs/unievent/Work.h (unchanged)
Skip blib/arch/UniEvent/Streamer/FileInput.pm (unchanged)
Skip blib/arch/UniEvent/Backend/UV.pod (unchanged)
Skip blib/arch/UniEvent/SystemError.pod (unchanged)
Skip blib/arch/UniEvent/Poll.pm (unchanged)
Skip blib/arch/UniEvent/Streamer/StreamOutput.pod (unchanged)
Skip blib/arch/UniEvent/Streamer/StreamInput.pod (unchanged)
Skip blib/arch/UniEvent/Resolver.pm (unchanged)
Skip blib/arch/UniEvent/Request/Shutdown.pod (unchanged)
Skip blib/arch/UniEvent/Handle.pod (unchanged)
Skip blib/arch/UniEvent/Streamer/Output.pm (unchanged)
Skip blib/arch/UniEvent/Streamer/IInput.pod (unchanged)
Skip blib/arch/UniEvent.x/i/xs/unievent/Check.h (unchanged)
Skip blib/arch/UniEvent.x/i/xs/unievent.h (unchanged)
Skip blib/arch/UE.pod (unchanged)
Skip blib/arch/UniEvent/Streamer/Output.pod (unchanged)
Skip blib/arch/UE.pm (unchanged)
Skip blib/arch/UniEvent/Signal.pod (unchanged)
Skip blib/arch/UniEvent/Loop.pod (unchanged)
Skip blib/arch/UniEvent/Work.pm (unchanged)
Skip blib/arch/UniEvent.x/i/xs/unievent/Prepare.h (unchanged)
Skip blib/arch/UniEvent/Streamer.pod (unchanged)
Skip blib/arch/UniEvent/Handle.pm (unchanged)
Skip blib/arch/UniEvent.x/i/xs/unievent/Idle.h (unchanged)
Skip blib/arch/UniEvent/Error.pod (unchanged)
Skip blib/arch/UniEvent/Timer.pm (unchanged)
Skip blib/arch/UniEvent/Tcp.pod (unchanged)
Skip blib/arch/UniEvent/Signal.pm (unchanged)
Skip blib/arch/UniEvent/Timer.pod (unchanged)
Skip blib/arch/UniEvent/Error.pm (unchanged)
Skip blib/arch/UniEvent/Streamer/IInput.pm (unchanged)
Skip blib/arch/UniEvent.pm (unchanged)
Skip blib/arch/UniEvent/Check.pm (unchanged)
Skip blib/arch/UniEvent.x/i/xs/unievent/Pipe.h (unchanged)
Skip blib/arch/UniEvent/Pipe.pod (unchanged)
Skip blib/arch/UniEvent/ResolveError.pod (unchanged)
Skip blib/arch/UniEvent.x/i/xs/unievent/Ssl.h (unchanged)
Skip blib/arch/UniEvent/Streamer/StreamInput.pm (unchanged)
Skip blib/arch/UniEvent/Streamer/StreamOutput.pm (unchanged)
Skip blib/arch/UniEvent/Udp.pm (unchanged)
Skip blib/arch/UniEvent/Check.pod (unchanged)
Skip blib/arch/UniEvent/Fs.pod (unchanged)
Skip blib/arch/UniEvent.x/i/xs/unievent/Loop.h (unchanged)
Skip blib/arch/UniEvent.x/i/xs/unievent/Signal.h (unchanged)
Skip blib/arch/UniEvent/Poll.pod (unchanged)
Skip blib/arch/UniEvent.x/i/xs/unievent/error.h (unchanged)
Skip blib/arch/UniEvent/SystemError.pm (unchanged)
Skip blib/arch/UniEvent/Request.pm (unchanged)
Skip blib/arch/UniEvent/Streamer/FileOutput.pod (unchanged)
Skip blib/arch/UniEvent/Streamer/Input.pm (unchanged)
Skip blib/arch/UniEvent/Streamer/FileInput.pod (unchanged)
Skip blib/arch/UniEvent.x/i/xs/unievent/Listener.h (unchanged)
Skip blib/arch/UniEvent.x/i/xs/unievent/FsPoll.h (unchanged)
Skip blib/arch/UniEvent/Udp.pod (unchanged)
Skip blib/arch/UniEvent/Idle.pod (unchanged)
Skip blib/arch/UniEvent/Stream.pod (unchanged)
Skip blib/arch/UniEvent/Loop.pm (unchanged)
Skip blib/arch/UniEvent/Streamer/Input.pod (unchanged)
Skip blib/arch/UniEvent.x/i/xs/unievent/Request.h (unchanged)
Skip blib/arch/UniEvent/Tcp.pm (unchanged)
Skip blib/arch/UniEvent.x/i/xs/unievent/Handle.h (unchanged)
Skip blib/arch/UniEvent.x/i/xs/unievent/Streamer.h (unchanged)
Skip blib/arch/UniEvent.x/i/xs/unievent/Stream.h (unchanged)
Skip blib/arch/UniEvent.x/i/xs/unievent/Udp.h (unchanged)
Skip blib/arch/UniEvent/Fs.pm (unchanged)
Skip blib/arch/UniEvent/FsPoll.pm (unchanged)
Skip blib/arch/UniEvent/Streamer/IOutput.pod (unchanged)
Skip blib/arch/UniEvent/Streamer/FileOutput.pm (unchanged)
Skip blib/arch/UniEvent.x/i/xs/unievent/util.h (unchanged)
Skip blib/arch/UniEvent.pod (unchanged)
Skip blib/arch/UniEvent/Request/Connect.pod (unchanged)
Skip blib/arch/UniEvent.x/i/xs/unievent/Timer.h (unchanged)
Skip blib/arch/UniEvent/Backend.pod (unchanged)
Skip blib/arch/UniEvent/Request/Send.pod (unchanged)
Skip blib/arch/UniEvent/FsEvent.pm (unchanged)
Skip blib/arch/UniEvent.x/i/xs/unievent/AddrInfo.h (unchanged)
Skip blib/arch/UniEvent.x/i/xs/unievent/Tcp.h (unchanged)
Skip blib/arch/UniEvent.x/info (unchanged)
Skip blib/arch/UniEvent/Streamer/IOutput.pm (unchanged)
Skip blib/arch/UniEvent/FsPoll.pod (unchanged)
Skip blib/arch/UniEvent/Prepare.pm (unchanged)
Skip blib/arch/UniEvent/StreamerError.pod (unchanged)
Skip blib/arch/UniEvent/Tty.pod (unchanged)
Skip blib/arch/UniEvent/Resolver.pod (unchanged)
Skip blib/arch/UniEvent/Prepare.pod (unchanged)
Skip blib/arch/UniEvent/Backend/UV.pm (unchanged)
Skip blib/arch/UniEvent/FsEvent.pod (unchanged)
Skip blib/arch/UniEvent/Test/Async.pm (unchanged)
Skip blib/arch/UniEvent/Stream.pm (unchanged)
Skip blib/arch/UniEvent.x/i/xs/unievent/Resolver.h (unchanged)
Skip blib/arch/UniEvent/Streamer.pm (unchanged)
Skip blib/arch/UniEvent/Backend.pm (unchanged)
Skip blib/arch/UniEvent.x/i/xs/unievent/FsEvent.h (unchanged)
Skip blib/arch/UniEvent/Resolver/Request.pm (unchanged)
Skip blib/arch/UniEvent.x/i/xs/unievent/Poll.h (unchanged)
Skip blib/arch/UniEvent/Pipe.pm (unchanged)
"/usr/local/bin/perl" -Ilib -MXS::Install::ParseXS -MXS::Framework::ParseXS "/usr/local/lib/perl5/5.32/ExtUtils/xsubpp"  -hiertype -C++ -hiertype -C++ -typemap '/usr/local/lib/perl5/5.32/ExtUtils/typemap' -typemap '/usr/home/cpansand/.cpan/build/2022021016/XS-Install-1.3.5-1/blib/lib/XS/Install.x/tm/typemap' -typemap '/usr/home/cpansand/.cpan/build/2022021016/XS-Framework-1.5.2-0/blib/arch/XS/Framework.x/tm/typemap64' -typemap '/usr/home/cpansand/.cpan/build/2022021016/XS-Framework-1.5.2-0/blib/arch/XS/Framework.x/tm/typemap' -typemap '/usr/home/cpansand/.cpan/build/2022021016/XS-Install-1.3.5-1/blib/lib/XS/Install.x/tm/typemap' -typemap '/usr/home/cpansand/.cpan/build/2022021016/XS-Framework-1.5.2-0/blib/arch/XS/Framework.x/tm/typemap64' -typemap '/usr/home/cpansand/.cpan/build/2022021016/XS-Framework-1.5.2-0/blib/arch/XS/Framework.x/tm/typemap' -csuffix _xsgen.cc  t/lib/MyTest.xs > t/lib/MyTest.xsc
mv t/lib/MyTest.xsc t/lib/MyTest_xsgen.cc
c++ -c  -Isrc -I/usr/home/cpansand/.cpan/build/2022021016/UniEvent-1.2.10-0/clib/src -I/usr/home/cpansand/.cpan/build/2022021016/UniEvent-1.2.10-0/clib/backend-uv/src -I/usr/home/cpansand/.cpan/build/2022021016/UniEvent-1.2.10-0/clib/backend-uv/include -I/usr/include -I/usr/home/cpansand/.cpan/build/2022021016/UniEvent-1.2.10-0/clib/src -I/usr/home/cpansand/.cpan/build/2022021016/UniEvent-1.2.10-0/clib/backend-uv/src -I/usr/home/cpansand/.cpan/build/2022021016/UniEvent-1.2.10-0/clib/backend-uv/include -I/usr/include -I/usr/home/cpansand/.cpan/build/2022021016/XS-Install-1.3.5-1/blib/lib/XS/Install.x/i -I/usr/home/cpansand/.cpan/build/2022021016/XS-libuv-1.41.0.0-0/blib/arch/XS/libuv.x/i -I/usr/home/cpansand/.cpan/build/2022021016/XS-Framework-1.5.2-0/blib/arch/XS/Framework.x/i -I/usr/home/cpansand/.cpan/build/2022021016/XS-libpanda-1.5.8-0/blib/arch/XS/libpanda.x/i -I/usr/home/cpansand/.cpan/build/2022021016/next-XS-1.0.7-0/blib/arch/next/XS.x/i -I/usr/home/cpansand/.cpan/build/2022021016/XS-libcares-1.17.1.2-0/blib/arch/XS/libcares.x/i -I/usr/home/cpansand/.cpan/build/2022021016/XLog-1.1.2-0/blib/arch/XLog.x/i -I/usr/home/cpansand/.cpan/build/2022021016/Export-XS-3.0.5-0/blib/arch/Export/XS.x/i -I/usr/home/cpansand/.cpan/build/2022021016/Net-SockAddr-1.1.2-0/blib/arch/Net/SockAddr.x/i -I/usr/home/cpansand/.cpan/build/2022021016/XS-libcatch-3.0.0.4-0/blib/arch/XS/libcatch.x/i -I/usr/include  -Wall -Wextra -std=c++14 -DHAS_FPSETMASK -DHAS_FLOATINGPOINT_H -DUSE_THREAD_SAFE_LOCALE -fno-strict-aliasing -pipe -fstack-protector-strong -I/usr/local/include -o t/lib/MyTest_xsgen.o -pipe -fstack-protector-strong -fno-strict-aliasing -pipe -fstack-protector-strong -fno-strict-aliasing -O0    -DVERSION=\"0.0.0\"  -DXS_VERSION=\"0.0.0\" -DPIC -fPIC "-I/usr/local/lib/perl5/5.32/mach/CORE"  -DCARES_STATICLIB -DCARES_STATICLIB t/lib/MyTest_xsgen.cc
In file included from t/lib/MyTest.xs:1:
In file included from /usr/home/cpansand/.cpan/build/2022021016/UniEvent-1.2.10-0/clib/src/panda/unievent.h:9:
In file included from /usr/home/cpansand/.cpan/build/2022021016/UniEvent-1.2.10-0/clib/src/panda/unievent/Resolver.h:6:
/usr/home/cpansand/.cpan/build/2022021016/UniEvent-1.2.10-0/clib/src/panda/unievent/AddrInfo.h:17:5: warning: definition of implicit copy assignment operator for 'AddrInfoHints' is deprecated because it has a user-declared copy constructor [-Wdeprecated-copy]
    AddrInfoHints (const AddrInfoHints& oth) = default;
    ^
/usr/home/cpansand/.cpan/build/2022021016/UniEvent-1.2.10-0/clib/src/panda/unievent/Resolver.h:190:66: note: in implicit copy assignment operator for 'panda::unievent::AddrInfoHints' first required here
    RequestSP hints      (const AddrInfoHints& val) { _hints     = val; return this; }
                                                                 ^
t/lib/MyTest_xsgen.cc:547:1: warning: duplicate 'extern' declaration specifier [-Wduplicate-decl-specifier]
XS_EXTERNAL(boot_MyTest) { xs::throw_guard(cv, [=]() mutable
^
/usr/local/lib/perl5/5.32/mach/CORE/XSUB.h:134:29: note: expanded from macro 'XS_EXTERNAL'
#  define XS_EXTERNAL(name) extern "C" XSPROTO(name)
                            ^
2 warnings generated.
Running Mkbootstrap for MyTest ()
chmod 644 "MyTest.bs"
"/usr/local/bin/perl" -MExtUtils::Command::MM -e 'cp_nonempty' -- MyTest.bs blib/arch/auto/MyTest/MyTest.bs 644
cd clib/build && cd ../cmake_props && make  unievent-tests
[ 55%] Built target unievent
[ 57%] Building CXX object ../build/CMakeFiles/unievent-tests.dir/tests/async.cc.o
In file included from /usr/home/cpansand/.cpan/build/2022021016/UniEvent-1.2.10-0/clib/tests/async.cc:1:
In file included from /usr/home/cpansand/.cpan/build/2022021016/UniEvent-1.2.10-0/clib/tests/lib/test.h:6:
In file included from /usr/home/cpansand/.cpan/build/2022021016/UniEvent-1.2.10-0/clib/src/panda/unievent.h:9:
In file included from /usr/home/cpansand/.cpan/build/2022021016/UniEvent-1.2.10-0/clib/src/panda/unievent/Resolver.h:6:
/usr/home/cpansand/.cpan/build/2022021016/UniEvent-1.2.10-0/clib/src/panda/unievent/AddrInfo.h:17:5: warning: definition of implicit copy assignment operator for 'AddrInfoHints' is deprecated because it has a user-declared copy constructor [-Wdeprecated-copy]
    AddrInfoHints (const AddrInfoHints& oth) = default;
    ^
/usr/home/cpansand/.cpan/build/2022021016/UniEvent-1.2.10-0/clib/src/panda/unievent/Resolver.h:190:66: note: in implicit copy assignment operator for 'panda::unievent::AddrInfoHints' first required here
    RequestSP hints      (const AddrInfoHints& val) { _hints     = val; return this; }
                                                                 ^
1 warning generated.
[ 57%] Building CXX object ../build/CMakeFiles/unievent-tests.dir/tests/async_test.cc.o
In file included from /usr/home/cpansand/.cpan/build/2022021016/UniEvent-1.2.10-0/clib/tests/async_test.cc:1:
In file included from /usr/home/cpansand/.cpan/build/2022021016/UniEvent-1.2.10-0/clib/tests/lib/test.h:6:
In file included from /usr/home/cpansand/.cpan/build/2022021016/UniEvent-1.2.10-0/clib/src/panda/unievent.h:9:
In file included from /usr/home/cpansand/.cpan/build/2022021016/UniEvent-1.2.10-0/clib/src/panda/unievent/Resolver.h:6:
/usr/home/cpansand/.cpan/build/2022021016/UniEvent-1.2.10-0/clib/src/panda/unievent/AddrInfo.h:17:5: warning: definition of implicit copy assignment operator for 'AddrInfoHints' is deprecated because it has a user-declared copy constructor [-Wdeprecated-copy]
    AddrInfoHints (const AddrInfoHints& oth) = default;
    ^
/usr/home/cpansand/.cpan/build/2022021016/UniEvent-1.2.10-0/clib/src/panda/unievent/Resolver.h:190:66: note: in implicit copy assignment operator for 'panda::unievent::AddrInfoHints' first required here
    RequestSP hints      (const AddrInfoHints& val) { _hints     = val; return this; }
                                                                 ^
1 warning generated.
[ 59%] Building CXX object ../build/CMakeFiles/unievent-tests.dir/tests/backend.cc.o
In file included from /usr/home/cpansand/.cpan/build/2022021016/UniEvent-1.2.10-0/clib/tests/backend.cc:1:
In file included from /usr/home/cpansand/.cpan/build/2022021016/UniEvent-1.2.10-0/clib/tests/lib/test.h:6:
In file included from /usr/home/cpansand/.cpan/build/2022021016/UniEvent-1.2.10-0/clib/src/panda/unievent.h:9:
In file included from /usr/home/cpansand/.cpan/build/2022021016/UniEvent-1.2.10-0/clib/src/panda/unievent/Resolver.h:6:
/usr/home/cpansand/.cpan/build/2022021016/UniEvent-1.2.10-0/clib/src/panda/unievent/AddrInfo.h:17:5: warning: definition of implicit copy assignment operator for 'AddrInfoHints' is deprecated because it has a user-declared copy constructor [-Wdeprecated-copy]
    AddrInfoHints (const AddrInfoHints& oth) = default;
    ^
/usr/home/cpansand/.cpan/build/2022021016/UniEvent-1.2.10-0/clib/src/panda/unievent/Resolver.h:190:66: note: in implicit copy assignment operator for 'panda::unievent::AddrInfoHints' first required here
    RequestSP hints      (const AddrInfoHints& val) { _hints     = val; return this; }
                                                                 ^
1 warning generated.
[ 61%] Building CXX object ../build/CMakeFiles/unievent-tests.dir/tests/bench.cc.o
In file included from /usr/home/cpansand/.cpan/build/2022021016/UniEvent-1.2.10-0/clib/tests/bench.cc:1:
In file included from /usr/home/cpansand/.cpan/build/2022021016/UniEvent-1.2.10-0/clib/tests/lib/test.h:6:
In file included from /usr/home/cpansand/.cpan/build/2022021016/UniEvent-1.2.10-0/clib/src/panda/unievent.h:9:
In file included from /usr/home/cpansand/.cpan/build/2022021016/UniEvent-1.2.10-0/clib/src/panda/unievent/Resolver.h:6:
/usr/home/cpansand/.cpan/build/2022021016/UniEvent-1.2.10-0/clib/src/panda/unievent/AddrInfo.h:17:5: warning: definition of implicit copy assignment operator for 'AddrInfoHints' is deprecated because it has a user-declared copy constructor [-Wdeprecated-copy]
    AddrInfoHints (const AddrInfoHints& oth) = default;
    ^
/usr/home/cpansand/.cpan/build/2022021016/UniEvent-1.2.10-0/clib/src/panda/unievent/Resolver.h:190:66: note: in implicit copy assignment operator for 'panda::unievent::AddrInfoHints' first required here
    RequestSP hints      (const AddrInfoHints& val) { _hints     = val; return this; }
                                                                 ^
1 warning generated.
[ 62%] Building CXX object ../build/CMakeFiles/unievent-tests.dir/tests/check.cc.o
In file included from /usr/home/cpansand/.cpan/build/2022021016/UniEvent-1.2.10-0/clib/tests/check.cc:1:
In file included from /usr/home/cpansand/.cpan/build/2022021016/UniEvent-1.2.10-0/clib/tests/lib/test.h:6:
In file included from /usr/home/cpansand/.cpan/build/2022021016/UniEvent-1.2.10-0/clib/src/panda/unievent.h:9:
In file included from /usr/home/cpansand/.cpan/build/2022021016/UniEvent-1.2.10-0/clib/src/panda/unievent/Resolver.h:6:
/usr/home/cpansand/.cpan/build/2022021016/UniEvent-1.2.10-0/clib/src/panda/unievent/AddrInfo.h:17:5: warning: definition of implicit copy assignment operator for 'AddrInfoHints' is deprecated because it has a user-declared copy constructor [-Wdeprecated-copy]
    AddrInfoHints (const AddrInfoHints& oth) = default;
    ^
/usr/home/cpansand/.cpan/build/2022021016/UniEvent-1.2.10-0/clib/src/panda/unievent/Resolver.h:190:66: note: in implicit copy assignment operator for 'panda::unievent::AddrInfoHints' first required here
    RequestSP hints      (const AddrInfoHints& val) { _hints     = val; return this; }
                                                                 ^
1 warning generated.
[ 64%] Building CXX object ../build/CMakeFiles/unievent-tests.dir/tests/fs.cc.o
In file included from /usr/home/cpansand/.cpan/build/2022021016/UniEvent-1.2.10-0/clib/tests/fs.cc:1:
In file included from /usr/home/cpansand/.cpan/build/2022021016/UniEvent-1.2.10-0/clib/tests/lib/test.h:6:
In file included from /usr/home/cpansand/.cpan/build/2022021016/UniEvent-1.2.10-0/clib/src/panda/unievent.h:9:
In file included from /usr/home/cpansand/.cpan/build/2022021016/UniEvent-1.2.10-0/clib/src/panda/unievent/Resolver.h:6:
/usr/home/cpansand/.cpan/build/2022021016/UniEvent-1.2.10-0/clib/src/panda/unievent/AddrInfo.h:17:5: warning: definition of implicit copy assignment operator for 'AddrInfoHints' is deprecated because it has a user-declared copy constructor [-Wdeprecated-copy]
    AddrInfoHints (const AddrInfoHints& oth) = default;
    ^
/usr/home/cpansand/.cpan/build/2022021016/UniEvent-1.2.10-0/clib/src/panda/unievent/Resolver.h:190:66: note: in implicit copy assignment operator for 'panda::unievent::AddrInfoHints' first required here
    RequestSP hints      (const AddrInfoHints& val) { _hints     = val; return this; }
                                                                 ^
1 warning generated.
[ 66%] Building CXX object ../build/CMakeFiles/unievent-tests.dir/tests/handle.cc.o
In file included from /usr/home/cpansand/.cpan/build/2022021016/UniEvent-1.2.10-0/clib/tests/handle.cc:1:
In file included from /usr/home/cpansand/.cpan/build/2022021016/UniEvent-1.2.10-0/clib/tests/lib/test.h:6:
In file included from /usr/home/cpansand/.cpan/build/2022021016/UniEvent-1.2.10-0/clib/src/panda/unievent.h:9:
In file included from /usr/home/cpansand/.cpan/build/2022021016/UniEvent-1.2.10-0/clib/src/panda/unievent/Resolver.h:6:
/usr/home/cpansand/.cpan/build/2022021016/UniEvent-1.2.10-0/clib/src/panda/unievent/AddrInfo.h:17:5: warning: definition of implicit copy assignment operator for 'AddrInfoHints' is deprecated because it has a user-declared copy constructor [-Wdeprecated-copy]
    AddrInfoHints (const AddrInfoHints& oth) = default;
    ^
/usr/home/cpansand/.cpan/build/2022021016/UniEvent-1.2.10-0/clib/src/panda/unievent/Resolver.h:190:66: note: in implicit copy assignment operator for 'panda::unievent::AddrInfoHints' first required here
    RequestSP hints      (const AddrInfoHints& val) { _hints     = val; return this; }
                                                                 ^
1 warning generated.
[ 68%] Building CXX object ../build/CMakeFiles/unievent-tests.dir/tests/idle.cc.o
In file included from /usr/home/cpansand/.cpan/build/2022021016/UniEvent-1.2.10-0/clib/tests/idle.cc:1:
In file included from /usr/home/cpansand/.cpan/build/2022021016/UniEvent-1.2.10-0/clib/tests/lib/test.h:6:
In file included from /usr/home/cpansand/.cpan/build/2022021016/UniEvent-1.2.10-0/clib/src/panda/unievent.h:9:
In file included from /usr/home/cpansand/.cpan/build/2022021016/UniEvent-1.2.10-0/clib/src/panda/unievent/Resolver.h:6:
/usr/home/cpansand/.cpan/build/2022021016/UniEvent-1.2.10-0/clib/src/panda/unievent/AddrInfo.h:17:5: warning: definition of implicit copy assignment operator for 'AddrInfoHints' is deprecated because it has a user-declared copy constructor [-Wdeprecated-copy]
    AddrInfoHints (const AddrInfoHints& oth) = default;
    ^
/usr/home/cpansand/.cpan/build/2022021016/UniEvent-1.2.10-0/clib/src/panda/unievent/Resolver.h:190:66: note: in implicit copy assignment operator for 'panda::unievent::AddrInfoHints' first required here
    RequestSP hints      (const AddrInfoHints& val) { _hints     = val; return this; }
                                                                 ^
1 warning generated.
[ 70%] Building CXX object ../build/CMakeFiles/unievent-tests.dir/tests/lib/test.cc.o
In file included from /usr/home/cpansand/.cpan/build/2022021016/UniEvent-1.2.10-0/clib/tests/lib/test.cc:1:
In file included from /usr/home/cpansand/.cpan/build/2022021016/UniEvent-1.2.10-0/clib/tests/lib/test.h:6:
In file included from /usr/home/cpansand/.cpan/build/2022021016/UniEvent-1.2.10-0/clib/src/panda/unievent.h:9:
In file included from /usr/home/cpansand/.cpan/build/2022021016/UniEvent-1.2.10-0/clib/src/panda/unievent/Resolver.h:6:
/usr/home/cpansand/.cpan/build/2022021016/UniEvent-1.2.10-0/clib/src/panda/unievent/AddrInfo.h:17:5: warning: definition of implicit copy assignment operator for 'AddrInfoHints' is deprecated because it has a user-declared copy constructor [-Wdeprecated-copy]
    AddrInfoHints (const AddrInfoHints& oth) = default;
    ^
/usr/home/cpansand/.cpan/build/2022021016/UniEvent-1.2.10-0/clib/src/panda/unievent/Resolver.h:190:66: note: in implicit copy assignment operator for 'panda::unievent::AddrInfoHints' first required here
    RequestSP hints      (const AddrInfoHints& val) { _hints     = val; return this; }
                                                                 ^
1 warning generated.
[ 72%] Building CXX object ../build/CMakeFiles/unievent-tests.dir/tests/loop.cc.o
In file included from /usr/home/cpansand/.cpan/build/2022021016/UniEvent-1.2.10-0/clib/tests/loop.cc:1:
In file included from /usr/home/cpansand/.cpan/build/2022021016/UniEvent-1.2.10-0/clib/tests/lib/test.h:6:
In file included from /usr/home/cpansand/.cpan/build/2022021016/UniEvent-1.2.10-0/clib/src/panda/unievent.h:9:
In file included from /usr/home/cpansand/.cpan/build/2022021016/UniEvent-1.2.10-0/clib/src/panda/unievent/Resolver.h:6:
/usr/home/cpansand/.cpan/build/2022021016/UniEvent-1.2.10-0/clib/src/panda/unievent/AddrInfo.h:17:5: warning: definition of implicit copy assignment operator for 'AddrInfoHints' is deprecated because it has a user-declared copy constructor [-Wdeprecated-copy]
    AddrInfoHints (const AddrInfoHints& oth) = default;
    ^
/usr/home/cpansand/.cpan/build/2022021016/UniEvent-1.2.10-0/clib/src/panda/unievent/Resolver.h:190:66: note: in implicit copy assignment operator for 'panda::unievent::AddrInfoHints' first required here
    RequestSP hints      (const AddrInfoHints& val) { _hints     = val; return this; }
                                                                 ^
1 warning generated.
[ 74%] Building CXX object ../build/CMakeFiles/unievent-tests.dir/tests/pipe.cc.o
In file included from /usr/home/cpansand/.cpan/build/2022021016/UniEvent-1.2.10-0/clib/tests/pipe.cc:1:
In file included from /usr/home/cpansand/.cpan/build/2022021016/UniEvent-1.2.10-0/clib/tests/lib/test.h:6:
In file included from /usr/home/cpansand/.cpan/build/2022021016/UniEvent-1.2.10-0/clib/src/panda/unievent.h:9:
In file included from /usr/home/cpansand/.cpan/build/2022021016/UniEvent-1.2.10-0/clib/src/panda/unievent/Resolver.h:6:
/usr/home/cpansand/.cpan/build/2022021016/UniEvent-1.2.10-0/clib/src/panda/unievent/AddrInfo.h:17:5: warning: definition of implicit copy assignment operator for 'AddrInfoHints' is deprecated because it has a user-declared copy constructor [-Wdeprecated-copy]
    AddrInfoHints (const AddrInfoHints& oth) = default;
    ^
/usr/home/cpansand/.cpan/build/2022021016/UniEvent-1.2.10-0/clib/src/panda/unievent/Resolver.h:190:66: note: in implicit copy assignment operator for 'panda::unievent::AddrInfoHints' first required here
    RequestSP hints      (const AddrInfoHints& val) { _hints     = val; return this; }
                                                                 ^
1 warning generated.
[ 75%] Building CXX object ../build/CMakeFiles/unievent-tests.dir/tests/prepare.cc.o
In file included from /usr/home/cpansand/.cpan/build/2022021016/UniEvent-1.2.10-0/clib/tests/prepare.cc:1:
In file included from /usr/home/cpansand/.cpan/build/2022021016/UniEvent-1.2.10-0/clib/tests/lib/test.h:6:
In file included from /usr/home/cpansand/.cpan/build/2022021016/UniEvent-1.2.10-0/clib/src/panda/unievent.h:9:
In file included from /usr/home/cpansand/.cpan/build/2022021016/UniEvent-1.2.10-0/clib/src/panda/unievent/Resolver.h:6:
/usr/home/cpansand/.cpan/build/2022021016/UniEvent-1.2.10-0/clib/src/panda/unievent/AddrInfo.h:17:5: warning: definition of implicit copy assignment operator for 'AddrInfoHints' is deprecated because it has a user-declared copy constructor [-Wdeprecated-copy]
    AddrInfoHints (const AddrInfoHints& oth) = default;
    ^
/usr/home/cpansand/.cpan/build/2022021016/UniEvent-1.2.10-0/clib/src/panda/unievent/Resolver.h:190:66: note: in implicit copy assignment operator for 'panda::unievent::AddrInfoHints' first required here
    RequestSP hints      (const AddrInfoHints& val) { _hints     = val; return this; }
                                                                 ^
1 warning generated.
[ 77%] Building CXX object ../build/CMakeFiles/unievent-tests.dir/tests/regression.cc.o
In file included from /usr/home/cpansand/.cpan/build/2022021016/UniEvent-1.2.10-0/clib/tests/regression.cc:1:
In file included from /usr/home/cpansand/.cpan/build/2022021016/UniEvent-1.2.10-0/clib/tests/lib/test.h:6:
In file included from /usr/home/cpansand/.cpan/build/2022021016/UniEvent-1.2.10-0/clib/src/panda/unievent.h:9:
In file included from /usr/home/cpansand/.cpan/build/2022021016/UniEvent-1.2.10-0/clib/src/panda/unievent/Resolver.h:6:
/usr/home/cpansand/.cpan/build/2022021016/UniEvent-1.2.10-0/clib/src/panda/unievent/AddrInfo.h:17:5: warning: definition of implicit copy assignment operator for 'AddrInfoHints' is deprecated because it has a user-declared copy constructor [-Wdeprecated-copy]
    AddrInfoHints (const AddrInfoHints& oth) = default;
    ^
/usr/home/cpansand/.cpan/build/2022021016/UniEvent-1.2.10-0/clib/src/panda/unievent/Resolver.h:190:66: note: in implicit copy assignment operator for 'panda::unievent::AddrInfoHints' first required here
    RequestSP hints      (const AddrInfoHints& val) { _hints     = val; return this; }
                                                                 ^
1 warning generated.
[ 77%] Building CXX object ../build/CMakeFiles/unievent-tests.dir/tests/resolver.cc.o
In file included from /usr/home/cpansand/.cpan/build/2022021016/UniEvent-1.2.10-0/clib/tests/resolver.cc:1:
In file included from /usr/home/cpansand/.cpan/build/2022021016/UniEvent-1.2.10-0/clib/tests/lib/test.h:6:
In file included from /usr/home/cpansand/.cpan/build/2022021016/UniEvent-1.2.10-0/clib/src/panda/unievent.h:9:
In file included from /usr/home/cpansand/.cpan/build/2022021016/UniEvent-1.2.10-0/clib/src/panda/unievent/Resolver.h:6:
/usr/home/cpansand/.cpan/build/2022021016/UniEvent-1.2.10-0/clib/src/panda/unievent/AddrInfo.h:17:5: warning: definition of implicit copy assignment operator for 'AddrInfoHints' is deprecated because it has a user-declared copy constructor [-Wdeprecated-copy]
    AddrInfoHints (const AddrInfoHints& oth) = default;
    ^
/usr/home/cpansand/.cpan/build/2022021016/UniEvent-1.2.10-0/clib/src/panda/unievent/Resolver.h:190:66: note: in implicit copy assignment operator for 'panda::unievent::AddrInfoHints' first required here
    RequestSP hints      (const AddrInfoHints& val) { _hints     = val; return this; }
                                                                 ^
1 warning generated.
[ 79%] Building CXX object ../build/CMakeFiles/unievent-tests.dir/tests/stream/establish.cc.o
In file included from /usr/home/cpansand/.cpan/build/2022021016/UniEvent-1.2.10-0/clib/tests/stream/establish.cc:1:
In file included from /usr/home/cpansand/.cpan/build/2022021016/UniEvent-1.2.10-0/clib/tests/stream/../lib/test.h:6:
In file included from /usr/home/cpansand/.cpan/build/2022021016/UniEvent-1.2.10-0/clib/src/panda/unievent.h:9:
In file included from /usr/home/cpansand/.cpan/build/2022021016/UniEvent-1.2.10-0/clib/src/panda/unievent/Resolver.h:6:
/usr/home/cpansand/.cpan/build/2022021016/UniEvent-1.2.10-0/clib/src/panda/unievent/AddrInfo.h:17:5: warning: definition of implicit copy assignment operator for 'AddrInfoHints' is deprecated because it has a user-declared copy constructor [-Wdeprecated-copy]
    AddrInfoHints (const AddrInfoHints& oth) = default;
    ^
/usr/home/cpansand/.cpan/build/2022021016/UniEvent-1.2.10-0/clib/src/panda/unievent/Resolver.h:190:66: note: in implicit copy assignment operator for 'panda::unievent::AddrInfoHints' first required here
    RequestSP hints      (const AddrInfoHints& val) { _hints     = val; return this; }
                                                                 ^
1 warning generated.
[ 81%] Building CXX object ../build/CMakeFiles/unievent-tests.dir/tests/stream/write.cc.o
In file included from /usr/home/cpansand/.cpan/build/2022021016/UniEvent-1.2.10-0/clib/tests/stream/write.cc:1:
In file included from /usr/home/cpansand/.cpan/build/2022021016/UniEvent-1.2.10-0/clib/tests/stream/../lib/test.h:6:
In file included from /usr/home/cpansand/.cpan/build/2022021016/UniEvent-1.2.10-0/clib/src/panda/unievent.h:9:
In file included from /usr/home/cpansand/.cpan/build/2022021016/UniEvent-1.2.10-0/clib/src/panda/unievent/Resolver.h:6:
/usr/home/cpansand/.cpan/build/2022021016/UniEvent-1.2.10-0/clib/src/panda/unievent/AddrInfo.h:17:5: warning: definition of implicit copy assignment operator for 'AddrInfoHints' is deprecated because it has a user-declared copy constructor [-Wdeprecated-copy]
    AddrInfoHints (const AddrInfoHints& oth) = default;
    ^
/usr/home/cpansand/.cpan/build/2022021016/UniEvent-1.2.10-0/clib/src/panda/unievent/Resolver.h:190:66: note: in implicit copy assignment operator for 'panda::unievent::AddrInfoHints' first required here
    RequestSP hints      (const AddrInfoHints& val) { _hints     = val; return this; }
                                                                 ^
1 warning generated.
[ 83%] Building CXX object ../build/CMakeFiles/unievent-tests.dir/tests/streamer/basic.cc.o
In file included from /usr/home/cpansand/.cpan/build/2022021016/UniEvent-1.2.10-0/clib/tests/streamer/basic.cc:1:
In file included from /usr/home/cpansand/.cpan/build/2022021016/UniEvent-1.2.10-0/clib/tests/streamer/streamer.h:1:
In file included from /usr/home/cpansand/.cpan/build/2022021016/UniEvent-1.2.10-0/clib/tests/streamer/../lib/test.h:6:
In file included from /usr/home/cpansand/.cpan/build/2022021016/UniEvent-1.2.10-0/clib/src/panda/unievent.h:9:
In file included from /usr/home/cpansand/.cpan/build/2022021016/UniEvent-1.2.10-0/clib/src/panda/unievent/Resolver.h:6:
/usr/home/cpansand/.cpan/build/2022021016/UniEvent-1.2.10-0/clib/src/panda/unievent/AddrInfo.h:17:5: warning: definition of implicit copy assignment operator for 'AddrInfoHints' is deprecated because it has a user-declared copy constructor [-Wdeprecated-copy]
    AddrInfoHints (const AddrInfoHints& oth) = default;
    ^
/usr/home/cpansand/.cpan/build/2022021016/UniEvent-1.2.10-0/clib/src/panda/unievent/Resolver.h:190:66: note: in implicit copy assignment operator for 'panda::unievent::AddrInfoHints' first required here
    RequestSP hints      (const AddrInfoHints& val) { _hints     = val; return this; }
                                                                 ^
1 warning generated.
[ 85%] Building CXX object ../build/CMakeFiles/unievent-tests.dir/tests/streamer/file.cc.o
In file included from /usr/home/cpansand/.cpan/build/2022021016/UniEvent-1.2.10-0/clib/tests/streamer/file.cc:1:
In file included from /usr/home/cpansand/.cpan/build/2022021016/UniEvent-1.2.10-0/clib/tests/streamer/streamer.h:1:
In file included from /usr/home/cpansand/.cpan/build/2022021016/UniEvent-1.2.10-0/clib/tests/streamer/../lib/test.h:6:
In file included from /usr/home/cpansand/.cpan/build/2022021016/UniEvent-1.2.10-0/clib/src/panda/unievent.h:9:
In file included from /usr/home/cpansand/.cpan/build/2022021016/UniEvent-1.2.10-0/clib/src/panda/unievent/Resolver.h:6:
/usr/home/cpansand/.cpan/build/2022021016/UniEvent-1.2.10-0/clib/src/panda/unievent/AddrInfo.h:17:5: warning: definition of implicit copy assignment operator for 'AddrInfoHints' is deprecated because it has a user-declared copy constructor [-Wdeprecated-copy]
    AddrInfoHints (const AddrInfoHints& oth) = default;
    ^
/usr/home/cpansand/.cpan/build/2022021016/UniEvent-1.2.10-0/clib/src/panda/unievent/Resolver.h:190:66: note: in implicit copy assignment operator for 'panda::unievent::AddrInfoHints' first required here
    RequestSP hints      (const AddrInfoHints& val) { _hints     = val; return this; }
                                                                 ^
1 warning generated.
[ 87%] Building CXX object ../build/CMakeFiles/unievent-tests.dir/tests/streamer/stream.cc.o
In file included from /usr/home/cpansand/.cpan/build/2022021016/UniEvent-1.2.10-0/clib/tests/streamer/stream.cc:1:
In file included from /usr/home/cpansand/.cpan/build/2022021016/UniEvent-1.2.10-0/clib/tests/streamer/streamer.h:1:
In file included from /usr/home/cpansand/.cpan/build/2022021016/UniEvent-1.2.10-0/clib/tests/streamer/../lib/test.h:6:
In file included from /usr/home/cpansand/.cpan/build/2022021016/UniEvent-1.2.10-0/clib/src/panda/unievent.h:9:
In file included from /usr/home/cpansand/.cpan/build/2022021016/UniEvent-1.2.10-0/clib/src/panda/unievent/Resolver.h:6:
/usr/home/cpansand/.cpan/build/2022021016/UniEvent-1.2.10-0/clib/src/panda/unievent/AddrInfo.h:17:5: warning: definition of implicit copy assignment operator for 'AddrInfoHints' is deprecated because it has a user-declared copy constructor [-Wdeprecated-copy]
    AddrInfoHints (const AddrInfoHints& oth) = default;
    ^
/usr/home/cpansand/.cpan/build/2022021016/UniEvent-1.2.10-0/clib/src/panda/unievent/Resolver.h:190:66: note: in implicit copy assignment operator for 'panda::unievent::AddrInfoHints' first required here
    RequestSP hints      (const AddrInfoHints& val) { _hints     = val; return this; }
                                                                 ^
1 warning generated.
[ 88%] Building CXX object ../build/CMakeFiles/unievent-tests.dir/tests/tcp/base.cc.o
In file included from /usr/home/cpansand/.cpan/build/2022021016/UniEvent-1.2.10-0/clib/tests/tcp/base.cc:1:
In file included from /usr/home/cpansand/.cpan/build/2022021016/UniEvent-1.2.10-0/clib/tests/tcp/../lib/test.h:6:
In file included from /usr/home/cpansand/.cpan/build/2022021016/UniEvent-1.2.10-0/clib/src/panda/unievent.h:9:
In file included from /usr/home/cpansand/.cpan/build/2022021016/UniEvent-1.2.10-0/clib/src/panda/unievent/Resolver.h:6:
/usr/home/cpansand/.cpan/build/2022021016/UniEvent-1.2.10-0/clib/src/panda/unievent/AddrInfo.h:17:5: warning: definition of implicit copy assignment operator for 'AddrInfoHints' is deprecated because it has a user-declared copy constructor [-Wdeprecated-copy]
    AddrInfoHints (const AddrInfoHints& oth) = default;
    ^
/usr/home/cpansand/.cpan/build/2022021016/UniEvent-1.2.10-0/clib/src/panda/unievent/Resolver.h:190:66: note: in implicit copy assignment operator for 'panda::unievent::AddrInfoHints' first required here
    RequestSP hints      (const AddrInfoHints& val) { _hints     = val; return this; }
                                                                 ^
1 warning generated.
[ 90%] Building CXX object ../build/CMakeFiles/unievent-tests.dir/tests/tcp/connect.cc.o
In file included from /usr/home/cpansand/.cpan/build/2022021016/UniEvent-1.2.10-0/clib/tests/tcp/connect.cc:1:
In file included from /usr/home/cpansand/.cpan/build/2022021016/UniEvent-1.2.10-0/clib/tests/tcp/../lib/test.h:6:
In file included from /usr/home/cpansand/.cpan/build/2022021016/UniEvent-1.2.10-0/clib/src/panda/unievent.h:9:
In file included from /usr/home/cpansand/.cpan/build/2022021016/UniEvent-1.2.10-0/clib/src/panda/unievent/Resolver.h:6:
/usr/home/cpansand/.cpan/build/2022021016/UniEvent-1.2.10-0/clib/src/panda/unievent/AddrInfo.h:17:5: warning: definition of implicit copy assignment operator for 'AddrInfoHints' is deprecated because it has a user-declared copy constructor [-Wdeprecated-copy]
    AddrInfoHints (const AddrInfoHints& oth) = default;
    ^
/usr/home/cpansand/.cpan/build/2022021016/UniEvent-1.2.10-0/clib/src/panda/unievent/Resolver.h:190:66: note: in implicit copy assignment operator for 'panda::unievent::AddrInfoHints' first required here
    RequestSP hints      (const AddrInfoHints& val) { _hints     = val; return this; }
                                                                 ^
1 warning generated.
[ 92%] Building CXX object ../build/CMakeFiles/unievent-tests.dir/tests/tcp/ssl.cc.o
In file included from /usr/home/cpansand/.cpan/build/2022021016/UniEvent-1.2.10-0/clib/tests/tcp/ssl.cc:1:
In file included from /usr/home/cpansand/.cpan/build/2022021016/UniEvent-1.2.10-0/clib/tests/tcp/../lib/test.h:6:
In file included from /usr/home/cpansand/.cpan/build/2022021016/UniEvent-1.2.10-0/clib/src/panda/unievent.h:9:
In file included from /usr/home/cpansand/.cpan/build/2022021016/UniEvent-1.2.10-0/clib/src/panda/unievent/Resolver.h:6:
/usr/home/cpansand/.cpan/build/2022021016/UniEvent-1.2.10-0/clib/src/panda/unievent/AddrInfo.h:17:5: warning: definition of implicit copy assignment operator for 'AddrInfoHints' is deprecated because it has a user-declared copy constructor [-Wdeprecated-copy]
    AddrInfoHints (const AddrInfoHints& oth) = default;
    ^
/usr/home/cpansand/.cpan/build/2022021016/UniEvent-1.2.10-0/clib/src/panda/unievent/Resolver.h:190:66: note: in implicit copy assignment operator for 'panda::unievent::AddrInfoHints' first required here
    RequestSP hints      (const AddrInfoHints& val) { _hints     = val; return this; }
                                                                 ^
1 warning generated.
[ 94%] Building CXX object ../build/CMakeFiles/unievent-tests.dir/tests/timer.cc.o
In file included from /usr/home/cpansand/.cpan/build/2022021016/UniEvent-1.2.10-0/clib/tests/timer.cc:1:
In file included from /usr/home/cpansand/.cpan/build/2022021016/UniEvent-1.2.10-0/clib/tests/lib/test.h:6:
In file included from /usr/home/cpansand/.cpan/build/2022021016/UniEvent-1.2.10-0/clib/src/panda/unievent.h:9:
In file included from /usr/home/cpansand/.cpan/build/2022021016/UniEvent-1.2.10-0/clib/src/panda/unievent/Resolver.h:6:
/usr/home/cpansand/.cpan/build/2022021016/UniEvent-1.2.10-0/clib/src/panda/unievent/AddrInfo.h:17:5: warning: definition of implicit copy assignment operator for 'AddrInfoHints' is deprecated because it has a user-declared copy constructor [-Wdeprecated-copy]
    AddrInfoHints (const AddrInfoHints& oth) = default;
    ^
/usr/home/cpansand/.cpan/build/2022021016/UniEvent-1.2.10-0/clib/src/panda/unievent/Resolver.h:190:66: note: in implicit copy assignment operator for 'panda::unievent::AddrInfoHints' first required here
    RequestSP hints      (const AddrInfoHints& val) { _hints     = val; return this; }
                                                                 ^
1 warning generated.
[ 96%] Building CXX object ../build/CMakeFiles/unievent-tests.dir/tests/util.cc.o
In file included from /usr/home/cpansand/.cpan/build/2022021016/UniEvent-1.2.10-0/clib/tests/util.cc:1:
In file included from /usr/home/cpansand/.cpan/build/2022021016/UniEvent-1.2.10-0/clib/tests/lib/test.h:6:
In file included from /usr/home/cpansand/.cpan/build/2022021016/UniEvent-1.2.10-0/clib/src/panda/unievent.h:9:
In file included from /usr/home/cpansand/.cpan/build/2022021016/UniEvent-1.2.10-0/clib/src/panda/unievent/Resolver.h:6:
/usr/home/cpansand/.cpan/build/2022021016/UniEvent-1.2.10-0/clib/src/panda/unievent/AddrInfo.h:17:5: warning: definition of implicit copy assignment operator for 'AddrInfoHints' is deprecated because it has a user-declared copy constructor [-Wdeprecated-copy]
    AddrInfoHints (const AddrInfoHints& oth) = default;
    ^
/usr/home/cpansand/.cpan/build/2022021016/UniEvent-1.2.10-0/clib/src/panda/unievent/Resolver.h:190:66: note: in implicit copy assignment operator for 'panda::unievent::AddrInfoHints' first required here
    RequestSP hints      (const AddrInfoHints& val) { _hints     = val; return this; }
                                                                 ^
1 warning generated.
[ 98%] Building CXX object ../build/CMakeFiles/unievent-tests.dir/tests/work.cc.o
In file included from /usr/home/cpansand/.cpan/build/2022021016/UniEvent-1.2.10-0/clib/tests/work.cc:1:
In file included from /usr/home/cpansand/.cpan/build/2022021016/UniEvent-1.2.10-0/clib/tests/lib/test.h:6:
In file included from /usr/home/cpansand/.cpan/build/2022021016/UniEvent-1.2.10-0/clib/src/panda/unievent.h:9:
In file included from /usr/home/cpansand/.cpan/build/2022021016/UniEvent-1.2.10-0/clib/src/panda/unievent/Resolver.h:6:
/usr/home/cpansand/.cpan/build/2022021016/UniEvent-1.2.10-0/clib/src/panda/unievent/AddrInfo.h:17:5: warning: definition of implicit copy assignment operator for 'AddrInfoHints' is deprecated because it has a user-declared copy constructor [-Wdeprecated-copy]
    AddrInfoHints (const AddrInfoHints& oth) = default;
    ^
/usr/home/cpansand/.cpan/build/2022021016/UniEvent-1.2.10-0/clib/src/panda/unievent/Resolver.h:190:66: note: in implicit copy assignment operator for 'panda::unievent::AddrInfoHints' first required here
    RequestSP hints      (const AddrInfoHints& val) { _hints     = val; return this; }
                                                                 ^
1 warning generated.
[100%] Linking CXX static library libunievent-tests.a
[100%] Built target unievent-tests
rm -f blib/arch/auto/MyTest/MyTest.so
c++  -shared  -L/usr/local/lib/perl5/5.32/mach/CORE -lperl -L/usr/local/lib -fstack-protector-strong  t/lib/MyTest_xsgen.o blib/arch/auto/UniEvent/UniEvent.so -Wl,--whole-archive clib/build/libunievent-tests.a  -Wl,--no-whole-archive -lpthread -lexecinfo /usr/lib/libssl.so /usr/lib/libcrypto.so -o blib/arch/auto/MyTest/MyTest.so        
chmod 755 blib/arch/auto/MyTest/MyTest.so
cd clib/build && make install > /dev/null 2>&1
Skip blib/arch/UniEvent/Streamer/FileInput.pm (unchanged)
Skip blib/arch/UniEvent/Signal.pod (unchanged)
Skip blib/arch/UniEvent/Request/Send.pod (unchanged)
Skip blib/arch/UniEvent/Loop.pod (unchanged)
Skip blib/arch/UniEvent/Fs.pod (unchanged)
Skip blib/arch/UniEvent/FsPoll.pm (unchanged)
Skip blib/arch/UniEvent/Udp.pm (unchanged)
Skip blib/arch/UniEvent/Streamer/IOutput.pm (unchanged)
Skip blib/arch/UniEvent/FsPoll.pod (unchanged)
Skip blib/arch/UniEvent/Poll.pm (unchanged)
Skip blib/arch/UniEvent/Resolver/Request.pm (unchanged)
Skip blib/arch/UniEvent/Streamer/Output.pm (unchanged)
Skip blib/arch/UniEvent/Udp.pod (unchanged)
Skip blib/arch/UniEvent/Timer.pm (unchanged)
Skip blib/arch/UniEvent/Request.pm (unchanged)
Skip blib/arch/UniEvent/Streamer/StreamInput.pm (unchanged)
Skip blib/arch/UniEvent/SystemError.pod (unchanged)
Skip blib/arch/UniEvent/Signal.pm (unchanged)
Skip blib/arch/UniEvent/Request/Connect.pod (unchanged)
Skip blib/arch/UniEvent/Poll.pod (unchanged)
Skip blib/arch/UniEvent/Timer.pod (unchanged)
Skip blib/arch/UniEvent.pm (unchanged)
Skip blib/arch/UniEvent/ResolveError.pod (unchanged)
Skip blib/arch/UniEvent/Backend.pod (unchanged)
Skip blib/arch/UniEvent/Prepare.pod (unchanged)
Skip blib/arch/UniEvent/SystemError.pm (unchanged)
Skip blib/arch/UE.pm (unchanged)
Skip blib/arch/UniEvent/Streamer/StreamOutput.pm (unchanged)
Skip blib/arch/UniEvent/Streamer/StreamInput.pod (unchanged)
Skip blib/arch/UniEvent/Streamer/FileOutput.pod (unchanged)
Skip blib/arch/UniEvent/Loop.pm (unchanged)
Skip blib/arch/UniEvent/FsEvent.pm (unchanged)
Skip blib/arch/UniEvent/StreamerError.pod (unchanged)
Skip blib/arch/UniEvent/FsEvent.pod (unchanged)
Skip blib/arch/UniEvent/Resolver.pod (unchanged)
Skip blib/arch/UniEvent/Resolver/Request.pod (unchanged)
Skip blib/arch/UniEvent/Fs.pm (unchanged)
Skip blib/arch/UniEvent/Stream.pod (unchanged)
Skip blib/arch/UniEvent/Streamer/IOutput.pod (unchanged)
Skip blib/arch/UniEvent/Error.pm (unchanged)
Skip blib/arch/UniEvent/Handle.pod (unchanged)
Skip blib/arch/UniEvent/Check.pm (unchanged)
Skip blib/arch/UniEvent.pod (unchanged)
Skip blib/arch/UniEvent/Backend.pm (unchanged)
Skip blib/arch/UniEvent/Streamer/FileInput.pod (unchanged)
Skip blib/arch/UniEvent/Stream.pm (unchanged)
Skip blib/arch/UniEvent/Prepare.pm (unchanged)
Skip blib/arch/UniEvent/Streamer.pm (unchanged)
Skip blib/arch/UE.pod (unchanged)
Skip blib/arch/UniEvent/Handle.pm (unchanged)
Skip blib/arch/UniEvent/Idle.pm (unchanged)
Skip blib/arch/UniEvent/Streamer/FileOutput.pm (unchanged)
Skip blib/arch/UniEvent/Streamer.pod (unchanged)
Skip blib/arch/UniEvent/Pipe.pm (unchanged)
Skip blib/arch/UniEvent/Streamer/IInput.pod (unchanged)
Skip blib/arch/UniEvent/Idle.pod (unchanged)
Skip blib/arch/UniEvent/Streamer/StreamOutput.pod (unchanged)
Skip blib/arch/UniEvent/Request/Write.pod (unchanged)
Skip blib/arch/UniEvent/Tcp.pm (unchanged)
Skip blib/arch/UniEvent/Resolver.pm (unchanged)
Skip blib/arch/UniEvent/Test/Async.pm (unchanged)
Skip blib/arch/UniEvent/Backend/UV.pm (unchanged)
Skip blib/arch/UniEvent/Pipe.pod (unchanged)
Skip blib/arch/UniEvent/Backend/UV.pod (unchanged)
Skip blib/arch/UniEvent/Tty.pm (unchanged)
Skip blib/arch/UniEvent/Tcp.pod (unchanged)
Skip blib/arch/UniEvent/Tty.pod (unchanged)
Skip blib/arch/UniEvent/Work.pm (unchanged)
Skip blib/arch/UniEvent/Error.pod (unchanged)
Skip blib/arch/UniEvent/Streamer/Output.pod (unchanged)
Skip blib/arch/UniEvent/Streamer/Input.pm (unchanged)
Skip blib/arch/UniEvent/Streamer/IInput.pm (unchanged)
Skip blib/arch/UniEvent/Request/Shutdown.pod (unchanged)
Skip blib/arch/UniEvent/Check.pod (unchanged)
Skip blib/arch/UniEvent/Streamer/Input.pod (unchanged)
Manifying 39 pod documents
PERL_DL_NONLAZY=1 "/usr/local/bin/perl" "-MExtUtils::Command::MM" "-MTest::Harness" "-e" "undef *Test::Harness::Switches; test_harness(0, 'blib/lib', 'blib/arch')" t/*.t t/*/*.t
t/async.t ............. ok
t/async_test.t ........ ok
t/backend.t ........... ok
t/backend_pp.t ........ ok
t/check.t ............. ok
t/error.t ............. ok
t/fs.t ................ ok
t/fs_event.t .......... skipped: FsEvent support on current system is limited so no tests will run
t/fs_poll.t ........... ok
t/handle.t ............ ok
t/idle.t .............. ok
t/listener.t .......... ok
t/loop.t .............. ok
t/misc.t .............. ok
t/pipe/pair.t ......... ok
t/pipe/pipe.t ......... ok
t/poll.t .............. ok
t/prepare.t ........... ok
t/regression.t ........ ok
    not ok 1 - expected exception, got none; expression was: sync_resolve(v.test.loop->backend(), "sukanahblya", 12345) # at /usr/home/cpansand/.cpan/build/2022021016/UniEvent-1.2.10-0/clib/tests/resolver.cc:365
    # Failed test in section [resolver: sync_resolve exception] at /usr/home/cpansand/.cpan/build/2022021016/UniEvent-1.2.10-0/clib/tests/resolver.cc:365
    # Looks like you failed 1 test of 1 at [resolver: sync_resolve exception].
# Looks like you failed 1 test of 19.
t/resolver.t .......... 
Dubious, test returned 1 (wstat 256, 0x100)
Failed 1/19 subtests 
t/signal.t ............ ok
t/stream/establish.t .. ok
t/stream/write.t ...... ok
t/streamer/basic.t .... ok
t/streamer/file.t ..... ok
t/streamer/stream.t ... ok
t/tcp/base.t .......... ok
t/tcp/connect.t ....... ok
t/tcp/double-free.t ... ok
t/tcp/fork.t .......... ok
t/tcp/open.t .......... ok
t/tcp/pair.t .......... ok
t/tcp/ssl.t ........... ok
t/tcp/tcp.t ........... ok
t/timer.t ............. ok
t/tty.t ............... skipped: Need interactive stdin, stderr
t/udp/simple.t ........ ok
t/udp/udp.t ........... ok
t/util.t .............. ok
t/work.t .............. ok

Test Summary Report
-------------------
t/resolver.t        (Wstat: 256 Tests: 19 Failed: 1)
  Failed test:  13
  Non-zero exit status: 1
Files=40, Tests=297, 13 wallclock secs ( 0.29 usr  0.11 sys +  7.52 cusr  2.06 csys =  9.98 CPU)
Result: FAIL
Failed 1/40 test programs. 1/297 subtests failed.
*** Error code 255

Stop.
make: stopped in /usr/home/cpansand/.cpan/build/2022021016/UniEvent-1.2.10-0

------------------------------
PREREQUISITES
------------------------------

Prerequisite modules loaded:

requires:

    Module          Need      Have    
    --------------- --------- --------
    Export::XS      v3.0.5    3.0.5   
    Net::SockAddr   v1.1.2    1.1.2   
    next::XS        v1.0.7    1.0.7   
    XLog            v1.1.2    1.1.2   
    XS::Framework   v1.5.2    1.5.2   
    XS::Install     v1.3.5    1.3.5   
    XS::libcares    v1.17.1.2 1.17.1.2
    XS::libpanda    v1.5.8    1.5.8   
    XS::libuv       v1.41.0.0 1.41.0.0

build_requires:

    Module          Need      Have    
    --------------- --------- --------
    Export::XS      v3.0.5    3.0.5   
    Net::SockAddr   v1.1.2    1.1.2   
    Net::SSLeay     0         1.90    
    next::XS        v1.0.7    1.0.7   
    Test::Catch     v2.0.0    2.0.0   
    Test::Deep      0         1.130   
    Test::Exception 0         0.43    
    Test::More      0         1.302188
    Test::Simple    0.96      1.302188
    XLog            v1.1.2    1.1.2   
    XS::Framework   v1.5.2    1.5.2   
    XS::libcares    v1.17.1.2 1.17.1.2
    XS::libcatch    v3.0.0.4  3.0.0.4 
    XS::libpanda    v1.5.8    1.5.8   
    XS::libuv       v1.41.0.0 1.41.0.0

configure_requires:

    Module          Need      Have    
    --------------- --------- --------
    Alien::cmake3   0         0.08    
    Export::XS      v3.0.5    3.0.5   
    Net::SockAddr   v1.1.2    1.1.2   
    next::XS        v1.0.7    1.0.7   
    Test::Catch     v2.0.0    2.0.0   
    XLog            v1.1.2    1.1.2   
    XS::Framework   v1.5.2    1.5.2   
    XS::Install     v1.3.5    1.3.5   
    XS::libcares    v1.17.1.2 1.17.1.2
    XS::libcatch    v3.0.0.4  3.0.0.4 
    XS::libpanda    v1.5.8    1.5.8   
    XS::libuv       v1.41.0.0 1.41.0.0


------------------------------
ENVIRONMENT AND OTHER CONTEXT
------------------------------

Environment variables:

    LANG = C.UTF-8
    PATH = /usr/local/bin:/usr/bin:/bin:/usr/local/sbin:/usr/sbin:/sbin:/home/cpansand/bin/sh:/home/cpansand/bin:/usr/games:/home/cpansand/devel:/usr/home/eserte/src/srezic-misc/scripts
    PERL5LIB = /home/cpansand/.cpan/build/2022021016/XS-libuv-1.41.0.0-0/blib/arch:/home/cpansand/.cpan/build/2022021016/XS-libuv-1.41.0.0-0/blib/lib:/home/cpansand/.cpan/build/2022021016/XS-libcares-1.17.1.2-0/blib/arch:/home/cpansand/.cpan/build/2022021016/XS-libcares-1.17.1.2-0/blib/lib:/home/cpansand/.cpan/build/2022021016/XLog-1.1.2-0/blib/arch:/home/cpansand/.cpan/build/2022021016/XLog-1.1.2-0/blib/lib:/home/cpansand/.cpan/build/2022021016/Test-Fatal-0.016-0/blib/arch:/home/cpansand/.cpan/build/2022021016/Test-Fatal-0.016-0/blib/lib:/home/cpansand/.cpan/build/2022021016/Net-SockAddr-1.1.2-0/blib/arch:/home/cpansand/.cpan/build/2022021016/Net-SockAddr-1.1.2-0/blib/lib:/home/cpansand/.cpan/build/2022021016/Export-XS-3.0.5-0/blib/arch:/home/cpansand/.cpan/build/2022021016/Export-XS-3.0.5-0/blib/lib:/home/cpansand/.cpan/build/2022021016/XS-Framework-1.5.2-0/blib/arch:/home/cpansand/.cpan/build/2022021016/XS-Framework-1.5.2-0/blib/lib:/home/cpansand/.cpan/build/2022021016/Test-Exception-0.43-0/blib/arch:/home/cpansand/.cpan/build/2022021016/Test-Exception-0.43-0/blib/lib:/home/cpansand/.cpan/build/2022021016/Sub-Uplevel-0.2800-0/blib/arch:/home/cpansand/.cpan/build/2022021016/Sub-Uplevel-0.2800-0/blib/lib:/home/cpansand/.cpan/build/2022021016/next-XS-1.0.7-0/blib/arch:/home/cpansand/.cpan/build/2022021016/next-XS-1.0.7-0/blib/lib:/home/cpansand/.cpan/build/2022021016/XS-libpanda-1.5.8-0/blib/arch:/home/cpansand/.cpan/build/2022021016/XS-libpanda-1.5.8-0/blib/lib:/home/cpansand/.cpan/build/2022021016/Test-Catch-2.0.0-0/blib/arch:/home/cpansand/.cpan/build/2022021016/Test-Catch-2.0.0-0/blib/lib:/home/cpansand/.cpan/build/2022021016/XS-libcatch-3.0.0.4-0/blib/arch:/home/cpansand/.cpan/build/2022021016/XS-libcatch-3.0.0.4-0/blib/lib:/home/cpansand/.cpan/build/2022021016/XS-Install-1.3.5-1/blib/arch:/home/cpansand/.cpan/build/2022021016/XS-Install-1.3.5-1/blib/lib:/home/cpansand/.cpan/build/2022021016/Test-Deep-1.130-1/blib/arch:/home/cpansand/.cpan/build/2022021016/Test-Deep-1.130-1/blib/lib:/home/cpansand/.cpan/build/2022021016/PkgConfig-0.25026-1/blib/arch:/home/cpansand/.cpan/build/2022021016/PkgConfig-0.25026-1/blib/lib:/home/cpansand/.cpan/build/2022021016/Alien-cmake3-0.08-0/blib/arch:/home/cpansand/.cpan/build/2022021016/Alien-cmake3-0.08-0/blib/lib:/home/cpansand/.cpan/build/2022021016/Sort-Versions-1.62-0/blib/arch:/home/cpansand/.cpan/build/2022021016/Sort-Versions-1.62-0/blib/lib:/home/cpansand/.cpan/build/2022021016/Alien-Build-2.46-0/blib/arch:/home/cpansand/.cpan/build/2022021016/Alien-Build-2.46-0/blib/lib:/home/cpansand/.cpan/build/2022021016/Path-Tiny-0.122-0/blib/arch:/home/cpansand/.cpan/build/2022021016/Path-Tiny-0.122-0/blib/lib:/home/cpansand/.cpan/build/2022021016/File-chdir-0.1010-0/blib/arch:/home/cpansand/.cpan/build/2022021016/File-chdir-0.1010-0/blib/lib:/home/cpansand/.cpan/build/2022021016/FFI-CheckLib-0.28-0/blib/arch:/home/cpansand/.cpan/build/2022021016/FFI-CheckLib-0.28-0/blib/lib:/home/cpansand/.cpan/build/2022021016/Test2-Suite-0.000144-0/blib/arch:/home/cpansand/.cpan/build/2022021016/Test2-Suite-0.000144-0/blib/lib:/home/cpansand/.cpan/build/2022021016/Test-Simple-1.302188-0/blib/arch:/home/cpansand/.cpan/build/2022021016/Test-Simple-1.302188-0/blib/lib:/home/cpansand/.cpan/build/2022021016/Term-Table-0.016-0/blib/arch:/home/cpansand/.cpan/build/2022021016/Term-Table-0.016-0/blib/lib:/home/cpansand/.cpan/build/2022021016/Sub-Info-0.002-0/blib/arch:/home/cpansand/.cpan/build/2022021016/Sub-Info-0.002-0/blib/lib:/home/cpansand/.cpan/build/2022021016/Scope-Guard-0.21-0/blib/arch:/home/cpansand/.cpan/build/2022021016/Scope-Guard-0.21-0/blib/lib:/home/cpansand/.cpan/build/2022021016/Module-Pluggable-5.2-0/blib/arch:/home/cpansand/.cpan/build/2022021016/Module-Pluggable-5.2-0/blib/lib:/home/cpansand/.cpan/build/2022021016/Importer-0.026-0/blib/arch:/home/cpansand/.cpan/build/2022021016/Importer-0.026-0/blib/lib
    PERL5OPT = 
    PERL5_CPANPLUS_IS_RUNNING = 10637
    PERL5_CPAN_IS_RUNNING = 10637
    PERL5_CPAN_IS_RUNNING_IN_RECURSION = 72241,10637
    PERL_BATCH = yes
    PERL_CANARY_STABILITY_NOPROMPT = 1
    PERL_CPAN_REPORTER_CONFIG = /var/tmp/cpansmoker-1023/2022021015/cpanreporter_000_config.ini
    PERL_EXTUTILS_AUTOINSTALL = --defaultdeps
    PERL_USE_UNSAFE_INC = 1
    SHELL = /bin/sh
    TMPDIR = /var/tmp/cpansmoker-1023/2022021015

Perl special variables (and OS-specific diagnostics, for MSWin32):

    $^X = /usr/local/bin/perl
    $UID/$EUID = 1023 / 1023
    $GID = 1023 1023
    $EGID = 1023 1023

Perl module toolchain versions installed:

    Module              Have    
    ------------------- --------
    CPAN                2.27    
    CPAN::Meta          2.150010
    Cwd                 3.78    
    ExtUtils::CBuilder  0.280234
    ExtUtils::Command   7.44    
    ExtUtils::Install   2.14    
    ExtUtils::MakeMaker 7.44    
    ExtUtils::Manifest  1.72    
    ExtUtils::ParseXS   3.40    
    File::Spec          3.78    
    JSON                n/a     
    JSON::PP            4.04    
    Module::Build       0.4231  
    Module::Signature   n/a     
    Parse::CPAN::Meta   2.150010
    Test::Harness       3.42    
    Test::More          1.302188
    YAML                n/a     
    YAML::Syck          1.34    
    version             0.9924  


--

Summary of my perl5 (revision 5 version 32 subversion 1) configuration:
   
  Platform:
    osname=freebsd
    osvers=14.0-current
    archname=amd64-freebsd-thread-multi
    uname='freebsd main-amd64-default-job-03 14.0-current freebsd 14.0-current 1400032 amd64 '
    config_args='-Darchlib=/usr/local/lib/perl5/5.32/mach -Dcc=cc -Dcf_by=mat -Dcf_email=mat@FreeBSD.org -Dcf_time=Sat Jan 23 14:56:40 UTC 2021 -Dinc_version_list=none -Dlibperl=libperl.so.5.32.1 -Dman1dir=/usr/local/lib/perl5/5.32/perl/man/man1 -Dman3dir=/usr/local/lib/perl5/5.32/perl/man/man3 -Dprefix=/usr/local -Dprivlib=/usr/local/lib/perl5/5.32 -Dscriptdir=/usr/local/bin -Dsitearch=/usr/local/lib/perl5/site_perl/mach/5.32 -Dsitelib=/usr/local/lib/perl5/site_perl -Dsiteman1dir=/usr/local/lib/perl5/site_perl/man/man1 -Dsiteman3dir=/usr/local/lib/perl5/site_perl/man/man3 -Dusenm=n -Duseshrplib -sde -Ui_iconv -Ui_malloc -Uinstallusrbinperl -Alddlflags=-L/wrkdirs/usr/ports/lang/perl5.32/work/perl-5.32.1 -L/usr/local/lib/perl5/5.32/mach/CORE -lperl -Dshrpldflags=$(LDDLFLAGS:N-L/wrkdirs/usr/ports/lang/perl5.32/work/perl-5.32.1:N-L/usr/local/lib/perl5/5.32/mach/CORE:N-lperl) -Wl,-soname,$(LIBPERL:R) -Doptimize=-O2 -pipe  -fstack-protector-strong -fno-strict-aliasing  -Dusedtrace -Ui_gdbm -Dusemultiplicity=y -Duse64bitint -Dusemymalloc=n -Dusethreads=y -Accflags=-DUSE_THREAD_SAFE_LOCALE'
    hint=recommended
    useposix=true
    d_sigaction=define
    useithreads=define
    usemultiplicity=define
    use64bitint=define
    use64bitall=define
    uselongdouble=undef
    usemymalloc=n
    default_inc_excludes_dot=define
    bincompat5005=undef
  Compiler:
    cc='cc'
    ccflags ='-DHAS_FPSETMASK -DHAS_FLOATINGPOINT_H -DUSE_THREAD_SAFE_LOCALE -fno-strict-aliasing -pipe -fstack-protector-strong -I/usr/local/include'
    optimize='-O2 -pipe -fstack-protector-strong -fno-strict-aliasing '
    cppflags='-DHAS_FPSETMASK -DHAS_FLOATINGPOINT_H -DUSE_THREAD_SAFE_LOCALE -fno-strict-aliasing -pipe -fstack-protector-strong -I/usr/local/include'
    ccversion=''
    gccversion='FreeBSD Clang 12.0.1 (git@github.com:llvm/llvm-project.git llvmorg-12.0.1-0-gfed41342a82f)'
    gccosandvers=''
    intsize=4
    longsize=8
    ptrsize=8
    doublesize=8
    byteorder=12345678
    doublekind=3
    d_longlong=define
    longlongsize=8
    d_longdbl=define
    longdblsize=16
    longdblkind=3
    ivtype='long'
    ivsize=8
    nvtype='double'
    nvsize=8
    Off_t='off_t'
    lseeksize=8
    alignbytes=8
    prototype=define
  Linker and Libraries:
    ld='cc'
    ldflags ='-pthread -Wl,-E  -fstack-protector-strong -L/usr/local/lib'
    libpth=/usr/lib /usr/local/lib /usr/lib/clang/12.0.1/lib /usr/lib
    libs=-lpthread -lm -lcrypt -lutil
    perllibs=-lpthread -lm -lcrypt -lutil
    libc=
    so=so
    useshrplib=true
    libperl=libperl.so.5.32.1
    gnulibc_version=''
  Dynamic Linking:
    dlsrc=dl_dlopen.xs
    dlext=so
    d_dlsymun=undef
    ccdlflags='  -Wl,-R/usr/local/lib/perl5/5.32/mach/CORE'
    cccdlflags='-DPIC -fPIC'
    lddlflags='-shared  -L/usr/local/lib/perl5/5.32/mach/CORE -lperl -L/usr/local/lib -fstack-protector-strong'


Characteristics of this binary (from libperl): 
  Compile-time options:
    HAS_TIMES
    MULTIPLICITY
    PERLIO_LAYERS
    PERL_COPY_ON_WRITE
    PERL_DONT_CREATE_GVSV
    PERL_IMPLICIT_CONTEXT
    PERL_MALLOC_WRAP
    PERL_OP_PARENT
    PERL_PRESERVE_IVUV
    USE_64_BIT_ALL
    USE_64_BIT_INT
    USE_ITHREADS
    USE_LARGE_FILES
    USE_LOCALE
    USE_LOCALE_COLLATE
    USE_LOCALE_CTYPE
    USE_LOCALE_NUMERIC
    USE_LOCALE_TIME
    USE_PERLIO
    USE_PERL_ATOF
    USE_REENTRANT_API
    USE_THREAD_SAFE_LOCALE
  Built under freebsd
  %ENV:
    PERL5LIB="/home/cpansand/.cpan/build/2022021016/XS-libuv-1.41.0.0-0/blib/arch:/home/cpansand/.cpan/build/2022021016/XS-libuv-1.41.0.0-0/blib/lib:/home/cpansand/.cpan/build/2022021016/XS-libcares-1.17.1.2-0/blib/arch:/home/cpansand/.cpan/build/2022021016/XS-libcares-1.17.1.2-0/blib/lib:/home/cpansand/.cpan/build/2022021016/XLog-1.1.2-0/blib/arch:/home/cpansand/.cpan/build/2022021016/XLog-1.1.2-0/blib/lib:/home/cpansand/.cpan/build/2022021016/Test-Fatal-0.016-0/blib/arch:/home/cpansand/.cpan/build/2022021016/Test-Fatal-0.016-0/blib/lib:/home/cpansand/.cpan/build/2022021016/Net-SockAddr-1.1.2-0/blib/arch:/home/cpansand/.cpan/build/2022021016/Net-SockAddr-1.1.2-0/blib/lib:/home/cpansand/.cpan/build/2022021016/Export-XS-3.0.5-0/blib/arch:/home/cpansand/.cpan/build/2022021016/Export-XS-3.0.5-0/blib/lib:/home/cpansand/.cpan/build/2022021016/XS-Framework-1.5.2-0/blib/arch:/home/cpansand/.cpan/build/2022021016/XS-Framework-1.5.2-0/blib/lib:/home/cpansand/.cpan/build/2022021016/Test-Exception-0.43-0/blib/arch:/home/cpansand/.cpan/build/2022021016/Test-Exception-0.43-0/blib/lib:/home/cpansand/.cpan/build/2022021016/Sub-Uplevel-0.2800-0/blib/arch:/home/cpansand/.cpan/build/2022021016/Sub-Uplevel-0.2800-0/blib/lib:/home/cpansand/.cpan/build/2022021016/next-XS-1.0.7-0/blib/arch:/home/cpansand/.cpan/build/2022021016/next-XS-1.0.7-0/blib/lib:/home/cpansand/.cpan/build/2022021016/XS-libpanda-1.5.8-0/blib/arch:/home/cpansand/.cpan/build/2022021016/XS-libpanda-1.5.8-0/blib/lib:/home/cpansand/.cpan/build/2022021016/Test-Catch-2.0.0-0/blib/arch:/home/cpansand/.cpan/build/2022021016/Test-Catch-2.0.0-0/blib/lib:/home/cpansand/.cpan/build/2022021016/XS-libcatch-3.0.0.4-0/blib/arch:/home/cpansand/.cpan/build/2022021016/XS-libcatch-3.0.0.4-0/blib/lib:/home/cpansand/.cpan/build/2022021016/XS-Install-1.3.5-1/blib/arch:/home/cpansand/.cpan/build/2022021016/XS-Install-1.3.5-1/blib/lib:/home/cpansand/.cpan/build/2022021016/Test-Deep-1.130-1/blib/arch:/home/cpansand/.cpan/build/2022021016/Test-Deep-1.130-1/blib/lib:/home/cpansand/.cpan/build/2022021016/PkgConfig-0.25026-1/blib/arch:/home/cpansand/.cpan/build/2022021016/PkgConfig-0.25026-1/blib/lib:/home/cpansand/.cpan/build/2022021016/Alien-cmake3-0.08-0/blib/arch:/home/cpansand/.cpan/build/2022021016/Alien-cmake3-0.08-0/blib/lib:/home/cpansand/.cpan/build/2022021016/Sort-Versions-1.62-0/blib/arch:/home/cpansand/.cpan/build/2022021016/Sort-Versions-1.62-0/blib/lib:/home/cpansand/.cpan/build/2022021016/Alien-Build-2.46-0/blib/arch:/home/cpansand/.cpan/build/2022021016/Alien-Build-2.46-0/blib/lib:/home/cpansand/.cpan/build/2022021016/Path-Tiny-0.122-0/blib/arch:/home/cpansand/.cpan/build/2022021016/Path-Tiny-0.122-0/blib/lib:/home/cpansand/.cpan/build/2022021016/File-chdir-0.1010-0/blib/arch:/home/cpansand/.cpan/build/2022021016/File-chdir-0.1010-0/blib/lib:/home/cpansand/.cpan/build/2022021016/FFI-CheckLib-0.28-0/blib/arch:/home/cpansand/.cpan/build/2022021016/FFI-CheckLib-0.28-0/blib/lib:/home/cpansand/.cpan/build/2022021016/Test2-Suite-0.000144-0/blib/arch:/home/cpansand/.cpan/build/2022021016/Test2-Suite-0.000144-0/blib/lib:/home/cpansand/.cpan/build/2022021016/Test-Simple-1.302188-0/blib/arch:/home/cpansand/.cpan/build/2022021016/Test-Simple-1.302188-0/blib/lib:/home/cpansand/.cpan/build/2022021016/Term-Table-0.016-0/blib/arch:/home/cpansand/.cpan/build/2022021016/Term-Table-0.016-0/blib/lib:/home/cpansand/.cpan/build/2022021016/Sub-Info-0.002-0/blib/arch:/home/cpansand/.cpan/build/2022021016/Sub-Info-0.002-0/blib/lib:/home/cpansand/.cpan/build/2022021016/Scope-Guard-0.21-0/blib/arch:/home/cpansand/.cpan/build/2022021016/Scope-Guard-0.21-0/blib/lib:/home/cpansand/.cpan/build/2022021016/Module-Pluggable-5.2-0/blib/arch:/home/cpansand/.cpan/build/2022021016/Module-Pluggable-5.2-0/blib/lib:/home/cpansand/.cpan/build/2022021016/Importer-0.026-0/blib/arch:/home/cpansand/.cpan/build/2022021016/Importer-0.026-0/blib/lib"
    PERL5OPT=""
    PERL5_CPANPLUS_IS_RUNNING="10637"
    PERL5_CPAN_IS_RUNNING="10637"
    PERL5_CPAN_IS_RUNNING_IN_RECURSION="72241,10637"
    PERL_BATCH="yes"
    PERL_CANARY_STABILITY_NOPROMPT="1"
    PERL_CPAN_REPORTER_CONFIG="/var/tmp/cpansmoker-1023/2022021015/cpanreporter_000_config.ini"
    PERL_EXTUTILS_AUTOINSTALL="--defaultdeps"
    PERL_USE_UNSAFE_INC="1"
  @INC:
    /home/cpansand/.cpan/build/2022021016/XS-libuv-1.41.0.0-0/blib/arch
    /home/cpansand/.cpan/build/2022021016/XS-libuv-1.41.0.0-0/blib/lib
    /home/cpansand/.cpan/build/2022021016/XS-libcares-1.17.1.2-0/blib/arch
    /home/cpansand/.cpan/build/2022021016/XS-libcares-1.17.1.2-0/blib/lib
    /home/cpansand/.cpan/build/2022021016/XLog-1.1.2-0/blib/arch
    /home/cpansand/.cpan/build/2022021016/XLog-1.1.2-0/blib/lib
    /home/cpansand/.cpan/build/2022021016/Test-Fatal-0.016-0/blib/arch
    /home/cpansand/.cpan/build/2022021016/Test-Fatal-0.016-0/blib/lib
    /home/cpansand/.cpan/build/2022021016/Net-SockAddr-1.1.2-0/blib/arch
    /home/cpansand/.cpan/build/2022021016/Net-SockAddr-1.1.2-0/blib/lib
    /home/cpansand/.cpan/build/2022021016/Export-XS-3.0.5-0/blib/arch
    /home/cpansand/.cpan/build/2022021016/Export-XS-3.0.5-0/blib/lib
    /home/cpansand/.cpan/build/2022021016/XS-Framework-1.5.2-0/blib/arch
    /home/cpansand/.cpan/build/2022021016/XS-Framework-1.5.2-0/blib/lib
    /home/cpansand/.cpan/build/2022021016/Test-Exception-0.43-0/blib/arch
    /home/cpansand/.cpan/build/2022021016/Test-Exception-0.43-0/blib/lib
    /home/cpansand/.cpan/build/2022021016/Sub-Uplevel-0.2800-0/blib/arch
    /home/cpansand/.cpan/build/2022021016/Sub-Uplevel-0.2800-0/blib/lib
    /home/cpansand/.cpan/build/2022021016/next-XS-1.0.7-0/blib/arch
    /home/cpansand/.cpan/build/2022021016/next-XS-1.0.7-0/blib/lib
    /home/cpansand/.cpan/build/2022021016/XS-libpanda-1.5.8-0/blib/arch
    /home/cpansand/.cpan/build/2022021016/XS-libpanda-1.5.8-0/blib/lib
    /home/cpansand/.cpan/build/2022021016/Test-Catch-2.0.0-0/blib/arch
    /home/cpansand/.cpan/build/2022021016/Test-Catch-2.0.0-0/blib/lib
    /home/cpansand/.cpan/build/2022021016/XS-libcatch-3.0.0.4-0/blib/arch
    /home/cpansand/.cpan/build/2022021016/XS-libcatch-3.0.0.4-0/blib/lib
    /home/cpansand/.cpan/build/2022021016/XS-Install-1.3.5-1/blib/arch
    /home/cpansand/.cpan/build/2022021016/XS-Install-1.3.5-1/blib/lib
    /home/cpansand/.cpan/build/2022021016/Test-Deep-1.130-1/blib/arch
    /home/cpansand/.cpan/build/2022021016/Test-Deep-1.130-1/blib/lib
    /home/cpansand/.cpan/build/2022021016/PkgConfig-0.25026-1/blib/arch
    /home/cpansand/.cpan/build/2022021016/PkgConfig-0.25026-1/blib/lib
    /home/cpansand/.cpan/build/2022021016/Alien-cmake3-0.08-0/blib/arch
    /home/cpansand/.cpan/build/2022021016/Alien-cmake3-0.08-0/blib/lib
    /home/cpansand/.cpan/build/2022021016/Sort-Versions-1.62-0/blib/arch
    /home/cpansand/.cpan/build/2022021016/Sort-Versions-1.62-0/blib/lib
    /home/cpansand/.cpan/build/2022021016/Alien-Build-2.46-0/blib/arch
    /home/cpansand/.cpan/build/2022021016/Alien-Build-2.46-0/blib/lib
    /home/cpansand/.cpan/build/2022021016/Path-Tiny-0.122-0/blib/arch
    /home/cpansand/.cpan/build/2022021016/Path-Tiny-0.122-0/blib/lib
    /home/cpansand/.cpan/build/2022021016/File-chdir-0.1010-0/blib/arch
    /home/cpansand/.cpan/build/2022021016/File-chdir-0.1010-0/blib/lib
    /home/cpansand/.cpan/build/2022021016/FFI-CheckLib-0.28-0/blib/arch
    /home/cpansand/.cpan/build/2022021016/FFI-CheckLib-0.28-0/blib/lib
    /home/cpansand/.cpan/build/2022021016/Test2-Suite-0.000144-0/blib/arch
    /home/cpansand/.cpan/build/2022021016/Test2-Suite-0.000144-0/blib/lib
    /home/cpansand/.cpan/build/2022021016/Test-Simple-1.302188-0/blib/arch
    /home/cpansand/.cpan/build/2022021016/Test-Simple-1.302188-0/blib/lib
    /home/cpansand/.cpan/build/2022021016/Term-Table-0.016-0/blib/arch
    /home/cpansand/.cpan/build/2022021016/Term-Table-0.016-0/blib/lib
    /home/cpansand/.cpan/build/2022021016/Sub-Info-0.002-0/blib/arch
    /home/cpansand/.cpan/build/2022021016/Sub-Info-0.002-0/blib/lib
    /home/cpansand/.cpan/build/2022021016/Scope-Guard-0.21-0/blib/arch
    /home/cpansand/.cpan/build/2022021016/Scope-Guard-0.21-0/blib/lib
    /home/cpansand/.cpan/build/2022021016/Module-Pluggable-5.2-0/blib/arch
    /home/cpansand/.cpan/build/2022021016/Module-Pluggable-5.2-0/blib/lib
    /home/cpansand/.cpan/build/2022021016/Importer-0.026-0/blib/arch
    /home/cpansand/.cpan/build/2022021016/Importer-0.026-0/blib/lib
    /usr/local/lib/perl5/site_perl/mach/5.32
    /usr/local/lib/perl5/site_perl
    /usr/local/lib/perl5/5.32/mach
    /usr/local/lib/perl5/5.32
    .