UniEvent v1.2.12 Perl 5 v5.39.1 x86_64-linux
- Status
- Fail
- From
- Slaven Rezić
- Dist
-
UniEvent v1.2.12
- Platform
- Perl 5 v5.39.1 x86_64-linux
- Date
- 2023-08-03 06:23:27
- ID
- 41ef14be-31c6-11ee-9bdd-f51b6e8775ea
This distribution has been tested as part of the CPAN Testers
project, supporting the Perl programming language. See
http://wiki.cpantesters.org/ for more information or email
questions to cpan-testers-discuss@perl.org
--
Dear Oleg Pronin,
This is a computer-generated report for UniEvent-1.2.12
on perl 5.39.1, created by CPAN-Reporter-1.2019.
Thank you for uploading your work to CPAN. However, there was a problem
testing your distribution.
If you think this report is invalid, please consult the CPAN Testers Wiki
for suggestions on how to avoid getting FAIL reports for missing library
or binary dependencies, unsupported operating systems, and so on:
http://wiki.cpantesters.org/wiki/CPANAuthorNotes
Sections of this report:
* Tester comments
* Program output
* Prerequisites
* Environment and other context
------------------------------
TESTER COMMENTS
------------------------------
Additional comments from tester:
none provided
------------------------------
PROGRAM OUTPUT
------------------------------
Output from '/usr/bin/make test':
"/opt/perl-5.39.1/bin/perl5.39.1" -MExtUtils::Command::MM -e 'cp_nonempty' -- UniEvent.bs blib/arch/auto/UniEvent/UniEvent.bs 644
cd clib/build && cd ../cmake_props && make unievent
make[1]: Entering directory '/home/cpansand/.cpan/build/2023072518/UniEvent-1.2.12-0/clib/cmake_props'
make[2]: Entering directory '/home/cpansand/.cpan/build/2023072518/UniEvent-1.2.12-0/clib/cmake_props'
make[3]: Entering directory '/home/cpansand/.cpan/build/2023072518/UniEvent-1.2.12-0/clib/cmake_props'
make[4]: Entering directory '/home/cpansand/.cpan/build/2023072518/UniEvent-1.2.12-0/clib/cmake_props'
make[4]: Leaving directory '/home/cpansand/.cpan/build/2023072518/UniEvent-1.2.12-0/clib/cmake_props'
[100%] Built target unievent
make[3]: Leaving directory '/home/cpansand/.cpan/build/2023072518/UniEvent-1.2.12-0/clib/cmake_props'
make[2]: Leaving directory '/home/cpansand/.cpan/build/2023072518/UniEvent-1.2.12-0/clib/cmake_props'
make[1]: Leaving directory '/home/cpansand/.cpan/build/2023072518/UniEvent-1.2.12-0/clib/cmake_props'
cd clib/build && make install > /dev/null 2>&1
/opt/perl-5.39.1/lib/site_perl/5.39.1/x86_64-linux/auto/share/dist/Alien-cmake3/bin/cmake -E copy_directory clib/build/cmake_prefix/include blib/arch/UniEvent.x/i/
Skip blib/arch/UniEvent/FsEvent.pod (unchanged)
Skip blib/arch/UniEvent/Handle.pm (unchanged)
Skip blib/arch/UniEvent/Request/Connect.pod (unchanged)
Skip blib/arch/UniEvent.x/info (unchanged)
Skip blib/arch/UniEvent/Request/Write.pod (unchanged)
Skip blib/arch/UniEvent/ResolveError.pod (unchanged)
Skip blib/arch/UE.pm (unchanged)
Skip blib/arch/UniEvent.pm (unchanged)
Skip blib/arch/UniEvent/Poll.pm (unchanged)
Skip blib/arch/UniEvent/FsPoll.pod (unchanged)
Skip blib/arch/UniEvent/FsEvent.pm (unchanged)
Skip blib/arch/UniEvent/Error.pm (unchanged)
Skip blib/arch/UniEvent/Request/Send.pod (unchanged)
Skip blib/arch/UniEvent/Backend/UV.pod (unchanged)
Skip blib/arch/UniEvent/Check.pod (unchanged)
Skip blib/arch/UniEvent/Poll.pod (unchanged)
Skip blib/arch/UniEvent/Loop.pm (unchanged)
Skip blib/arch/UniEvent/Backend.pm (unchanged)
Skip blib/arch/UniEvent/Fs.pod (unchanged)
Skip blib/arch/UniEvent.pod (unchanged)
Skip blib/arch/UniEvent/Prepare.pod (unchanged)
Skip blib/arch/UniEvent/Request/Shutdown.pod (unchanged)
Skip blib/arch/UniEvent/Resolver.pm (unchanged)
Skip blib/arch/UniEvent/FsPoll.pm (unchanged)
Skip blib/arch/UniEvent/Check.pm (unchanged)
Skip blib/arch/UniEvent/Error.pod (unchanged)
Skip blib/arch/UniEvent/Loop.pod (unchanged)
Skip blib/arch/UniEvent/Prepare.pm (unchanged)
Skip blib/arch/UniEvent/Idle.pm (unchanged)
Skip blib/arch/UE.pod (unchanged)
Skip blib/arch/UniEvent/Pipe.pm (unchanged)
Skip blib/arch/UniEvent/Handle.pod (unchanged)
Skip blib/arch/UniEvent/Request.pm (unchanged)
Skip blib/arch/UniEvent/Resolver.pod (unchanged)
Skip blib/arch/UniEvent/Backend/UV.pm (unchanged)
Skip blib/arch/UniEvent/Fs.pm (unchanged)
Skip blib/arch/UniEvent/Pipe.pod (unchanged)
Skip blib/arch/UniEvent/Backend.pod (unchanged)
Skip blib/arch/UniEvent/Idle.pod (unchanged)
Skip blib/arch/UniEvent/Resolver/Request.pm (unchanged)
Skip blib/arch/UniEvent/Streamer/IOutput.pod (unchanged)
Skip blib/arch/UniEvent/Stream.pm (unchanged)
Skip blib/arch/UniEvent/Streamer/StreamInput.pod (unchanged)
Skip blib/arch/UniEvent/Signal.pm (unchanged)
Skip blib/arch/UniEvent/StreamerError.pod (unchanged)
Skip blib/arch/UniEvent/Streamer/StreamOutput.pod (unchanged)
Skip blib/arch/UniEvent/Streamer/FileOutput.pm (unchanged)
Skip blib/arch/UniEvent/Streamer/StreamOutput.pm (unchanged)
Skip blib/arch/UniEvent/Timer.pm (unchanged)
Skip blib/arch/UniEvent/Streamer/StreamInput.pm (unchanged)
Skip blib/arch/UniEvent/Timer.pod (unchanged)
Skip blib/arch/UniEvent/Tcp.pm (unchanged)
Skip blib/arch/UniEvent/Tty.pod (unchanged)
Skip blib/arch/UniEvent/Streamer/Input.pod (unchanged)
Skip blib/arch/UniEvent/Udp.pm (unchanged)
Skip blib/arch/UniEvent/Signal.pod (unchanged)
Skip blib/arch/UniEvent/Streamer/Output.pod (unchanged)
Skip blib/arch/UniEvent/SystemError.pm (unchanged)
Skip blib/arch/UniEvent/Resolver/Request.pod (unchanged)
Skip blib/arch/UniEvent/Udp.pod (unchanged)
Skip blib/arch/UniEvent/Streamer/Input.pm (unchanged)
Skip blib/arch/UniEvent/Tty.pm (unchanged)
Skip blib/arch/UniEvent/Streamer.pm (unchanged)
Skip blib/arch/UniEvent/Tcp.pod (unchanged)
Skip blib/arch/UniEvent/Stream.pod (unchanged)
Skip blib/arch/UniEvent/Streamer/IInput.pm (unchanged)
Skip blib/arch/UniEvent/Streamer/FileInput.pod (unchanged)
Skip blib/arch/UniEvent/Streamer/FileOutput.pod (unchanged)
Skip blib/arch/UniEvent/Streamer/IInput.pod (unchanged)
Skip blib/arch/UniEvent/Streamer/FileInput.pm (unchanged)
Skip blib/arch/UniEvent/Test/Async.pm (unchanged)
Skip blib/arch/UniEvent/Streamer/Output.pm (unchanged)
Skip blib/arch/UniEvent/SystemError.pod (unchanged)
Skip blib/arch/UniEvent/Streamer/IOutput.pm (unchanged)
Skip blib/arch/UniEvent/Streamer.pod (unchanged)
Skip blib/arch/UniEvent.x/i/xs/unievent/FsPoll.h (unchanged)
Skip blib/arch/UniEvent.x/i/xs/unievent/Resolver.h (unchanged)
Skip blib/arch/UniEvent.x/i/xs/unievent/FsEvent.h (unchanged)
Skip blib/arch/UniEvent.x/i/xs/unievent/Loop.h (unchanged)
Skip blib/arch/UniEvent.x/i/xs/unievent/Work.h (unchanged)
Skip blib/arch/UniEvent.x/i/xs/unievent/Tty.h (unchanged)
Skip blib/arch/UniEvent.x/i/xs/unievent/Signal.h (unchanged)
Skip blib/arch/UniEvent.x/i/xs/unievent/AddrInfo.h (unchanged)
Skip blib/arch/UniEvent.x/i/xs/unievent/Pipe.h (unchanged)
Skip blib/arch/UniEvent.x/i/xs/unievent/Streamer.h (unchanged)
Skip blib/arch/UniEvent.x/i/xs/unievent/Fs.h (unchanged)
Skip blib/arch/UniEvent.x/i/xs/unievent/Tcp.h (unchanged)
Skip blib/arch/UniEvent.x/i/xs/unievent/error.h (unchanged)
Skip blib/arch/UniEvent.x/i/xs/unievent/Ssl.h (unchanged)
Skip blib/arch/UniEvent.x/i/xs/unievent.h (unchanged)
Skip blib/arch/UniEvent.x/i/xs/unievent/Handle.h (unchanged)
Skip blib/arch/UniEvent.x/i/xs/unievent/Listener.h (unchanged)
Skip blib/arch/UniEvent.x/i/xs/unievent/Poll.h (unchanged)
Skip blib/arch/UniEvent.x/i/xs/unievent/util.h (unchanged)
Skip blib/arch/UniEvent.x/i/xs/unievent/Backend.h (unchanged)
Skip blib/arch/UniEvent.x/i/xs/unievent/Udp.h (unchanged)
Skip blib/arch/UniEvent.x/i/xs/unievent/Request.h (unchanged)
Skip blib/arch/UniEvent.x/i/xs/unievent/Idle.h (unchanged)
Skip blib/arch/UniEvent.x/i/xs/unievent/Stream.h (unchanged)
Skip blib/arch/UniEvent.x/i/xs/unievent/Timer.h (unchanged)
Skip blib/arch/UniEvent/Work.pm (unchanged)
Skip blib/arch/UniEvent.x/i/xs/unievent/Check.h (unchanged)
Skip blib/arch/UniEvent.x/i/xs/unievent/Prepare.h (unchanged)
"/opt/perl-5.39.1/bin/perl5.39.1" -Ilib -MXS::Install::ParseXS -MXS::Framework::ParseXS "/opt/perl-5.39.1/lib/5.39.1/ExtUtils/xsubpp" -hiertype -C++ -hiertype -C++ -typemap '/opt/perl-5.39.1/lib/5.39.1/ExtUtils/typemap' -typemap '/opt/perl-5.39.1/lib/site_perl/5.39.1/XS/Install.x/tm/typemap' -typemap '/opt/perl-5.39.1/lib/site_perl/5.39.1/x86_64-linux/XS/Framework.x/tm/typemap' -typemap '/opt/perl-5.39.1/lib/site_perl/5.39.1/x86_64-linux/XS/Framework.x/tm/typemap64' -typemap '/opt/perl-5.39.1/lib/site_perl/5.39.1/XS/Install.x/tm/typemap' -typemap '/opt/perl-5.39.1/lib/site_perl/5.39.1/x86_64-linux/XS/Framework.x/tm/typemap' -typemap '/opt/perl-5.39.1/lib/site_perl/5.39.1/x86_64-linux/XS/Framework.x/tm/typemap64' -csuffix _xsgen.cc t/lib/MyTest.xs > t/lib/MyTest.xsc
mv t/lib/MyTest.xsc t/lib/MyTest_xsgen.cc
c++ -c -Isrc -I/home/cpansand/.cpan/build/2023072518/UniEvent-1.2.12-0/clib/src -I/home/cpansand/.cpan/build/2023072518/UniEvent-1.2.12-0/clib/backend-uv/src -I/home/cpansand/.cpan/build/2023072518/UniEvent-1.2.12-0/clib/backend-uv/include -I/usr/include -I/home/cpansand/.cpan/build/2023072518/UniEvent-1.2.12-0/clib/src -I/home/cpansand/.cpan/build/2023072518/UniEvent-1.2.12-0/clib/backend-uv/src -I/home/cpansand/.cpan/build/2023072518/UniEvent-1.2.12-0/clib/backend-uv/include -I/usr/include -I/opt/perl-5.39.1/lib/site_perl/5.39.1/x86_64-linux/XS/libuv.x/i -I/opt/perl-5.39.1/lib/site_perl/5.39.1/XS/Install.x/i -I/opt/perl-5.39.1/lib/site_perl/5.39.1/x86_64-linux/Export/XS.x/i -I/opt/perl-5.39.1/lib/site_perl/5.39.1/x86_64-linux/XS/Framework.x/i -I/opt/perl-5.39.1/lib/site_perl/5.39.1/x86_64-linux/XS/libpanda.x/i -I/opt/perl-5.39.1/lib/site_perl/5.39.1/x86_64-linux/next/XS.x/i -I/opt/perl-5.39.1/lib/site_perl/5.39.1/x86_64-linux/Net/SockAddr.x/i -I/opt/perl-5.39.1/lib/site_perl/5.39.1/x86_64-linux/XS/libcares.x/i -I/opt/perl-5.39.1/lib/site_perl/5.39.1/x86_64-linux/XLog.x/i -I/opt/perl-5.39.1/lib/site_perl/5.39.1/x86_64-linux/XS/libcatch.x/i -I/usr/include -Wall -Wextra -std=c++14 -fwrapv -fno-strict-aliasing -pipe -fstack-protector-strong -I/usr/local/include -D_LARGEFILE_SOURCE -D_FILE_OFFSET_BITS=64 -D_FORTIFY_SOURCE=2 -o t/lib/MyTest_xsgen.o -O0 -DVERSION=\"0.0.0\" -DXS_VERSION=\"0.0.0\" -fPIC "-I/opt/perl-5.39.1/lib/5.39.1/x86_64-linux/CORE" -DCARES_STATICLIB -DCARES_STATICLIB t/lib/MyTest_xsgen.cc
Running Mkbootstrap for MyTest ()
chmod 644 "MyTest.bs"
"/opt/perl-5.39.1/bin/perl5.39.1" -MExtUtils::Command::MM -e 'cp_nonempty' -- MyTest.bs blib/arch/auto/MyTest/MyTest.bs 644
cd clib/build && cd ../cmake_props && make unievent-tests
[ 55%] Built target unievent
[ 57%] Building CXX object /home/cpansand/.cpan/build/2023072518/UniEvent-1.2.12-0/clib/build/CMakeFiles/unievent-tests.dir/tests/async.cc.o
[ 57%] Building CXX object /home/cpansand/.cpan/build/2023072518/UniEvent-1.2.12-0/clib/build/CMakeFiles/unievent-tests.dir/tests/async_test.cc.o
[ 59%] Building CXX object /home/cpansand/.cpan/build/2023072518/UniEvent-1.2.12-0/clib/build/CMakeFiles/unievent-tests.dir/tests/backend.cc.o
[ 61%] Building CXX object /home/cpansand/.cpan/build/2023072518/UniEvent-1.2.12-0/clib/build/CMakeFiles/unievent-tests.dir/tests/bench.cc.o
[ 62%] Building CXX object /home/cpansand/.cpan/build/2023072518/UniEvent-1.2.12-0/clib/build/CMakeFiles/unievent-tests.dir/tests/check.cc.o
[ 64%] Building CXX object /home/cpansand/.cpan/build/2023072518/UniEvent-1.2.12-0/clib/build/CMakeFiles/unievent-tests.dir/tests/fs.cc.o
[ 66%] Building CXX object /home/cpansand/.cpan/build/2023072518/UniEvent-1.2.12-0/clib/build/CMakeFiles/unievent-tests.dir/tests/handle.cc.o
[ 68%] Building CXX object /home/cpansand/.cpan/build/2023072518/UniEvent-1.2.12-0/clib/build/CMakeFiles/unievent-tests.dir/tests/idle.cc.o
[ 70%] Building CXX object /home/cpansand/.cpan/build/2023072518/UniEvent-1.2.12-0/clib/build/CMakeFiles/unievent-tests.dir/tests/lib/test.cc.o
[ 72%] Building CXX object /home/cpansand/.cpan/build/2023072518/UniEvent-1.2.12-0/clib/build/CMakeFiles/unievent-tests.dir/tests/loop.cc.o
[ 74%] Building CXX object /home/cpansand/.cpan/build/2023072518/UniEvent-1.2.12-0/clib/build/CMakeFiles/unievent-tests.dir/tests/pipe.cc.o
[ 75%] Building CXX object /home/cpansand/.cpan/build/2023072518/UniEvent-1.2.12-0/clib/build/CMakeFiles/unievent-tests.dir/tests/prepare.cc.o
[ 77%] Building CXX object /home/cpansand/.cpan/build/2023072518/UniEvent-1.2.12-0/clib/build/CMakeFiles/unievent-tests.dir/tests/regression.cc.o
[ 77%] Building CXX object /home/cpansand/.cpan/build/2023072518/UniEvent-1.2.12-0/clib/build/CMakeFiles/unievent-tests.dir/tests/resolver.cc.o
[ 79%] Building CXX object /home/cpansand/.cpan/build/2023072518/UniEvent-1.2.12-0/clib/build/CMakeFiles/unievent-tests.dir/tests/stream/establish.cc.o
[ 81%] Building CXX object /home/cpansand/.cpan/build/2023072518/UniEvent-1.2.12-0/clib/build/CMakeFiles/unievent-tests.dir/tests/stream/write.cc.o
[ 83%] Building CXX object /home/cpansand/.cpan/build/2023072518/UniEvent-1.2.12-0/clib/build/CMakeFiles/unievent-tests.dir/tests/streamer/basic.cc.o
[ 85%] Building CXX object /home/cpansand/.cpan/build/2023072518/UniEvent-1.2.12-0/clib/build/CMakeFiles/unievent-tests.dir/tests/streamer/file.cc.o
[ 87%] Building CXX object /home/cpansand/.cpan/build/2023072518/UniEvent-1.2.12-0/clib/build/CMakeFiles/unievent-tests.dir/tests/streamer/stream.cc.o
[ 88%] Building CXX object /home/cpansand/.cpan/build/2023072518/UniEvent-1.2.12-0/clib/build/CMakeFiles/unievent-tests.dir/tests/tcp/base.cc.o
[ 90%] Building CXX object /home/cpansand/.cpan/build/2023072518/UniEvent-1.2.12-0/clib/build/CMakeFiles/unievent-tests.dir/tests/tcp/connect.cc.o
[ 92%] Building CXX object /home/cpansand/.cpan/build/2023072518/UniEvent-1.2.12-0/clib/build/CMakeFiles/unievent-tests.dir/tests/tcp/ssl.cc.o
[ 94%] Building CXX object /home/cpansand/.cpan/build/2023072518/UniEvent-1.2.12-0/clib/build/CMakeFiles/unievent-tests.dir/tests/timer.cc.o
[ 96%] Building CXX object /home/cpansand/.cpan/build/2023072518/UniEvent-1.2.12-0/clib/build/CMakeFiles/unievent-tests.dir/tests/util.cc.o
[ 98%] Building CXX object /home/cpansand/.cpan/build/2023072518/UniEvent-1.2.12-0/clib/build/CMakeFiles/unievent-tests.dir/tests/work.cc.o
[100%] Linking CXX static library libunievent-tests.a
[100%] Built target unievent-tests
rm -f blib/arch/auto/MyTest/MyTest.so
c++ -shared -O2 -L/usr/local/lib -fstack-protector-strong t/lib/MyTest_xsgen.o blib/arch/auto/UniEvent/UniEvent.so -Wl,--whole-archive clib/build/libunievent-tests.a -Wl,--no-whole-archive -lpthread /usr/lib/x86_64-linux-gnu/libssl.so /usr/lib/x86_64-linux-gnu/libcrypto.so -o blib/arch/auto/MyTest/MyTest.so \
\
chmod 755 blib/arch/auto/MyTest/MyTest.so
cd clib/build && make install > /dev/null 2>&1
Skip blib/arch/UniEvent/Resolver.pm (unchanged)
Skip blib/arch/UniEvent/Error.pm (unchanged)
Skip blib/arch/UniEvent.pod (unchanged)
Skip blib/arch/UniEvent/Poll.pm (unchanged)
Skip blib/arch/UniEvent/Idle.pm (unchanged)
Skip blib/arch/UniEvent/Poll.pod (unchanged)
Skip blib/arch/UniEvent/Idle.pod (unchanged)
Skip blib/arch/UniEvent/Prepare.pm (unchanged)
Skip blib/arch/UniEvent/Fs.pm (unchanged)
Skip blib/arch/UniEvent/Request.pm (unchanged)
Skip blib/arch/UniEvent/Backend.pm (unchanged)
Skip blib/arch/UniEvent/Backend/UV.pod (unchanged)
Skip blib/arch/UniEvent/FsEvent.pm (unchanged)
Skip blib/arch/UE.pod (unchanged)
Skip blib/arch/UniEvent/Request/Connect.pod (unchanged)
Skip blib/arch/UniEvent/Resolver.pod (unchanged)
Skip blib/arch/UE.pm (unchanged)
Skip blib/arch/UniEvent/Fs.pod (unchanged)
Skip blib/arch/UniEvent/Check.pm (unchanged)
Skip blib/arch/UniEvent.pm (unchanged)
Skip blib/arch/UniEvent/ResolveError.pod (unchanged)
Skip blib/arch/UniEvent/Loop.pod (unchanged)
Skip blib/arch/UniEvent/FsEvent.pod (unchanged)
Skip blib/arch/UniEvent/Request/Write.pod (unchanged)
Skip blib/arch/UniEvent/Backend/UV.pm (unchanged)
Skip blib/arch/UniEvent/Request/Send.pod (unchanged)
Skip blib/arch/UniEvent/Handle.pod (unchanged)
Skip blib/arch/UniEvent/Check.pod (unchanged)
Skip blib/arch/UniEvent/FsPoll.pod (unchanged)
Skip blib/arch/UniEvent/Loop.pm (unchanged)
Skip blib/arch/UniEvent/Request/Shutdown.pod (unchanged)
Skip blib/arch/UniEvent/Pipe.pm (unchanged)
Skip blib/arch/UniEvent/FsPoll.pm (unchanged)
Skip blib/arch/UniEvent/Handle.pm (unchanged)
Skip blib/arch/UniEvent/Resolver/Request.pod (unchanged)
Skip blib/arch/UniEvent/Error.pod (unchanged)
Skip blib/arch/UniEvent/Resolver/Request.pm (unchanged)
Skip blib/arch/UniEvent/Backend.pod (unchanged)
Skip blib/arch/UniEvent/Pipe.pod (unchanged)
Skip blib/arch/UniEvent/Prepare.pod (unchanged)
Skip blib/arch/UniEvent/Streamer/Output.pod (unchanged)
Skip blib/arch/UniEvent/Streamer/IOutput.pm (unchanged)
Skip blib/arch/UniEvent/Streamer.pm (unchanged)
Skip blib/arch/UniEvent/Streamer/StreamOutput.pod (unchanged)
Skip blib/arch/UniEvent/Streamer/Output.pm (unchanged)
Skip blib/arch/UniEvent/Streamer/FileInput.pm (unchanged)
Skip blib/arch/UniEvent/Streamer/IInput.pm (unchanged)
Skip blib/arch/UniEvent/Timer.pod (unchanged)
Skip blib/arch/UniEvent/Signal.pm (unchanged)
Skip blib/arch/UniEvent/Work.pm (unchanged)
Skip blib/arch/UniEvent/Streamer/StreamInput.pod (unchanged)
Skip blib/arch/UniEvent/SystemError.pod (unchanged)
Skip blib/arch/UniEvent/Timer.pm (unchanged)
Skip blib/arch/UniEvent/Streamer/IOutput.pod (unchanged)
Skip blib/arch/UniEvent/Stream.pod (unchanged)
Skip blib/arch/UniEvent/Streamer/Input.pod (unchanged)
Skip blib/arch/UniEvent/Streamer.pod (unchanged)
Skip blib/arch/UniEvent/Streamer/StreamOutput.pm (unchanged)
Skip blib/arch/UniEvent/SystemError.pm (unchanged)
Skip blib/arch/UniEvent/Streamer/FileOutput.pod (unchanged)
Skip blib/arch/UniEvent/Streamer/FileOutput.pm (unchanged)
Skip blib/arch/UniEvent/Streamer/StreamInput.pm (unchanged)
Skip blib/arch/UniEvent/Tcp.pod (unchanged)
Skip blib/arch/UniEvent/Udp.pm (unchanged)
Skip blib/arch/UniEvent/Stream.pm (unchanged)
Skip blib/arch/UniEvent/StreamerError.pod (unchanged)
Skip blib/arch/UniEvent/Tty.pod (unchanged)
Skip blib/arch/UniEvent/Streamer/FileInput.pod (unchanged)
Skip blib/arch/UniEvent/Streamer/IInput.pod (unchanged)
Skip blib/arch/UniEvent/Tty.pm (unchanged)
Skip blib/arch/UniEvent/Signal.pod (unchanged)
Skip blib/arch/UniEvent/Tcp.pm (unchanged)
Skip blib/arch/UniEvent/Streamer/Input.pm (unchanged)
Skip blib/arch/UniEvent/Udp.pod (unchanged)
Skip blib/arch/UniEvent/Test/Async.pm (unchanged)
Manifying 35 pod documents
Manifying 4 pod documents
PERL_DL_NONLAZY=1 "/opt/perl-5.39.1/bin/perl5.39.1" "-MExtUtils::Command::MM" "-MTest::Harness" "-e" "undef *Test::Harness::Switches; test_harness(0, 'blib/lib', 'blib/arch')" t/*.t t/*/*.t
[std::logic_error] Export::XS: can't make autoexport for stash 'UniEvent' - you already have import() sub at /opt/perl-5.39.1/lib/5.39.1/x86_64-linux/DynaLoader.pm line 223.
Compilation failed in require at t/lib/MyTest.pm line 5.
BEGIN failed--compilation aborted at t/lib/MyTest.pm line 5.
Compilation failed in require at t/async.t line 3.
BEGIN failed--compilation aborted at t/async.t line 3.
t/async.t .............
Dubious, test returned 2 (wstat 512, 0x200)
No subtests run
[std::logic_error] Export::XS: can't make autoexport for stash 'UniEvent' - you already have import() sub at /opt/perl-5.39.1/lib/5.39.1/x86_64-linux/DynaLoader.pm line 223.
Compilation failed in require at t/lib/MyTest.pm line 5.
BEGIN failed--compilation aborted at t/lib/MyTest.pm line 5.
Compilation failed in require at t/async_test.t line 3.
BEGIN failed--compilation aborted at t/async_test.t line 3.
t/async_test.t ........
Dubious, test returned 2 (wstat 512, 0x200)
No subtests run
[std::logic_error] Export::XS: can't make autoexport for stash 'UniEvent' - you already have import() sub at /opt/perl-5.39.1/lib/5.39.1/x86_64-linux/DynaLoader.pm line 223.
Compilation failed in require at t/lib/MyTest.pm line 5.
BEGIN failed--compilation aborted at t/lib/MyTest.pm line 5.
Compilation failed in require at t/backend.t line 3.
BEGIN failed--compilation aborted at t/backend.t line 3.
t/backend.t ...........
Dubious, test returned 2 (wstat 512, 0x200)
No subtests run
[std::logic_error] Export::XS: can't make autoexport for stash 'UniEvent' - you already have import() sub at /opt/perl-5.39.1/lib/5.39.1/x86_64-linux/DynaLoader.pm line 223.
Compilation failed in require at t/lib/MyTest.pm line 5.
BEGIN failed--compilation aborted at t/lib/MyTest.pm line 5.
Compilation failed in require at t/backend_pp.t line 3.
BEGIN failed--compilation aborted at t/backend_pp.t line 3.
t/backend_pp.t ........
Dubious, test returned 2 (wstat 512, 0x200)
No subtests run
[std::logic_error] Export::XS: can't make autoexport for stash 'UniEvent' - you already have import() sub at /opt/perl-5.39.1/lib/5.39.1/x86_64-linux/DynaLoader.pm line 223.
Compilation failed in require at t/lib/MyTest.pm line 5.
BEGIN failed--compilation aborted at t/lib/MyTest.pm line 5.
Compilation failed in require at t/check.t line 3.
BEGIN failed--compilation aborted at t/check.t line 3.
t/check.t .............
Dubious, test returned 2 (wstat 512, 0x200)
No subtests run
[std::logic_error] Export::XS: can't make autoexport for stash 'UniEvent' - you already have import() sub at /opt/perl-5.39.1/lib/5.39.1/x86_64-linux/DynaLoader.pm line 223.
Compilation failed in require at t/lib/MyTest.pm line 5.
BEGIN failed--compilation aborted at t/lib/MyTest.pm line 5.
Compilation failed in require at t/error.t line 3.
BEGIN failed--compilation aborted at t/error.t line 3.
t/error.t .............
Dubious, test returned 2 (wstat 512, 0x200)
No subtests run
[std::logic_error] Export::XS: can't make autoexport for stash 'UniEvent' - you already have import() sub at /opt/perl-5.39.1/lib/5.39.1/x86_64-linux/DynaLoader.pm line 223.
Compilation failed in require at t/lib/MyTest.pm line 5.
BEGIN failed--compilation aborted at t/lib/MyTest.pm line 5.
Compilation failed in require at t/fs.t line 3.
BEGIN failed--compilation aborted at t/fs.t line 3.
t/fs.t ................
Dubious, test returned 2 (wstat 512, 0x200)
No subtests run
[std::logic_error] Export::XS: can't make autoexport for stash 'UniEvent' - you already have import() sub at /opt/perl-5.39.1/lib/5.39.1/x86_64-linux/DynaLoader.pm line 223.
Compilation failed in require at t/lib/MyTest.pm line 5.
BEGIN failed--compilation aborted at t/lib/MyTest.pm line 5.
Compilation failed in require at t/fs_event.t line 3.
BEGIN failed--compilation aborted at t/fs_event.t line 3.
t/fs_event.t ..........
Dubious, test returned 2 (wstat 512, 0x200)
No subtests run
[std::logic_error] Export::XS: can't make autoexport for stash 'UniEvent' - you already have import() sub at /opt/perl-5.39.1/lib/5.39.1/x86_64-linux/DynaLoader.pm line 223.
Compilation failed in require at t/lib/MyTest.pm line 5.
BEGIN failed--compilation aborted at t/lib/MyTest.pm line 5.
Compilation failed in require at t/fs_poll.t line 3.
BEGIN failed--compilation aborted at t/fs_poll.t line 3.
t/fs_poll.t ...........
Dubious, test returned 2 (wstat 512, 0x200)
No subtests run
[std::logic_error] Export::XS: can't make autoexport for stash 'UniEvent' - you already have import() sub at /opt/perl-5.39.1/lib/5.39.1/x86_64-linux/DynaLoader.pm line 223.
Compilation failed in require at t/lib/MyTest.pm line 5.
BEGIN failed--compilation aborted at t/lib/MyTest.pm line 5.
Compilation failed in require at t/handle.t line 3.
BEGIN failed--compilation aborted at t/handle.t line 3.
t/handle.t ............
Dubious, test returned 2 (wstat 512, 0x200)
No subtests run
[std::logic_error] Export::XS: can't make autoexport for stash 'UniEvent' - you already have import() sub at /opt/perl-5.39.1/lib/5.39.1/x86_64-linux/DynaLoader.pm line 223.
Compilation failed in require at t/lib/MyTest.pm line 5.
BEGIN failed--compilation aborted at t/lib/MyTest.pm line 5.
Compilation failed in require at t/idle.t line 3.
BEGIN failed--compilation aborted at t/idle.t line 3.
t/idle.t ..............
Dubious, test returned 2 (wstat 512, 0x200)
No subtests run
[std::logic_error] Export::XS: can't make autoexport for stash 'UniEvent' - you already have import() sub at /opt/perl-5.39.1/lib/5.39.1/x86_64-linux/DynaLoader.pm line 223.
Compilation failed in require at t/lib/MyTest.pm line 5.
BEGIN failed--compilation aborted at t/lib/MyTest.pm line 5.
Compilation failed in require at t/listener.t line 3.
BEGIN failed--compilation aborted at t/listener.t line 3.
t/listener.t ..........
Dubious, test returned 2 (wstat 512, 0x200)
No subtests run
[std::logic_error] Export::XS: can't make autoexport for stash 'UniEvent' - you already have import() sub at /opt/perl-5.39.1/lib/5.39.1/x86_64-linux/DynaLoader.pm line 223.
Compilation failed in require at t/lib/MyTest.pm line 5.
BEGIN failed--compilation aborted at t/lib/MyTest.pm line 5.
Compilation failed in require at t/loop.t line 3.
BEGIN failed--compilation aborted at t/loop.t line 3.
t/loop.t ..............
Dubious, test returned 2 (wstat 512, 0x200)
No subtests run
[std::logic_error] Export::XS: can't make autoexport for stash 'UniEvent' - you already have import() sub at /opt/perl-5.39.1/lib/5.39.1/x86_64-linux/DynaLoader.pm line 223.
Compilation failed in require at t/lib/MyTest.pm line 5.
BEGIN failed--compilation aborted at t/lib/MyTest.pm line 5.
Compilation failed in require at t/misc.t line 3.
BEGIN failed--compilation aborted at t/misc.t line 3.
t/misc.t ..............
Dubious, test returned 2 (wstat 512, 0x200)
No subtests run
[std::logic_error] Export::XS: can't make autoexport for stash 'UniEvent' - you already have import() sub at /opt/perl-5.39.1/lib/5.39.1/x86_64-linux/DynaLoader.pm line 223.
Compilation failed in require at t/lib/MyTest.pm line 5.
BEGIN failed--compilation aborted at t/lib/MyTest.pm line 5.
Compilation failed in require at t/pipe/pair.t line 3.
BEGIN failed--compilation aborted at t/pipe/pair.t line 3.
t/pipe/pair.t .........
Dubious, test returned 2 (wstat 512, 0x200)
No subtests run
[std::logic_error] Export::XS: can't make autoexport for stash 'UniEvent' - you already have import() sub at /opt/perl-5.39.1/lib/5.39.1/x86_64-linux/DynaLoader.pm line 223.
Compilation failed in require at t/lib/MyTest.pm line 5.
BEGIN failed--compilation aborted at t/lib/MyTest.pm line 5.
Compilation failed in require at t/pipe/pipe.t line 4.
BEGIN failed--compilation aborted at t/pipe/pipe.t line 4.
t/pipe/pipe.t .........
Dubious, test returned 2 (wstat 512, 0x200)
No subtests run
[std::logic_error] Export::XS: can't make autoexport for stash 'UniEvent' - you already have import() sub at /opt/perl-5.39.1/lib/5.39.1/x86_64-linux/DynaLoader.pm line 223.
Compilation failed in require at t/lib/MyTest.pm line 5.
BEGIN failed--compilation aborted at t/lib/MyTest.pm line 5.
Compilation failed in require at t/poll.t line 3.
BEGIN failed--compilation aborted at t/poll.t line 3.
t/poll.t ..............
Dubious, test returned 2 (wstat 512, 0x200)
No subtests run
[std::logic_error] Export::XS: can't make autoexport for stash 'UniEvent' - you already have import() sub at /opt/perl-5.39.1/lib/5.39.1/x86_64-linux/DynaLoader.pm line 223.
Compilation failed in require at t/lib/MyTest.pm line 5.
BEGIN failed--compilation aborted at t/lib/MyTest.pm line 5.
Compilation failed in require at t/prepare.t line 3.
BEGIN failed--compilation aborted at t/prepare.t line 3.
t/prepare.t ...........
Dubious, test returned 2 (wstat 512, 0x200)
No subtests run
[std::logic_error] Export::XS: can't make autoexport for stash 'UniEvent' - you already have import() sub at /opt/perl-5.39.1/lib/5.39.1/x86_64-linux/DynaLoader.pm line 223.
Compilation failed in require at t/lib/MyTest.pm line 5.
BEGIN failed--compilation aborted at t/lib/MyTest.pm line 5.
Compilation failed in require at t/regression.t line 3.
BEGIN failed--compilation aborted at t/regression.t line 3.
t/regression.t ........
Dubious, test returned 2 (wstat 512, 0x200)
No subtests run
[std::logic_error] Export::XS: can't make autoexport for stash 'UniEvent' - you already have import() sub at /opt/perl-5.39.1/lib/5.39.1/x86_64-linux/DynaLoader.pm line 223.
Compilation failed in require at t/lib/MyTest.pm line 5.
BEGIN failed--compilation aborted at t/lib/MyTest.pm line 5.
Compilation failed in require at t/resolver.t line 3.
BEGIN failed--compilation aborted at t/resolver.t line 3.
t/resolver.t ..........
Dubious, test returned 2 (wstat 512, 0x200)
No subtests run
[std::logic_error] Export::XS: can't make autoexport for stash 'UniEvent' - you already have import() sub at /opt/perl-5.39.1/lib/5.39.1/x86_64-linux/DynaLoader.pm line 223.
Compilation failed in require at t/lib/MyTest.pm line 5.
BEGIN failed--compilation aborted at t/lib/MyTest.pm line 5.
Compilation failed in require at t/signal.t line 3.
BEGIN failed--compilation aborted at t/signal.t line 3.
t/signal.t ............
Dubious, test returned 2 (wstat 512, 0x200)
No subtests run
[std::logic_error] Export::XS: can't make autoexport for stash 'UniEvent' - you already have import() sub at /opt/perl-5.39.1/lib/5.39.1/x86_64-linux/DynaLoader.pm line 223.
Compilation failed in require at t/lib/MyTest.pm line 5.
BEGIN failed--compilation aborted at t/lib/MyTest.pm line 5.
Compilation failed in require at t/stream/establish.t line 3.
BEGIN failed--compilation aborted at t/stream/establish.t line 3.
t/stream/establish.t ..
Dubious, test returned 2 (wstat 512, 0x200)
No subtests run
[std::logic_error] Export::XS: can't make autoexport for stash 'UniEvent' - you already have import() sub at /opt/perl-5.39.1/lib/5.39.1/x86_64-linux/DynaLoader.pm line 223.
Compilation failed in require at t/lib/MyTest.pm line 5.
BEGIN failed--compilation aborted at t/lib/MyTest.pm line 5.
Compilation failed in require at t/stream/write.t line 3.
BEGIN failed--compilation aborted at t/stream/write.t line 3.
t/stream/write.t ......
Dubious, test returned 2 (wstat 512, 0x200)
No subtests run
[std::logic_error] Export::XS: can't make autoexport for stash 'UniEvent' - you already have import() sub at /opt/perl-5.39.1/lib/5.39.1/x86_64-linux/DynaLoader.pm line 223.
Compilation failed in require at t/lib/MyTest.pm line 5.
BEGIN failed--compilation aborted at t/lib/MyTest.pm line 5.
Compilation failed in require at t/streamer/basic.t line 2.
BEGIN failed--compilation aborted at t/streamer/basic.t line 2.
t/streamer/basic.t ....
Dubious, test returned 2 (wstat 512, 0x200)
No subtests run
[std::logic_error] Export::XS: can't make autoexport for stash 'UniEvent' - you already have import() sub at /opt/perl-5.39.1/lib/5.39.1/x86_64-linux/DynaLoader.pm line 223.
Compilation failed in require at t/lib/MyTest.pm line 5.
BEGIN failed--compilation aborted at t/lib/MyTest.pm line 5.
Compilation failed in require at t/streamer/file.t line 2.
BEGIN failed--compilation aborted at t/streamer/file.t line 2.
t/streamer/file.t .....
Dubious, test returned 2 (wstat 512, 0x200)
No subtests run
[std::logic_error] Export::XS: can't make autoexport for stash 'UniEvent' - you already have import() sub at /opt/perl-5.39.1/lib/5.39.1/x86_64-linux/DynaLoader.pm line 223.
Compilation failed in require at t/lib/MyTest.pm line 5.
BEGIN failed--compilation aborted at t/lib/MyTest.pm line 5.
Compilation failed in require at t/streamer/stream.t line 2.
BEGIN failed--compilation aborted at t/streamer/stream.t line 2.
t/streamer/stream.t ...
Dubious, test returned 2 (wstat 512, 0x200)
No subtests run
[std::logic_error] Export::XS: can't make autoexport for stash 'UniEvent' - you already have import() sub at /opt/perl-5.39.1/lib/5.39.1/x86_64-linux/DynaLoader.pm line 223.
Compilation failed in require at t/lib/MyTest.pm line 5.
BEGIN failed--compilation aborted at t/lib/MyTest.pm line 5.
Compilation failed in require at t/tcp/base.t line 3.
BEGIN failed--compilation aborted at t/tcp/base.t line 3.
t/tcp/base.t ..........
Dubious, test returned 2 (wstat 512, 0x200)
No subtests run
[std::logic_error] Export::XS: can't make autoexport for stash 'UniEvent' - you already have import() sub at /opt/perl-5.39.1/lib/5.39.1/x86_64-linux/DynaLoader.pm line 223.
Compilation failed in require at t/lib/MyTest.pm line 5.
BEGIN failed--compilation aborted at t/lib/MyTest.pm line 5.
Compilation failed in require at t/tcp/connect.t line 3.
BEGIN failed--compilation aborted at t/tcp/connect.t line 3.
t/tcp/connect.t .......
Dubious, test returned 2 (wstat 512, 0x200)
No subtests run
[std::logic_error] Export::XS: can't make autoexport for stash 'UniEvent' - you already have import() sub at /opt/perl-5.39.1/lib/5.39.1/x86_64-linux/DynaLoader.pm line 223.
Compilation failed in require at t/lib/MyTest.pm line 5.
BEGIN failed--compilation aborted at t/lib/MyTest.pm line 5.
Compilation failed in require at t/tcp/double-free.t line 3.
BEGIN failed--compilation aborted at t/tcp/double-free.t line 3.
t/tcp/double-free.t ...
Dubious, test returned 2 (wstat 512, 0x200)
No subtests run
[std::logic_error] Export::XS: can't make autoexport for stash 'UniEvent' - you already have import() sub at /opt/perl-5.39.1/lib/5.39.1/x86_64-linux/DynaLoader.pm line 223.
Compilation failed in require at t/lib/MyTest.pm line 5.
BEGIN failed--compilation aborted at t/lib/MyTest.pm line 5.
Compilation failed in require at t/tcp/fork.t line 3.
BEGIN failed--compilation aborted at t/tcp/fork.t line 3.
t/tcp/fork.t ..........
Dubious, test returned 2 (wstat 512, 0x200)
No subtests run
[std::logic_error] Export::XS: can't make autoexport for stash 'UniEvent' - you already have import() sub at /opt/perl-5.39.1/lib/5.39.1/x86_64-linux/DynaLoader.pm line 223.
Compilation failed in require at t/lib/MyTest.pm line 5.
BEGIN failed--compilation aborted at t/lib/MyTest.pm line 5.
Compilation failed in require at t/tcp/open.t line 3.
BEGIN failed--compilation aborted at t/tcp/open.t line 3.
t/tcp/open.t ..........
Dubious, test returned 2 (wstat 512, 0x200)
No subtests run
[std::logic_error] Export::XS: can't make autoexport for stash 'UniEvent' - you already have import() sub at /opt/perl-5.39.1/lib/5.39.1/x86_64-linux/DynaLoader.pm line 223.
Compilation failed in require at t/lib/MyTest.pm line 5.
BEGIN failed--compilation aborted at t/lib/MyTest.pm line 5.
Compilation failed in require at t/tcp/pair.t line 3.
BEGIN failed--compilation aborted at t/tcp/pair.t line 3.
t/tcp/pair.t ..........
Dubious, test returned 2 (wstat 512, 0x200)
No subtests run
[std::logic_error] Export::XS: can't make autoexport for stash 'UniEvent' - you already have import() sub at /opt/perl-5.39.1/lib/5.39.1/x86_64-linux/DynaLoader.pm line 223.
Compilation failed in require at t/lib/MyTest.pm line 5.
BEGIN failed--compilation aborted at t/lib/MyTest.pm line 5.
Compilation failed in require at t/tcp/ssl.t line 3.
BEGIN failed--compilation aborted at t/tcp/ssl.t line 3.
t/tcp/ssl.t ...........
Dubious, test returned 2 (wstat 512, 0x200)
No subtests run
[std::logic_error] Export::XS: can't make autoexport for stash 'UniEvent' - you already have import() sub at /opt/perl-5.39.1/lib/5.39.1/x86_64-linux/DynaLoader.pm line 223.
Compilation failed in require at t/lib/MyTest.pm line 5.
BEGIN failed--compilation aborted at t/lib/MyTest.pm line 5.
Compilation failed in require at t/tcp/tcp.t line 3.
BEGIN failed--compilation aborted at t/tcp/tcp.t line 3.
t/tcp/tcp.t ...........
Dubious, test returned 2 (wstat 512, 0x200)
No subtests run
[std::logic_error] Export::XS: can't make autoexport for stash 'UniEvent' - you already have import() sub at /opt/perl-5.39.1/lib/5.39.1/x86_64-linux/DynaLoader.pm line 223.
Compilation failed in require at t/lib/MyTest.pm line 5.
BEGIN failed--compilation aborted at t/lib/MyTest.pm line 5.
Compilation failed in require at t/timer.t line 3.
BEGIN failed--compilation aborted at t/timer.t line 3.
t/timer.t .............
Dubious, test returned 2 (wstat 512, 0x200)
No subtests run
[std::logic_error] Export::XS: can't make autoexport for stash 'UniEvent' - you already have import() sub at /opt/perl-5.39.1/lib/5.39.1/x86_64-linux/DynaLoader.pm line 223.
Compilation failed in require at t/lib/MyTest.pm line 5.
BEGIN failed--compilation aborted at t/lib/MyTest.pm line 5.
Compilation failed in require at t/tty.t line 3.
BEGIN failed--compilation aborted at t/tty.t line 3.
t/tty.t ...............
Dubious, test returned 2 (wstat 512, 0x200)
No subtests run
[std::logic_error] Export::XS: can't make autoexport for stash 'UniEvent' - you already have import() sub at /opt/perl-5.39.1/lib/5.39.1/x86_64-linux/DynaLoader.pm line 223.
Compilation failed in require at t/lib/MyTest.pm line 5.
BEGIN failed--compilation aborted at t/lib/MyTest.pm line 5.
Compilation failed in require at t/udp/simple.t line 3.
BEGIN failed--compilation aborted at t/udp/simple.t line 3.
t/udp/simple.t ........
Dubious, test returned 2 (wstat 512, 0x200)
No subtests run
[std::logic_error] Export::XS: can't make autoexport for stash 'UniEvent' - you already have import() sub at /opt/perl-5.39.1/lib/5.39.1/x86_64-linux/DynaLoader.pm line 223.
Compilation failed in require at t/lib/MyTest.pm line 5.
BEGIN failed--compilation aborted at t/lib/MyTest.pm line 5.
Compilation failed in require at t/udp/udp.t line 3.
BEGIN failed--compilation aborted at t/udp/udp.t line 3.
t/udp/udp.t ...........
Dubious, test returned 2 (wstat 512, 0x200)
No subtests run
[std::logic_error] Export::XS: can't make autoexport for stash 'UniEvent' - you already have import() sub at /opt/perl-5.39.1/lib/5.39.1/x86_64-linux/DynaLoader.pm line 223.
Compilation failed in require at t/lib/MyTest.pm line 5.
BEGIN failed--compilation aborted at t/lib/MyTest.pm line 5.
Compilation failed in require at t/util.t line 3.
BEGIN failed--compilation aborted at t/util.t line 3.
t/util.t ..............
Dubious, test returned 2 (wstat 512, 0x200)
No subtests run
[std::logic_error] Export::XS: can't make autoexport for stash 'UniEvent' - you already have import() sub at /opt/perl-5.39.1/lib/5.39.1/x86_64-linux/DynaLoader.pm line 223.
Compilation failed in require at t/lib/MyTest.pm line 5.
BEGIN failed--compilation aborted at t/lib/MyTest.pm line 5.
Compilation failed in require at t/work.t line 3.
BEGIN failed--compilation aborted at t/work.t line 3.
t/work.t ..............
Dubious, test returned 2 (wstat 512, 0x200)
No subtests run
Test Summary Report
-------------------
t/async.t (Wstat: 512 (exited 2) Tests: 0 Failed: 0)
Non-zero exit status: 2
Parse errors: No plan found in TAP output
t/async_test.t (Wstat: 512 (exited 2) Tests: 0 Failed: 0)
Non-zero exit status: 2
Parse errors: No plan found in TAP output
t/backend.t (Wstat: 512 (exited 2) Tests: 0 Failed: 0)
Non-zero exit status: 2
Parse errors: No plan found in TAP output
t/backend_pp.t (Wstat: 512 (exited 2) Tests: 0 Failed: 0)
Non-zero exit status: 2
Parse errors: No plan found in TAP output
t/check.t (Wstat: 512 (exited 2) Tests: 0 Failed: 0)
Non-zero exit status: 2
Parse errors: No plan found in TAP output
t/error.t (Wstat: 512 (exited 2) Tests: 0 Failed: 0)
Non-zero exit status: 2
Parse errors: No plan found in TAP output
t/fs.t (Wstat: 512 (exited 2) Tests: 0 Failed: 0)
Non-zero exit status: 2
Parse errors: No plan found in TAP output
t/fs_event.t (Wstat: 512 (exited 2) Tests: 0 Failed: 0)
Non-zero exit status: 2
Parse errors: No plan found in TAP output
t/fs_poll.t (Wstat: 512 (exited 2) Tests: 0 Failed: 0)
Non-zero exit status: 2
Parse errors: No plan found in TAP output
t/handle.t (Wstat: 512 (exited 2) Tests: 0 Failed: 0)
Non-zero exit status: 2
Parse errors: No plan found in TAP output
t/idle.t (Wstat: 512 (exited 2) Tests: 0 Failed: 0)
Non-zero exit status: 2
Parse errors: No plan found in TAP output
t/listener.t (Wstat: 512 (exited 2) Tests: 0 Failed: 0)
Non-zero exit status: 2
Parse errors: No plan found in TAP output
t/loop.t (Wstat: 512 (exited 2) Tests: 0 Failed: 0)
Non-zero exit status: 2
Parse errors: No plan found in TAP output
t/misc.t (Wstat: 512 (exited 2) Tests: 0 Failed: 0)
Non-zero exit status: 2
Parse errors: No plan found in TAP output
t/pipe/pair.t (Wstat: 512 (exited 2) Tests: 0 Failed: 0)
Non-zero exit status: 2
Parse errors: No plan found in TAP output
t/pipe/pipe.t (Wstat: 512 (exited 2) Tests: 0 Failed: 0)
Non-zero exit status: 2
Parse errors: No plan found in TAP output
t/poll.t (Wstat: 512 (exited 2) Tests: 0 Failed: 0)
Non-zero exit status: 2
Parse errors: No plan found in TAP output
t/prepare.t (Wstat: 512 (exited 2) Tests: 0 Failed: 0)
Non-zero exit status: 2
Parse errors: No plan found in TAP output
t/regression.t (Wstat: 512 (exited 2) Tests: 0 Failed: 0)
Non-zero exit status: 2
Parse errors: No plan found in TAP output
t/resolver.t (Wstat: 512 (exited 2) Tests: 0 Failed: 0)
Non-zero exit status: 2
Parse errors: No plan found in TAP output
t/signal.t (Wstat: 512 (exited 2) Tests: 0 Failed: 0)
Non-zero exit status: 2
Parse errors: No plan found in TAP output
t/stream/establish.t (Wstat: 512 (exited 2) Tests: 0 Failed: 0)
Non-zero exit status: 2
Parse errors: No plan found in TAP output
t/stream/write.t (Wstat: 512 (exited 2) Tests: 0 Failed: 0)
Non-zero exit status: 2
Parse errors: No plan found in TAP output
t/streamer/basic.t (Wstat: 512 (exited 2) Tests: 0 Failed: 0)
Non-zero exit status: 2
Parse errors: No plan found in TAP output
t/streamer/file.t (Wstat: 512 (exited 2) Tests: 0 Failed: 0)
Non-zero exit status: 2
Parse errors: No plan found in TAP output
t/streamer/stream.t (Wstat: 512 (exited 2) Tests: 0 Failed: 0)
Non-zero exit status: 2
Parse errors: No plan found in TAP output
t/tcp/base.t (Wstat: 512 (exited 2) Tests: 0 Failed: 0)
Non-zero exit status: 2
Parse errors: No plan found in TAP output
t/tcp/connect.t (Wstat: 512 (exited 2) Tests: 0 Failed: 0)
Non-zero exit status: 2
Parse errors: No plan found in TAP output
t/tcp/double-free.t (Wstat: 512 (exited 2) Tests: 0 Failed: 0)
Non-zero exit status: 2
Parse errors: No plan found in TAP output
t/tcp/fork.t (Wstat: 512 (exited 2) Tests: 0 Failed: 0)
Non-zero exit status: 2
Parse errors: No plan found in TAP output
t/tcp/open.t (Wstat: 512 (exited 2) Tests: 0 Failed: 0)
Non-zero exit status: 2
Parse errors: No plan found in TAP output
t/tcp/pair.t (Wstat: 512 (exited 2) Tests: 0 Failed: 0)
Non-zero exit status: 2
Parse errors: No plan found in TAP output
t/tcp/ssl.t (Wstat: 512 (exited 2) Tests: 0 Failed: 0)
Non-zero exit status: 2
Parse errors: No plan found in TAP output
t/tcp/tcp.t (Wstat: 512 (exited 2) Tests: 0 Failed: 0)
Non-zero exit status: 2
Parse errors: No plan found in TAP output
t/timer.t (Wstat: 512 (exited 2) Tests: 0 Failed: 0)
Non-zero exit status: 2
Parse errors: No plan found in TAP output
t/tty.t (Wstat: 512 (exited 2) Tests: 0 Failed: 0)
Non-zero exit status: 2
Parse errors: No plan found in TAP output
t/udp/simple.t (Wstat: 512 (exited 2) Tests: 0 Failed: 0)
Non-zero exit status: 2
Parse errors: No plan found in TAP output
t/udp/udp.t (Wstat: 512 (exited 2) Tests: 0 Failed: 0)
Non-zero exit status: 2
Parse errors: No plan found in TAP output
t/util.t (Wstat: 512 (exited 2) Tests: 0 Failed: 0)
Non-zero exit status: 2
Parse errors: No plan found in TAP output
t/work.t (Wstat: 512 (exited 2) Tests: 0 Failed: 0)
Non-zero exit status: 2
Parse errors: No plan found in TAP output
Files=40, Tests=0, 2 wallclock secs ( 0.13 usr 0.09 sys + 1.24 cusr 0.31 csys = 1.77 CPU)
Result: FAIL
Failed 40/40 test programs. 0/0 subtests failed.
make: *** [Makefile:1483: test_dynamic] Error 2
------------------------------
PREREQUISITES
------------------------------
Prerequisite modules loaded:
requires:
Module Need Have
--------------- --------- --------
Export::XS v3.0.6 3.0.6
Net::SockAddr v1.1.3 1.1.3
next::XS v1.0.7 1.0.7
XLog v1.1.3 1.1.3
XS::Framework v1.5.5 1.5.5
XS::Install v1.3.5 1.3.5
XS::libcares v1.17.1.2 1.17.1.2
XS::libpanda v1.5.10 1.5.10
XS::libuv v1.41.0.1 1.41.0.1
build_requires:
Module Need Have
--------------- --------- --------
Export::XS v3.0.6 3.0.6
Net::SockAddr v1.1.3 1.1.3
Net::SSLeay 0 1.92
next::XS v1.0.7 1.0.7
Test::Catch v2.0.1 2.0.1
Test::Deep 0 1.204
Test::Exception 0 0.43
Test::More 0 1.302195
Test::Simple 0.96 1.302195
XLog v1.1.3 1.1.3
XS::Framework v1.5.5 1.5.5
XS::libcares v1.17.1.2 1.17.1.2
XS::libcatch v3.0.1 3.0.1
XS::libpanda v1.5.10 1.5.10
XS::libuv v1.41.0.1 1.41.0.1
configure_requires:
Module Need Have
--------------- --------- --------
Alien::cmake3 0 0.08
Export::XS v3.0.6 3.0.6
Net::SockAddr v1.1.3 1.1.3
next::XS v1.0.7 1.0.7
Test::Catch v2.0.0 2.0.1
XLog v1.1.3 1.1.3
XS::Framework v1.5.5 1.5.5
XS::Install v1.3.5 1.3.5
XS::libcares v1.17.1.2 1.17.1.2
XS::libcatch v3.0.0.4 3.0.1
XS::libpanda v1.5.9 1.5.10
XS::libuv v1.41.0.1 1.41.0.1
------------------------------
ENVIRONMENT AND OTHER CONTEXT
------------------------------
Environment variables:
LANG = en_US.UTF-8
PATH = /usr/local/bin:/usr/bin:/bin:/usr/local/sbin:/usr/sbin:/sbin:/home/cpansand/bin/linux-gnu:/home/cpansand/bin/sh:/home/cpansand/bin:/usr/games:/home/cpansand/devel:/home/eserte/src/srezic-misc/scripts
PERL5LIB =
PERL5OPT =
PERL5_CPANPLUS_IS_RUNNING = 1725387
PERL5_CPAN_IS_RUNNING = 1725387
PERL5_CPAN_IS_RUNNING_IN_RECURSION = 1597703,1725387
PERLDOC = -MPod::Perldoc::ToTextOverstrike
PERL_BATCH = yes
PERL_CANARY_STABILITY_NOPROMPT = 1
PERL_CPAN_REPORTER_CONFIG = /var/tmp/cpansmoker-1023/2023072516/cpanreporter_000_config.ini
PERL_EXTUTILS_AUTOINSTALL = --defaultdeps
PERL_USE_UNSAFE_INC = 1
SHELL = /usr/bin/zsh
TERM = screen
TMPDIR = /var/tmp/cpansmoker-1023/2023072516
Perl special variables (and OS-specific diagnostics, for MSWin32):
$^X = /opt/perl-5.39.1/bin/perl5.39.1
$UID/$EUID = 1023 / 1023
$GID = 1023 1023
$EGID = 1023 1023
Perl module toolchain versions installed:
Module Have
------------------- --------
CPAN 2.36
CPAN::Meta 2.150010
Cwd 3.89
ExtUtils::CBuilder 0.280239
ExtUtils::Command 7.70
ExtUtils::Install 2.22
ExtUtils::MakeMaker 7.70
ExtUtils::Manifest 1.75
ExtUtils::ParseXS 3.51
File::Spec 3.88
JSON 4.10
JSON::PP 4.16
Module::Build 0.4234
Module::Signature n/a
Parse::CPAN::Meta 2.150010
Test2 1.302195
Test::Harness 3.44
Test::More 1.302195
YAML 1.30
YAML::Syck 1.34
version 0.9929
--
Summary of my perl5 (revision 5 version 39 subversion 1) configuration:
Platform:
osname=linux
osvers=5.10.0-23-amd64
archname=x86_64-linux
uname='linux cloud7.bbbike.org 5.10.0-23-amd64 #1 smp debian 5.10.179-2 (2023-07-14) x86_64 gnulinux '
config_args='-ds -e -Dprefix=/opt/perl-5.39.1 -Dusedevel -Dusemallocwrap=no -Dcf_email=srezic@cpan.org'
hint=recommended
useposix=true
d_sigaction=define
useithreads=undef
usemultiplicity=undef
use64bitint=define
use64bitall=define
uselongdouble=undef
usemymalloc=n
default_inc_excludes_dot=define
Compiler:
cc='cc'
ccflags ='-fwrapv -fno-strict-aliasing -pipe -fstack-protector-strong -I/usr/local/include -D_LARGEFILE_SOURCE -D_FILE_OFFSET_BITS=64 -D_FORTIFY_SOURCE=2'
optimize='-O2'
cppflags='-fwrapv -fno-strict-aliasing -pipe -fstack-protector-strong -I/usr/local/include'
ccversion=''
gccversion='10.2.1 20210110'
gccosandvers=''
intsize=4
longsize=8
ptrsize=8
doublesize=8
byteorder=12345678
doublekind=3
d_longlong=define
longlongsize=8
d_longdbl=define
longdblsize=16
longdblkind=3
ivtype='long'
ivsize=8
nvtype='double'
nvsize=8
Off_t='off_t'
lseeksize=8
alignbytes=8
prototype=define
Linker and Libraries:
ld='cc'
ldflags =' -fstack-protector-strong -L/usr/local/lib'
libpth=/usr/local/lib /usr/lib/x86_64-linux-gnu /usr/lib /usr/lib64
libs=-lpthread -lgdbm -ldb -ldl -lm -lcrypt -lutil -lc
perllibs=-lpthread -ldl -lm -lcrypt -lutil -lc
libc=libc-2.31.so
so=so
useshrplib=false
libperl=libperl.a
gnulibc_version='2.31'
Dynamic Linking:
dlsrc=dl_dlopen.xs
dlext=so
d_dlsymun=undef
ccdlflags='-Wl,-E'
cccdlflags='-fPIC'
lddlflags='-shared -O2 -L/usr/local/lib -fstack-protector-strong'
Characteristics of this binary (from libperl):
Compile-time options:
HAS_LONG_DOUBLE
HAS_STRTOLD
HAS_TIMES
PERLIO_LAYERS
PERL_COPY_ON_WRITE
PERL_DONT_CREATE_GVSV
PERL_HASH_FUNC_SIPHASH13
PERL_HASH_USE_SBOX32
PERL_OP_PARENT
PERL_PRESERVE_IVUV
PERL_USE_DEVEL
PERL_USE_SAFE_PUTENV
USE_64_BIT_ALL
USE_64_BIT_INT
USE_LARGE_FILES
USE_LOCALE
USE_LOCALE_COLLATE
USE_LOCALE_CTYPE
USE_LOCALE_NUMERIC
USE_LOCALE_TIME
USE_PERLIO
USE_PERL_ATOF
Built under linux
Compiled at Jul 25 2023 05:03:51
%ENV:
PERL5LIB=""
PERL5OPT=""
PERL5_CPANPLUS_IS_RUNNING="1725387"
PERL5_CPAN_IS_RUNNING="1725387"
PERL5_CPAN_IS_RUNNING_IN_RECURSION="1597703,1725387"
PERLDOC="-MPod::Perldoc::ToTextOverstrike"
PERL_BATCH="yes"
PERL_CANARY_STABILITY_NOPROMPT="1"
PERL_CPAN_REPORTER_CONFIG="/var/tmp/cpansmoker-1023/2023072516/cpanreporter_000_config.ini"
PERL_EXTUTILS_AUTOINSTALL="--defaultdeps"
PERL_USE_UNSAFE_INC="1"
@INC:
/opt/perl-5.39.1/lib/site_perl/5.39.1/x86_64-linux
/opt/perl-5.39.1/lib/site_perl/5.39.1
/opt/perl-5.39.1/lib/5.39.1/x86_64-linux
/opt/perl-5.39.1/lib/5.39.1
.