Report for Net-RabbitMQ-0.1.8

Back
From: metabase:user:31d414ea-2aae-11df-837a-5e0a49663a4f
Subject: FAIL Net-RabbitMQ-0.1.8 v5.12.1 GNU/Linux
Date: 2010-12-15T21:21:39Z

This distribution has been tested as part of the CPAN Testers
project, supporting the Perl programming language.  See
http://wiki.cpantesters.org/ for more information or email
questions to cpan-testers-discuss@perl.org


--
Dear Theo Schlossnagle,

This is a computer-generated report for Net-RabbitMQ-0.1.8
on perl 5.12.1, created by CPAN-Reporter-1.1711.

Thank you for uploading your work to CPAN.  However, there was a problem
testing your distribution.

If you think this report is invalid, please consult the CPAN Testers Wiki
for suggestions on how to avoid getting FAIL reports for missing library
or binary dependencies, unsupported operating systems, and so on:

http://wiki.cpantesters.org/wiki/CPANAuthorNotes

Sections of this report:

    * Tester comments
    * Program output
    * Prerequisites
    * Environment and other context

------------------------------
TESTER COMMENTS
------------------------------

Additional comments from tester:

this report is from an automated smoke testing program
and was not reviewed by a human for accuracy

------------------------------
PROGRAM OUTPUT
------------------------------

Output from '/usr/bin/make test':

PERL_DL_NONLAZY=1 /home/david/cpantesting/perl-5.12.1/bin/perl "-MExtUtils::Command::MM" "-e" "test_harness(0, 'blib/lib', 'blib/arch')" t/*.t
t/001_declare_exchange.t .. ok
t/002_publish.t ........... ok

#   Failed test 'connect'
#   at t/003_consume.t line 13.
#          got: 'Logging in: Connection reset by peer
# '
#     expected: ''
t/003_consume.t ........... 
Failed 5/7 subtests 
t/004_selfconsume.t ....... ok

#   Failed test 'payload'
#   at t/005_noack.t line 29.
#     Structures begin differing at:
#          $got->{body} = 'Magic Payload 24276'
#     $expected->{body} = 'Magic Payload 24277'
Expected 0x000A000A method frame on channel 0, got frame on channel 1
t/005_noack.t ............. 
Failed 6/16 subtests 
t/006_txn.t ............... ok
t/007_get.t ............... ok
t/008_queue_declare.t ..... ok
t/009_delete_exchange.t ... ok

Test Summary Report
-------------------
t/003_consume.t         (Wstat: 13 Tests: 3 Failed: 1)
  Failed test:  3
  Non-zero wait status: 13
  Parse errors: Bad plan.  You planned 7 tests but ran 3.
t/005_noack.t           (Wstat: 6 Tests: 11 Failed: 1)
  Failed test:  10
  Non-zero wait status: 6
  Parse errors: Bad plan.  You planned 16 tests but ran 11.
Files=9, Tests=73, 121 wallclock secs ( 0.01 usr  0.01 sys +  0.21 cusr  0.09 csys =  0.32 CPU)
Result: FAIL
Failed 2/9 test programs. 2/73 subtests failed.
make: *** [test_dynamic] Error 255

------------------------------
PREREQUISITES
------------------------------

Prerequisite modules loaded:

configure_requires:

    Module              Need Have
    ------------------- ---- ----
    ExtUtils::MakeMaker 0    6.56


------------------------------
ENVIRONMENT AND OTHER CONTEXT
------------------------------

Environment variables:

    AUTOMATED_TESTING = 1
    PATH = /usr/local/bin:/usr/bin:/bin:/usr/games
    PERL5LIB = 
    PERL5OPT = 
    PERL5_CPANPLUS_IS_RUNNING = 23686
    PERL5_CPAN_IS_RUNNING = 23686
    PERLVER = 5.12.1
    PERL_INLINE_DIRECTORY = /home/david/.Inline-5.12.1
    SHELL = /bin/bash
    TERM = screen

Perl special variables (and OS-specific diagnostics, for MSWin32):

    $^X = /home/david/cpantesting/perl-5.12.1/bin/perl
    $UID/$EUID = 1000 / 1000
    $GID = 1000 1000
    $EGID = 1000 1000

Perl module toolchain versions installed:

    Module              Have   
    ------------------- -------
    CPAN                1.94_56
    Cwd                 3.31   
    ExtUtils::CBuilder  0.27   
    ExtUtils::Command   1.16   
    ExtUtils::Install   1.55   
    ExtUtils::MakeMaker 6.56   
    ExtUtils::Manifest  1.57   
    ExtUtils::ParseXS   2.21   
    File::Spec          3.31   
    Module::Build       0.3603 
    Module::Signature   n/a    
    Test::Harness       3.17   
    Test::More          0.94   
    YAML                n/a    
    YAML::Syck          n/a    
    version             0.82   


--

Summary of my perl5 (revision 5 version 12 subversion 1) configuration:
   
  Platform:
    osname=linux, osvers=2.6.18-4-xen-amd64, archname=x86_64-linux-thread-multi
    uname='linux pigsty.barnyard.co.uk 2.6.18-4-xen-amd64 #1 smp fri may 4 02:40:51 utc 2007 x86_64 gnulinux '
    config_args='-de -Duse64bitall -Dusethreads -Dprefix=/home/david/cpantesting/perl-5.12.1'
    hint=recommended, useposix=true, d_sigaction=define
    useithreads=define, usemultiplicity=define
    useperlio=define, d_sfio=undef, uselargefiles=define, usesocks=undef
    use64bitint=define, use64bitall=define, uselongdouble=undef
    usemymalloc=n, bincompat5005=undef
  Compiler:
    cc='cc', ccflags ='-D_REENTRANT -D_GNU_SOURCE -fno-strict-aliasing -pipe -fstack-protector -I/usr/local/include -D_LARGEFILE_SOURCE -D_FILE_OFFSET_BITS=64',
    optimize='-O2',
    cppflags='-D_REENTRANT -D_GNU_SOURCE -fno-strict-aliasing -pipe -fstack-protector -I/usr/local/include'
    ccversion='', gccversion='4.1.2 20061115 (prerelease) (Debian 4.1.1-21)', gccosandvers=''
    intsize=4, longsize=8, ptrsize=8, doublesize=8, byteorder=12345678
    d_longlong=define, longlongsize=8, d_longdbl=define, longdblsize=16
    ivtype='long', ivsize=8, nvtype='double', nvsize=8, Off_t='off_t', lseeksize=8
    alignbytes=8, prototype=define
  Linker and Libraries:
    ld='cc', ldflags =' -fstack-protector -L/usr/local/lib'
    libpth=/usr/local/lib /lib /usr/lib /lib64 /usr/lib64
    libs=-lnsl -lgdbm -ldb -ldl -lm -lcrypt -lutil -lpthread -lc -lgdbm_compat
    perllibs=-lnsl -ldl -lm -lcrypt -lutil -lpthread -lc
    libc=/lib/libc-2.3.6.so, so=so, useshrplib=false, libperl=libperl.a
    gnulibc_version='2.3.6'
  Dynamic Linking:
    dlsrc=dl_dlopen.xs, dlext=so, d_dlsymun=undef, ccdlflags='-Wl,-E'
    cccdlflags='-fPIC', lddlflags='-shared -O2 -L/usr/local/lib -fstack-protector'


Characteristics of this binary (from libperl): 
  Compile-time options: MULTIPLICITY PERL_DONT_CREATE_GVSV
                        PERL_IMPLICIT_CONTEXT PERL_MALLOC_WRAP USE_64_BIT_ALL
                        USE_64_BIT_INT USE_ITHREADS USE_LARGE_FILES
                        USE_PERLIO USE_PERL_ATOF USE_REENTRANT_API
  Built under linux
  Compiled at Jun  9 2010 13:04:43
  %ENV:
    PERL5LIB=""
    PERL5OPT=""
    PERL5_CPANPLUS_IS_RUNNING="23686"
    PERL5_CPAN_IS_RUNNING="23686"
    PERLVER="5.12.1"
    PERL_INLINE_DIRECTORY="/home/david/.Inline-5.12.1"
  @INC:
    /home/david/cpantesting/perl-5.12.1/lib/site_perl/5.12.1/x86_64-linux-thread-multi
    /home/david/cpantesting/perl-5.12.1/lib/site_perl/5.12.1
    /home/david/cpantesting/perl-5.12.1/lib/5.12.1/x86_64-linux-thread-multi
    /home/david/cpantesting/perl-5.12.1/lib/5.12.1
    .