Report for POE-Component-Server-JSONRPC-0.03

Back
From: metabase:user:30f4dfbe-2aae-11df-837a-5e0a49663a4f
Subject: FAIL POE-Component-Server-JSONRPC-0.03 v5.8.8 GNU/Linux
Date: 2011-08-30T19:28:58Z

This distribution has been tested as part of the CPAN Testers
project, supporting the Perl programming language.  See
http://wiki.cpantesters.org/ for more information or email
questions to cpan-testers-discuss@perl.org


--
Dear Come BERNIGAUD,

This is a computer-generated report for POE-Component-Server-JSONRPC-0.03
on perl 5.8.8, created by CPAN-Reporter-1.2002.

Thank you for uploading your work to CPAN.  However, there was a problem
testing your distribution.

If you think this report is invalid, please consult the CPAN Testers Wiki
for suggestions on how to avoid getting FAIL reports for missing library
or binary dependencies, unsupported operating systems, and so on:

http://wiki.cpantesters.org/wiki/CPANAuthorNotes

Sections of this report:

    * Tester comments
    * Program output
    * Prerequisites
    * Environment and other context

------------------------------
TESTER COMMENTS
------------------------------

Additional comments from tester:

this report is from an automated smoke testing program
and was not reviewed by a human for accuracy

------------------------------
PROGRAM OUTPUT
------------------------------

Output from '/usr/bin/make test':

PERL_DL_NONLAZY=1 /home/njh/perl5/perlbrew/perls/perl-5.8.8/bin/perl "-MExtUtils::Command::MM" "-e" "test_harness(0, 'inc', 'blib/lib', 'blib/arch')" t/*.t
Can't locate POE/Component/Server/SimpleHTTP.pm in @INC (@INC contains: /home/njh/.cpan/build/POE-Component-Server-JSONRPC-0.03-9tLtpQ/inc /home/njh/.cpan/build/POE-Component-Server-JSONRPC-0.03-9tLtpQ/blib/lib /home/njh/.cpan/build/POE-Component-Server-JSONRPC-0.03-9tLtpQ/blib/arch /home/njh/perl5/perlbrew/perls/perl-5.8.8/lib/5.8.8/i686-linux-thread-multi /home/njh/perl5/perlbrew/perls/perl-5.8.8/lib/5.8.8 /home/njh/perl5/perlbrew/perls/perl-5.8.8/lib/site_perl/5.8.8/i686-linux-thread-multi /home/njh/perl5/perlbrew/perls/perl-5.8.8/lib/site_perl/5.8.8 /home/njh/perl5/perlbrew/perls/perl-5.8.8/lib/site_perl .) at (eval 81) line 1.
BEGIN failed--compilation aborted at (eval 81) line 1.

#   Failed test 'use POE::Component::Server::JSONRPC::Http;'
#   at t/00_compile.t line 6.
#     Tried to use 'POE::Component::Server::JSONRPC::Http'.
#     Error:  could not import qw(Component::Server::SimpleHTTP) at /home/njh/.cpan/build/POE-Component-Server-JSONRPC-0.03-9tLtpQ/blib/lib/POE/Component/Server/JSONRPC/Http.pm line 28
# BEGIN failed--compilation aborted at t/00_compile.t line 6.
# Compilation failed in require at (eval 78) line 2.
# BEGIN failed--compilation aborted at (eval 78) line 2.
# Looks like you failed 1 test of 3.
t/00_compile.t .... 
Dubious, test returned 1 (wstat 256, 0x100)
Failed 1/3 subtests 
t/pod.t ........... ok
Can't locate POE/Component/Server/SimpleHTTP.pm in @INC (@INC contains: /home/njh/.cpan/build/POE-Component-Server-JSONRPC-0.03-9tLtpQ/inc /home/njh/.cpan/build/POE-Component-Server-JSONRPC-0.03-9tLtpQ/blib/lib /home/njh/.cpan/build/POE-Component-Server-JSONRPC-0.03-9tLtpQ/blib/arch /home/njh/perl5/perlbrew/perls/perl-5.8.8/lib/5.8.8/i686-linux-thread-multi /home/njh/perl5/perlbrew/perls/perl-5.8.8/lib/5.8.8 /home/njh/perl5/perlbrew/perls/perl-5.8.8/lib/site_perl/5.8.8/i686-linux-thread-multi /home/njh/perl5/perlbrew/perls/perl-5.8.8/lib/site_perl/5.8.8 /home/njh/perl5/perlbrew/perls/perl-5.8.8/lib/site_perl .) at (eval 89) line 1.
BEGIN failed--compilation aborted at (eval 89) line 1.
t/pod_coverage.t .. ok

Test Summary Report
-------------------
t/00_compile.t  (Wstat: 256 Tests: 3 Failed: 1)
  Failed test:  2
  Non-zero exit status: 1
Files=3, Tests=9,  0 wallclock secs ( 0.04 usr  0.00 sys +  0.29 cusr  0.03 csys =  0.36 CPU)
Result: FAIL
Failed 1/3 test programs. 1/9 subtests failed.
make: *** [test_dynamic] Error 255

------------------------------
PREREQUISITES
------------------------------

Prerequisite modules loaded:

requires:

    Module                      Need Have 
    --------------------------- ---- -----
    Class::Accessor::Fast       0    0.34 
    JSON::Any                   0    1.29 
    POE                         0    1.312
    POE::Component::Server::TCP 0    1.312
    POE::Filter::Line           0    1.312
    Test::More                  0    0.98 

build_requires:

    Module                      Need Have 
    --------------------------- ---- -----
    ExtUtils::MakeMaker         0    6.59 


------------------------------
ENVIRONMENT AND OTHER CONTEXT
------------------------------

Environment variables:

    AUTOMATED_TESTING = 1
    LANG = en_GB.UTF-8
    PATH = /home/njh/perl5/perlbrew/bin:/home/njh/perl5/perlbrew/perls/perl-5.8.8/bin:/usr/bin:/bin
    PERL5LIB = 
    PERL5OPT = 
    PERL5_CPANPLUS_IS_RUNNING = 14867
    PERL5_CPAN_IS_RUNNING = 14867
    PERL5_MINISMOKEBOX = 0.54
    PERL_EXTUTILS_AUTOINSTALL = --defaultdeps
    PERL_MM_USE_DEFAULT = 1
    SHELL = /bin/sh

Perl special variables (and OS-specific diagnostics, for MSWin32):

    $^X = /home/njh/perl5/perlbrew/perls/perl-5.8.8/bin/perl
    $UID/$EUID = 1000 / 1000
    $GID = 1000 1000 46 44 29 25 24 20
    $EGID = 1000 1000 46 44 29 25 24 20

Perl module toolchain versions installed:

    Module              Have    
    ------------------- --------
    CPAN                1.9800  
    CPAN::Meta          2.112150
    Cwd                 3.33    
    ExtUtils::CBuilder  0.280202
    ExtUtils::Command   1.17    
    ExtUtils::Install   1.54    
    ExtUtils::MakeMaker 6.59    
    ExtUtils::Manifest  1.60    
    ExtUtils::ParseXS   3.03    
    File::Spec          3.33    
    JSON                2.53    
    JSON::PP            2.27200 
    Module::Build       0.3800  
    Module::Signature   0.68    
    Parse::CPAN::Meta   1.4401  
    Test::Harness       3.23    
    Test::More          0.98    
    YAML                0.73    
    YAML::Syck          1.17    
    version             0.94    


--

Summary of my perl5 (revision 5 version 8 subversion 8) configuration:
  Platform:
    osname=linux, osvers=2.6.39-2-686-pae, archname=i686-linux-thread-multi
    uname='linux gateway.bandsman.co.uk 2.6.39-2-686-pae #1 smp tue jul 5 03:48:49 utc 2011 i686 gnulinux '
    config_args='-de -Dprefix=/home/njh/perl5/perlbrew/perls/perl-5.8.8 -Duseithreads -D_FORTIFY_SOURCE=2 -Accflags=-O2'
    hint=recommended, useposix=true, d_sigaction=define
    usethreads=define use5005threads=undef useithreads=define usemultiplicity=define
    useperlio=define d_sfio=undef uselargefiles=define usesocks=undef
    use64bitint=undef use64bitall=undef uselongdouble=undef
    usemymalloc=n, bincompat5005=undef
  Compiler:
    cc='cc', ccflags ='-D_REENTRANT -D_GNU_SOURCE -O2 -fno-strict-aliasing -pipe -Wdeclaration-after-statement -I/usr/local/include -D_LARGEFILE_SOURCE -D_FILE_OFFSET_BITS=64',
    optimize='-O2',
    cppflags='-D_REENTRANT -D_GNU_SOURCE -O2 -fno-strict-aliasing -pipe -Wdeclaration-after-statement -I/usr/local/include'
    ccversion='', gccversion='4.6.1', gccosandvers=''
    intsize=4, longsize=4, ptrsize=4, doublesize=8, byteorder=1234
    d_longlong=define, longlongsize=8, d_longdbl=define, longdblsize=12
    ivtype='long', ivsize=4, nvtype='double', nvsize=8, Off_t='off_t', lseeksize=8
    alignbytes=4, prototype=define
  Linker and Libraries:
    ld='cc', ldflags =' -L/usr/local/lib'
    libpth=/usr/local/lib /lib/i386-linux-gnu /usr/lib/i386-linux-gnu /lib /usr/lib
    libs=-lnsl -lgdbm -ldb -ldl -lm -lcrypt -lutil -lpthread -lc -lgdbm_compat
    perllibs=-lnsl -ldl -lm -lcrypt -lutil -lpthread -lc -lgdbm_compat
    libc=, so=so, useshrplib=false, libperl=libperl.a
    gnulibc_version='2.13'
  Dynamic Linking:
    dlsrc=dl_dlopen.xs, dlext=so, d_dlsymun=undef, ccdlflags='-Wl,-E'
    cccdlflags='-fpic', lddlflags='-shared -L/usr/local/lib'


Characteristics of this binary (from libperl): 
  Compile-time options: MULTIPLICITY PERL_IMPLICIT_CONTEXT
                        PERL_MALLOC_WRAP USE_ITHREADS USE_LARGE_FILES
                        USE_PERLIO USE_REENTRANT_API
  Built under linux
  Compiled at Aug 10 2011 17:30:28
  %ENV:
    PERL5LIB=""
    PERL5OPT=""
    PERL5_CPANPLUS_IS_RUNNING="14867"
    PERL5_CPAN_IS_RUNNING="14867"
    PERL5_MINISMOKEBOX="0.54"
    PERL_EXTUTILS_AUTOINSTALL="--defaultdeps"
    PERL_MM_USE_DEFAULT="1"
  @INC:
    /home/njh/perl5/perlbrew/perls/perl-5.8.8/lib/5.8.8/i686-linux-thread-multi
    /home/njh/perl5/perlbrew/perls/perl-5.8.8/lib/5.8.8
    /home/njh/perl5/perlbrew/perls/perl-5.8.8/lib/site_perl/5.8.8/i686-linux-thread-multi
    /home/njh/perl5/perlbrew/perls/perl-5.8.8/lib/site_perl/5.8.8
    /home/njh/perl5/perlbrew/perls/perl-5.8.8/lib/site_perl
    .