Podcast-ESLPodcast-Splitter vv0.0.1 Perl 5 v5.32.1 amd64-openbsd

Status
Fail
From
Alceu Rodrigues de Freitas Junior
Dist
Podcast-ESLPodcast-Splitter vv0.0.1
Platform
Perl 5 v5.32.1 amd64-openbsd
Date
2023-05-06T11:15:42
ID
56c7c532-ebff-11ed-9991-4d495858adf6
This distribution has been tested as part of the CPAN Testers
project, supporting the Perl programming language.  See
http://wiki.cpantesters.org/ for more information or email
questions to cpan-testers-discuss@perl.org


--
Dear Yohei Yamaguchi,

This is a computer-generated report for Podcast-ESLPodcast-Splitter-v0.0.1
on perl 5.32.1, created by CPAN-Reporter-1.2019.

Thank you for uploading your work to CPAN.  However, there was a problem
testing your distribution.

If you think this report is invalid, please consult the CPAN Testers Wiki
for suggestions on how to avoid getting FAIL reports for missing library
or binary dependencies, unsupported operating systems, and so on:

http://wiki.cpantesters.org/wiki/CPANAuthorNotes

Sections of this report:

    * Tester comments
    * Program output
    * Prerequisites
    * Environment and other context

------------------------------
TESTER COMMENTS
------------------------------

Additional comments from tester:

this report is from an automated smoke testing program
and was not reviewed by a human for accuracy

If you would like to try to reproduce this report results or even to work with
the same environment for a bug fix, please refer to
https://github.com/glasswalk3r/cpan-openbsd-smoker to see how to use the
prebuilt virtual machines available.

------------------------------
PROGRAM OUTPUT
------------------------------

Output from './Build test':


#   Failed test 'use Podcast::ESLPodcast::Splitter;'
#   at t/00.load.t line 4.
#     Tried to use 'Podcast::ESLPodcast::Splitter'.
#     Error:  Can't locate MP3/Splitter.pm in @INC (you may need to install the MP3::Splitter module) (@INC contains: /mnt/cpan_build_dir/goku/Podcast-ESLPodcast-Splitter-v0.0.1-0/blib/lib /mnt/cpan_build_dir/goku/Podcast-ESLPodcast-Splitter-v0.0.1-0/blib/arch /home/goku/perl5/lib/perl5/5.32.1/amd64-openbsd /home/goku/perl5/lib/perl5/5.32.1/amd64-openbsd /home/goku/perl5/lib/perl5/5.32.1 /home/goku/perl5/lib/perl5/amd64-openbsd /home/goku/perl5/lib/perl5/5.32.1/amd64-openbsd /home/goku/perl5/lib/perl5/5.32.1 /home/goku/perl5/lib/perl5/amd64-openbsd /home/goku/perl5/lib/perl5 /home/goku/perl5/lib/perl5/5.32.1/amd64-openbsd /home/goku/perl5/lib/perl5/5.32.1 /home/goku/perl5/lib/perl5/amd64-openbsd /home/goku/perl5/lib/perl5 /usr/local/libdata/perl5/site_perl/amd64-openbsd /usr/local/libdata/perl5/site_perl /usr/libdata/perl5/amd64-openbsd /usr/libdata/perl5 .) at /mnt/cpan_build_dir/goku/Podcast-ESLPodcast-Splitter-v0.0.1-0/blib/lib/Podcast/ESLPodcast/Splitter.pm line 10.
# BEGIN failed--compilation aborted at /mnt/cpan_build_dir/goku/Podcast-ESLPodcast-Splitter-v0.0.1-0/blib/lib/Podcast/ESLPodcast/Splitter.pm line 10.
# Compilation failed in require at t/00.load.t line 4.
# BEGIN failed--compilation aborted at t/00.load.t line 4.
# Testing Podcast::ESLPodcast::Splitter 
# Looks like you failed 1 test of 1.
t/00.load.t ....... 
Dubious, test returned 1 (wstat 256, 0x100)
Failed 1/1 subtests 

#   Failed test 'Test::Perl::Critic for "blib/lib/Podcast/ESLPodcast/Splitter.pm"'
#   at /home/goku/perl5/lib/perl5/Test/Perl/Critic.pm line 121.
# 
#   Private Member Data shouldn't be accessed directly at line 83, column 13.  Accessing an objects data directly breaks encapsulation and should be avoided.  Example: $object->{ some_key }.  (Severity: 5)
#   Private Member Data shouldn't be accessed directly at line 86, column 13.  Accessing an objects data directly breaks encapsulation and should be avoided.  Example: $object->{ some_key }.  (Severity: 5)
#   Private Member Data shouldn't be accessed directly at line 89, column 13.  Accessing an objects data directly breaks encapsulation and should be avoided.  Example: $object->{ some_key }.  (Severity: 5)
#   Private Member Data shouldn't be accessed directly at line 101, column 5.  Accessing an objects data directly breaks encapsulation and should be avoided.  Example: $object->{ some_key }.  (Severity: 5)
#   Private Member Data shouldn't be accessed directly at line 102, column 9.  Accessing an objects data directly breaks encapsulation and should be avoided.  Example: $object->{ some_key }.  (Severity: 5)
#   Private Member Data shouldn't be accessed directly at line 103, column 24.  Accessing an objects data directly breaks encapsulation and should be avoided.  Example: $object->{ some_key }.  (Severity: 5)
#   Private Member Data shouldn't be accessed directly at line 103, column 52.  Accessing an objects data directly breaks encapsulation and should be avoided.  Example: $object->{ some_key }.  (Severity: 5)
#   Private Member Data shouldn't be accessed directly at line 105, column 5.  Accessing an objects data directly breaks encapsulation and should be avoided.  Example: $object->{ some_key }.  (Severity: 5)
#   Private Member Data shouldn't be accessed directly at line 106, column 9.  Accessing an objects data directly breaks encapsulation and should be avoided.  Example: $object->{ some_key }.  (Severity: 5)
#   Private Member Data shouldn't be accessed directly at line 107, column 24.  Accessing an objects data directly breaks encapsulation and should be avoided.  Example: $object->{ some_key }.  (Severity: 5)
#   Private Member Data shouldn't be accessed directly at line 107, column 45.  Accessing an objects data directly breaks encapsulation and should be avoided.  Example: $object->{ some_key }.  (Severity: 5)
#   Private Member Data shouldn't be accessed directly at line 109, column 5.  Accessing an objects data directly breaks encapsulation and should be avoided.  Example: $object->{ some_key }.  (Severity: 5)
#   Private Member Data shouldn't be accessed directly at line 109, column 28.  Accessing an objects data directly breaks encapsulation and should be avoided.  Example: $object->{ some_key }.  (Severity: 5)
#   Private Member Data shouldn't be accessed directly at line 127, column 9.  Accessing an objects data directly breaks encapsulation and should be avoided.  Example: $object->{ some_key }.  (Severity: 5)
#   Private Member Data shouldn't be accessed directly at line 127, column 30.  Accessing an objects data directly breaks encapsulation and should be avoided.  Example: $object->{ some_key }.  (Severity: 5)
#   Private Member Data shouldn't be accessed directly at line 128, column 9.  Accessing an objects data directly breaks encapsulation and should be avoided.  Example: $object->{ some_key }.  (Severity: 5)
#   Three-argument form of open used at line 136, column 5.  Three-argument open is not available until perl 5.6.  (Severity: 5)
t/perlcritic.t .... 
Dubious, test returned 1 (wstat 256, 0x100)
Failed 1/1 subtests 

#   Failed test 'Pod coverage on Podcast::ESLPodcast::Splitter'
#   at /home/goku/perl5/lib/perl5/Test/Pod/Coverage.pm line 133.
# Podcast::ESLPodcast::Splitter: requiring 'Podcast::ESLPodcast::Splitter' failed
# Looks like you failed 1 test of 1.
t/pod-coverage.t .. 
Dubious, test returned 1 (wstat 256, 0x100)
Failed 1/1 subtests 
t/pod.t ........... ok

Test Summary Report
-------------------
t/00.load.t     (Wstat: 256 (exited 1) Tests: 1 Failed: 1)
  Failed test:  1
  Non-zero exit status: 1
t/perlcritic.t  (Wstat: 256 (exited 1) Tests: 1 Failed: 1)
  Failed test:  1
  Non-zero exit status: 1
t/pod-coverage.t (Wstat: 256 (exited 1) Tests: 1 Failed: 1)
  Failed test:  1
  Non-zero exit status: 1
Files=4, Tests=4,  3 wallclock secs ( 0.02 usr  0.02 sys +  2.47 cusr  0.22 csys =  2.73 CPU)
Result: FAIL
Failed 3/4 test programs. 3/4 subtests failed.

------------------------------
PREREQUISITES
------------------------------

Prerequisite modules loaded:

requires:

    Module        Need Have    
    ------------- ---- --------
    Test::More    0    1.302195
    version       0    0.9929  

configure_requires:

    Module        Need Have    
    ------------- ---- --------
    Module::Build 0.40 0.4234  


------------------------------
ENVIRONMENT AND OTHER CONTEXT
------------------------------

Environment variables:

    AUTOMATED_TESTING = 1
    PATH = /home/goku/perl5/bin:/usr/bin:/bin:/usr/sbin:/sbin:/usr/X11R6/bin:/usr/local/bin:/usr/local/sbin
    PERL5LIB = /home/goku/perl5/lib/perl5
    PERL5OPT = 
    PERL5_CPANPLUS_IS_RUNNING = 61431
    PERL5_CPAN_IS_RUNNING = 61431
    PERL5_CPAN_IS_RUNNING_IN_RECURSION = 2100,61431
    PERL_CR_SMOKER_CURRENT = Podcast-ESLPodcast-Splitter-v0.0.1
    PERL_EXTUTILS_AUTOINSTALL = --defaultdeps
    PERL_LOCAL_LIB_ROOT = /home/goku/perl5
    PERL_MB_OPT = --install_base "/home/goku/perl5"
    PERL_MM_OPT = INSTALL_BASE=/home/goku/perl5
    PERL_MM_USE_DEFAULT = 1
    PERL_USE_UNSAFE_INC = 1
    SHELL = /bin/ksh
    TERM = xterm-256color

Perl special variables (and OS-specific diagnostics, for MSWin32):

    $^X = /usr/bin/perl
    $UID/$EUID = 1001 / 1001
    $GID = 1002 1002 1001
    $EGID = 1002 1002 1001

Perl module toolchain versions installed:

    Module              Have    
    ------------------- --------
    CPAN                2.35    
    CPAN::Meta          2.150010
    Cwd                 3.78    
    ExtUtils::CBuilder  0.280236
    ExtUtils::Command   7.70    
    ExtUtils::Install   2.22    
    ExtUtils::MakeMaker 7.70    
    ExtUtils::Manifest  1.75    
    ExtUtils::ParseXS   3.44    
    File::Spec          3.78    
    JSON                4.10    
    JSON::PP            4.16    
    Module::Build       0.4234  
    Module::Signature   0.88    
    Parse::CPAN::Meta   2.150010
    Test2               1.302195
    Test::Harness       3.44    
    Test::More          1.302195
    YAML                1.30    
    YAML::Syck          1.34    
    version             0.9929  


--

Summary of my perl5 (revision 5 version 32 subversion 1) configuration:
   
  Platform:
    osname=openbsd
    osvers=7.2
    archname=amd64-openbsd
    uname='openbsd'
    config_args='-dse -Dopenbsd_distribution=defined -Dmksymlinks'
    hint=recommended
    useposix=true
    d_sigaction=define
    useithreads=undef
    usemultiplicity=undef
    use64bitint=define
    use64bitall=define
    uselongdouble=undef
    usemymalloc=n
    default_inc_excludes_dot=define
    bincompat5005=undef
  Compiler:
    cc='cc'
    ccflags ='-DNO_LOCALE_NUMERIC -DNO_LOCALE_COLLATE -fno-strict-aliasing -fno-delete-null-pointer-checks -pipe -fstack-protector-strong -I/usr/local/include'
    optimize='-O2'
    cppflags='-DBIG_TIME -DNO_LOCALE_NUMERIC -DNO_LOCALE_COLLATE -fno-strict-aliasing -fno-delete-null-pointer-checks -pipe -fstack-protector-strong -I/usr/local/include'
    ccversion=''
    gccversion='OpenBSD Clang 13.0.0'
    gccosandvers=''
    intsize=4
    longsize=8
    ptrsize=8
    doublesize=8
    byteorder=12345678
    doublekind=3
    d_longlong=define
    longlongsize=8
    d_longdbl=define
    longdblsize=16
    longdblkind=3
    ivtype='long'
    ivsize=8
    nvtype='double'
    nvsize=8
    Off_t='off_t'
    lseeksize=8
    alignbytes=8
    prototype=define
  Linker and Libraries:
    ld='cc'
    ldflags ='-Wl,-E  -fstack-protector-strong -L/usr/local/lib'
    libpth=/usr/lib /usr/lib/clang/13.0.0/lib /usr/lib
    libs=-lm -lc
    perllibs=-lm -lc
    libc=/usr/lib/libc.so.96.2
    so=so
    useshrplib=true
    libperl=libperl.so.22.0
    gnulibc_version=''
  Dynamic Linking:
    dlsrc=dl_dlopen.xs
    dlext=so
    d_dlsymun=undef
    ccdlflags='-Wl,-R/usr/libdata/perl5/amd64-openbsd/CORE'
    cccdlflags='-DPIC -fpic '
    lddlflags='-shared -fpic  -fstack-protector-strong -L/usr/local/lib'


Characteristics of this binary (from libperl): 
  Compile-time options:
    HAS_TIMES
    PERLIO_LAYERS
    PERL_COPY_ON_WRITE
    PERL_DONT_CREATE_GVSV
    PERL_MALLOC_WRAP
    PERL_OP_PARENT
    PERL_PRESERVE_IVUV
    USE_64_BIT_ALL
    USE_64_BIT_INT
    USE_LARGE_FILES
    USE_LOCALE
    USE_LOCALE_CTYPE
    USE_LOCALE_TIME
    USE_PERLIO
    USE_PERL_ATOF
  Built under openbsd
  %ENV:
    PERL5LIB="/home/goku/perl5/lib/perl5"
    PERL5OPT=""
    PERL5_CPANPLUS_IS_RUNNING="61431"
    PERL5_CPAN_IS_RUNNING="61431"
    PERL5_CPAN_IS_RUNNING_IN_RECURSION="2100,61431"
    PERL_CR_SMOKER_CURRENT="Podcast-ESLPodcast-Splitter-v0.0.1"
    PERL_EXTUTILS_AUTOINSTALL="--defaultdeps"
    PERL_LOCAL_LIB_ROOT="/home/goku/perl5"
    PERL_MB_OPT="--install_base "/home/goku/perl5""
    PERL_MM_OPT="INSTALL_BASE=/home/goku/perl5"
    PERL_MM_USE_DEFAULT="1"
    PERL_USE_UNSAFE_INC="1"
  @INC:
    /home/goku/perl5/lib/perl5/5.32.1/amd64-openbsd
    /home/goku/perl5/lib/perl5/5.32.1
    /home/goku/perl5/lib/perl5/amd64-openbsd
    /home/goku/perl5/lib/perl5
    /usr/local/libdata/perl5/site_perl/amd64-openbsd
    /usr/local/libdata/perl5/site_perl
    /usr/libdata/perl5/amd64-openbsd
    /usr/libdata/perl5
    .