Tkx v1.10_01 Perl 5 v5.26.3 amd64-freebsd-thread-multi

Status
Fail
From
Chris Williams (BINGOS)
Dist
Tkx v1.10_01
Platform
Perl 5 v5.26.3 amd64-freebsd-thread-multi
Date
2021-02-15T07:42:22
ID
56e4118c-6f61-11eb-84bc-edd243e66a77
This distribution has been tested as part of the CPAN Testers
project, supporting the Perl programming language.  See
http://wiki.cpantesters.org/ for more information or email
questions to cpan-testers-discuss@perl.org


--

Dear CAC,

This is a computer-generated error report created automatically by
CPANPLUS, version 0.9910. Testers personal comments may appear
at the end of this report.


Thank you for uploading your work to CPAN.  However, it appears that
there were some problems testing your distribution.

TEST RESULTS:

Below is the error stack from stage 'make test':

PERL_DL_NONLAZY=1 "/usr/home/cpan/pit/thr/perl-5.26.3/bin/perl" "-MExtUtils::Command::MM" "-MTest::Harness" "-e" "undef *Test::Harness::Switches; test_harness(0, 'blib/lib', 'blib/arch')" t/*.t
Tcl error 'can't find package Tk at /usr/home/cpan/pit/jail/GgEHfn8Act/lib/perl5/amd64-freebsd-thread-multi/Tcl.pm line 817.
' while invoking scalar result call:
	"package require Tk" at t/LabEntry.t line 7.
Compilation failed in require at t/LabEntry.t line 7.
BEGIN failed--compilation aborted at t/LabEntry.t line 7.
t/LabEntry.t ...... 
Dubious, test returned 2 (wstat 512, 0x200)
No subtests run 
Tcl error 'can't find package Tk at /usr/home/cpan/pit/jail/GgEHfn8Act/lib/perl5/amd64-freebsd-thread-multi/Tcl.pm line 817.
' while invoking scalar result call:
	"package require Tk" at t/mega-config.t line 7.
Compilation failed in require at t/mega-config.t line 7.
BEGIN failed--compilation aborted at t/mega-config.t line 7.
t/mega-config.t ... 
Dubious, test returned 2 (wstat 512, 0x200)
No subtests run 
Tcl error 'can't find package Tk at /usr/home/cpan/pit/jail/GgEHfn8Act/lib/perl5/amd64-freebsd-thread-multi/Tcl.pm line 817.
' while invoking scalar result call:
	"package require Tk" at t/mega.t line 7.
Compilation failed in require at t/mega.t line 7.
BEGIN failed--compilation aborted at t/mega.t line 7.
t/mega.t .......... 
Dubious, test returned 2 (wstat 512, 0x200)
No subtests run 
Tcl error 'can't find package Tk at /usr/home/cpan/pit/jail/GgEHfn8Act/lib/perl5/amd64-freebsd-thread-multi/Tcl.pm line 817.
' while invoking scalar result call:
	"package require Tk" at t/nul-char.t line 14.
Compilation failed in require at t/nul-char.t line 14.
BEGIN failed--compilation aborted at t/nul-char.t line 14.
t/nul-char.t ...... 
Dubious, test returned 2 (wstat 512, 0x200)
No subtests run 
Tcl error 'can't find package Tk at /usr/home/cpan/pit/jail/GgEHfn8Act/lib/perl5/amd64-freebsd-thread-multi/Tcl.pm line 817.
' while invoking scalar result call:
	"package require Tk" at t/tcl-callback.t line 7.
Compilation failed in require at t/tcl-callback.t line 7.
BEGIN failed--compilation aborted at t/tcl-callback.t line 7.
t/tcl-callback.t .. 
Dubious, test returned 2 (wstat 512, 0x200)
No subtests run 
Tcl error 'can't find package Tk at /usr/home/cpan/pit/jail/GgEHfn8Act/lib/perl5/amd64-freebsd-thread-multi/Tcl.pm line 817.
' while invoking scalar result call:
	"package require Tk" at t/tcl.t line 7.
Compilation failed in require at t/tcl.t line 7.
BEGIN failed--compilation aborted at t/tcl.t line 7.
t/tcl.t ........... 
Dubious, test returned 2 (wstat 512, 0x200)
No subtests run 
Tcl error 'can't find package Tk at /usr/home/cpan/pit/jail/GgEHfn8Act/lib/perl5/amd64-freebsd-thread-multi/Tcl.pm line 817.
' while invoking scalar result call:
	"package require Tk" at t/tk.t line 7.
Compilation failed in require at t/tk.t line 7.
BEGIN failed--compilation aborted at t/tk.t line 7.
t/tk.t ............ 
Dubious, test returned 2 (wstat 512, 0x200)
No subtests run 
Tcl error 'can't find package Tk at /usr/home/cpan/pit/jail/GgEHfn8Act/lib/perl5/amd64-freebsd-thread-multi/Tcl.pm line 817.
' while invoking scalar result call:
	"package require Tk" at t/utf8.t line 14.
Compilation failed in require at t/utf8.t line 14.
BEGIN failed--compilation aborted at t/utf8.t line 14.
t/utf8.t .......... 
Dubious, test returned 2 (wstat 512, 0x200)
No subtests run 

Test Summary Report
-------------------
t/LabEntry.t    (Wstat: 512 Tests: 0 Failed: 0)
  Non-zero exit status: 2
  Parse errors: No plan found in TAP output
t/mega-config.t (Wstat: 512 Tests: 0 Failed: 0)
  Non-zero exit status: 2
  Parse errors: No plan found in TAP output
t/mega.t        (Wstat: 512 Tests: 0 Failed: 0)
  Non-zero exit status: 2
  Parse errors: No plan found in TAP output
t/nul-char.t    (Wstat: 512 Tests: 0 Failed: 0)
  Non-zero exit status: 2
  Parse errors: No plan found in TAP output
t/tcl-callback.t (Wstat: 512 Tests: 0 Failed: 0)
  Non-zero exit status: 2
  Parse errors: No plan found in TAP output
t/tcl.t         (Wstat: 512 Tests: 0 Failed: 0)
  Non-zero exit status: 2
  Parse errors: No plan found in TAP output
t/tk.t          (Wstat: 512 Tests: 0 Failed: 0)
  Non-zero exit status: 2
  Parse errors: No plan found in TAP output
t/utf8.t        (Wstat: 512 Tests: 0 Failed: 0)
  Non-zero exit status: 2
  Parse errors: No plan found in TAP output
Files=8, Tests=0,  2 wallclock secs ( 0.05 usr  0.05 sys +  0.42 cusr  0.24 csys =  0.76 CPU)
Result: FAIL
*** Error code 2

Stop.
make: stopped in /usr/home/cpan/pit/thr/conf/perl-5.26.3/.cpanplus/5.26.3/build/BHruq2L5q0/Tkx-1.10_01
Failed 8/8 test programs. 0/0 subtests failed.


PREREQUISITES:

Here is a list of prerequisites you specified and versions we
managed to load:

	  Module Name                        Have     Want
	  ExtUtils::MakeMaker                7.58        0
	  Tcl                                1.27     1.00

Perl module toolchain versions installed:
	Module Name                        Have
	CPANPLUS                         0.9910
	CPANPLUS::Dist::Build              0.90
	Cwd                                3.75
	ExtUtils::CBuilder             0.280235
	ExtUtils::Command                  7.58
	ExtUtils::Install                  2.20
	ExtUtils::MakeMaker                7.58
	ExtUtils::Manifest                 1.73
	ExtUtils::ParseXS                  3.35
	File::Spec                         3.75
	Module::Build                    0.4231
	Pod::Parser                        1.63
	Pod::Simple                        3.35
	Test2                          1.302183
	Test::Harness                      3.42
	Test::More                     1.302183
	version                          0.9928

******************************** NOTE ********************************
The comments above are created mechanically, possibly without manual
checking by the sender.  As there are many people performing automatic
tests on each upload to CPAN, it is likely that you will receive
identical messages about the same problem.

If you believe that the message is mistaken, please reply to the first
one with correction and/or additional informations, and do not take
it personally.  We appreciate your patience. :)
**********************************************************************

Additional comments:


This report was machine-generated by CPANPLUS::Dist::YACSmoke 1.08.
Powered by minismokebox version 0.68

CPANPLUS is prefering Build.PL

------------------------------
ENVIRONMENT AND OTHER CONTEXT
------------------------------

Environment variables:

    AUTOMATED_TESTING = 1
    NONINTERACTIVE_TESTING = 1
    PATH = /usr/home/cpan/pit/thr/conf/perl-5.26.3/.cpanplus/5.26.3/build/BHruq2L5q0/Tkx-1.10_01/blib/script:/sbin:/bin:/usr/sbin:/usr/bin:/usr/local/sbin:/usr/local/bin:/home/cpan/bin
    PERL5LIB = /usr/home/cpan/pit/jail/GgEHfn8Act/lib/perl5:/usr/home/cpan/pit/thr/conf/perl-5.26.3/.cpanplus/5.26.3/build/BHruq2L5q0/Tkx-1.10_01/blib/lib:/usr/home/cpan/pit/thr/conf/perl-5.26.3/.cpanplus/5.26.3/build/BHruq2L5q0/Tkx-1.10_01/blib/arch
    PERL5_CPANPLUS_IS_RUNNING = 58738
    PERL5_CPANPLUS_IS_VERSION = 0.9910
    PERL5_MINISMOKEBOX = 0.68
    PERL5_YACSMOKE_BASE = /usr/home/cpan/pit/thr/conf/perl-5.26.3
    PERL_EXTUTILS_AUTOINSTALL = --defaultdeps
    PERL_LOCAL_LIB_ROOT = /usr/home/cpan/pit/jail/GgEHfn8Act
    PERL_MB_OPT = --install_base "/usr/home/cpan/pit/jail/GgEHfn8Act"
    PERL_MM_OPT = INSTALL_BASE=/usr/home/cpan/pit/jail/GgEHfn8Act
    PERL_MM_USE_DEFAULT = 1
    SHELL = /usr/local/bin/bash
    TERM = screen

Perl special variables (and OS-specific diagnostics, for MSWin32):

    Perl: $^X = /usr/home/cpan/pit/thr/perl-5.26.3/bin/perl
    UID:  $<  = 1002
    EUID: $>  = 1002
    GID:  $(  = 1002 1002
    EGID: $)  = 1002 1002


-------------------------------


--

Summary of my perl5 (revision 5 version 26 subversion 3) configuration:
   
  Platform:
    osname=freebsd
    osvers=12.2-release
    archname=amd64-freebsd-thread-multi
    uname='freebsd fforc 12.2-release freebsd 12.2-release r366954 generic amd64 '
    config_args='-des -Dprefix=/usr/home/cpan/pit/thr/perl-5.26.3 -Dusethreads'
    hint=recommended
    useposix=true
    d_sigaction=define
    useithreads=define
    usemultiplicity=define
    use64bitint=define
    use64bitall=define
    uselongdouble=undef
    usemymalloc=n
    default_inc_excludes_dot=define
    bincompat5005=undef
  Compiler:
    cc='cc'
    ccflags ='-DHAS_FPSETMASK -DHAS_FLOATINGPOINT_H -fno-strict-aliasing -pipe -fstack-protector-strong -I/usr/local/include'
    optimize='-O2'
    cppflags='-DHAS_FPSETMASK -DHAS_FLOATINGPOINT_H -fno-strict-aliasing -pipe -fstack-protector-strong -I/usr/local/include'
    ccversion=''
    gccversion='FreeBSD Clang 10.0.1 (git@github.com:llvm/llvm-project.git llvmorg-10.0.1-0-gef32c611aa2)'
    gccosandvers=''
    intsize=4
    longsize=8
    ptrsize=8
    doublesize=8
    byteorder=12345678
    doublekind=3
    d_longlong=define
    longlongsize=8
    d_longdbl=define
    longdblsize=16
    longdblkind=3
    ivtype='long'
    ivsize=8
    nvtype='double'
    nvsize=8
    Off_t='off_t'
    lseeksize=8
    alignbytes=8
    prototype=define
  Linker and Libraries:
    ld='cc'
    ldflags ='-pthread -Wl,-E  -fstack-protector-strong -L/usr/local/lib'
    libpth=/usr/lib /usr/local/lib /usr/lib/clang/10.0.1/lib /usr/lib
    libs=-lpthread -lgdbm -ldl -lm -lcrypt -lutil
    perllibs=-lpthread -ldl -lm -lcrypt -lutil
    libc=
    so=so
    useshrplib=false
    libperl=libperl.a
    gnulibc_version=''
  Dynamic Linking:
    dlsrc=dl_dlopen.xs
    dlext=so
    d_dlsymun=undef
    ccdlflags=' '
    cccdlflags='-DPIC -fPIC'
    lddlflags='-shared  -L/usr/local/lib -fstack-protector-strong'


Characteristics of this binary (from libperl): 
  Compile-time options:
    HAS_TIMES
    MULTIPLICITY
    PERLIO_LAYERS
    PERL_COPY_ON_WRITE
    PERL_DONT_CREATE_GVSV
    PERL_IMPLICIT_CONTEXT
    PERL_MALLOC_WRAP
    PERL_OP_PARENT
    PERL_PRESERVE_IVUV
    USE_64_BIT_ALL
    USE_64_BIT_INT
    USE_ITHREADS
    USE_LARGE_FILES
    USE_LOCALE
    USE_LOCALE_COLLATE
    USE_LOCALE_CTYPE
    USE_LOCALE_NUMERIC
    USE_LOCALE_TIME
    USE_PERLIO
    USE_PERL_ATOF
    USE_REENTRANT_API
  Locally applied patches:
    Devel::PatchPerl 2.00
  Built under freebsd
  Compiled at Oct 31 2020 01:10:36
  %ENV:
    PERL5LIB="/usr/home/cpan/pit/jail/GgEHfn8Act/lib/perl5:/usr/home/cpan/pit/thr/conf/perl-5.26.3/.cpanplus/5.26.3/build/BHruq2L5q0/Tkx-1.10_01/blib/lib:/usr/home/cpan/pit/thr/conf/perl-5.26.3/.cpanplus/5.26.3/build/BHruq2L5q0/Tkx-1.10_01/blib/arch"
    PERL5_CPANPLUS_IS_RUNNING="58738"
    PERL5_CPANPLUS_IS_VERSION="0.9910"
    PERL5_MINISMOKEBOX="0.68"
    PERL5_YACSMOKE_BASE="/usr/home/cpan/pit/thr/conf/perl-5.26.3"
    PERL_EXTUTILS_AUTOINSTALL="--defaultdeps"
    PERL_LOCAL_LIB_ROOT="/usr/home/cpan/pit/jail/GgEHfn8Act"
    PERL_MB_OPT="--install_base "/usr/home/cpan/pit/jail/GgEHfn8Act""
    PERL_MM_OPT="INSTALL_BASE=/usr/home/cpan/pit/jail/GgEHfn8Act"
    PERL_MM_USE_DEFAULT="1"
  @INC:
    /usr/home/cpan/pit/jail/GgEHfn8Act/lib/perl5/5.26.3/amd64-freebsd-thread-multi
    /usr/home/cpan/pit/jail/GgEHfn8Act/lib/perl5/5.26.3
    /usr/home/cpan/pit/jail/GgEHfn8Act/lib/perl5/amd64-freebsd-thread-multi
    /usr/home/cpan/pit/jail/GgEHfn8Act/lib/perl5
    /usr/home/cpan/pit/thr/conf/perl-5.26.3/.cpanplus/5.26.3/build/BHruq2L5q0/Tkx-1.10_01/blib/lib
    /usr/home/cpan/pit/thr/conf/perl-5.26.3/.cpanplus/5.26.3/build/BHruq2L5q0/Tkx-1.10_01/blib/arch
    /usr/home/cpan/pit/thr/perl-5.26.3/lib/site_perl/5.26.3/amd64-freebsd-thread-multi
    /usr/home/cpan/pit/thr/perl-5.26.3/lib/site_perl/5.26.3
    /usr/home/cpan/pit/thr/perl-5.26.3/lib/5.26.3/amd64-freebsd-thread-multi
    /usr/home/cpan/pit/thr/perl-5.26.3/lib/5.26.3