UniEvent v1.2.10 Perl 5 v5.34.0 x86_64-linux

Status
Fail
From
Slaven Rezić
Dist
UniEvent v1.2.10
Platform
Perl 5 v5.34.0 x86_64-linux
Date
2022-02-10T21:42:31
ID
59a0fd70-8aba-11ec-a54a-dd321f24ea8f
This distribution has been tested as part of the CPAN Testers
project, supporting the Perl programming language.  See
http://wiki.cpantesters.org/ for more information or email
questions to cpan-testers-discuss@perl.org


--
Dear Oleg Pronin,

This is a computer-generated report for UniEvent-1.2.10
on perl 5.34.0, created by CPAN-Reporter-1.2018.

Thank you for uploading your work to CPAN.  However, there was a problem
testing your distribution.

If you think this report is invalid, please consult the CPAN Testers Wiki
for suggestions on how to avoid getting FAIL reports for missing library
or binary dependencies, unsupported operating systems, and so on:

http://wiki.cpantesters.org/wiki/CPANAuthorNotes

Sections of this report:

    * Tester comments
    * Program output
    * Prerequisites
    * Environment and other context

------------------------------
TESTER COMMENTS
------------------------------

Additional comments from tester:

none provided

------------------------------
PROGRAM OUTPUT
------------------------------

Output from '/usr/bin/make test':

"/opt/perl-5.34.0/bin/perl" -MExtUtils::Command::MM -e 'cp_nonempty' -- UniEvent.bs blib/arch/auto/UniEvent/UniEvent.bs 644
cd clib/build && cd ../cmake_props && make  unievent
make[1]: Entering directory '/home/cpansand/.cpan/build/2022021014/UniEvent-1.2.10-0/clib/cmake_props'
make[2]: Entering directory '/home/cpansand/.cpan/build/2022021014/UniEvent-1.2.10-0/clib/cmake_props'
make[3]: Entering directory '/home/cpansand/.cpan/build/2022021014/UniEvent-1.2.10-0/clib/cmake_props'
make[4]: Entering directory '/home/cpansand/.cpan/build/2022021014/UniEvent-1.2.10-0/clib/cmake_props'
make[4]: Leaving directory '/home/cpansand/.cpan/build/2022021014/UniEvent-1.2.10-0/clib/cmake_props'
[100%] Built target unievent
make[3]: Leaving directory '/home/cpansand/.cpan/build/2022021014/UniEvent-1.2.10-0/clib/cmake_props'
make[2]: Leaving directory '/home/cpansand/.cpan/build/2022021014/UniEvent-1.2.10-0/clib/cmake_props'
make[1]: Leaving directory '/home/cpansand/.cpan/build/2022021014/UniEvent-1.2.10-0/clib/cmake_props'
cd clib/build && make install > /dev/null 2>&1
/usr/bin/cmake -E copy_directory clib/build/cmake_prefix/include blib/arch/UniEvent.x/i/
Skip blib/arch/UniEvent/Resolver/Request.pm (unchanged)
Skip blib/arch/UniEvent/Request/Shutdown.pod (unchanged)
Skip blib/arch/UniEvent/Fs.pm (unchanged)
Skip blib/arch/UniEvent/ResolveError.pod (unchanged)
Skip blib/arch/UniEvent/Request/Write.pod (unchanged)
Skip blib/arch/UniEvent/Loop.pod (unchanged)
Skip blib/arch/UniEvent/Prepare.pm (unchanged)
Skip blib/arch/UniEvent/Check.pod (unchanged)
Skip blib/arch/UniEvent/Handle.pm (unchanged)
Skip blib/arch/UniEvent/Poll.pod (unchanged)
Skip blib/arch/UniEvent/Pipe.pm (unchanged)
Skip blib/arch/UniEvent/Prepare.pod (unchanged)
Skip blib/arch/UniEvent/Request/Connect.pod (unchanged)
Skip blib/arch/UniEvent/Error.pod (unchanged)
Skip blib/arch/UniEvent/FsPoll.pm (unchanged)
Skip blib/arch/UniEvent/Resolver.pm (unchanged)
Skip blib/arch/UniEvent.pm (unchanged)
Skip blib/arch/UniEvent/Fs.pod (unchanged)
Skip blib/arch/UniEvent/Idle.pm (unchanged)
Skip blib/arch/UniEvent/Resolver.pod (unchanged)
Skip blib/arch/UniEvent/FsEvent.pod (unchanged)
Skip blib/arch/UniEvent/Backend/UV.pm (unchanged)
Skip blib/arch/UniEvent/Handle.pod (unchanged)
Skip blib/arch/UniEvent/Idle.pod (unchanged)
Skip blib/arch/UniEvent/Backend.pm (unchanged)
Skip blib/arch/UniEvent/Error.pm (unchanged)
Skip blib/arch/UniEvent/Request.pm (unchanged)
Skip blib/arch/UniEvent/FsPoll.pod (unchanged)
Skip blib/arch/UniEvent/Poll.pm (unchanged)
Skip blib/arch/UniEvent/Pipe.pod (unchanged)
Skip blib/arch/UE.pm (unchanged)
Skip blib/arch/UniEvent/Check.pm (unchanged)
Skip blib/arch/UniEvent/Request/Send.pod (unchanged)
Skip blib/arch/UniEvent/Backend/UV.pod (unchanged)
Skip blib/arch/UniEvent/Loop.pm (unchanged)
Skip blib/arch/UniEvent/FsEvent.pm (unchanged)
Skip blib/arch/UniEvent.x/info (unchanged)
Skip blib/arch/UE.pod (unchanged)
Skip blib/arch/UniEvent/Backend.pod (unchanged)
Skip blib/arch/UniEvent.pod (unchanged)
Skip blib/arch/UniEvent/Tcp.pod (unchanged)
Skip blib/arch/UniEvent/Streamer.pod (unchanged)
Skip blib/arch/UniEvent/Streamer/FileOutput.pm (unchanged)
Skip blib/arch/UniEvent/Streamer/Input.pm (unchanged)
Skip blib/arch/UniEvent/Stream.pod (unchanged)
Skip blib/arch/UniEvent/StreamerError.pod (unchanged)
Skip blib/arch/UniEvent/Tcp.pm (unchanged)
Skip blib/arch/UniEvent/Streamer/IInput.pm (unchanged)
Skip blib/arch/UniEvent/Tty.pm (unchanged)
Skip blib/arch/UniEvent/SystemError.pm (unchanged)
Skip blib/arch/UniEvent/SystemError.pod (unchanged)
Skip blib/arch/UniEvent/Streamer/FileInput.pm (unchanged)
Skip blib/arch/UniEvent/Streamer/FileOutput.pod (unchanged)
Skip blib/arch/UniEvent/Tty.pod (unchanged)
Skip blib/arch/UniEvent/Streamer/StreamOutput.pod (unchanged)
Skip blib/arch/UniEvent/Streamer/IOutput.pod (unchanged)
Skip blib/arch/UniEvent/Streamer.pm (unchanged)
Skip blib/arch/UniEvent/Signal.pm (unchanged)
Skip blib/arch/UniEvent/Streamer/StreamInput.pod (unchanged)
Skip blib/arch/UniEvent/Timer.pod (unchanged)
Skip blib/arch/UniEvent/Streamer/IInput.pod (unchanged)
Skip blib/arch/UniEvent/Streamer/FileInput.pod (unchanged)
Skip blib/arch/UniEvent/Timer.pm (unchanged)
Skip blib/arch/UniEvent/Stream.pm (unchanged)
Skip blib/arch/UniEvent/Test/Async.pm (unchanged)
Skip blib/arch/UniEvent/Streamer/Input.pod (unchanged)
Skip blib/arch/UniEvent/Streamer/IOutput.pm (unchanged)
Skip blib/arch/UniEvent/Udp.pod (unchanged)
Skip blib/arch/UniEvent/Streamer/StreamOutput.pm (unchanged)
Skip blib/arch/UniEvent/Streamer/Output.pod (unchanged)
Skip blib/arch/UniEvent/Streamer/Output.pm (unchanged)
Skip blib/arch/UniEvent/Udp.pm (unchanged)
Skip blib/arch/UniEvent/Signal.pod (unchanged)
Skip blib/arch/UniEvent/Resolver/Request.pod (unchanged)
Skip blib/arch/UniEvent/Streamer/StreamInput.pm (unchanged)
Skip blib/arch/UniEvent.x/i/xs/unievent/Ssl.h (unchanged)
Skip blib/arch/UniEvent.x/i/xs/unievent/FsEvent.h (unchanged)
Skip blib/arch/UniEvent.x/i/xs/unievent/Signal.h (unchanged)
Skip blib/arch/UniEvent.x/i/xs/unievent/Handle.h (unchanged)
Skip blib/arch/UniEvent.x/i/xs/unievent/Prepare.h (unchanged)
Skip blib/arch/UniEvent.x/i/xs/unievent.h (unchanged)
Skip blib/arch/UniEvent.x/i/xs/unievent/Stream.h (unchanged)
Skip blib/arch/UniEvent.x/i/xs/unievent/AddrInfo.h (unchanged)
Skip blib/arch/UniEvent.x/i/xs/unievent/Tcp.h (unchanged)
Skip blib/arch/UniEvent.x/i/xs/unievent/Streamer.h (unchanged)
Skip blib/arch/UniEvent.x/i/xs/unievent/Backend.h (unchanged)
Skip blib/arch/UniEvent.x/i/xs/unievent/Work.h (unchanged)
Skip blib/arch/UniEvent.x/i/xs/unievent/Idle.h (unchanged)
Skip blib/arch/UniEvent.x/i/xs/unievent/Timer.h (unchanged)
Skip blib/arch/UniEvent.x/i/xs/unievent/Udp.h (unchanged)
Skip blib/arch/UniEvent.x/i/xs/unievent/util.h (unchanged)
Skip blib/arch/UniEvent.x/i/xs/unievent/Poll.h (unchanged)
Skip blib/arch/UniEvent/Work.pm (unchanged)
Skip blib/arch/UniEvent.x/i/xs/unievent/Fs.h (unchanged)
Skip blib/arch/UniEvent.x/i/xs/unievent/Check.h (unchanged)
Skip blib/arch/UniEvent.x/i/xs/unievent/Loop.h (unchanged)
Skip blib/arch/UniEvent.x/i/xs/unievent/Tty.h (unchanged)
Skip blib/arch/UniEvent.x/i/xs/unievent/Request.h (unchanged)
Skip blib/arch/UniEvent.x/i/xs/unievent/Resolver.h (unchanged)
Skip blib/arch/UniEvent.x/i/xs/unievent/Listener.h (unchanged)
Skip blib/arch/UniEvent.x/i/xs/unievent/error.h (unchanged)
Skip blib/arch/UniEvent.x/i/xs/unievent/FsPoll.h (unchanged)
Skip blib/arch/UniEvent.x/i/xs/unievent/Pipe.h (unchanged)
"/opt/perl-5.34.0/bin/perl" -Ilib -MXS::Install::ParseXS -MXS::Framework::ParseXS "/opt/perl-5.34.0/lib/5.34.0/ExtUtils/xsubpp"  -hiertype -C++ -hiertype -C++ -typemap '/opt/perl-5.34.0/lib/5.34.0/ExtUtils/typemap' -typemap '/opt/perl-5.34.0/lib/site_perl/5.34.0/XS/Install.x/tm/typemap' -typemap '/opt/perl-5.34.0/lib/site_perl/5.34.0/x86_64-linux/XS/Framework.x/tm/typemap' -typemap '/opt/perl-5.34.0/lib/site_perl/5.34.0/x86_64-linux/XS/Framework.x/tm/typemap64' -typemap '/opt/perl-5.34.0/lib/site_perl/5.34.0/XS/Install.x/tm/typemap' -typemap '/opt/perl-5.34.0/lib/site_perl/5.34.0/x86_64-linux/XS/Framework.x/tm/typemap' -typemap '/opt/perl-5.34.0/lib/site_perl/5.34.0/x86_64-linux/XS/Framework.x/tm/typemap64' -csuffix _xsgen.cc  t/lib/MyTest.xs > t/lib/MyTest.xsc
mv t/lib/MyTest.xsc t/lib/MyTest_xsgen.cc
c++ -c  -Isrc -I/home/cpansand/.cpan/build/2022021014/UniEvent-1.2.10-0/clib/src -I/home/cpansand/.cpan/build/2022021014/UniEvent-1.2.10-0/clib/backend-uv/src -I/home/cpansand/.cpan/build/2022021014/UniEvent-1.2.10-0/clib/backend-uv/include -I/usr/include -I/home/cpansand/.cpan/build/2022021014/UniEvent-1.2.10-0/clib/src -I/home/cpansand/.cpan/build/2022021014/UniEvent-1.2.10-0/clib/backend-uv/src -I/home/cpansand/.cpan/build/2022021014/UniEvent-1.2.10-0/clib/backend-uv/include -I/usr/include -I/home/cpansand/.cpan/build/2022021014/Net-SockAddr-1.1.2-0/blib/arch/Net/SockAddr.x/i -I/opt/perl-5.34.0/lib/site_perl/5.34.0/x86_64-linux/XS/Framework.x/i -I/opt/perl-5.34.0/lib/site_perl/5.34.0/x86_64-linux/XS/libpanda.x/i -I/opt/perl-5.34.0/lib/site_perl/5.34.0/XS/Install.x/i -I/opt/perl-5.34.0/lib/site_perl/5.34.0/x86_64-linux/next/XS.x/i -I/opt/perl-5.34.0/lib/site_perl/5.34.0/x86_64-linux/Export/XS.x/i -I/home/cpansand/.cpan/build/2022021014/XS-libcares-1.17.1.2-0/blib/arch/XS/libcares.x/i -I/home/cpansand/.cpan/build/2022021014/XS-libuv-1.41.0.0-0/blib/arch/XS/libuv.x/i -I/home/cpansand/.cpan/build/2022021014/XLog-1.1.2-0/blib/arch/XLog.x/i -I/opt/perl-5.34.0/lib/site_perl/5.34.0/x86_64-linux/XS/libcatch.x/i -I/usr/include -Wall -Wextra -std=c++14 -fwrapv -fno-strict-aliasing -pipe -fstack-protector-strong -I/usr/local/include -D_LARGEFILE_SOURCE -D_FILE_OFFSET_BITS=64 -D_FORTIFY_SOURCE=2 -o t/lib/MyTest_xsgen.o -O0   -DVERSION=\"0.0.0\" -DXS_VERSION=\"0.0.0\" -fPIC "-I/opt/perl-5.34.0/lib/5.34.0/x86_64-linux/CORE"  -DCARES_STATICLIB -DCARES_STATICLIB t/lib/MyTest_xsgen.cc
In file included from /usr/include/bits/libc-header-start.h:33,
                 from /usr/include/stdint.h:26,
                 from /usr/lib/gcc/x86_64-redhat-linux/8/include/stdint.h:9,
                 from /opt/perl-5.34.0/lib/site_perl/5.34.0/x86_64-linux/XS/libpanda.x/i/panda/log/../hash.h:2,
                 from /opt/perl-5.34.0/lib/site_perl/5.34.0/x86_64-linux/XS/libpanda.x/i/panda/log/../basic_string.h:2,
                 from /opt/perl-5.34.0/lib/site_perl/5.34.0/x86_64-linux/XS/libpanda.x/i/panda/log/../string.h:2,
                 from /opt/perl-5.34.0/lib/site_perl/5.34.0/x86_64-linux/XS/libpanda.x/i/panda/log/log.h:3,
                 from /opt/perl-5.34.0/lib/site_perl/5.34.0/x86_64-linux/XS/libpanda.x/i/panda/log.h:2,
                 from /home/cpansand/.cpan/build/2022021014/UniEvent-1.2.10-0/clib/src/panda/unievent/log.h:2,
                 from /home/cpansand/.cpan/build/2022021014/UniEvent-1.2.10-0/clib/src/panda/unievent/inc.h:2,
                 from /home/cpansand/.cpan/build/2022021014/UniEvent-1.2.10-0/clib/src/panda/unievent/Loop.h:2,
                 from /home/cpansand/.cpan/build/2022021014/UniEvent-1.2.10-0/clib/src/panda/unievent.h:2,
                 from t/lib/MyTest.xs:1:
/usr/include/features.h:381:4: warning: #warning _FORTIFY_SOURCE requires compiling with optimization (-O) [-Wcpp]
 #  warning _FORTIFY_SOURCE requires compiling with optimization (-O)
    ^~~~~~~
Running Mkbootstrap for MyTest ()
chmod 644 "MyTest.bs"
"/opt/perl-5.34.0/bin/perl" -MExtUtils::Command::MM -e 'cp_nonempty' -- MyTest.bs blib/arch/auto/MyTest/MyTest.bs 644
cd clib/build && cd ../cmake_props && make  unievent-tests
[ 55%] Built target unievent
[ 57%] Building CXX object ../build/CMakeFiles/unievent-tests.dir/tests/async.cc.o
In file included from /usr/include/c++/8/x86_64-redhat-linux/bits/os_defines.h:39,
                 from /usr/include/c++/8/x86_64-redhat-linux/bits/c++config.h:2458,
                 from /usr/include/c++/8/utility:68,
                 from /usr/include/c++/8/tuple:38,
                 from /usr/include/c++/8/mutex:38,
                 from /home/cpansand/.cpan/build/2022021014/UniEvent-1.2.10-0/clib/tests/lib/test.h:2,
                 from /home/cpansand/.cpan/build/2022021014/UniEvent-1.2.10-0/clib/tests/async.cc:1:
/usr/include/features.h:381:4: warning: #warning _FORTIFY_SOURCE requires compiling with optimization (-O) [-Wcpp]
 #  warning _FORTIFY_SOURCE requires compiling with optimization (-O)
    ^~~~~~~
[ 57%] Building CXX object ../build/CMakeFiles/unievent-tests.dir/tests/async_test.cc.o
In file included from /usr/include/c++/8/x86_64-redhat-linux/bits/os_defines.h:39,
                 from /usr/include/c++/8/x86_64-redhat-linux/bits/c++config.h:2458,
                 from /usr/include/c++/8/utility:68,
                 from /usr/include/c++/8/tuple:38,
                 from /usr/include/c++/8/mutex:38,
                 from /home/cpansand/.cpan/build/2022021014/UniEvent-1.2.10-0/clib/tests/lib/test.h:2,
                 from /home/cpansand/.cpan/build/2022021014/UniEvent-1.2.10-0/clib/tests/async_test.cc:1:
/usr/include/features.h:381:4: warning: #warning _FORTIFY_SOURCE requires compiling with optimization (-O) [-Wcpp]
 #  warning _FORTIFY_SOURCE requires compiling with optimization (-O)
    ^~~~~~~
[ 59%] Building CXX object ../build/CMakeFiles/unievent-tests.dir/tests/backend.cc.o
In file included from /usr/include/c++/8/x86_64-redhat-linux/bits/os_defines.h:39,
                 from /usr/include/c++/8/x86_64-redhat-linux/bits/c++config.h:2458,
                 from /usr/include/c++/8/utility:68,
                 from /usr/include/c++/8/tuple:38,
                 from /usr/include/c++/8/mutex:38,
                 from /home/cpansand/.cpan/build/2022021014/UniEvent-1.2.10-0/clib/tests/lib/test.h:2,
                 from /home/cpansand/.cpan/build/2022021014/UniEvent-1.2.10-0/clib/tests/backend.cc:1:
/usr/include/features.h:381:4: warning: #warning _FORTIFY_SOURCE requires compiling with optimization (-O) [-Wcpp]
 #  warning _FORTIFY_SOURCE requires compiling with optimization (-O)
    ^~~~~~~
[ 61%] Building CXX object ../build/CMakeFiles/unievent-tests.dir/tests/bench.cc.o
In file included from /usr/include/c++/8/x86_64-redhat-linux/bits/os_defines.h:39,
                 from /usr/include/c++/8/x86_64-redhat-linux/bits/c++config.h:2458,
                 from /usr/include/c++/8/utility:68,
                 from /usr/include/c++/8/tuple:38,
                 from /usr/include/c++/8/mutex:38,
                 from /home/cpansand/.cpan/build/2022021014/UniEvent-1.2.10-0/clib/tests/lib/test.h:2,
                 from /home/cpansand/.cpan/build/2022021014/UniEvent-1.2.10-0/clib/tests/bench.cc:1:
/usr/include/features.h:381:4: warning: #warning _FORTIFY_SOURCE requires compiling with optimization (-O) [-Wcpp]
 #  warning _FORTIFY_SOURCE requires compiling with optimization (-O)
    ^~~~~~~
[ 62%] Building CXX object ../build/CMakeFiles/unievent-tests.dir/tests/check.cc.o
In file included from /usr/include/c++/8/x86_64-redhat-linux/bits/os_defines.h:39,
                 from /usr/include/c++/8/x86_64-redhat-linux/bits/c++config.h:2458,
                 from /usr/include/c++/8/utility:68,
                 from /usr/include/c++/8/tuple:38,
                 from /usr/include/c++/8/mutex:38,
                 from /home/cpansand/.cpan/build/2022021014/UniEvent-1.2.10-0/clib/tests/lib/test.h:2,
                 from /home/cpansand/.cpan/build/2022021014/UniEvent-1.2.10-0/clib/tests/check.cc:1:
/usr/include/features.h:381:4: warning: #warning _FORTIFY_SOURCE requires compiling with optimization (-O) [-Wcpp]
 #  warning _FORTIFY_SOURCE requires compiling with optimization (-O)
    ^~~~~~~
[ 64%] Building CXX object ../build/CMakeFiles/unievent-tests.dir/tests/fs.cc.o
In file included from /usr/include/c++/8/x86_64-redhat-linux/bits/os_defines.h:39,
                 from /usr/include/c++/8/x86_64-redhat-linux/bits/c++config.h:2458,
                 from /usr/include/c++/8/utility:68,
                 from /usr/include/c++/8/tuple:38,
                 from /usr/include/c++/8/mutex:38,
                 from /home/cpansand/.cpan/build/2022021014/UniEvent-1.2.10-0/clib/tests/lib/test.h:2,
                 from /home/cpansand/.cpan/build/2022021014/UniEvent-1.2.10-0/clib/tests/fs.cc:1:
/usr/include/features.h:381:4: warning: #warning _FORTIFY_SOURCE requires compiling with optimization (-O) [-Wcpp]
 #  warning _FORTIFY_SOURCE requires compiling with optimization (-O)
    ^~~~~~~
[ 66%] Building CXX object ../build/CMakeFiles/unievent-tests.dir/tests/handle.cc.o
In file included from /usr/include/c++/8/x86_64-redhat-linux/bits/os_defines.h:39,
                 from /usr/include/c++/8/x86_64-redhat-linux/bits/c++config.h:2458,
                 from /usr/include/c++/8/utility:68,
                 from /usr/include/c++/8/tuple:38,
                 from /usr/include/c++/8/mutex:38,
                 from /home/cpansand/.cpan/build/2022021014/UniEvent-1.2.10-0/clib/tests/lib/test.h:2,
                 from /home/cpansand/.cpan/build/2022021014/UniEvent-1.2.10-0/clib/tests/handle.cc:1:
/usr/include/features.h:381:4: warning: #warning _FORTIFY_SOURCE requires compiling with optimization (-O) [-Wcpp]
 #  warning _FORTIFY_SOURCE requires compiling with optimization (-O)
    ^~~~~~~
[ 68%] Building CXX object ../build/CMakeFiles/unievent-tests.dir/tests/idle.cc.o
In file included from /usr/include/c++/8/x86_64-redhat-linux/bits/os_defines.h:39,
                 from /usr/include/c++/8/x86_64-redhat-linux/bits/c++config.h:2458,
                 from /usr/include/c++/8/utility:68,
                 from /usr/include/c++/8/tuple:38,
                 from /usr/include/c++/8/mutex:38,
                 from /home/cpansand/.cpan/build/2022021014/UniEvent-1.2.10-0/clib/tests/lib/test.h:2,
                 from /home/cpansand/.cpan/build/2022021014/UniEvent-1.2.10-0/clib/tests/idle.cc:1:
/usr/include/features.h:381:4: warning: #warning _FORTIFY_SOURCE requires compiling with optimization (-O) [-Wcpp]
 #  warning _FORTIFY_SOURCE requires compiling with optimization (-O)
    ^~~~~~~
[ 70%] Building CXX object ../build/CMakeFiles/unievent-tests.dir/tests/lib/test.cc.o
In file included from /usr/include/c++/8/x86_64-redhat-linux/bits/os_defines.h:39,
                 from /usr/include/c++/8/x86_64-redhat-linux/bits/c++config.h:2458,
                 from /usr/include/c++/8/utility:68,
                 from /usr/include/c++/8/tuple:38,
                 from /usr/include/c++/8/mutex:38,
                 from /home/cpansand/.cpan/build/2022021014/UniEvent-1.2.10-0/clib/tests/lib/test.h:2,
                 from /home/cpansand/.cpan/build/2022021014/UniEvent-1.2.10-0/clib/tests/lib/test.cc:1:
/usr/include/features.h:381:4: warning: #warning _FORTIFY_SOURCE requires compiling with optimization (-O) [-Wcpp]
 #  warning _FORTIFY_SOURCE requires compiling with optimization (-O)
    ^~~~~~~
[ 72%] Building CXX object ../build/CMakeFiles/unievent-tests.dir/tests/loop.cc.o
In file included from /usr/include/c++/8/x86_64-redhat-linux/bits/os_defines.h:39,
                 from /usr/include/c++/8/x86_64-redhat-linux/bits/c++config.h:2458,
                 from /usr/include/c++/8/utility:68,
                 from /usr/include/c++/8/tuple:38,
                 from /usr/include/c++/8/mutex:38,
                 from /home/cpansand/.cpan/build/2022021014/UniEvent-1.2.10-0/clib/tests/lib/test.h:2,
                 from /home/cpansand/.cpan/build/2022021014/UniEvent-1.2.10-0/clib/tests/loop.cc:1:
/usr/include/features.h:381:4: warning: #warning _FORTIFY_SOURCE requires compiling with optimization (-O) [-Wcpp]
 #  warning _FORTIFY_SOURCE requires compiling with optimization (-O)
    ^~~~~~~
[ 74%] Building CXX object ../build/CMakeFiles/unievent-tests.dir/tests/pipe.cc.o
In file included from /usr/include/c++/8/x86_64-redhat-linux/bits/os_defines.h:39,
                 from /usr/include/c++/8/x86_64-redhat-linux/bits/c++config.h:2458,
                 from /usr/include/c++/8/utility:68,
                 from /usr/include/c++/8/tuple:38,
                 from /usr/include/c++/8/mutex:38,
                 from /home/cpansand/.cpan/build/2022021014/UniEvent-1.2.10-0/clib/tests/lib/test.h:2,
                 from /home/cpansand/.cpan/build/2022021014/UniEvent-1.2.10-0/clib/tests/pipe.cc:1:
/usr/include/features.h:381:4: warning: #warning _FORTIFY_SOURCE requires compiling with optimization (-O) [-Wcpp]
 #  warning _FORTIFY_SOURCE requires compiling with optimization (-O)
    ^~~~~~~
[ 75%] Building CXX object ../build/CMakeFiles/unievent-tests.dir/tests/prepare.cc.o
In file included from /usr/include/c++/8/x86_64-redhat-linux/bits/os_defines.h:39,
                 from /usr/include/c++/8/x86_64-redhat-linux/bits/c++config.h:2458,
                 from /usr/include/c++/8/utility:68,
                 from /usr/include/c++/8/tuple:38,
                 from /usr/include/c++/8/mutex:38,
                 from /home/cpansand/.cpan/build/2022021014/UniEvent-1.2.10-0/clib/tests/lib/test.h:2,
                 from /home/cpansand/.cpan/build/2022021014/UniEvent-1.2.10-0/clib/tests/prepare.cc:1:
/usr/include/features.h:381:4: warning: #warning _FORTIFY_SOURCE requires compiling with optimization (-O) [-Wcpp]
 #  warning _FORTIFY_SOURCE requires compiling with optimization (-O)
    ^~~~~~~
[ 77%] Building CXX object ../build/CMakeFiles/unievent-tests.dir/tests/regression.cc.o
In file included from /usr/include/c++/8/x86_64-redhat-linux/bits/os_defines.h:39,
                 from /usr/include/c++/8/x86_64-redhat-linux/bits/c++config.h:2458,
                 from /usr/include/c++/8/utility:68,
                 from /usr/include/c++/8/tuple:38,
                 from /usr/include/c++/8/mutex:38,
                 from /home/cpansand/.cpan/build/2022021014/UniEvent-1.2.10-0/clib/tests/lib/test.h:2,
                 from /home/cpansand/.cpan/build/2022021014/UniEvent-1.2.10-0/clib/tests/regression.cc:1:
/usr/include/features.h:381:4: warning: #warning _FORTIFY_SOURCE requires compiling with optimization (-O) [-Wcpp]
 #  warning _FORTIFY_SOURCE requires compiling with optimization (-O)
    ^~~~~~~
[ 77%] Building CXX object ../build/CMakeFiles/unievent-tests.dir/tests/resolver.cc.o
In file included from /usr/include/c++/8/x86_64-redhat-linux/bits/os_defines.h:39,
                 from /usr/include/c++/8/x86_64-redhat-linux/bits/c++config.h:2458,
                 from /usr/include/c++/8/utility:68,
                 from /usr/include/c++/8/tuple:38,
                 from /usr/include/c++/8/mutex:38,
                 from /home/cpansand/.cpan/build/2022021014/UniEvent-1.2.10-0/clib/tests/lib/test.h:2,
                 from /home/cpansand/.cpan/build/2022021014/UniEvent-1.2.10-0/clib/tests/resolver.cc:1:
/usr/include/features.h:381:4: warning: #warning _FORTIFY_SOURCE requires compiling with optimization (-O) [-Wcpp]
 #  warning _FORTIFY_SOURCE requires compiling with optimization (-O)
    ^~~~~~~
[ 79%] Building CXX object ../build/CMakeFiles/unievent-tests.dir/tests/stream/establish.cc.o
In file included from /usr/include/c++/8/x86_64-redhat-linux/bits/os_defines.h:39,
                 from /usr/include/c++/8/x86_64-redhat-linux/bits/c++config.h:2458,
                 from /usr/include/c++/8/utility:68,
                 from /usr/include/c++/8/tuple:38,
                 from /usr/include/c++/8/mutex:38,
                 from /home/cpansand/.cpan/build/2022021014/UniEvent-1.2.10-0/clib/tests/stream/../lib/test.h:2,
                 from /home/cpansand/.cpan/build/2022021014/UniEvent-1.2.10-0/clib/tests/stream/establish.cc:1:
/usr/include/features.h:381:4: warning: #warning _FORTIFY_SOURCE requires compiling with optimization (-O) [-Wcpp]
 #  warning _FORTIFY_SOURCE requires compiling with optimization (-O)
    ^~~~~~~
[ 81%] Building CXX object ../build/CMakeFiles/unievent-tests.dir/tests/stream/write.cc.o
In file included from /usr/include/c++/8/x86_64-redhat-linux/bits/os_defines.h:39,
                 from /usr/include/c++/8/x86_64-redhat-linux/bits/c++config.h:2458,
                 from /usr/include/c++/8/utility:68,
                 from /usr/include/c++/8/tuple:38,
                 from /usr/include/c++/8/mutex:38,
                 from /home/cpansand/.cpan/build/2022021014/UniEvent-1.2.10-0/clib/tests/stream/../lib/test.h:2,
                 from /home/cpansand/.cpan/build/2022021014/UniEvent-1.2.10-0/clib/tests/stream/write.cc:1:
/usr/include/features.h:381:4: warning: #warning _FORTIFY_SOURCE requires compiling with optimization (-O) [-Wcpp]
 #  warning _FORTIFY_SOURCE requires compiling with optimization (-O)
    ^~~~~~~
[ 83%] Building CXX object ../build/CMakeFiles/unievent-tests.dir/tests/streamer/basic.cc.o
In file included from /usr/include/c++/8/x86_64-redhat-linux/bits/os_defines.h:39,
                 from /usr/include/c++/8/x86_64-redhat-linux/bits/c++config.h:2458,
                 from /usr/include/c++/8/utility:68,
                 from /usr/include/c++/8/tuple:38,
                 from /usr/include/c++/8/mutex:38,
                 from /home/cpansand/.cpan/build/2022021014/UniEvent-1.2.10-0/clib/tests/streamer/../lib/test.h:2,
                 from /home/cpansand/.cpan/build/2022021014/UniEvent-1.2.10-0/clib/tests/streamer/streamer.h:1,
                 from /home/cpansand/.cpan/build/2022021014/UniEvent-1.2.10-0/clib/tests/streamer/basic.cc:1:
/usr/include/features.h:381:4: warning: #warning _FORTIFY_SOURCE requires compiling with optimization (-O) [-Wcpp]
 #  warning _FORTIFY_SOURCE requires compiling with optimization (-O)
    ^~~~~~~
[ 85%] Building CXX object ../build/CMakeFiles/unievent-tests.dir/tests/streamer/file.cc.o
In file included from /usr/include/c++/8/x86_64-redhat-linux/bits/os_defines.h:39,
                 from /usr/include/c++/8/x86_64-redhat-linux/bits/c++config.h:2458,
                 from /usr/include/c++/8/utility:68,
                 from /usr/include/c++/8/tuple:38,
                 from /usr/include/c++/8/mutex:38,
                 from /home/cpansand/.cpan/build/2022021014/UniEvent-1.2.10-0/clib/tests/streamer/../lib/test.h:2,
                 from /home/cpansand/.cpan/build/2022021014/UniEvent-1.2.10-0/clib/tests/streamer/streamer.h:1,
                 from /home/cpansand/.cpan/build/2022021014/UniEvent-1.2.10-0/clib/tests/streamer/file.cc:1:
/usr/include/features.h:381:4: warning: #warning _FORTIFY_SOURCE requires compiling with optimization (-O) [-Wcpp]
 #  warning _FORTIFY_SOURCE requires compiling with optimization (-O)
    ^~~~~~~
[ 87%] Building CXX object ../build/CMakeFiles/unievent-tests.dir/tests/streamer/stream.cc.o
In file included from /usr/include/c++/8/x86_64-redhat-linux/bits/os_defines.h:39,
                 from /usr/include/c++/8/x86_64-redhat-linux/bits/c++config.h:2458,
                 from /usr/include/c++/8/utility:68,
                 from /usr/include/c++/8/tuple:38,
                 from /usr/include/c++/8/mutex:38,
                 from /home/cpansand/.cpan/build/2022021014/UniEvent-1.2.10-0/clib/tests/streamer/../lib/test.h:2,
                 from /home/cpansand/.cpan/build/2022021014/UniEvent-1.2.10-0/clib/tests/streamer/streamer.h:1,
                 from /home/cpansand/.cpan/build/2022021014/UniEvent-1.2.10-0/clib/tests/streamer/stream.cc:1:
/usr/include/features.h:381:4: warning: #warning _FORTIFY_SOURCE requires compiling with optimization (-O) [-Wcpp]
 #  warning _FORTIFY_SOURCE requires compiling with optimization (-O)
    ^~~~~~~
[ 88%] Building CXX object ../build/CMakeFiles/unievent-tests.dir/tests/tcp/base.cc.o
In file included from /usr/include/c++/8/x86_64-redhat-linux/bits/os_defines.h:39,
                 from /usr/include/c++/8/x86_64-redhat-linux/bits/c++config.h:2458,
                 from /usr/include/c++/8/utility:68,
                 from /usr/include/c++/8/tuple:38,
                 from /usr/include/c++/8/mutex:38,
                 from /home/cpansand/.cpan/build/2022021014/UniEvent-1.2.10-0/clib/tests/tcp/../lib/test.h:2,
                 from /home/cpansand/.cpan/build/2022021014/UniEvent-1.2.10-0/clib/tests/tcp/base.cc:1:
/usr/include/features.h:381:4: warning: #warning _FORTIFY_SOURCE requires compiling with optimization (-O) [-Wcpp]
 #  warning _FORTIFY_SOURCE requires compiling with optimization (-O)
    ^~~~~~~
[ 90%] Building CXX object ../build/CMakeFiles/unievent-tests.dir/tests/tcp/connect.cc.o
In file included from /usr/include/c++/8/x86_64-redhat-linux/bits/os_defines.h:39,
                 from /usr/include/c++/8/x86_64-redhat-linux/bits/c++config.h:2458,
                 from /usr/include/c++/8/utility:68,
                 from /usr/include/c++/8/tuple:38,
                 from /usr/include/c++/8/mutex:38,
                 from /home/cpansand/.cpan/build/2022021014/UniEvent-1.2.10-0/clib/tests/tcp/../lib/test.h:2,
                 from /home/cpansand/.cpan/build/2022021014/UniEvent-1.2.10-0/clib/tests/tcp/connect.cc:1:
/usr/include/features.h:381:4: warning: #warning _FORTIFY_SOURCE requires compiling with optimization (-O) [-Wcpp]
 #  warning _FORTIFY_SOURCE requires compiling with optimization (-O)
    ^~~~~~~
[ 92%] Building CXX object ../build/CMakeFiles/unievent-tests.dir/tests/tcp/ssl.cc.o
In file included from /usr/include/c++/8/x86_64-redhat-linux/bits/os_defines.h:39,
                 from /usr/include/c++/8/x86_64-redhat-linux/bits/c++config.h:2458,
                 from /usr/include/c++/8/utility:68,
                 from /usr/include/c++/8/tuple:38,
                 from /usr/include/c++/8/mutex:38,
                 from /home/cpansand/.cpan/build/2022021014/UniEvent-1.2.10-0/clib/tests/tcp/../lib/test.h:2,
                 from /home/cpansand/.cpan/build/2022021014/UniEvent-1.2.10-0/clib/tests/tcp/ssl.cc:1:
/usr/include/features.h:381:4: warning: #warning _FORTIFY_SOURCE requires compiling with optimization (-O) [-Wcpp]
 #  warning _FORTIFY_SOURCE requires compiling with optimization (-O)
    ^~~~~~~
[ 94%] Building CXX object ../build/CMakeFiles/unievent-tests.dir/tests/timer.cc.o
In file included from /usr/include/c++/8/x86_64-redhat-linux/bits/os_defines.h:39,
                 from /usr/include/c++/8/x86_64-redhat-linux/bits/c++config.h:2458,
                 from /usr/include/c++/8/utility:68,
                 from /usr/include/c++/8/tuple:38,
                 from /usr/include/c++/8/mutex:38,
                 from /home/cpansand/.cpan/build/2022021014/UniEvent-1.2.10-0/clib/tests/lib/test.h:2,
                 from /home/cpansand/.cpan/build/2022021014/UniEvent-1.2.10-0/clib/tests/timer.cc:1:
/usr/include/features.h:381:4: warning: #warning _FORTIFY_SOURCE requires compiling with optimization (-O) [-Wcpp]
 #  warning _FORTIFY_SOURCE requires compiling with optimization (-O)
    ^~~~~~~
[ 96%] Building CXX object ../build/CMakeFiles/unievent-tests.dir/tests/util.cc.o
In file included from /usr/include/c++/8/x86_64-redhat-linux/bits/os_defines.h:39,
                 from /usr/include/c++/8/x86_64-redhat-linux/bits/c++config.h:2458,
                 from /usr/include/c++/8/utility:68,
                 from /usr/include/c++/8/tuple:38,
                 from /usr/include/c++/8/mutex:38,
                 from /home/cpansand/.cpan/build/2022021014/UniEvent-1.2.10-0/clib/tests/lib/test.h:2,
                 from /home/cpansand/.cpan/build/2022021014/UniEvent-1.2.10-0/clib/tests/util.cc:1:
/usr/include/features.h:381:4: warning: #warning _FORTIFY_SOURCE requires compiling with optimization (-O) [-Wcpp]
 #  warning _FORTIFY_SOURCE requires compiling with optimization (-O)
    ^~~~~~~
[ 98%] Building CXX object ../build/CMakeFiles/unievent-tests.dir/tests/work.cc.o
In file included from /usr/include/c++/8/x86_64-redhat-linux/bits/os_defines.h:39,
                 from /usr/include/c++/8/x86_64-redhat-linux/bits/c++config.h:2458,
                 from /usr/include/c++/8/utility:68,
                 from /usr/include/c++/8/tuple:38,
                 from /usr/include/c++/8/mutex:38,
                 from /home/cpansand/.cpan/build/2022021014/UniEvent-1.2.10-0/clib/tests/lib/test.h:2,
                 from /home/cpansand/.cpan/build/2022021014/UniEvent-1.2.10-0/clib/tests/work.cc:1:
/usr/include/features.h:381:4: warning: #warning _FORTIFY_SOURCE requires compiling with optimization (-O) [-Wcpp]
 #  warning _FORTIFY_SOURCE requires compiling with optimization (-O)
    ^~~~~~~
[100%] Linking CXX static library libunievent-tests.a
[100%] Built target unievent-tests
rm -f blib/arch/auto/MyTest/MyTest.so
c++  -shared -O2 -L/usr/local/lib -fstack-protector-strong  t/lib/MyTest_xsgen.o blib/arch/auto/UniEvent/UniEvent.so -Wl,--whole-archive clib/build/libunievent-tests.a  -Wl,--no-whole-archive -lpthread /usr/lib64/libssl.so /usr/lib64/libcrypto.so -o blib/arch/auto/MyTest/MyTest.so  \
      \
  
chmod 755 blib/arch/auto/MyTest/MyTest.so
cd clib/build && make install > /dev/null 2>&1
Skip blib/arch/UniEvent/FsPoll.pod (unchanged)
Skip blib/arch/UniEvent/Loop.pod (unchanged)
Skip blib/arch/UniEvent/Poll.pm (unchanged)
Skip blib/arch/UniEvent/FsEvent.pod (unchanged)
Skip blib/arch/UniEvent.pm (unchanged)
Skip blib/arch/UniEvent/Resolver.pm (unchanged)
Skip blib/arch/UniEvent/Backend.pm (unchanged)
Skip blib/arch/UniEvent/Request/Send.pod (unchanged)
Skip blib/arch/UE.pm (unchanged)
Skip blib/arch/UniEvent/Handle.pm (unchanged)
Skip blib/arch/UniEvent/Poll.pod (unchanged)
Skip blib/arch/UniEvent/Loop.pm (unchanged)
Skip blib/arch/UniEvent/Backend/UV.pod (unchanged)
Skip blib/arch/UniEvent/Request.pm (unchanged)
Skip blib/arch/UniEvent/Check.pod (unchanged)
Skip blib/arch/UniEvent/Check.pm (unchanged)
Skip blib/arch/UniEvent/Fs.pm (unchanged)
Skip blib/arch/UniEvent/Request/Connect.pod (unchanged)
Skip blib/arch/UniEvent/FsEvent.pm (unchanged)
Skip blib/arch/UniEvent/Request/Shutdown.pod (unchanged)
Skip blib/arch/UniEvent/Backend.pod (unchanged)
Skip blib/arch/UniEvent/Request/Write.pod (unchanged)
Skip blib/arch/UniEvent/ResolveError.pod (unchanged)
Skip blib/arch/UniEvent/Prepare.pm (unchanged)
Skip blib/arch/UniEvent/Error.pod (unchanged)
Skip blib/arch/UniEvent/Error.pm (unchanged)
Skip blib/arch/UniEvent/Idle.pod (unchanged)
Skip blib/arch/UniEvent/Pipe.pm (unchanged)
Skip blib/arch/UE.pod (unchanged)
Skip blib/arch/UniEvent/Fs.pod (unchanged)
Skip blib/arch/UniEvent/Backend/UV.pm (unchanged)
Skip blib/arch/UniEvent/Handle.pod (unchanged)
Skip blib/arch/UniEvent/FsPoll.pm (unchanged)
Skip blib/arch/UniEvent/Idle.pm (unchanged)
Skip blib/arch/UniEvent/Resolver/Request.pod (unchanged)
Skip blib/arch/UniEvent.pod (unchanged)
Skip blib/arch/UniEvent/Resolver/Request.pm (unchanged)
Skip blib/arch/UniEvent/Prepare.pod (unchanged)
Skip blib/arch/UniEvent/Resolver.pod (unchanged)
Skip blib/arch/UniEvent/Pipe.pod (unchanged)
Skip blib/arch/UniEvent/Streamer/IOutput.pm (unchanged)
Skip blib/arch/UniEvent/Streamer/IInput.pod (unchanged)
Skip blib/arch/UniEvent/Streamer/FileInput.pm (unchanged)
Skip blib/arch/UniEvent/Test/Async.pm (unchanged)
Skip blib/arch/UniEvent/Signal.pod (unchanged)
Skip blib/arch/UniEvent/Tty.pod (unchanged)
Skip blib/arch/UniEvent/Stream.pm (unchanged)
Skip blib/arch/UniEvent/Tcp.pm (unchanged)
Skip blib/arch/UniEvent/Streamer/StreamInput.pm (unchanged)
Skip blib/arch/UniEvent/Streamer.pod (unchanged)
Skip blib/arch/UniEvent/Stream.pod (unchanged)
Skip blib/arch/UniEvent/Signal.pm (unchanged)
Skip blib/arch/UniEvent/Streamer/Input.pod (unchanged)
Skip blib/arch/UniEvent/Udp.pod (unchanged)
Skip blib/arch/UniEvent/Streamer/StreamOutput.pod (unchanged)
Skip blib/arch/UniEvent/Streamer/IInput.pm (unchanged)
Skip blib/arch/UniEvent/Streamer/StreamInput.pod (unchanged)
Skip blib/arch/UniEvent/Timer.pm (unchanged)
Skip blib/arch/UniEvent/Streamer/FileOutput.pod (unchanged)
Skip blib/arch/UniEvent/Tcp.pod (unchanged)
Skip blib/arch/UniEvent/StreamerError.pod (unchanged)
Skip blib/arch/UniEvent/Udp.pm (unchanged)
Skip blib/arch/UniEvent/Streamer/Output.pm (unchanged)
Skip blib/arch/UniEvent/Streamer/Output.pod (unchanged)
Skip blib/arch/UniEvent/Streamer.pm (unchanged)
Skip blib/arch/UniEvent/Work.pm (unchanged)
Skip blib/arch/UniEvent/SystemError.pm (unchanged)
Skip blib/arch/UniEvent/Timer.pod (unchanged)
Skip blib/arch/UniEvent/Streamer/StreamOutput.pm (unchanged)
Skip blib/arch/UniEvent/Streamer/Input.pm (unchanged)
Skip blib/arch/UniEvent/SystemError.pod (unchanged)
Skip blib/arch/UniEvent/Tty.pm (unchanged)
Skip blib/arch/UniEvent/Streamer/FileInput.pod (unchanged)
Skip blib/arch/UniEvent/Streamer/IOutput.pod (unchanged)
Skip blib/arch/UniEvent/Streamer/FileOutput.pm (unchanged)
Manifying 35 pod documents
Manifying 4 pod documents
PERL_DL_NONLAZY=1 "/opt/perl-5.34.0/bin/perl" "-MExtUtils::Command::MM" "-MTest::Harness" "-e" "undef *Test::Harness::Switches; test_harness(0, 'blib/lib', 'blib/arch')" t/*.t t/*/*.t
t/async.t ............. ok
t/async_test.t ........ ok
t/backend.t ........... ok
t/backend_pp.t ........ ok
t/check.t ............. ok
t/error.t ............. ok
t/fs.t ................ ok
t/fs_event.t .......... ok
t/fs_poll.t ........... ok
t/handle.t ............ ok
t/idle.t .............. ok
t/listener.t .......... ok
t/loop.t .............. ok
t/misc.t .............. ok
t/pipe/pair.t ......... ok
t/pipe/pipe.t ......... ok
t/poll.t .............. ok
t/prepare.t ........... ok
t/regression.t ........ ok
    not ok 1 - expected exception, got none; expression was: sync_resolve(v.test.loop->backend(), "sukanahblya", 12345) # at /home/cpansand/.cpan/build/2022021014/UniEvent-1.2.10-0/clib/tests/resolver.cc:365
    # Failed test in section [resolver: sync_resolve exception] at /home/cpansand/.cpan/build/2022021014/UniEvent-1.2.10-0/clib/tests/resolver.cc:365
    # Looks like you failed 1 test of 1 at [resolver: sync_resolve exception].
# Looks like you failed 1 test of 19.
t/resolver.t .......... 
Dubious, test returned 1 (wstat 256, 0x100)
Failed 1/19 subtests 
t/signal.t ............ ok
t/stream/establish.t .. ok
t/stream/write.t ...... ok
t/streamer/basic.t .... ok
t/streamer/file.t ..... ok
t/streamer/stream.t ... ok
t/tcp/base.t .......... ok
t/tcp/connect.t ....... ok
t/tcp/double-free.t ... ok
t/tcp/fork.t .......... ok
t/tcp/open.t .......... ok
t/tcp/pair.t .......... ok
t/tcp/ssl.t ........... ok
t/tcp/tcp.t ........... ok
            not ok 1 - t->due_in() <= 5 for: 6 <= 5 # at /home/cpansand/.cpan/build/2022021014/UniEvent-1.2.10-0/clib/tests/timer.cc:133
            # Failed test in section [timer: pause/resume / resume / pause paused timer is no-op] at /home/cpansand/.cpan/build/2022021014/UniEvent-1.2.10-0/clib/tests/timer.cc:133
            # Looks like you failed 1 test of 1 at [timer: pause/resume / resume / pause paused timer is no-op].
        # Looks like you failed 1 test of 2 at [timer: pause/resume / resume].
    # Looks like you failed 1 test of 4 at [timer: pause/resume].
# Looks like you failed 1 test of 16.
t/timer.t ............. 
Dubious, test returned 1 (wstat 256, 0x100)
Failed 1/16 subtests 
t/tty.t ............... skipped: Need interactive stdin, stderr
t/udp/simple.t ........ ok
t/udp/udp.t ........... ok
t/util.t .............. ok
t/work.t .............. ok

Test Summary Report
-------------------
t/resolver.t        (Wstat: 256 Tests: 19 Failed: 1)
  Failed test:  13
  Non-zero exit status: 1
t/timer.t           (Wstat: 256 Tests: 16 Failed: 1)
  Failed test:  5
  Non-zero exit status: 1
Files=40, Tests=300,  8 wallclock secs ( 0.17 usr  0.05 sys +  4.25 cusr  0.86 csys =  5.33 CPU)
Result: FAIL
Failed 2/40 test programs. 2/300 subtests failed.
make: *** [Makefile:1476: test_dynamic] Error 255

------------------------------
PREREQUISITES
------------------------------

Prerequisite modules loaded:

requires:

    Module          Need      Have    
    --------------- --------- --------
    Export::XS      v3.0.5    3.0.5   
    Net::SockAddr   v1.1.2    1.1.2   
    next::XS        v1.0.7    1.0.7   
    XLog            v1.1.2    1.1.2   
    XS::Framework   v1.5.2    1.5.2   
    XS::Install     v1.3.5    1.3.5   
    XS::libcares    v1.17.1.2 1.17.1.2
    XS::libpanda    v1.5.8    1.5.8   
    XS::libuv       v1.41.0.0 1.41.0.0

build_requires:

    Module          Need      Have    
    --------------- --------- --------
    Export::XS      v3.0.5    3.0.5   
    Net::SockAddr   v1.1.2    1.1.2   
    Net::SSLeay     0         1.92    
    next::XS        v1.0.7    1.0.7   
    Test::Catch     v2.0.0    2.0.0   
    Test::Deep      0         1.130   
    Test::Exception 0         0.43    
    Test::More      0         1.302183
    Test::Simple    0.96      1.302183
    XLog            v1.1.2    1.1.2   
    XS::Framework   v1.5.2    1.5.2   
    XS::libcares    v1.17.1.2 1.17.1.2
    XS::libcatch    v3.0.0.4  3.0.0.4 
    XS::libpanda    v1.5.8    1.5.8   
    XS::libuv       v1.41.0.0 1.41.0.0

configure_requires:

    Module          Need      Have    
    --------------- --------- --------
    Alien::cmake3   0         0.08    
    Export::XS      v3.0.5    3.0.5   
    Net::SockAddr   v1.1.2    1.1.2   
    next::XS        v1.0.7    1.0.7   
    Test::Catch     v2.0.0    2.0.0   
    XLog            v1.1.2    1.1.2   
    XS::Framework   v1.5.2    1.5.2   
    XS::Install     v1.3.5    1.3.5   
    XS::libcares    v1.17.1.2 1.17.1.2
    XS::libcatch    v3.0.0.4  3.0.0.4 
    XS::libpanda    v1.5.8    1.5.8   
    XS::libuv       v1.41.0.0 1.41.0.0


------------------------------
ENVIRONMENT AND OTHER CONTEXT
------------------------------

Environment variables:

    LANG = en_US.UTF-8
    PATH = /usr/local/bin:/usr/bin:/bin:/usr/local/sbin:/usr/sbin:/sbin:/home/cpansand/bin/linux-gnu:/home/cpansand/bin/sh:/home/cpansand/bin:/usr/games:/home/cpansand/devel:/home/eserte/src/srezic-misc/scripts
    PERL5LIB = /home/cpansand/.cpan/build/2022021014/XS-libuv-1.41.0.0-0/blib/arch:/home/cpansand/.cpan/build/2022021014/XS-libuv-1.41.0.0-0/blib/lib:/home/cpansand/.cpan/build/2022021014/XS-libcares-1.17.1.2-0/blib/arch:/home/cpansand/.cpan/build/2022021014/XS-libcares-1.17.1.2-0/blib/lib:/home/cpansand/.cpan/build/2022021014/XLog-1.1.2-0/blib/arch:/home/cpansand/.cpan/build/2022021014/XLog-1.1.2-0/blib/lib:/home/cpansand/.cpan/build/2022021014/Net-SockAddr-1.1.2-0/blib/arch:/home/cpansand/.cpan/build/2022021014/Net-SockAddr-1.1.2-0/blib/lib:/home/cpansand/.cpan/build/2022021014/XS-librangeV3-1.11.0-0/blib/arch:/home/cpansand/.cpan/build/2022021014/XS-librangeV3-1.11.0-0/blib/lib
    PERL5OPT = 
    PERL5_CPANPLUS_IS_RUNNING = 963117
    PERL5_CPAN_IS_RUNNING = 963117
    PERL5_CPAN_IS_RUNNING_IN_RECURSION = 963104,963117
    PERLDOC = -MPod::Perldoc::ToTextOverstrike
    PERL_BATCH = yes
    PERL_CANARY_STABILITY_NOPROMPT = 1
    PERL_CPAN_REPORTER_CONFIG = /var/tmp/cpansmoker-1023/2022021014/cpanreporter_000_config.ini
    PERL_EXTUTILS_AUTOINSTALL = --defaultdeps
    PERL_USE_UNSAFE_INC = 1
    SHELL = /usr/bin/zsh
    TERM = screen
    TMPDIR = /var/tmp/cpansmoker-1023/2022021014

Perl special variables (and OS-specific diagnostics, for MSWin32):

    $^X = /opt/perl-5.34.0/bin/perl
    $UID/$EUID = 1023 / 1023
    $GID = 1023 1023
    $EGID = 1023 1023

Perl module toolchain versions installed:

    Module              Have    
    ------------------- --------
    CPAN                2.28    
    CPAN::Meta          2.150010
    Cwd                 3.80    
    ExtUtils::CBuilder  0.280236
    ExtUtils::Command   7.62    
    ExtUtils::Install   2.20    
    ExtUtils::MakeMaker 7.62    
    ExtUtils::Manifest  1.73    
    ExtUtils::ParseXS   3.43    
    File::Spec          3.80    
    JSON                4.05    
    JSON::PP            4.06    
    Module::Build       0.4231  
    Module::Signature   0.88    
    Parse::CPAN::Meta   2.150010
    Test::Harness       3.43    
    Test::More          1.302183
    YAML                1.30    
    YAML::Syck          1.34    
    version             0.9928  


--

Summary of my perl5 (revision 5 version 34 subversion 0) configuration:
   
  Platform:
    osname=linux
    osvers=4.18.0-348.12.2.el8_5.x86_64
    archname=x86_64-linux
    uname='linux cloud5.bbbike.org 4.18.0-348.12.2.el8_5.x86_64 #1 smp wed jan 19 17:53:40 utc 2022 x86_64 x86_64 x86_64 gnulinux '
    config_args='-ds -e -Dprefix=/opt/perl-5.34.0 -Dcf_email=srezic@cpan.org'
    hint=recommended
    useposix=true
    d_sigaction=define
    useithreads=undef
    usemultiplicity=undef
    use64bitint=define
    use64bitall=define
    uselongdouble=undef
    usemymalloc=n
    default_inc_excludes_dot=define
  Compiler:
    cc='cc'
    ccflags ='-fwrapv -fno-strict-aliasing -pipe -fstack-protector-strong -I/usr/local/include -D_LARGEFILE_SOURCE -D_FILE_OFFSET_BITS=64 -D_FORTIFY_SOURCE=2'
    optimize='-O2'
    cppflags='-fwrapv -fno-strict-aliasing -pipe -fstack-protector-strong -I/usr/local/include'
    ccversion=''
    gccversion='8.5.0 20210514 (Red Hat 8.5.0-4)'
    gccosandvers=''
    intsize=4
    longsize=8
    ptrsize=8
    doublesize=8
    byteorder=12345678
    doublekind=3
    d_longlong=define
    longlongsize=8
    d_longdbl=define
    longdblsize=16
    longdblkind=3
    ivtype='long'
    ivsize=8
    nvtype='double'
    nvsize=8
    Off_t='off_t'
    lseeksize=8
    alignbytes=8
    prototype=define
  Linker and Libraries:
    ld='cc'
    ldflags =' -fstack-protector-strong -L/usr/local/lib'
    libpth=/usr/local/lib /usr/lib /usr/lib64 /usr/local/lib64
    libs=-lpthread -ldb -ldl -lm -lcrypt -lutil -lc
    perllibs=-lpthread -ldl -lm -lcrypt -lutil -lc
    libc=libc-2.28.so
    so=so
    useshrplib=false
    libperl=libperl.a
    gnulibc_version='2.28'
  Dynamic Linking:
    dlsrc=dl_dlopen.xs
    dlext=so
    d_dlsymun=undef
    ccdlflags='-Wl,-E'
    cccdlflags='-fPIC'
    lddlflags='-shared -O2 -L/usr/local/lib -fstack-protector-strong'


Characteristics of this binary (from libperl): 
  Compile-time options:
    HAS_TIMES
    PERLIO_LAYERS
    PERL_COPY_ON_WRITE
    PERL_DONT_CREATE_GVSV
    PERL_MALLOC_WRAP
    PERL_OP_PARENT
    PERL_PRESERVE_IVUV
    USE_64_BIT_ALL
    USE_64_BIT_INT
    USE_LARGE_FILES
    USE_LOCALE
    USE_LOCALE_COLLATE
    USE_LOCALE_CTYPE
    USE_LOCALE_NUMERIC
    USE_LOCALE_TIME
    USE_PERLIO
    USE_PERL_ATOF
  Built under linux
  Compiled at Feb  6 2022 09:55:05
  %ENV:
    PERL5LIB="/home/cpansand/.cpan/build/2022021014/XS-libuv-1.41.0.0-0/blib/arch:/home/cpansand/.cpan/build/2022021014/XS-libuv-1.41.0.0-0/blib/lib:/home/cpansand/.cpan/build/2022021014/XS-libcares-1.17.1.2-0/blib/arch:/home/cpansand/.cpan/build/2022021014/XS-libcares-1.17.1.2-0/blib/lib:/home/cpansand/.cpan/build/2022021014/XLog-1.1.2-0/blib/arch:/home/cpansand/.cpan/build/2022021014/XLog-1.1.2-0/blib/lib:/home/cpansand/.cpan/build/2022021014/Net-SockAddr-1.1.2-0/blib/arch:/home/cpansand/.cpan/build/2022021014/Net-SockAddr-1.1.2-0/blib/lib:/home/cpansand/.cpan/build/2022021014/XS-librangeV3-1.11.0-0/blib/arch:/home/cpansand/.cpan/build/2022021014/XS-librangeV3-1.11.0-0/blib/lib"
    PERL5OPT=""
    PERL5_CPANPLUS_IS_RUNNING="963117"
    PERL5_CPAN_IS_RUNNING="963117"
    PERL5_CPAN_IS_RUNNING_IN_RECURSION="963104,963117"
    PERLDOC="-MPod::Perldoc::ToTextOverstrike"
    PERL_BATCH="yes"
    PERL_CANARY_STABILITY_NOPROMPT="1"
    PERL_CPAN_REPORTER_CONFIG="/var/tmp/cpansmoker-1023/2022021014/cpanreporter_000_config.ini"
    PERL_EXTUTILS_AUTOINSTALL="--defaultdeps"
    PERL_USE_UNSAFE_INC="1"
  @INC:
    /home/cpansand/.cpan/build/2022021014/XS-libuv-1.41.0.0-0/blib/arch
    /home/cpansand/.cpan/build/2022021014/XS-libuv-1.41.0.0-0/blib/lib
    /home/cpansand/.cpan/build/2022021014/XS-libcares-1.17.1.2-0/blib/arch
    /home/cpansand/.cpan/build/2022021014/XS-libcares-1.17.1.2-0/blib/lib
    /home/cpansand/.cpan/build/2022021014/XLog-1.1.2-0/blib/arch
    /home/cpansand/.cpan/build/2022021014/XLog-1.1.2-0/blib/lib
    /home/cpansand/.cpan/build/2022021014/Net-SockAddr-1.1.2-0/blib/arch
    /home/cpansand/.cpan/build/2022021014/Net-SockAddr-1.1.2-0/blib/lib
    /home/cpansand/.cpan/build/2022021014/XS-librangeV3-1.11.0-0/blib/arch
    /home/cpansand/.cpan/build/2022021014/XS-librangeV3-1.11.0-0/blib/lib
    /opt/perl-5.34.0/lib/site_perl/5.34.0/x86_64-linux
    /opt/perl-5.34.0/lib/site_perl/5.34.0
    /opt/perl-5.34.0/lib/5.34.0/x86_64-linux
    /opt/perl-5.34.0/lib/5.34.0
    .