Image-Base-Magick v7 Perl 5 v5.32.0 x86_64-linux

Status
Fail
From
Slaven Rezić
Dist
Image-Base-Magick v7
Platform
Perl 5 v5.32.0 x86_64-linux
Date
2022-03-30T21:35:44
ID
5b08259e-b071-11ec-bf01-66171f24ea8f
This distribution has been tested as part of the CPAN Testers
project, supporting the Perl programming language.  See
http://wiki.cpantesters.org/ for more information or email
questions to cpan-testers-discuss@perl.org


--
Dear Kevin Ryde,

This is a computer-generated report for Image-Base-Magick-7
on perl 5.32.0, created by CPAN-Reporter-1.2018.

Thank you for uploading your work to CPAN.  However, there was a problem
testing your distribution.

If you think this report is invalid, please consult the CPAN Testers Wiki
for suggestions on how to avoid getting FAIL reports for missing library
or binary dependencies, unsupported operating systems, and so on:

http://wiki.cpantesters.org/wiki/CPANAuthorNotes

Sections of this report:

    * Tester comments
    * Program output
    * Prerequisites
    * Environment and other context

------------------------------
TESTER COMMENTS
------------------------------

Additional comments from tester:

none provided

------------------------------
PROGRAM OUTPUT
------------------------------

Output from 'make test':

PERL_DL_NONLAZY=1 "/opt/perl-5.32.0/bin/perl" "-MExtUtils::Command::MM" "-MTest::Harness" "-e" "undef *Test::Harness::Switches; test_harness(0, 'blib/lib', 'blib/arch')" t/*.t
t/Magick-use.t ..... ok
# Test::Weaken 2.000 not available -- Can't locate Test/Weaken.pm in @INC (you may need to install the Test::Weaken module) (@INC contains: t /home/e/eserte/.cpan/build/2022033021/Image-Base-Magick-7-5/blib/lib /home/e/eserte/.cpan/build/2022033021/Image-Base-Magick-7-5/blib/arch /home/e/eserte/.cpan/build/2022033021/Image-Base-1.17-5/blib/arch /home/e/eserte/.cpan/build/2022033021/Image-Base-1.17-5/blib/lib /opt/perl-5.32.0/lib/site_perl/5.32.0/x86_64-linux /opt/perl-5.32.0/lib/site_perl/5.32.0 /opt/perl-5.32.0/lib/5.32.0/x86_64-linux /opt/perl-5.32.0/lib/5.32.0 .) at (eval 5) line 1.
# BEGIN failed--compilation aborted at (eval 5) line 1.
# 
t/Magick-weaken.t .. ok
# Image::Magick VERSION [undef]
# Image::Magick::Q16 VERSION 6.89
# Tempfile tempfile.png
# Percentfile temp%d.png
# Numfile temp001.png
# check_image()
# Test 1851 got: "white" (t/MyTestImageBase.pm at line 75 fail #1789)
#      Expected: "black" (vline x=8,y=7 want black  on ellipse 5,6, 7,8, fill=1)
# dump_image
# ____________________
# ____________________
# ____________________
# ____________________
# ____________________
# ____________________
# _____www____________
# _____wwwww__________
# _____www____________
# ____________________
# check_diamond()
# Remove numfile temp001.png
# Remove percentfile temp%d.png
# Remove tempfile tempfile.png
t/Magick.t ......... 
Failed 1/2518 subtests 

Test Summary Report
-------------------
t/Magick.t       (Wstat: 0 Tests: 2518 Failed: 1)
  Failed test:  1851
Files=3, Tests=2520,  1 wallclock secs ( 0.11 usr  0.00 sys +  0.46 cusr  0.00 csys =  0.57 CPU)
Result: FAIL
Failed 1/3 test programs. 1/2520 subtests failed.
Makefile:869: recipe for target 'test_dynamic' failed
make: *** [test_dynamic] Error 255

------------------------------
PREREQUISITES
------------------------------

Prerequisite modules loaded:

requires:

    Module              Need  Have    
    ------------------- ----- --------
    Image::Base         0     1.17    
    Image::Magick       0     0       
    perl                5.001 5.032000

build_requires:

    Module              Need  Have    
    ------------------- ----- --------
    ExtUtils::MakeMaker 0     7.44    
    Test                0     1.31    

configure_requires:

    Module              Need  Have    
    ------------------- ----- --------
    ExtUtils::MakeMaker 0     7.44    


------------------------------
ENVIRONMENT AND OTHER CONTEXT
------------------------------

Environment variables:

    LANG = en_US.UTF-8
    PATH = /usr/local/bin:/usr/bin:/bin:/usr/local/sbin:/usr/sbin:/sbin:/home/e/eserte/bin/linux-gnu:/home/e/eserte/bin/sh:/home/e/eserte/bin:/home/e/eserte/bin/pistachio-perl/bin:/usr/games:/home/e/eserte/devel:/home/e/eserte/work2/fzf/bin:/home/e/eserte/src/srezic-misc/scripts
    PERL5LIB = /home/e/eserte/.cpan/build/2022033021/Image-Base-1.17-5/blib/arch:/home/e/eserte/.cpan/build/2022033021/Image-Base-1.17-5/blib/lib
    PERL5OPT = 
    PERL5_CPANPLUS_IS_RUNNING = 26080
    PERL5_CPAN_IS_RUNNING = 26080
    PERL5_CPAN_IS_RUNNING_IN_RECURSION = 25965,26080
    PERLDOC = -MPod::Perldoc::ToTextOverstrike
    PERL_BATCH = yes
    PERL_CANARY_STABILITY_NOPROMPT = 1
    PERL_CPAN_REPORTER_CONFIG = /var/tmp/cpansmoker-1000/2022033021/cpanreporter_000_config.ini
    PERL_EXTUTILS_AUTOINSTALL = --defaultdeps
    PERL_USE_UNSAFE_INC = 1
    SHELL = /bin/zsh
    STDPERL = perl
    TERM = xterm
    TMPDIR = /var/tmp/cpansmoker-1000/2022033021

Perl special variables (and OS-specific diagnostics, for MSWin32):

    $^X = /opt/perl-5.32.0/bin/perl
    $UID/$EUID = 1000 / 1000
    $GID = 1000 4 24 25 27 29 30 33 44 46 108 111 115 128 134 1000 1024
    $EGID = 1000 4 24 25 27 29 30 33 44 46 108 111 115 128 134 1000 1024

Perl module toolchain versions installed:

    Module              Have    
    ------------------- --------
    CPAN                2.27    
    CPAN::Meta          2.150010
    Cwd                 3.78    
    ExtUtils::CBuilder  0.280234
    ExtUtils::Command   7.44    
    ExtUtils::Install   2.14    
    ExtUtils::MakeMaker 7.44    
    ExtUtils::Manifest  1.72    
    ExtUtils::ParseXS   3.40    
    File::Spec          3.78    
    JSON                4.02    
    JSON::PP            4.04    
    Module::Build       0.4231  
    Module::Signature   0.86    
    Parse::CPAN::Meta   2.150010
    Test::Harness       3.42    
    Test::More          1.302175
    YAML                1.30    
    YAML::Syck          1.32    
    version             0.9924  


--

Summary of my perl5 (revision 5 version 32 subversion 0) configuration:
   
  Platform:
    osname=linux
    osvers=3.16.0-4-amd64
    archname=x86_64-linux
    uname='linux cabulja 3.16.0-4-amd64 #1 smp debian 3.16.51-3 (2017-12-13) x86_64 gnulinux '
    config_args='-ds -e -Dprefix=/opt/perl-5.32.0 -Dcf_email=srezic@cpan.org'
    hint=recommended
    useposix=true
    d_sigaction=define
    useithreads=undef
    usemultiplicity=undef
    use64bitint=define
    use64bitall=define
    uselongdouble=undef
    usemymalloc=n
    default_inc_excludes_dot=define
    bincompat5005=undef
  Compiler:
    cc='cc'
    ccflags ='-fwrapv -fno-strict-aliasing -pipe -fstack-protector-strong -I/usr/local/include -D_LARGEFILE_SOURCE -D_FILE_OFFSET_BITS=64 -D_FORTIFY_SOURCE=2'
    optimize='-O2'
    cppflags='-fwrapv -fno-strict-aliasing -pipe -fstack-protector-strong -I/usr/local/include'
    ccversion=''
    gccversion='4.9.2'
    gccosandvers=''
    intsize=4
    longsize=8
    ptrsize=8
    doublesize=8
    byteorder=12345678
    doublekind=3
    d_longlong=define
    longlongsize=8
    d_longdbl=define
    longdblsize=16
    longdblkind=3
    ivtype='long'
    ivsize=8
    nvtype='double'
    nvsize=8
    Off_t='off_t'
    lseeksize=8
    alignbytes=8
    prototype=define
  Linker and Libraries:
    ld='cc'
    ldflags =' -fstack-protector-strong -L/usr/local/lib'
    libpth=/usr/local/lib /usr/lib/gcc/x86_64-linux-gnu/4.9/include-fixed /usr/include/x86_64-linux-gnu /usr/lib /lib/x86_64-linux-gnu /lib/../lib /usr/lib/x86_64-linux-gnu /usr/lib/../lib /lib
    libs=-lpthread -lnsl -lgdbm -ldb -ldl -lm -lcrypt -lutil -lc -lgdbm_compat
    perllibs=-lpthread -lnsl -ldl -lm -lcrypt -lutil -lc
    libc=libc-2.19.so
    so=so
    useshrplib=false
    libperl=libperl.a
    gnulibc_version='2.19'
  Dynamic Linking:
    dlsrc=dl_dlopen.xs
    dlext=so
    d_dlsymun=undef
    ccdlflags='-Wl,-E'
    cccdlflags='-fPIC'
    lddlflags='-shared -O2 -L/usr/local/lib -fstack-protector-strong'


Characteristics of this binary (from libperl): 
  Compile-time options:
    HAS_TIMES
    PERLIO_LAYERS
    PERL_COPY_ON_WRITE
    PERL_DONT_CREATE_GVSV
    PERL_MALLOC_WRAP
    PERL_OP_PARENT
    PERL_PRESERVE_IVUV
    USE_64_BIT_ALL
    USE_64_BIT_INT
    USE_LARGE_FILES
    USE_LOCALE
    USE_LOCALE_COLLATE
    USE_LOCALE_CTYPE
    USE_LOCALE_NUMERIC
    USE_LOCALE_TIME
    USE_PERLIO
    USE_PERL_ATOF
  Built under linux
  Compiled at Jun 21 2020 09:12:53
  %ENV:
    PERL5LIB="/home/e/eserte/.cpan/build/2022033021/Image-Base-1.17-5/blib/arch:/home/e/eserte/.cpan/build/2022033021/Image-Base-1.17-5/blib/lib"
    PERL5OPT=""
    PERL5_CPANPLUS_IS_RUNNING="26080"
    PERL5_CPAN_IS_RUNNING="26080"
    PERL5_CPAN_IS_RUNNING_IN_RECURSION="25965,26080"
    PERLDOC="-MPod::Perldoc::ToTextOverstrike"
    PERL_BATCH="yes"
    PERL_CANARY_STABILITY_NOPROMPT="1"
    PERL_CPAN_REPORTER_CONFIG="/var/tmp/cpansmoker-1000/2022033021/cpanreporter_000_config.ini"
    PERL_EXTUTILS_AUTOINSTALL="--defaultdeps"
    PERL_USE_UNSAFE_INC="1"
  @INC:
    /home/e/eserte/.cpan/build/2022033021/Image-Base-1.17-5/blib/arch
    /home/e/eserte/.cpan/build/2022033021/Image-Base-1.17-5/blib/lib
    /opt/perl-5.32.0/lib/site_perl/5.32.0/x86_64-linux
    /opt/perl-5.32.0/lib/site_perl/5.32.0
    /opt/perl-5.32.0/lib/5.32.0/x86_64-linux
    /opt/perl-5.32.0/lib/5.32.0
    .