Report for Net-RabbitMQ-0.1.7

Back
From: metabase:user:322078bc-2aae-11df-837a-5e0a49663a4f
Subject: FAIL Net-RabbitMQ-0.1.7 v5.8.7 Mac OS X
Date: 2010-10-11T19:25:56Z

This distribution has been tested as part of the CPAN Testers
project, supporting the Perl programming language.  See
http://wiki.cpantesters.org/ for more information or email
questions to cpan-testers-discuss@perl.org


--

Dear JESUS,
    
This is a computer-generated error report created automatically by
CPANPLUS, version 0.9007. Testers personal comments may appear 
at the end of this report.


Thank you for uploading your work to CPAN.  However, it appears that
there were some problems testing your distribution.

TEST RESULTS:

Below is the error stack from stage 'make test':

[MSG] [Mon Oct 11 20:30:30 2010] Checking if your kit is complete...
Looks good
Writing Makefile for Net::RabbitMQ

[MSG] [Mon Oct 11 20:30:30 2010] DEFAULT 'filter_prereqs' HANDLER RETURNING 'sub return value'
[MSG] [Mon Oct 11 20:30:30 2010] Checking for previous PASS result for "Net-RabbitMQ-0.1.7"
[MSG] [Mon Oct 11 20:30:59 2010] cp RabbitMQ.pm blib/lib/Net/RabbitMQ.pm
/Volumes/Media/smoke/thr/perl-5.8.7/bin/perl /Volumes/Media/smoke/thr/perl-5.8.7/lib/5.8.7/ExtUtils/xsubpp  -typemap /Volumes/Media/smoke/thr/perl-5.8.7/lib/5.8.7/ExtUtils/typemap -typemap typemap  RabbitMQ.xs > RabbitMQ.xsc && mv RabbitMQ.xsc RabbitMQ.c
cc -c   -fno-common -DPERL_DARWIN -no-cpp-precomp -fno-strict-aliasing -pipe -I/usr/local/include -O3   -DVERSION=\"0.1.7\" -DXS_VERSION=\"0.1.7\"  "-I/Volumes/Media/smoke/thr/perl-5.8.7/lib/5.8.7/darwin-2level/CORE"   RabbitMQ.c
RabbitMQ.xs: In function 'XS_Net__RabbitMQ_ack':
RabbitMQ.xs:404: warning: pointer targets in assignment differ in signedness
cc -c   -fno-common -DPERL_DARWIN -no-cpp-precomp -fno-strict-aliasing -pipe -I/usr/local/include -O3   -DVERSION=\"0.1.7\" -DXS_VERSION=\"0.1.7\"  "-I/Volumes/Media/smoke/thr/perl-5.8.7/lib/5.8.7/darwin-2level/CORE"   amqp_api.c
cc -c   -fno-common -DPERL_DARWIN -no-cpp-precomp -fno-strict-aliasing -pipe -I/usr/local/include -O3   -DVERSION=\"0.1.7\" -DXS_VERSION=\"0.1.7\"  "-I/Volumes/Media/smoke/thr/perl-5.8.7/lib/5.8.7/darwin-2level/CORE"   amqp_connection.c
cc -c   -fno-common -DPERL_DARWIN -no-cpp-precomp -fno-strict-aliasing -pipe -I/usr/local/include -O3   -DVERSION=\"0.1.7\" -DXS_VERSION=\"0.1.7\"  "-I/Volumes/Media/smoke/thr/perl-5.8.7/lib/5.8.7/darwin-2level/CORE"   amqp_debug.c
cc -c   -fno-common -DPERL_DARWIN -no-cpp-precomp -fno-strict-aliasing -pipe -I/usr/local/include -O3   -DVERSION=\"0.1.7\" -DXS_VERSION=\"0.1.7\"  "-I/Volumes/Media/smoke/thr/perl-5.8.7/lib/5.8.7/darwin-2level/CORE"   amqp_framing.c
cc -c   -fno-common -DPERL_DARWIN -no-cpp-precomp -fno-strict-aliasing -pipe -I/usr/local/include -O3   -DVERSION=\"0.1.7\" -DXS_VERSION=\"0.1.7\"  "-I/Volumes/Media/smoke/thr/perl-5.8.7/lib/5.8.7/darwin-2level/CORE"   amqp_mem.c
In file included from amqp_mem.c:10:
amqp_config.h:1:1: warning: "VERSION" redefined
<command line>:1:1: warning: this is the location of the previous definition
cc -c   -fno-common -DPERL_DARWIN -no-cpp-precomp -fno-strict-aliasing -pipe -I/usr/local/include -O3   -DVERSION=\"0.1.7\" -DXS_VERSION=\"0.1.7\"  "-I/Volumes/Media/smoke/thr/perl-5.8.7/lib/5.8.7/darwin-2level/CORE"   amqp_socket.c
cc -c   -fno-common -DPERL_DARWIN -no-cpp-precomp -fno-strict-aliasing -pipe -I/usr/local/include -O3   -DVERSION=\"0.1.7\" -DXS_VERSION=\"0.1.7\"  "-I/Volumes/Media/smoke/thr/perl-5.8.7/lib/5.8.7/darwin-2level/CORE"   amqp_table.c
Running Mkbootstrap for Net::RabbitMQ ()
chmod 644 RabbitMQ.bs
rm -f blib/arch/auto/Net/RabbitMQ/RabbitMQ.bundle
env MACOSX_DEPLOYMENT_TARGET=10.3 cc  -bundle -undefined dynamic_lookup -L/usr/local/lib RabbitMQ.o amqp_api.o amqp_connection.o amqp_debug.o amqp_framing.o amqp_mem.o amqp_socket.o amqp_table.o  -o blib/arch/auto/Net/RabbitMQ/RabbitMQ.bundle 	\
     	\
  
chmod 755 blib/arch/auto/Net/RabbitMQ/RabbitMQ.bundle
cp RabbitMQ.bs blib/arch/auto/Net/RabbitMQ/RabbitMQ.bs
chmod 644 blib/arch/auto/Net/RabbitMQ/RabbitMQ.bs
Manifying blib/man3/Net::RabbitMQ.3

[ERROR] [Mon Oct 11 20:31:59 2010] MAKE TEST failed: No such file or directory PERL_DL_NONLAZY=1 /Volumes/Media/smoke/thr/perl-5.8.7/bin/perl "-MExtUtils::Command::MM" "-e" "test_harness(0, 'blib/lib', 'blib/arch')" t/*.t
t/001_declare_exchange.t .. ok
t/002_publish.t ........... ok
t/003_consume.t ........... ok
t/004_selfconsume.t ....... ok

#   Failed test 'connect'
#   at t/005_noack.t line 42.
#          got: 'Logging in: (end-of-stream)
# '
#     expected: ''

#   Failed test 'channel_open'
#   at t/005_noack.t line 44.
#          got: 'Opening channel: (end-of-stream)
# '
#     expected: ''

#   Failed test 'consuming'
#   at t/005_noack.t line 46.
#          got: 'Consume queue: (end-of-stream)
# '
#     expected: ''
Use of uninitialized value in substitution (s///) at t/005_noack.t line 50.

#   Failed test 'payload'
#   at t/005_noack.t line 51.
#     Structures begin differing at:
#          $got->{body} = Does not exist
#     $expected->{body} = 'Magic Payload 20736'
Use of uninitialized value in subroutine entry at t/005_noack.t line 60.

#   Failed test 'acking'
#   at t/005_noack.t line 61.
#          got: 'bad tag at t/005_noack.t line 60.
# '
#     expected: ''
# Looks like you failed 5 tests of 16.
t/005_noack.t ............. 
Dubious, test returned 5 (wstat 1280, 0x500)
Failed 5/16 subtests 
t/006_txn.t ............... ok
t/007_get.t ............... ok
t/008_queue_declare.t ..... ok
t/009_delete_exchange.t ... ok

Test Summary Report
-------------------
t/005_noack.t           (Wstat: 1280 Tests: 16 Failed: 5)
  Failed tests:  12-16
  Non-zero exit status: 5
Files=9, Tests=82, 59 wallclock secs ( 0.41 usr  0.18 sys +  1.74 cusr  0.46 csys =  2.79 CPU)
Result: FAIL
Failed 1/9 test programs. 5/82 subtests failed.
make: *** [test_dynamic] Error 255

[MSG] [Mon Oct 11 20:31:59 2010] DEFAULT 'proceed_on_test_failure' HANDLER RETURNING 'sub return value'


Perl module toolchain versions installed:
	Module Name                        Have
	CPANPLUS                         0.9007
	CPANPLUS::Dist::Build              0.48
	Cwd                                3.33
	ExtUtils::CBuilder               0.2703
	ExtUtils::Command                  1.16
	ExtUtils::Install                  1.54
	ExtUtils::MakeMaker                6.56
	ExtUtils::Manifest                 1.58
	ExtUtils::ParseXS                2.2206
	File::Spec                         3.33
	Module::Build                    0.3607
	Test::Harness                      3.22
	Test::More                         0.96
	version                            0.82

******************************** NOTE ********************************
The comments above are created mechanically, possibly without manual
checking by the sender.  As there are many people performing automatic
tests on each upload to CPAN, it is likely that you will receive 
identical messages about the same problem.

If you believe that the message is mistaken, please reply to the first
one with correction and/or additional informations, and do not take
it personally.  We appreciate your patience. :)
**********************************************************************

Additional comments:
 

This report was machine-generated by CPANPLUS::Dist::YACSmoke 0.58.
Powered by minismokebox version 0.30

------------------------------
ENVIRONMENT AND OTHER CONTEXT
------------------------------

Environment variables:

    AUTOMATED_TESTING = 1
    PATH = /bin:/sbin:/usr/bin:/usr/sbin:/usr/local/bin:/usr/local/sbin
    PERL5LIB = :/Volumes/Media/smoke/thr/conf/perl-5.8.7/.cpanplus/5.8.7/build/Net-RabbitMQ-0.1.7/blib/lib:/Volumes/Media/smoke/thr/conf/perl-5.8.7/.cpanplus/5.8.7/build/Net-RabbitMQ-0.1.7/blib/arch
    PERL5_CPANPLUS_IS_RUNNING = 20588
    PERL5_CPANPLUS_IS_VERSION = 0.9007
    PERL5_MINISMOKEBOX = 0.30
    PERL5_YACSMOKE_BASE = /Volumes/Media/smoke/thr/conf/perl-5.8.7
    PERL_EXTUTILS_AUTOINSTALL = --defaultdeps
    PERL_MM_USE_DEFAULT = 1
    SHELL = /bin/bash
    TERM = screen

Perl special variables (and OS-specific diagnostics, for MSWin32):

    Perl: $^X = /Volumes/Media/smoke/thr/perl-5.8.7/bin/perl
    UID:  $<  = 502
    EUID: $>  = 502
    GID:  $(  = 502 502
    EGID: $)  = 502 502


-------------------------------


--

Summary of my perl5 (revision 5 version 8 subversion 7) configuration:
  Platform:
    osname=darwin, osvers=8.11.0, archname=darwin-2level
    uname='darwin afalglas.bingosnet.co.uk 8.11.0 darwin kernel version 8.11.0: wed oct 10 18:26:00 pdt 2007; root:xnu-792.24.17~1release_ppc power macintosh powerpc '
    config_args='-de -Dprefix=/Volumes/Media/smoke/thr/perl-5.8.7 -Dsuethreads'
    hint=recommended, useposix=true, d_sigaction=define
    usethreads=undef use5005threads=undef useithreads=undef usemultiplicity=undef
    useperlio=define d_sfio=undef uselargefiles=define usesocks=undef
    use64bitint=undef use64bitall=undef uselongdouble=undef
    usemymalloc=n, bincompat5005=undef
  Compiler:
    cc='cc', ccflags ='-fno-common -DPERL_DARWIN -no-cpp-precomp -fno-strict-aliasing -pipe -I/usr/local/include',
    optimize='-O3',
    cppflags='-no-cpp-precomp -fno-common -DPERL_DARWIN -no-cpp-precomp -fno-strict-aliasing -pipe -I/usr/local/include'
    ccversion='', gccversion='4.0.1 (Apple Computer, Inc. build 5367)', gccosandvers=''
    intsize=4, longsize=4, ptrsize=4, doublesize=8, byteorder=4321
    d_longlong=define, longlongsize=8, d_longdbl=define, longdblsize=16
    ivtype='long', ivsize=4, nvtype='double', nvsize=8, Off_t='off_t', lseeksize=8
    alignbytes=8, prototype=define
  Linker and Libraries:
    ld='env MACOSX_DEPLOYMENT_TARGET=10.3 cc', ldflags =' -L/usr/local/lib'
    libpth=/usr/local/lib /usr/lib
    libs=-ldbm -ldl -lm -lc
    perllibs=-ldl -lm -lc
    libc=/usr/lib/libc.dylib, so=dylib, useshrplib=false, libperl=libperl.a
    gnulibc_version=''
  Dynamic Linking:
    dlsrc=dl_dlopen.xs, dlext=bundle, d_dlsymun=undef, ccdlflags=' '
    cccdlflags=' ', lddlflags=' -bundle -undefined dynamic_lookup -L/usr/local/lib'


Characteristics of this binary (from libperl): 
  Compile-time options: USE_LARGE_FILES
  Built under darwin
  Compiled at Jun 27 2009 08:41:37
  %ENV:
    PERL5LIB=":/Volumes/Media/smoke/thr/conf/perl-5.8.7/.cpanplus/5.8.7/build/Net-RabbitMQ-0.1.7/blib/lib:/Volumes/Media/smoke/thr/conf/perl-5.8.7/.cpanplus/5.8.7/build/Net-RabbitMQ-0.1.7/blib/arch"
    PERL5_CPANPLUS_IS_RUNNING="20588"
    PERL5_CPANPLUS_IS_VERSION="0.9007"
    PERL5_MINISMOKEBOX="0.30"
    PERL5_YACSMOKE_BASE="/Volumes/Media/smoke/thr/conf/perl-5.8.7"
    PERL_EXTUTILS_AUTOINSTALL="--defaultdeps"
    PERL_MM_USE_DEFAULT="1"
  @INC:
    /Volumes/Media/smoke/thr/conf/perl-5.8.7/.cpanplus/5.8.7/build/Net-RabbitMQ-0.1.7/blib/lib
    /Volumes/Media/smoke/thr/conf/perl-5.8.7/.cpanplus/5.8.7/build/Net-RabbitMQ-0.1.7/blib/arch
    /Volumes/Media/smoke/thr/perl-5.8.7/lib/5.8.7/darwin-2level
    /Volumes/Media/smoke/thr/perl-5.8.7/lib/5.8.7
    /Volumes/Media/smoke/thr/perl-5.8.7/lib/site_perl/5.8.7/darwin-2level
    /Volumes/Media/smoke/thr/perl-5.8.7/lib/site_perl/5.8.7
    /Volumes/Media/smoke/thr/perl-5.8.7/lib/site_perl
    .