Back
From: metabase:user:9820532a-708b-1014-9a05-b18a96298da1
Subject: FAIL Test-WWW-Mechanize-Catalyst-0.45 v5.15.7 GNU/Linux
Date: 2012-02-21T23:11:26Z
This distribution has been tested as part of the CPAN Testers
project, supporting the Perl programming language. See
http://wiki.cpantesters.org/ for more information or email
questions to cpan-testers-discuss@perl.org
--
Dear Leon Brocard,
This is a computer-generated report for Test-WWW-Mechanize-Catalyst-0.45
on perl 5.15.7, created by CPAN-Reporter-1.2004.
Thank you for uploading your work to CPAN. However, there was a problem
testing your distribution.
If you think this report is invalid, please consult the CPAN Testers Wiki
for suggestions on how to avoid getting FAIL reports for missing library
or binary dependencies, unsupported operating systems, and so on:
http://wiki.cpantesters.org/wiki/CPANAuthorNotes
Sections of this report:
* Tester comments
* Program output
* Prerequisites
* Environment and other context
------------------------------
TESTER COMMENTS
------------------------------
Additional comments from tester:
this report is from an automated smoke testing program
and was not reviewed by a human for accuracy
------------------------------
PROGRAM OUTPUT
------------------------------
Output from '/usr/bin/make test':
PERL_DL_NONLAZY=1 /home/bri/perl5/perlbrew/perls/perl-5.15.7-th/bin/perl5.15.7 "-MExtUtils::Command::MM" "-e" "test_harness(0, 'blib/lib', 'blib/arch')" t/*.t
[debug] Debug messages enabled
[debug] Statistics enabled
[debug] Loaded dispatcher "Catalyst::Dispatcher"
[debug] Loaded engine "Catalyst::Engine::CGI"
[debug] Couldn't find home
[warn] Action methods (default, hello, hi, greetings, bonjour, check_auth_basic, die, gzipped) found defined in your application class, Catty. This is deprecated, please move them into a Root controller.
[debug] Loaded Private actions:
.----------------------+--------------------------------------+--------------.
| Private | Class | Method |
+----------------------+--------------------------------------+--------------+
| /hi | Catty | hi |
| /gzipped | Catty | gzipped |
| /default | Catty | default |
| /die | Catty | die |
| /greetings | Catty | greetings |
| /hello | Catty | hello |
| /bonjour | Catty | bonjour |
| /check_auth_basic | Catty | check_auth_- |
| | | basic |
'----------------------+--------------------------------------+--------------'
[debug] Loaded Path actions:
.-------------------------------------+--------------------------------------.
| Path | Private |
+-------------------------------------+--------------------------------------+
| /bonjour/... | /bonjour |
| /check_auth_basic/... | /check_auth_basic |
| /die/... | /die |
| /greetings/... | /greetings |
| /gzipped/... | /gzipped |
| /hello/... | /hello |
| /hi/... | /hi |
'-------------------------------------+--------------------------------------'
[info] Catty powered by Catalyst 5.80033
Use of uninitialized value $auth in pattern match (m//) at t/lib/Catty.pm line 60.
Use of uninitialized value in subroutine entry at t/lib/Catty.pm line 61.
[info] *** Request 1 (1.000/s) [29866] [Tue Feb 21 23:10:46 2012] ***
[debug] "GET" request for "check_auth_basic/" from "127.0.0.1"
[debug] Path is "check_auth_basic"
[debug] Response Code: 401; Content-Type: text/html; Content-Length: 105
[info] Request took 0.003964s (252.270/s)
.------------------------------------------------------------+-----------.
| Action | Time |
+------------------------------------------------------------+-----------+
| /check_auth_basic | 0.000272s |
'------------------------------------------------------------+-----------'
# Failed test 'GET http://localhost/check_auth_basic/'
# at t/auth-test.t line 14.
# 401
# Unauthorized
# Failed test at t/auth-test.t line 16.
# got: '401'
# expected: '200'
Use of uninitialized value $auth in pattern match (m//) at t/lib/Catty.pm line 60.
Use of uninitialized value in subroutine entry at t/lib/Catty.pm line 61.
[info] *** Request 2 (2.000/s) [29866] [Tue Feb 21 23:10:46 2012] ***
[debug] "GET" request for "check_auth_basic/" from "127.0.0.1"
[debug] Path is "check_auth_basic"
[debug] Response Code: 401; Content-Type: text/html; Content-Length: 105
[info] Request took 0.010956s (91.274/s)
.------------------------------------------------------------+-----------.
| Action | Time |
+------------------------------------------------------------+-----------+
| /check_auth_basic | 0.000275s |
'------------------------------------------------------------+-----------'
# Looks like you failed 2 tests of 5.
t/auth-test.t ...........
Dubious, test returned 2 (wstat 512, 0x200)
Failed 2/5 subtests
[debug] Debug messages enabled
[debug] Statistics enabled
[debug] Loaded plugins:
.----------------------------------------------------------------------------.
| Catalyst::Plugin::Session 0.32 |
| Catalyst::Plugin::Session::State::Cookie 0.17 |
| Catalyst::Plugin::Session::Store::Dummy |
'----------------------------------------------------------------------------'
[debug] Loaded dispatcher "Catalyst::Dispatcher"
[debug] Loaded engine "Catalyst::Engine::CGI"
[debug] Couldn't find home
[warn] Action methods (auto, default) found defined in your application class, CattySession. This is deprecated, please move them into a Root controller.
[debug] Loaded Private actions:
.----------------------+--------------------------------------+--------------.
| Private | Class | Method |
+----------------------+--------------------------------------+--------------+
| /auto | CattySession | auto |
| /default | CattySession | default |
'----------------------+--------------------------------------+--------------'
[info] CattySession powered by Catalyst 5.80033
Use of uninitialized value $scheme in pattern match (m//) at /home/bri/perl5/perlbrew/perls/perl-5.15.7-th/lib/site_perl/5.15.7/HTTP/Cookies.pm line 44.
[info] *** Request 1 (1.000/s) [29939] [Tue Feb 21 23:10:47 2012] ***
[debug] "GET" request for "/" from "127.0.0.1"
[debug] Created session "ccecd077aa9696df5b1fb597eee06907ba6ebbc6"
[debug] Response Code: 200; Content-Type: text/html; Content-Length: 114
[info] Request took 0.018807s (53.172/s)
.------------------------------------------------------------+-----------.
| Action | Time |
+------------------------------------------------------------+-----------+
| /auto | 0.005137s |
| /default | 0.000182s |
'------------------------------------------------------------+-----------'
t/cookies.t ............. ok
# ###################################################################
# Starting an external Catalyst HTTP server on port 7357
# To change the port, please set the TWMC_TEST_PORT env variable.
# (The server will be automatically shut-down right after the tests).
# ###################################################################
[warn] Action methods (default) found defined in your application class, ExternalCatty. This is deprecated, please move them into a Root controller.
Use of uninitialized value $scheme in pattern match (m//) at /home/bri/perl5/perlbrew/perls/perl-5.15.7-th/lib/site_perl/5.15.7/HTTP/Cookies.pm line 44.
t/multi_content_type.t .. ok
t/pod.t ................. ok
t/pod_coverage.t ........ ok
[debug] Debug messages enabled
[debug] Statistics enabled
[debug] Loaded dispatcher "Catalyst::Dispatcher"
[debug] Loaded engine "Catalyst::Engine::CGI"
[debug] Couldn't find home
[warn] Action methods (default, hello, hi, greetings, bonjour, check_auth_basic, die, gzipped) found defined in your application class, Catty. This is deprecated, please move them into a Root controller.
[debug] Loaded Private actions:
.----------------------+--------------------------------------+--------------.
| Private | Class | Method |
+----------------------+--------------------------------------+--------------+
| /hi | Catty | hi |
| /gzipped | Catty | gzipped |
| /default | Catty | default |
| /die | Catty | die |
| /greetings | Catty | greetings |
| /hello | Catty | hello |
| /bonjour | Catty | bonjour |
| /check_auth_basic | Catty | check_auth_- |
| | | basic |
'----------------------+--------------------------------------+--------------'
[debug] Loaded Path actions:
.-------------------------------------+--------------------------------------.
| Path | Private |
+-------------------------------------+--------------------------------------+
| /bonjour/... | /bonjour |
| /check_auth_basic/... | /check_auth_basic |
| /die/... | /die |
| /greetings/... | /greetings |
| /gzipped/... | /gzipped |
| /hello/... | /hello |
| /hi/... | /hi |
'-------------------------------------+--------------------------------------'
[info] Catty powered by Catalyst 5.80033
[info] *** Request 1 (1.000/s) [30148] [Tue Feb 21 23:10:51 2012] ***
[debug] "GET" request for "hi" from "127.0.0.1"
[debug] Path is "hi"
[debug] Redirecting to "http://localhost/hello"
[debug] Response Code: 302; Content-Type: unknown; Content-Length: 95
[info] Request took 0.012427s (80.470/s)
.------------------------------------------------------------+-----------.
| Action | Time |
+------------------------------------------------------------+-----------+
| /hi | 0.008910s |
'------------------------------------------------------------+-----------'
[info] *** Request 2 (2.000/s) [30148] [Tue Feb 21 23:10:52 2012] ***
[debug] "GET" request for "hello" from "127.0.0.1"
[debug] Path is "hello"
[debug] Response Code: 200; Content-Type: text/html; charset=utf-8; Content-Length: 107
[info] Request took 0.012950s (77.220/s)
.------------------------------------------------------------+-----------.
| Action | Time |
+------------------------------------------------------------+-----------+
| /hello | 0.000209s |
'------------------------------------------------------------+-----------'
[info] *** Request 3 (3.000/s) [30148] [Tue Feb 21 23:10:52 2012] ***
[debug] "GET" request for "greetings" from "127.0.0.1"
[debug] Path is "greetings"
[debug] Redirecting to "hello"
[debug] Response Code: 302; Content-Type: unknown; Content-Length: 78
[info] Request took 0.008798s (113.662/s)
.------------------------------------------------------------+-----------.
| Action | Time |
+------------------------------------------------------------+-----------+
| /greetings | 0.000182s |
'------------------------------------------------------------+-----------'
[info] *** Request 4 (4.000/s) [30148] [Tue Feb 21 23:10:52 2012] ***
[debug] "GET" request for "hello" from "127.0.0.1"
[debug] Path is "hello"
[debug] Response Code: 200; Content-Type: text/html; charset=utf-8; Content-Length: 107
[info] Request took 0.009375s (106.667/s)
.------------------------------------------------------------+-----------.
| Action | Time |
+------------------------------------------------------------+-----------+
| /hello | 0.000183s |
'------------------------------------------------------------+-----------'
[info] *** Request 5 (5.000/s) [30148] [Tue Feb 21 23:10:52 2012] ***
[debug] "GET" request for "bonjour" from "127.0.0.1"
[debug] Path is "bonjour"
[debug] Redirecting to "http://localhost/hi"
[debug] Response Code: 302; Content-Type: unknown; Content-Length: 92
[info] Request took 0.002979s (335.683/s)
.------------------------------------------------------------+-----------.
| Action | Time |
+------------------------------------------------------------+-----------+
| /bonjour | 0.000211s |
'------------------------------------------------------------+-----------'
[info] *** Request 6 (6.000/s) [30148] [Tue Feb 21 23:10:52 2012] ***
[debug] "GET" request for "hi" from "127.0.0.1"
[debug] Path is "hi"
[debug] Redirecting to "http://localhost/hello"
[debug] Response Code: 302; Content-Type: unknown; Content-Length: 95
[info] Request took 0.016282s (61.418/s)
.------------------------------------------------------------+-----------.
| Action | Time |
+------------------------------------------------------------+-----------+
| /hi | 0.000232s |
'------------------------------------------------------------+-----------'
[info] *** Request 7 (7.000/s) [30148] [Tue Feb 21 23:10:52 2012] ***
[debug] "GET" request for "hello" from "127.0.0.1"
[debug] Path is "hello"
[debug] Response Code: 200; Content-Type: text/html; charset=utf-8; Content-Length: 107
[info] Request took 0.005629s (177.651/s)
.------------------------------------------------------------+-----------.
| Action | Time |
+------------------------------------------------------------+-----------+
| /hello | 0.002834s |
'------------------------------------------------------------+-----------'
t/redirect.t ............ ok
[debug] Debug messages enabled
[debug] Statistics enabled
[debug] Loaded dispatcher "Catalyst::Dispatcher"
[debug] Loaded engine "Catalyst::Engine::CGI"
[debug] Couldn't find home
[warn] Action methods (default, hello, hi, greetings, bonjour, check_auth_basic, die, gzipped) found defined in your application class, Catty. This is deprecated, please move them into a Root controller.
[debug] Loaded Private actions:
.----------------------+--------------------------------------+--------------.
| Private | Class | Method |
+----------------------+--------------------------------------+--------------+
| /hi | Catty | hi |
| /gzipped | Catty | gzipped |
| /default | Catty | default |
| /die | Catty | die |
| /greetings | Catty | greetings |
| /hello | Catty | hello |
| /bonjour | Catty | bonjour |
| /check_auth_basic | Catty | check_auth_- |
| | | basic |
'----------------------+--------------------------------------+--------------'
[debug] Loaded Path actions:
.-------------------------------------+--------------------------------------.
| Path | Private |
+-------------------------------------+--------------------------------------+
| /bonjour/... | /bonjour |
| /check_auth_basic/... | /check_auth_basic |
| /die/... | /die |
| /greetings/... | /greetings |
| /gzipped/... | /gzipped |
| /hello/... | /hello |
| /hi/... | /hi |
'-------------------------------------+--------------------------------------'
[info] Catty powered by Catalyst 5.80033
[info] *** Request 1 (1.000/s) [30267] [Tue Feb 21 23:10:53 2012] ***
[debug] "GET" request for "/" from "127.0.0.1"
[debug] Response Code: 200; Content-Type: text/html; Content-Length: 114
[info] Request took 0.003777s (264.760/s)
.------------------------------------------------------------+-----------.
| Action | Time |
+------------------------------------------------------------+-----------+
| /default | 0.000219s |
'------------------------------------------------------------+-----------'
[info] *** Request 2 (2.000/s) [30267] [Tue Feb 21 23:10:53 2012] ***
[debug] "GET" request for "hello/" from "127.0.0.1"
[debug] Path is "hello"
[debug] Response Code: 200; Content-Type: text/html; charset=utf-8; Content-Length: 107
[info] Request took 0.005699s (175.469/s)
.------------------------------------------------------------+-----------.
| Action | Time |
+------------------------------------------------------------+-----------+
| /hello | 0.000329s |
'------------------------------------------------------------+-----------'
Wide character in print at /home/bri/perl5/perlbrew/perls/perl-5.15.7-th/lib/5.15.7/Test/Builder.pm line 1759.
[info] *** Request 3 (3.000/s) [30267] [Tue Feb 21 23:10:53 2012] ***
[debug] "GET" request for "/" from "127.0.0.1"
[debug] Response Code: 200; Content-Type: text/html; Content-Length: 114
[info] Request took 0.010315s (96.946/s)
.------------------------------------------------------------+-----------.
| Action | Time |
+------------------------------------------------------------+-----------+
| /default | 0.000210s |
'------------------------------------------------------------+-----------'
[info] *** Request 4 (4.000/s) [30267] [Tue Feb 21 23:10:53 2012] ***
[debug] "GET" request for "/" from "127.0.0.1"
[debug] Response Code: 200; Content-Type: text/html; Content-Length: 114
[info] Request took 0.009495s (105.319/s)
.------------------------------------------------------------+-----------.
| Action | Time |
+------------------------------------------------------------+-----------+
| /default | 0.000200s |
'------------------------------------------------------------+-----------'
[info] *** Request 5 (5.000/s) [30267] [Tue Feb 21 23:10:53 2012] ***
[debug] "GET" request for "hello/" from "127.0.0.1"
[debug] Path is "hello"
[debug] Response Code: 200; Content-Type: text/html; charset=utf-8; Content-Length: 107
[info] Request took 0.007507s (133.209/s)
.------------------------------------------------------------+-----------.
| Action | Time |
+------------------------------------------------------------+-----------+
| /hello | 0.000203s |
'------------------------------------------------------------+-----------'
Wide character in print at /home/bri/perl5/perlbrew/perls/perl-5.15.7-th/lib/5.15.7/Test/Builder.pm line 1759.
[info] *** Request 6 (6.000/s) [30267] [Tue Feb 21 23:10:53 2012] ***
[debug] "GET" request for "gzipped/" from "127.0.0.1"
[debug] Path is "gzipped"
[debug] Response Code: 200; Content-Type: text/html; charset=utf-8; Content-Length: 105
[info] Request took 0.005346s (187.056/s)
.------------------------------------------------------------+-----------.
| Action | Time |
+------------------------------------------------------------+-----------+
| /gzipped | 0.002187s |
'------------------------------------------------------------+-----------'
Wide character in print at /home/bri/perl5/perlbrew/perls/perl-5.15.7-th/lib/5.15.7/Test/Builder.pm line 1759.
[info] *** Request 7 (7.000/s) [30267] [Tue Feb 21 23:10:53 2012] ***
[debug] "GET" request for "die/" from "127.0.0.1"
[debug] Path is "die"
[error] Caught exception in Catty->die "erk! at t/lib/Catty.pm line 82."
[debug] Response Code: 500; Content-Type: text/html; charset=utf-8; Content-Length: 6044
[info] Request took 0.006033s (165.755/s)
.------------------------------------------------------------+-----------.
| Action | Time |
+------------------------------------------------------------+-----------+
| /die | 0.000191s |
'------------------------------------------------------------+-----------'
# Catalyst error screen: Caught exception in Catty->die "erk! at t/lib/Catty.pm line 82."
Use of uninitialized value $str in concatenation (.) or string at /home/bri/perl5/perlbrew/perls/perl-5.15.7-th/lib/site_perl/5.15.7/Test/WWW/Mechanize.pm line 530.
[info] *** Request 8 (8.000/s) [30267] [Tue Feb 21 23:10:53 2012] ***
[debug] "GET" request for "die/" from "127.0.0.1"
[debug] Path is "die"
[error] Caught exception in Catty->die "erk! at t/lib/Catty.pm line 82."
[debug] Response Code: 500; Content-Type: text/html; charset=utf-8; Content-Length: 6044
[info] Request took 0.013254s (75.449/s)
.------------------------------------------------------------+-----------.
| Action | Time |
+------------------------------------------------------------+-----------+
| /die | 0.000242s |
'------------------------------------------------------------+-----------'
# Catalyst error screen: Caught exception in Catty->die "erk! at t/lib/Catty.pm line 82."
Use of uninitialized value $str in concatenation (.) or string at /home/bri/perl5/perlbrew/perls/perl-5.15.7-th/lib/site_perl/5.15.7/Test/WWW/Mechanize.pm line 530.
[info] *** Request 9 (9.000/s) [30267] [Tue Feb 21 23:10:53 2012] ***
[debug] "GET" request for "die/" from "127.0.0.1"
[debug] Path is "die"
[error] Caught exception in Catty->die "erk! at t/lib/Catty.pm line 82."
[debug] Response Code: 500; Content-Type: text/html; charset=utf-8; Content-Length: 6044
[info] Request took 0.008416s (118.821/s)
.------------------------------------------------------------+-----------.
| Action | Time |
+------------------------------------------------------------+-----------+
| /die | 0.000189s |
'------------------------------------------------------------+-----------'
t/simple.t .............. ok
Test Summary Report
-------------------
t/auth-test.t (Wstat: 512 Tests: 5 Failed: 2)
Failed tests: 1, 3
Non-zero exit status: 2
Files=7, Tests=82, 9 wallclock secs ( 0.08 usr 0.00 sys + 7.09 cusr 0.32 csys = 7.49 CPU)
Result: FAIL
Failed 1/7 test programs. 2/82 subtests failed.
make: *** [test_dynamic] Error 255
------------------------------
PREREQUISITES
------------------------------
Prerequisite modules loaded:
requires:
Module Need Have
---------------------------------------- ----- -------
Catalyst 5.00 5.80033
Catalyst::Plugin::Session::State::Cookie 0 0.17
Catalyst::Plugin::Session::Store::Dummy 0 0
LWP 5.816 6.04
Test::Exception 0 0.31
Test::More 0 0.98
Test::WWW::Mechanize 1.14 1.38
WWW::Mechanize 1.50 1.72
build_requires:
Module Need Have
---------------------------------------- ----- -------
ExtUtils::MakeMaker 0 6.62
------------------------------
ENVIRONMENT AND OTHER CONTEXT
------------------------------
Environment variables:
AUTOMATED_TESTING = 1
LANG = C
LANGUAGE = en_GB:en
LC_ALL = C
MANPATH_WITHOUT_PERLBREW =
PATH = /home/bri/bin:/home/bri/perl5/perlbrew/bin:/home/bri/perl5/perlbrew/perls/perl-5.15.7-th/bin:~/bin:/usr/local/sbin:/usr/local/bin:/usr/sbin:/usr/bin:/sbin:/bin:/usr/games
PATH_WITHOUT_PERLBREW = ~/bin:/usr/local/sbin:/usr/local/bin:/usr/sbin:/usr/bin:/sbin:/bin:/usr/games
PERL5LIB =
PERL5OPT =
PERL5_CPANPLUS_IS_RUNNING = 29754
PERL5_CPAN_IS_RUNNING = 29754
PERL5_CPAN_IS_RUNNING_IN_RECURSION = 1826,29754
PERLBREW_BASHRC_VERSION = 0.41
PERLBREW_HOME = /home/bri/.perlbrew
PERLBREW_MANPATH = /home/bri/perl5/perlbrew/perls/perl-5.15.7-th/man
PERLBREW_PATH = /home/bri/perl5/perlbrew/bin:/home/bri/perl5/perlbrew/perls/perl-5.15.7-th/bin
PERLBREW_PERL = perl-5.15.7-th
PERLBREW_ROOT = /home/bri/perl5/perlbrew
PERLBREW_VERSION = 0.41
PERL_CPANM_OPT = --prompt --mirror http://172.16.1.3/cpan/
PERL_CR_SMOKER_CURRENT = Test-WWW-Mechanize-Catalyst-0.45
PERL_EXTUTILS_AUTOINSTALL = --defaultdeps
PERL_MM_USE_DEFAULT = 1
SHELL = /bin/bash
TERM = linux
Perl special variables (and OS-specific diagnostics, for MSWin32):
$^X = /home/bri/perl5/perlbrew/perls/perl-5.15.7-th/bin/perl5.15.7
$UID/$EUID = 1000 / 1000
$GID = 1000 4 20 24 46 112 120 122 1000
$EGID = 1000 4 20 24 46 112 120 122 1000
Perl module toolchain versions installed:
Module Have
------------------- --------
CPAN 1.9800
CPAN::Meta 2.120351
Cwd 3.33
ExtUtils::CBuilder 0.280202
ExtUtils::Command 1.17
ExtUtils::Install 1.54
ExtUtils::MakeMaker 6.62
ExtUtils::Manifest 1.60
ExtUtils::ParseXS 3.15
File::Spec 3.33
JSON 2.53
JSON::PP 2.27008
Module::Build 0.39_02
Module::Signature n/a
Parse::CPAN::Meta 1.4402
Test::Harness 3.23
Test::More 0.98
YAML 0.80
YAML::Syck 1.20
version 0.96
--
Summary of my perl5 (revision 5 version 15 subversion 7) configuration:
Platform:
osname=linux, osvers=2.6.38-11-generic, archname=i686-linux-thread-multi
uname='linux lappy 2.6.38-11-generic #48-ubuntu smp fri jul 29 19:05:14 utc 2011 i686 i686 i386 gnulinux '
config_args='-de -Dprefix=/home/bri/perl5/perlbrew/perls/perl-5.15.7-th -Dusethreads -Dusedevel'
hint=recommended, useposix=true, d_sigaction=define
useithreads=define, usemultiplicity=define
useperlio=define, d_sfio=undef, uselargefiles=define, usesocks=undef
use64bitint=undef, use64bitall=undef, uselongdouble=undef
usemymalloc=n, bincompat5005=undef
Compiler:
cc='cc', ccflags ='-D_REENTRANT -D_GNU_SOURCE -fno-strict-aliasing -pipe -fstack-protector -I/usr/local/include -D_LARGEFILE_SOURCE -D_FILE_OFFSET_BITS=64',
optimize='-O2',
cppflags='-D_REENTRANT -D_GNU_SOURCE -fno-strict-aliasing -pipe -fstack-protector -I/usr/local/include'
ccversion='', gccversion='4.5.2', gccosandvers=''
intsize=4, longsize=4, ptrsize=4, doublesize=8, byteorder=1234
d_longlong=define, longlongsize=8, d_longdbl=define, longdblsize=12
ivtype='long', ivsize=4, nvtype='double', nvsize=8, Off_t='off_t', lseeksize=8
alignbytes=4, prototype=define
Linker and Libraries:
ld='cc', ldflags =' -fstack-protector -L/usr/local/lib'
libpth=/usr/local/lib /lib /usr/lib /usr/lib/i386-linux-gnu /usr/lib64
libs=-lnsl -ldl -lm -lcrypt -lutil -lpthread -lc
perllibs=-lnsl -ldl -lm -lcrypt -lutil -lpthread -lc
libc=, so=so, useshrplib=false, libperl=libperl.a
gnulibc_version='2.13'
Dynamic Linking:
dlsrc=dl_dlopen.xs, dlext=so, d_dlsymun=undef, ccdlflags='-Wl,-E'
cccdlflags='-fPIC', lddlflags='-shared -O2 -L/usr/local/lib -fstack-protector'
Characteristics of this binary (from libperl):
Compile-time options: HAS_TIMES MULTIPLICITY PERLIO_LAYERS
PERL_DONT_CREATE_GVSV PERL_IMPLICIT_CONTEXT
PERL_MALLOC_WRAP PERL_PRESERVE_IVUV PERL_USE_DEVEL
USE_ITHREADS USE_LARGE_FILES USE_LOCALE
USE_LOCALE_COLLATE USE_LOCALE_CTYPE
USE_LOCALE_NUMERIC USE_PERLIO USE_PERL_ATOF
USE_REENTRANT_API
Built under linux
Compiled at Feb 15 2012 20:16:38
%ENV:
PERL5LIB=""
PERL5OPT=""
PERL5_CPANPLUS_IS_RUNNING="29754"
PERL5_CPAN_IS_RUNNING="29754"
PERL5_CPAN_IS_RUNNING_IN_RECURSION="1826,29754"
PERLBREW_BASHRC_VERSION="0.41"
PERLBREW_HOME="/home/bri/.perlbrew"
PERLBREW_MANPATH="/home/bri/perl5/perlbrew/perls/perl-5.15.7-th/man"
PERLBREW_PATH="/home/bri/perl5/perlbrew/bin:/home/bri/perl5/perlbrew/perls/perl-5.15.7-th/bin"
PERLBREW_PERL="perl-5.15.7-th"
PERLBREW_ROOT="/home/bri/perl5/perlbrew"
PERLBREW_VERSION="0.41"
PERL_CPANM_OPT="--prompt --mirror http://172.16.1.3/cpan/"
PERL_CR_SMOKER_CURRENT="Test-WWW-Mechanize-Catalyst-0.45"
PERL_EXTUTILS_AUTOINSTALL="--defaultdeps"
PERL_MM_USE_DEFAULT="1"
@INC:
/home/bri/perl5/perlbrew/perls/perl-5.15.7-th/lib/site_perl/5.15.7/i686-linux-thread-multi
/home/bri/perl5/perlbrew/perls/perl-5.15.7-th/lib/site_perl/5.15.7
/home/bri/perl5/perlbrew/perls/perl-5.15.7-th/lib/5.15.7/i686-linux-thread-multi
/home/bri/perl5/perlbrew/perls/perl-5.15.7-th/lib/5.15.7
.