Report for POE-Component-Server-JSONRPC-0.04

Back
From: metabase:user:30f4dfbe-2aae-11df-837a-5e0a49663a4f
Subject: FAIL POE-Component-Server-JSONRPC-0.04 v5.13.9 GNU/Linux
Date: 2011-09-01T17:54:04Z

This distribution has been tested as part of the CPAN Testers
project, supporting the Perl programming language.  See
http://wiki.cpantesters.org/ for more information or email
questions to cpan-testers-discuss@perl.org


--
Dear Come BERNIGAUD,

This is a computer-generated report for POE-Component-Server-JSONRPC-0.04
on perl 5.13.9, created by CPAN-Reporter-1.1900.

Thank you for uploading your work to CPAN.  However, there was a problem
testing your distribution.

If you think this report is invalid, please consult the CPAN Testers Wiki
for suggestions on how to avoid getting FAIL reports for missing library
or binary dependencies, unsupported operating systems, and so on:

http://wiki.cpantesters.org/wiki/CPANAuthorNotes

Sections of this report:

    * Tester comments
    * Program output
    * Prerequisites
    * Environment and other context

------------------------------
TESTER COMMENTS
------------------------------

Additional comments from tester:

this report is from an automated smoke testing program
and was not reviewed by a human for accuracy

------------------------------
PROGRAM OUTPUT
------------------------------

Output from '/usr/bin/make test':

PERL_DL_NONLAZY=1 /usr/local/bin/perl5.13.9 "-MExtUtils::Command::MM" "-e" "test_harness(0, 'inc', 'blib/lib', 'blib/arch')" t/*.t
Can't locate POE/Component/Server/SimpleHTTP.pm in @INC (@INC contains: /home/njh/.local/share/.cpan/build/POE-Component-Server-JSONRPC-0.04-Xa76SL/inc /home/njh/.local/share/.cpan/build/POE-Component-Server-JSONRPC-0.04-Xa76SL/blib/lib /home/njh/.local/share/.cpan/build/POE-Component-Server-JSONRPC-0.04-Xa76SL/blib/arch /usr/local/lib/perl5/site_perl/5.13.9/x86_64-linux-thread-multi /usr/local/lib/perl5/site_perl/5.13.9 /usr/local/lib/perl5/5.13.9/x86_64-linux-thread-multi /usr/local/lib/perl5/5.13.9 /usr/local/lib/perl5/site_perl .) at (eval 79) line 1.
BEGIN failed--compilation aborted at (eval 79) line 1.

#   Failed test 'use POE::Component::Server::JSONRPC::Http;'
#   at t/00_compile.t line 6.
#     Tried to use 'POE::Component::Server::JSONRPC::Http'.
#     Error:  could not import qw(Component::Server::SimpleHTTP) at /home/njh/.local/share/.cpan/build/POE-Component-Server-JSONRPC-0.04-Xa76SL/blib/lib/POE/Component/Server/JSONRPC/Http.pm line 28
# BEGIN failed--compilation aborted at t/00_compile.t line 6.
# Compilation failed in require at (eval 76) line 2.
# BEGIN failed--compilation aborted at (eval 76) line 2.
# Looks like you failed 1 test of 3.
t/00_compile.t .... 
Dubious, test returned 1 (wstat 256, 0x100)
Failed 1/3 subtests 
t/pod.t ........... ok
Can't locate POE/Component/Server/SimpleHTTP.pm in @INC (@INC contains: /home/njh/.local/share/.cpan/build/POE-Component-Server-JSONRPC-0.04-Xa76SL/inc /home/njh/.local/share/.cpan/build/POE-Component-Server-JSONRPC-0.04-Xa76SL/blib/lib /home/njh/.local/share/.cpan/build/POE-Component-Server-JSONRPC-0.04-Xa76SL/blib/arch /usr/local/lib/perl5/site_perl/5.13.9/x86_64-linux-thread-multi /usr/local/lib/perl5/site_perl/5.13.9 /usr/local/lib/perl5/5.13.9/x86_64-linux-thread-multi /usr/local/lib/perl5/5.13.9 /usr/local/lib/perl5/site_perl .) at (eval 87) line 1.
BEGIN failed--compilation aborted at (eval 87) line 1.
t/pod_coverage.t .. ok

Test Summary Report
-------------------
t/00_compile.t  (Wstat: 256 Tests: 3 Failed: 1)
  Failed test:  2
  Non-zero exit status: 1
Files=3, Tests=9,  1 wallclock secs ( 0.04 usr  0.00 sys +  0.56 cusr  0.07 csys =  0.67 CPU)
Result: FAIL
Failed 1/3 test programs. 1/9 subtests failed.
make: *** [test_dynamic] Error 255

------------------------------
PREREQUISITES
------------------------------

Prerequisite modules loaded:

requires:

    Module                      Need Have   
    --------------------------- ---- -------
    Class::Accessor::Fast       0    0.34   
    JSON::Any                   0    1.25   
    POE                         0    1.311  
    POE::Component::Server::TCP 0    1.311  
    POE::Filter::Line           0    1.311  
    Test::More                  0    0.97_01

build_requires:

    Module                      Need Have   
    --------------------------- ---- -------
    ExtUtils::MakeMaker         0    6.57_05


------------------------------
ENVIRONMENT AND OTHER CONTEXT
------------------------------

Environment variables:

    AUTOMATED_TESTING = 1
    LANG = en_US.UTF-8
    PATH = /usr/bin:/bin
    PERL5LIB = 
    PERL5OPT = 
    PERL5_CPANPLUS_IS_RUNNING = 15685
    PERL5_CPAN_IS_RUNNING = 15685
    PERL5_MINISMOKEBOX = 0.44
    PERL_EXTUTILS_AUTOINSTALL = --defaultdeps
    PERL_MM_USE_DEFAULT = 1
    SHELL = /bin/sh

Perl special variables (and OS-specific diagnostics, for MSWin32):

    $^X = /usr/local/bin/perl5.13.9
    $UID/$EUID = 1000 / 1000
    $GID = 1000 20 24 25 29 44 46 104 112 1000
    $EGID = 1000 20 24 25 29 44 46 104 112 1000

Perl module toolchain versions installed:

    Module              Have    
    ------------------- --------
    CPAN                1.94_65 
    Cwd                 3.37    
    ExtUtils::CBuilder  0.280202
    ExtUtils::Command   1.16    
    ExtUtils::Install   1.56    
    ExtUtils::MakeMaker 6.57_05 
    ExtUtils::Manifest  1.58    
    ExtUtils::ParseXS   2.2209  
    File::Spec          3.33    
    Module::Build       0.37_04 
    Module::Signature   n/a     
    Test::Harness       3.22    
    Test::More          0.97_01 
    YAML                0.73    
    YAML::Syck          1.17    
    version             0.88    


--

Summary of my perl5 (revision 5 version 13 subversion 9) configuration:
  Snapshot of: da36747dd51a927ea304a8bfab181c8e794b1e17
  Platform:
    osname=linux, osvers=2.6.32-5-amd64, archname=x86_64-linux-thread-multi
    uname='linux bandsman.dyndns-ip.com 2.6.32-5-amd64 #1 smp wed jan 12 03:40:32 utc 2011 x86_64 gnulinux '
    config_args='-des -Dusedevel -Accflags=-O2 -W -Wformat=2 -Wall -Wextra -pipe -mtune=native -march=native -fomit-frame-pointer -msse2 -msse -mmmx -mfpmath=sse -D_FORTIFY_SOURCE=2 -fstack-protector -Wstack-protector -Wfloat-equal -Duseithreads'
    hint=recommended, useposix=true, d_sigaction=define
    useithreads=define, usemultiplicity=define
    useperlio=define, d_sfio=undef, uselargefiles=define, usesocks=undef
    use64bitint=define, use64bitall=define, uselongdouble=undef
    usemymalloc=n, bincompat5005=undef
  Compiler:
    cc='cc', ccflags ='-D_REENTRANT -D_GNU_SOURCE -DDEBUGGING -O2 -W -Wformat=2 -Wall -Wextra -pipe -mtune=native -march=native -fomit-frame-pointer -msse2 -msse -mmmx -mfpmath=sse -D_FORTIFY_SOURCE=2 -fstack-protector -Wstack-protector -Wfloat-equal -fno-strict-aliasing -I/usr/local/include -D_LARGEFILE_SOURCE -D_FILE_OFFSET_BITS=64',
    optimize='-O2',
    cppflags='-D_REENTRANT -D_GNU_SOURCE -DDEBUGGING -O2 -W -Wformat=2 -Wall -Wextra -pipe -mtune=native -march=native -fomit-frame-pointer -msse2 -msse -mmmx -mfpmath=sse -D_FORTIFY_SOURCE=2 -fstack-protector -Wstack-protector -Wfloat-equal -fno-strict-aliasing -I/usr/local/include'
    ccversion='', gccversion='4.4.5', gccosandvers=''
    intsize=4, longsize=8, ptrsize=8, doublesize=8, byteorder=12345678
    d_longlong=define, longlongsize=8, d_longdbl=define, longdblsize=16
    ivtype='long', ivsize=8, nvtype='double', nvsize=8, Off_t='off_t', lseeksize=8
    alignbytes=8, prototype=define
  Linker and Libraries:
    ld='cc', ldflags =' -fstack-protector -L/usr/local/lib'
    libpth=/usr/local/lib /lib /usr/lib /lib64 /usr/lib64
    libs=-lnsl -ldb -ldl -lm -lcrypt -lutil -lpthread -lc
    perllibs=-lnsl -ldl -lm -lcrypt -lutil -lpthread -lc
    libc=/lib/libc-2.11.2.so, so=so, useshrplib=false, libperl=libperl.a
    gnulibc_version='2.11.2'
  Dynamic Linking:
    dlsrc=dl_dlopen.xs, dlext=so, d_dlsymun=undef, ccdlflags='-Wl,-E'
    cccdlflags='-fPIC', lddlflags='-shared -O2 -L/usr/local/lib -fstack-protector'


Characteristics of this binary (from libperl): 
  Compile-time options: DEBUGGING MULTIPLICITY PERL_DONT_CREATE_GVSV
                        PERL_IMPLICIT_CONTEXT PERL_MALLOC_WRAP
                        PERL_TRACK_MEMPOOL PERL_USE_DEVEL USE_64_BIT_ALL
                        USE_64_BIT_INT USE_ITHREADS USE_LARGE_FILES
                        USE_PERLIO USE_PERL_ATOF USE_REENTRANT_API
  Locally applied patches:
	SMOKEda36747dd51a927ea304a8bfab181c8e794b1e17
  Built under linux
  Compiled at Feb 19 2011 20:29:32
  %ENV:
    PERL5LIB=""
    PERL5OPT=""
    PERL5_CPANPLUS_IS_RUNNING="15685"
    PERL5_CPAN_IS_RUNNING="15685"
    PERL5_MINISMOKEBOX="0.44"
    PERL_EXTUTILS_AUTOINSTALL="--defaultdeps"
    PERL_MM_USE_DEFAULT="1"
  @INC:
    /usr/local/lib/perl5/site_perl/5.13.9/x86_64-linux-thread-multi
    /usr/local/lib/perl5/site_perl/5.13.9
    /usr/local/lib/perl5/5.13.9/x86_64-linux-thread-multi
    /usr/local/lib/perl5/5.13.9
    /usr/local/lib/perl5/site_perl
    .