Map-Tube-KualaLumpur v0.06 Perl 5 v5.18.4 x86_64-linux-thread-multi-ld

Status
Fail
From
Andreas J. König (ANDK)
Dist
Map-Tube-KualaLumpur v0.06
Platform
Perl 5 v5.18.4 x86_64-linux-thread-multi-ld
Date
2024-12-16 23:49:26
ID
6259463e-bc08-11ef-8ffd-bb63120dcb36
This distribution has been tested as part of the CPAN Testers
project, supporting the Perl programming language.  See
http://wiki.cpantesters.org/ for more information or email
questions to cpan-testers-discuss@perl.org


--
Dear Michal Josef Spacek,

This is a computer-generated report for Map-Tube-KualaLumpur-0.06
on perl 5.18.4, created by CPAN-Reporter-1.2020.

Thank you for uploading your work to CPAN.  However, there was a problem
testing your distribution.

If you think this report is invalid, please consult the CPAN Testers Wiki
for suggestions on how to avoid getting FAIL reports for missing library
or binary dependencies, unsupported operating systems, and so on:

http://wiki.cpantesters.org/wiki/CPANAuthorNotes

Sections of this report:

    * Tester comments
    * Program output
    * Prerequisites
    * Environment and other context

------------------------------
TESTER COMMENTS
------------------------------

Additional comments from tester:

this report is from an automated smoke testing program
and was not reviewed by a human for accuracy

------------------------------
PROGRAM OUTPUT
------------------------------

Output from '/usr/bin/make test':

PERL_DL_NONLAZY=1 "/home/sand/src/perl/repoperls/installed-perls/host/k93msid/v5.18.4/ac75/bin/perl" "-MExtUtils::Command::MM" "-MTest::Harness" "-e" "undef *Test::Harness::Switches; test_harness(0, 'inc', 'blib/lib', 'blib/arch')" t/Map-Tube-KualaLumpur/*.t
t/Map-Tube-KualaLumpur/01-use.t ................. ok
t/Map-Tube-KualaLumpur/02-version.t ............. ok
Map::Tube::_init_map(): ERROR: Duplicate Station Name [Sentul]. (status: 109) file /home/sand/src/perl/repoperls/installed-perls/host/k93msid/v5.18.4/ac75/lib/site_perl/5.18.4/Map/Tube.pm on line 149
# Looks like your test exited with 255 just after 1.
t/Map-Tube-KualaLumpur/03-map.t ................. 
Dubious, test returned 255 (wstat 65280, 0xff00)
Failed 2/3 subtests 
Map::Tube::_init_map(): ERROR: Duplicate Station Name [Sentul]. (status: 109) file /home/sand/src/perl/repoperls/installed-perls/host/k93msid/v5.18.4/ac75/lib/site_perl/5.18.4/Map/Tube.pm on line 149
# Looks like your test exited with 255 just after 1.
t/Map-Tube-KualaLumpur/04-get_node_by_id.t ...... 
Dubious, test returned 255 (wstat 65280, 0xff00)
Failed 3/4 subtests 
Map::Tube::_init_map(): ERROR: Duplicate Station Name [Sentul]. (status: 109) file /home/sand/src/perl/repoperls/installed-perls/host/k93msid/v5.18.4/ac75/lib/site_perl/5.18.4/Map/Tube.pm on line 149
# Looks like your test exited with 255 just after 1.
t/Map-Tube-KualaLumpur/05-get_node_by_name.t .... 
Dubious, test returned 255 (wstat 65280, 0xff00)
Failed 3/4 subtests 
Map::Tube::_init_map(): ERROR: Duplicate Station Name [Sentul]. (status: 109) file /home/sand/src/perl/repoperls/installed-perls/host/k93msid/v5.18.4/ac75/lib/site_perl/5.18.4/Map/Tube.pm on line 149
# Looks like your test exited with 255 just after 1.
t/Map-Tube-KualaLumpur/06-get_shortest_route.t .. 
Dubious, test returned 255 (wstat 65280, 0xff00)
Failed 4/5 subtests 
Map::Tube::_init_map(): ERROR: Duplicate Station Name [Sentul]. (status: 109) file /home/sand/src/perl/repoperls/installed-perls/host/k93msid/v5.18.4/ac75/lib/site_perl/5.18.4/Map/Tube.pm on line 149
# Looks like your test exited with 255 just after 1.
t/Map-Tube-KualaLumpur/07-name.t ................ 
Dubious, test returned 255 (wstat 65280, 0xff00)
Failed 1/2 subtests 
Map::Tube::_init_map(): ERROR: Duplicate Station Name [Sentul]. (status: 109) file /home/sand/src/perl/repoperls/installed-perls/host/k93msid/v5.18.4/ac75/lib/site_perl/5.18.4/Map/Tube.pm on line 149
# Looks like your test exited with 255 just after 1.
t/Map-Tube-KualaLumpur/08-xml.t ................. 
Dubious, test returned 255 (wstat 65280, 0xff00)
Failed 1/2 subtests 

Test Summary Report
-------------------
t/Map-Tube-KualaLumpur/03-map.t               (Wstat: 65280 (exited 255) Tests: 1 Failed: 0)
  Non-zero exit status: 255
  Parse errors: Bad plan.  You planned 3 tests but ran 1.
t/Map-Tube-KualaLumpur/04-get_node_by_id.t    (Wstat: 65280 (exited 255) Tests: 1 Failed: 0)
  Non-zero exit status: 255
  Parse errors: Bad plan.  You planned 4 tests but ran 1.
t/Map-Tube-KualaLumpur/05-get_node_by_name.t  (Wstat: 65280 (exited 255) Tests: 1 Failed: 0)
  Non-zero exit status: 255
  Parse errors: Bad plan.  You planned 4 tests but ran 1.
t/Map-Tube-KualaLumpur/06-get_shortest_route.t (Wstat: 65280 (exited 255) Tests: 1 Failed: 0)
  Non-zero exit status: 255
  Parse errors: Bad plan.  You planned 5 tests but ran 1.
t/Map-Tube-KualaLumpur/07-name.t              (Wstat: 65280 (exited 255) Tests: 1 Failed: 0)
  Non-zero exit status: 255
  Parse errors: Bad plan.  You planned 2 tests but ran 1.
t/Map-Tube-KualaLumpur/08-xml.t               (Wstat: 65280 (exited 255) Tests: 1 Failed: 0)
  Non-zero exit status: 255
  Parse errors: Bad plan.  You planned 2 tests but ran 1.
Files=8, Tests=11,  5 wallclock secs ( 0.02 usr  0.03 sys +  2.85 cusr  0.59 csys =  3.49 CPU)
Result: FAIL
Failed 6/8 test programs. 0/11 subtests failed.
make: *** [Makefile:779: test_dynamic] Error 255

------------------------------
PREREQUISITES
------------------------------

Prerequisite modules loaded:

requires:

    Module              Need Have    
    ------------------- ---- --------
    File::Share         0    0.27    
    Map::Tube           3.62 3.87    
    Moo                 0    2.005005
    namespace::clean    0    0.27    

build_requires:

    Module              Need Have    
    ------------------- ---- --------
    English             0    1.06_01 
    ExtUtils::MakeMaker 6.36 7.70    
    Test::Map::Tube     0.35 3.87    
    Test::More          0    1.302201
    Test::NoWarnings    0    1.06    

configure_requires:

    Module              Need Have    
    ------------------- ---- --------
    ExtUtils::MakeMaker 6.36 7.70    


------------------------------
ENVIRONMENT AND OTHER CONTEXT
------------------------------

Environment variables:

    AUTOMATED_TESTING = 1
    LANG = en_US.UTF-8
    LANGUAGE = en_US:en
    PATH = /home/sand/bin:/usr/local/bin:/usr/bin:/bin:/usr/games:/usr/local/perl/bin:/usr/X11/bin:/sbin:/usr/sbin
    PERL5LIB = 
    PERL5OPT = 
    PERL5_CPANPLUS_IS_RUNNING = 4112465
    PERL5_CPAN_IS_RUNNING = 4112465
    PERL_CANARY_STABILITY_NOPROMPT = 1
    PERL_MM_USE_DEFAULT = 1
    PERL_USE_UNSAFE_INC = 1
    SHELL = /usr/bin/zsh
    TERM = screen

Perl special variables (and OS-specific diagnostics, for MSWin32):

    $^X = /home/sand/src/perl/repoperls/installed-perls/host/k93msid/v5.18.4/ac75/bin/perl
    $UID/$EUID = 1005 / 1005
    $GID = 1005 1005
    $EGID = 1005 1005

Perl module toolchain versions installed:

    Module              Have    
    ------------------- --------
    CPAN                2.38    
    CPAN::Meta          2.150010
    Cwd                 3.75    
    ExtUtils::CBuilder  0.280236
    ExtUtils::Command   7.70    
    ExtUtils::Install   2.22    
    ExtUtils::MakeMaker 7.70    
    ExtUtils::Manifest  1.70    
    ExtUtils::ParseXS   3.51    
    File::Spec          3.75    
    JSON                4.10    
    JSON::PP            4.16    
    Module::Build       0.4234  
    Module::Signature   0.88    
    Parse::CPAN::Meta   2.150010
    Test2               1.302201
    Test::Harness       3.50    
    Test::More          1.302201
    YAML                1.30    
    YAML::Syck          1.34    
    version             0.9933  


--

Summary of my perl5 (revision 5 version 18 subversion 4) configuration:
  Derived from: 51202371ba68f3f52f13124a3ea1bc3c171e0ee2
  Platform:
    osname=linux, osvers=6.5.0-5-amd64, archname=x86_64-linux-thread-multi-ld
    uname='linux k93msid 6.5.0-5-amd64 #1 smp preempt_dynamic debian 6.5.13-1 (2023-11-29) x86_64 gnulinux '
    config_args='-Dprefix=/home/sand/src/perl/repoperls/installed-perls/host/k93msid/v5.18.4/ac75 -Dmyhostname=k93msid -Dinstallusrbinperl=n -Uversiononly -Dusedevel -des -Ui_db -Dlibswanted=cl pthread socket inet nsl gdbm dbm malloc dl ld sun m crypt sec util c cposix posix ucb BSD gdbm_compat -Duseithreads -Duselongdouble -DEBUGGING=both'
    hint=recommended, useposix=true, d_sigaction=define
    useithreads=define, usemultiplicity=define
    useperlio=define, d_sfio=undef, uselargefiles=define, usesocks=undef
    use64bitint=define, use64bitall=define, uselongdouble=define
    usemymalloc=n, bincompat5005=undef
  Compiler:
    cc='cc', ccflags ='-D_REENTRANT -D_GNU_SOURCE -fwrapv -DDEBUGGING -fno-strict-aliasing -pipe -fstack-protector -I/usr/local/include -D_LARGEFILE_SOURCE -D_FILE_OFFSET_BITS=64',
    optimize='-O2 -g',
    cppflags='-D_REENTRANT -D_GNU_SOURCE -fwrapv -DDEBUGGING -fno-strict-aliasing -pipe -fstack-protector -I/usr/local/include'
    ccversion='', gccversion='13.2.0', gccosandvers=''
    intsize=4, longsize=8, ptrsize=8, doublesize=8, byteorder=12345678
    d_longlong=define, longlongsize=8, d_longdbl=define, longdblsize=16
    ivtype='long', ivsize=8, nvtype='long double', nvsize=16, Off_t='off_t', lseeksize=8
    alignbytes=16, prototype=define
  Linker and Libraries:
    ld='cc', ldflags =' -fstack-protector -L/usr/local/lib'
    libpth=/usr/local/lib /lib/x86_64-linux-gnu /lib/../lib /usr/lib/x86_64-linux-gnu /usr/lib/../lib /lib /usr/lib /lib64 /usr/lib64
    libs=-lpthread -lnsl -ldl -lm -lcrypt -lutil -lc
    perllibs=-lpthread -lnsl -ldl -lm -lcrypt -lutil -lc
    libc=/lib/x86_64-linux-gnu/libc.so.6, so=so, useshrplib=false, libperl=libperl.a
    gnulibc_version='2.37'
  Dynamic Linking:
    dlsrc=dl_dlopen.xs, dlext=so, d_dlsymun=undef, ccdlflags='-Wl,-E'
    cccdlflags='-fPIC', lddlflags='-shared -O2 -g -L/usr/local/lib -fstack-protector'


Characteristics of this binary (from libperl): 
  Compile-time options: DEBUGGING HAS_TIMES MULTIPLICITY PERLIO_LAYERS
                        PERL_DONT_CREATE_GVSV
                        PERL_HASH_FUNC_ONE_AT_A_TIME_HARD
                        PERL_IMPLICIT_CONTEXT PERL_MALLOC_WRAP
                        PERL_PRESERVE_IVUV PERL_SAWAMPERSAND
                        PERL_TRACK_MEMPOOL PERL_USE_DEVEL USE_64_BIT_ALL
                        USE_64_BIT_INT USE_ITHREADS USE_LARGE_FILES
                        USE_LOCALE USE_LOCALE_COLLATE USE_LOCALE_CTYPE
                        USE_LOCALE_NUMERIC USE_LONG_DOUBLE USE_PERLIO
                        USE_PERL_ATOF USE_REENTRANT_API
  Locally applied patches:
	uncommitted-changes
  Built under linux
  Compiled at Dec 16 2023 16:30:23
  %ENV:
    PERL5LIB=""
    PERL5OPT=""
    PERL5_CPANPLUS_IS_RUNNING="4112465"
    PERL5_CPAN_IS_RUNNING="4112465"
    PERL_CANARY_STABILITY_NOPROMPT="1"
    PERL_MM_USE_DEFAULT="1"
    PERL_USE_UNSAFE_INC="1"
  @INC:
    /home/sand/src/perl/repoperls/installed-perls/host/k93msid/v5.18.4/ac75/lib/site_perl/5.18.4/x86_64-linux-thread-multi-ld
    /home/sand/src/perl/repoperls/installed-perls/host/k93msid/v5.18.4/ac75/lib/site_perl/5.18.4
    /home/sand/src/perl/repoperls/installed-perls/host/k93msid/v5.18.4/ac75/lib/5.18.4/x86_64-linux-thread-multi-ld
    /home/sand/src/perl/repoperls/installed-perls/host/k93msid/v5.18.4/ac75/lib/5.18.4
    .