Image-Base-Magick v7 Perl 5 v5.24.4 x86_64-linux-ld

Status
Fail
From
Slaven Rezić
Dist
Image-Base-Magick v7
Platform
Perl 5 v5.24.4 x86_64-linux-ld
Date
2021-09-04T07:04:52
ID
66df0c0a-0d4e-11ec-935e-a58a1f24ea8f
This distribution has been tested as part of the CPAN Testers
project, supporting the Perl programming language.  See
http://wiki.cpantesters.org/ for more information or email
questions to cpan-testers-discuss@perl.org


--
Dear Kevin Ryde,

This is a computer-generated report for Image-Base-Magick-7
on perl 5.24.4, created by CPAN-Reporter-1.2018.

Thank you for uploading your work to CPAN.  However, there was a problem
testing your distribution.

If you think this report is invalid, please consult the CPAN Testers Wiki
for suggestions on how to avoid getting FAIL reports for missing library
or binary dependencies, unsupported operating systems, and so on:

http://wiki.cpantesters.org/wiki/CPANAuthorNotes

Sections of this report:

    * Tester comments
    * Program output
    * Prerequisites
    * Environment and other context

------------------------------
TESTER COMMENTS
------------------------------

Additional comments from tester:

none provided

------------------------------
PROGRAM OUTPUT
------------------------------

Output from '/usr/bin/make test':

PERL_DL_NONLAZY=1 "/opt/perl-5.24.4D/bin/perl" "-MExtUtils::Command::MM" "-MTest::Harness" "-e" "undef *Test::Harness::Switches; test_harness(0, 'blib/lib', 'blib/arch')" t/*.t
t/Magick-use.t ..... ok
# Test::Weaken 2.000 not available -- Can't locate Test/Weaken.pm in @INC (you may need to install the Test::Weaken module) (@INC contains: t /home/cpansand/.cpan/build/2021090405/Image-Base-Magick-7-qpcCPr/blib/lib /home/cpansand/.cpan/build/2021090405/Image-Base-Magick-7-qpcCPr/blib/arch /home/cpansand/.local/share/.cpan/build/2021090405/Image-Base-1.17-MqFoRQ/blib/arch /home/cpansand/.local/share/.cpan/build/2021090405/Image-Base-1.17-MqFoRQ/blib/lib /opt/perl-5.24.4D/lib/site_perl/5.24.4/x86_64-linux-ld /opt/perl-5.24.4D/lib/site_perl/5.24.4 /opt/perl-5.24.4D/lib/5.24.4/x86_64-linux-ld /opt/perl-5.24.4D/lib/5.24.4 .) at (eval 2) line 1.
# BEGIN failed--compilation aborted at (eval 2) line 1.
# 
t/Magick-weaken.t .. ok
# Image::Magick VERSION [undef]
# Tempfile tempfile.png
# Percentfile temp%d.png
# Numfile temp001.png
# Test 34 got: "#A9BACC" (t/Magick.t at line 256)
#    Expected: "#AABBCC" (xy() stored)
#  t/Magick.t line 256 is:   ok ($image->xy(3,4), '#AABBCC', 'xy() stored');
# Test 36 got: "#A9BACC" (t/Magick.t at line 281)
#    Expected: "#AABBCC" (rectangle() unfilled drawn)
#  t/Magick.t line 281 is:   ok ($image->xy(2,2), '#AABBCC', 'rectangle() unfilled drawn');
# Test 38 got: "#A9BACC" (t/Magick.t at line 291)
#    Expected: "#AABBCC" (rectangle() filled drawn)
#  t/Magick.t line 291 is:   ok ($image->xy(2,2), '#AABBCC', 'rectangle() filled drawn');
# Test 39 got: "#A9BACC" (t/Magick.t at line 292)
#    Expected: "#AABBCC" (rectangle() filled centre)
#  t/Magick.t line 292 is:   ok ($image->xy(3,3), '#AABBCC', 'rectangle() filled centre');
# Test 40 got: "#A9BACC" (t/Magick.t at line 303)
#    Expected: "#AABBCC" (rectangle() 1x1 filled drawn)
#  t/Magick.t line 303 is:   ok ($image->xy(2,2), '#AABBCC', 'rectangle() 1x1 filled drawn');
# Test 41 got: "#A9BACC" (t/Magick.t at line 312)
#    Expected: "#AABBCC" (rectangle() 1x1 unfilled drawn)
#  t/Magick.t line 312 is:   ok ($image->xy(2,2), '#AABBCC', 'rectangle() 1x1 unfilled drawn');
# Test 43 got: "#A9BACC" (t/Magick.t at line 328)
#    Expected: "#AABBCC" (line() drawn)
#  t/Magick.t line 328 is:   ok ($image->xy(2,2), '#AABBCC', 'line() drawn');
# check_image()
# check_diamond()
# Remove numfile temp001.png
# Remove percentfile temp%d.png
# Remove tempfile tempfile.png
t/Magick.t ......... 
Failed 7/2518 subtests 

Test Summary Report
-------------------
t/Magick.t       (Wstat: 0 Tests: 2518 Failed: 7)
  Failed tests:  34, 36, 38-41, 43
Files=3, Tests=2520,  0 wallclock secs ( 0.09 usr  0.03 sys +  0.23 cusr  0.06 csys =  0.41 CPU)
Result: FAIL
Failed 1/3 test programs. 7/2520 subtests failed.
Makefile:858: recipe for target 'test_dynamic' failed
make: *** [test_dynamic] Error 255

------------------------------
PREREQUISITES
------------------------------

Prerequisite modules loaded:

requires:

    Module              Need  Have    
    ------------------- ----- --------
    Image::Base         0     1.17    
    Image::Magick       0     0       
    perl                5.001 5.024004

build_requires:

    Module              Need  Have    
    ------------------- ----- --------
    ExtUtils::MakeMaker 0     7.10_02 
    Test                0     1.28_01 

configure_requires:

    Module              Need  Have    
    ------------------- ----- --------
    ExtUtils::MakeMaker 0     7.10_02 


------------------------------
ENVIRONMENT AND OTHER CONTEXT
------------------------------

Environment variables:

    LANG = C
    PATH = /usr/local/bin:/usr/bin:/bin:/usr/local/sbin:/usr/sbin:/sbin:/home/cpansand/bin/linux-gnu:/home/cpansand/bin/sh:/home/cpansand/bin:/usr/games:/home/cpansand/devel:/home/eserte/src/srezic-misc/scripts
    PERL5LIB = /home/cpansand/.local/share/.cpan/build/2021090405/Image-Base-1.17-MqFoRQ/blib/arch:/home/cpansand/.local/share/.cpan/build/2021090405/Image-Base-1.17-MqFoRQ/blib/lib
    PERL5OPT = 
    PERL5_CPANPLUS_IS_RUNNING = 24074
    PERL5_CPAN_IS_RUNNING = 24074
    PERL5_CPAN_IS_RUNNING_IN_RECURSION = 23957,24074
    PERLDOC = -MPod::Perldoc::ToTextOverstrike
    PERL_BATCH = yes
    PERL_CANARY_STABILITY_NOPROMPT = 1
    PERL_CPAN_REPORTER_CONFIG = /var/tmp/cpansmoker-1023/2021090405/cpanreporter_000_config.ini
    PERL_EXTUTILS_AUTOINSTALL = --defaultdeps
    PERL_USE_UNSAFE_INC = 1
    SHELL = /usr/bin/zsh
    TERM = screen
    TMPDIR = /var/tmp/cpansmoker-1023/2021090405

Perl special variables (and OS-specific diagnostics, for MSWin32):

    $^X = /opt/perl-5.24.4D/bin/perl
    $UID/$EUID = 1023 / 1023
    $GID = 1023 1023
    $EGID = 1023 1023

Perl module toolchain versions installed:

    Module              Have      
    ------------------- ----------
    CPAN                2.11_01   
    CPAN::Meta          2.150005  
    Cwd                 3.63_01   
    ExtUtils::CBuilder  0.280225  
    ExtUtils::Command   7.10_02   
    ExtUtils::Install   2.04      
    ExtUtils::MakeMaker 7.10_02   
    ExtUtils::Manifest  1.70      
    ExtUtils::ParseXS   3.31      
    File::Spec          3.63_01   
    JSON                n/a       
    JSON::PP            2.27300_01
    Module::Build       n/a       
    Module::Signature   n/a       
    Parse::CPAN::Meta   1.4417_001
    Test::Harness       3.36_01   
    Test::More          1.001014  
    YAML                1.29      
    YAML::Syck          1.31      
    version             0.9916    


--

Summary of my perl5 (revision 5 version 24 subversion 4) configuration:
   
  Platform:
    osname=linux, osvers=4.9.0-9-amd64, archname=x86_64-linux-ld
    uname='linux debian9 4.9.0-9-amd64 #1 smp debian 4.9.168-1+deb9u4 (2019-07-19) x86_64 gnulinux '
    config_args='-ds -e -Dprefix=/opt/perl-5.24.4D -Duselongdouble -Dcf_email=srezic@cpan.org'
    hint=recommended, useposix=true, d_sigaction=define
    useithreads=undef, usemultiplicity=undef
    use64bitint=define, use64bitall=define, uselongdouble=define
    usemymalloc=n, bincompat5005=undef
  Compiler:
    cc='cc', ccflags ='-fwrapv -fno-strict-aliasing -pipe -fstack-protector-strong -I/usr/local/include -D_LARGEFILE_SOURCE -D_FILE_OFFSET_BITS=64 -D_FORTIFY_SOURCE=2',
    optimize='-O2',
    cppflags='-fwrapv -fno-strict-aliasing -pipe -fstack-protector-strong -I/usr/local/include'
    ccversion='', gccversion='6.3.0 20170516', gccosandvers=''
    intsize=4, longsize=8, ptrsize=8, doublesize=8, byteorder=12345678, doublekind=3
    d_longlong=define, longlongsize=8, d_longdbl=define, longdblsize=16, longdblkind=3
    ivtype='long', ivsize=8, nvtype='long double', nvsize=16, Off_t='off_t', lseeksize=8
    alignbytes=16, prototype=define
  Linker and Libraries:
    ld='cc', ldflags =' -fstack-protector-strong -L/usr/local/lib'
    libpth=/usr/local/lib /usr/lib/gcc/x86_64-linux-gnu/6/include-fixed /usr/include/x86_64-linux-gnu /usr/lib /lib/x86_64-linux-gnu /lib/../lib /usr/lib/x86_64-linux-gnu /usr/lib/../lib /lib
    libs=-lpthread -lnsl -ldb -ldl -lm -lcrypt -lutil -lc
    perllibs=-lpthread -lnsl -ldl -lm -lcrypt -lutil -lc
    libc=libc-2.24.so, so=so, useshrplib=false, libperl=libperl.a
    gnulibc_version='2.24'
  Dynamic Linking:
    dlsrc=dl_dlopen.xs, dlext=so, d_dlsymun=undef, ccdlflags='-Wl,-E'
    cccdlflags='-fPIC', lddlflags='-shared -O2 -L/usr/local/lib -fstack-protector-strong'


Characteristics of this binary (from libperl): 
  Compile-time options: HAS_TIMES PERLIO_LAYERS PERL_COPY_ON_WRITE
                        PERL_DONT_CREATE_GVSV
                        PERL_HASH_FUNC_ONE_AT_A_TIME_HARD PERL_MALLOC_WRAP
                        PERL_PRESERVE_IVUV USE_64_BIT_ALL USE_64_BIT_INT
                        USE_LARGE_FILES USE_LOCALE USE_LOCALE_COLLATE
                        USE_LOCALE_CTYPE USE_LOCALE_NUMERIC USE_LOCALE_TIME
                        USE_LONG_DOUBLE USE_PERLIO USE_PERL_ATOF
  Built under linux
  Compiled at Aug  6 2019 17:58:28
  %ENV:
    PERL5LIB="/home/cpansand/.local/share/.cpan/build/2021090405/Image-Base-1.17-MqFoRQ/blib/arch:/home/cpansand/.local/share/.cpan/build/2021090405/Image-Base-1.17-MqFoRQ/blib/lib"
    PERL5OPT=""
    PERL5_CPANPLUS_IS_RUNNING="24074"
    PERL5_CPAN_IS_RUNNING="24074"
    PERL5_CPAN_IS_RUNNING_IN_RECURSION="23957,24074"
    PERLDOC="-MPod::Perldoc::ToTextOverstrike"
    PERL_BATCH="yes"
    PERL_CANARY_STABILITY_NOPROMPT="1"
    PERL_CPAN_REPORTER_CONFIG="/var/tmp/cpansmoker-1023/2021090405/cpanreporter_000_config.ini"
    PERL_EXTUTILS_AUTOINSTALL="--defaultdeps"
    PERL_USE_UNSAFE_INC="1"
  @INC:
    /home/cpansand/.local/share/.cpan/build/2021090405/Image-Base-1.17-MqFoRQ/blib/arch
    /home/cpansand/.local/share/.cpan/build/2021090405/Image-Base-1.17-MqFoRQ/blib/lib
    /opt/perl-5.24.4D/lib/site_perl/5.24.4/x86_64-linux-ld
    /opt/perl-5.24.4D/lib/site_perl/5.24.4
    /opt/perl-5.24.4D/lib/5.24.4/x86_64-linux-ld
    /opt/perl-5.24.4D/lib/5.24.4
    .