Report for Tree-Ternary_XS-0.04

Back
From: metabase:user:d2c9f356-b46f-11df-9a90-20a83c0b7757
Subject: FAIL Tree-Ternary_XS-0.04 v5.15.9 SunOS/Solaris
Date: 2012-05-07T13:27:33Z

This distribution has been tested as part of the CPAN Testers
project, supporting the Perl programming language.  See
http://wiki.cpantesters.org/ for more information or email
questions to cpan-testers-discuss@perl.org


--
Dear Leon Brocard,

This is a computer-generated report for Tree-Ternary_XS-0.04
on perl 5.15.9, created by CPAN-Reporter-1.2006.

Thank you for uploading your work to CPAN.  However, there was a problem
testing your distribution.

If you think this report is invalid, please consult the CPAN Testers Wiki
for suggestions on how to avoid getting FAIL reports for missing library
or binary dependencies, unsupported operating systems, and so on:

http://wiki.cpantesters.org/wiki/CPANAuthorNotes

Sections of this report:

    * Tester comments
    * Program output
    * Prerequisites
    * Environment and other context

------------------------------
TESTER COMMENTS
------------------------------

Additional comments from tester:

this report is from an automated smoke testing program
and was not reviewed by a human for accuracy

------------------------------
PROGRAM OUTPUT
------------------------------

Output from '/usr/local/bin/make test':

PERL_DL_NONLAZY=1 /export/home/cpant4/perl5/perlbrew/perls/perl-5.15.9/bin/perl5.15.9 "-MExtUtils::Command::MM" "-e" "test_harness(0, 'blib/lib', 'blib/arch')" t/*.t
t/00_load.t ........ ok
t/02_new.t ......... ok
t/04_attrib.t ...... ok
# Test 4 got: "0" (t/10_insert.t at line 27)
#   Expected: "9"
#  t/10_insert.t line 27 is: ok($ref->nodes(), 9);
# Test 5 got: "0" (t/10_insert.t at line 28)
#   Expected: "1"
#  t/10_insert.t line 28 is: ok($ref->terminals(), 1);
# Test 7 got: "0" (t/10_insert.t at line 31)
#   Expected: "9"
#  t/10_insert.t line 31 is: ok($ref->nodes(), 9);
# Test 8 got: "0" (t/10_insert.t at line 32)
#   Expected: "1"
#  t/10_insert.t line 32 is: ok($ref->terminals(), 1);
# Test 10 got: "0" (t/10_insert.t at line 35)
#    Expected: "18"
#  t/10_insert.t line 35 is: ok($ref->nodes(), 18);
# Test 11 got: "0" (t/10_insert.t at line 36)
#    Expected: "2"
#  t/10_insert.t line 36 is: ok($ref->terminals(), 2);
# Test 13 got: "0" (t/10_insert.t at line 39)
#    Expected: "27"
#  t/10_insert.t line 39 is: ok($ref->nodes(), 27);
# Test 14 got: "0" (t/10_insert.t at line 40)
#    Expected: "3"
#  t/10_insert.t line 40 is: ok($ref->terminals(), 3);
# Test 16 got: "0" (t/10_insert.t at line 43)
#    Expected: "34"
#  t/10_insert.t line 43 is: ok($ref->nodes(), 34);
# Test 17 got: "0" (t/10_insert.t at line 44)
#    Expected: "4"
#  t/10_insert.t line 44 is: ok($ref->terminals(), 4);
# Test 19 got: "0" (t/10_insert.t at line 47)
#    Expected: "37"
#  t/10_insert.t line 47 is: ok($ref->nodes(), 37);
# Test 20 got: "0" (t/10_insert.t at line 48)
#    Expected: "5"
#  t/10_insert.t line 48 is: ok($ref->terminals(), 5);
# Test 22 got: "0" (t/10_insert.t at line 51)
#    Expected: "37"
#  t/10_insert.t line 51 is: ok($ref->nodes(), 37);
# Test 23 got: "0" (t/10_insert.t at line 52)
#    Expected: "5"
#  t/10_insert.t line 52 is: ok($ref->terminals(), 5);
# Test 25 got: "0" (t/10_insert.t at line 55)
#    Expected: "37"
#  t/10_insert.t line 55 is: ok($ref->nodes(), 37);
# Test 26 got: "0" (t/10_insert.t at line 56)
#    Expected: "6"
#  t/10_insert.t line 56 is: ok($ref->terminals(), 6);
# Test 28 got: "0" (t/10_insert.t at line 59)
#    Expected: "37"
#  t/10_insert.t line 59 is: ok($ref->nodes(), 37);
# Test 29 got: "0" (t/10_insert.t at line 60)
#    Expected: "7"
#  t/10_insert.t line 60 is: ok($ref->terminals(), 7);
# Test 31 got: "0" (t/10_insert.t at line 63)
#    Expected: "37"
#  t/10_insert.t line 63 is: ok($ref->nodes(), 37);
# Test 32 got: "0" (t/10_insert.t at line 64)
#    Expected: "7"
#  t/10_insert.t line 64 is: ok($ref->terminals(), 7);
# Test 34 got: "0" (t/10_insert.t at line 68)
#    Expected: "292"
#  t/10_insert.t line 68 is: ok($ref->nodes(), 292);
# Test 35 got: "0" (t/10_insert.t at line 69)
#    Expected: "8"
#  t/10_insert.t line 69 is: ok($ref->terminals(), 8);
# Test 37 got: "0" (t/10_insert.t at line 72)
#    Expected: "292"
#  t/10_insert.t line 72 is: ok($ref->nodes(), 292);
# Test 38 got: "0" (t/10_insert.t at line 73)
#    Expected: "8"
#  t/10_insert.t line 73 is: ok($ref->terminals(), 8);
t/10_insert.t ...... 
Failed 24/38 subtests 
# Test 3 got: "0" (t/15_search.t at line 27)
#   Expected: "1"
#  t/15_search.t line 27 is: ok($ref->search("foobar"), 1);
# Test 8 got: "0" (t/15_search.t at line 37)
#   Expected: "1"
#  t/15_search.t line 37 is: ok($ref->search("bloodhound"), 1);
t/15_search.t ...... 
Failed 2/8 subtests 
# Test 1 got: "0" (t/40_pmsearch.t at line 43)
#   Expected: "2"
#  t/40_pmsearch.t line 43 is: ok(scalar(@stuff), 2);
# Test 2 got: "0" (t/40_pmsearch.t at line 44)
#   Expected: "1"
#  t/40_pmsearch.t line 44 is: ok(scalar(grep /^forms$/, @stuff), 1);
# Test 3 got: "0" (t/40_pmsearch.t at line 45)
#   Expected: "1"
#  t/40_pmsearch.t line 45 is: ok(scalar(grep /^worms$/, @stuff), 1);
# Test 4 got: "0" (t/40_pmsearch.t at line 48)
#   Expected: "2"
#  t/40_pmsearch.t line 48 is: ok(scalar(@stuff), 2);
# Test 5 got: "0" (t/40_pmsearch.t at line 49)
#   Expected: "1"
#  t/40_pmsearch.t line 49 is: ok(scalar(grep /^telephone$/, @stuff), 1);
# Test 6 got: "0" (t/40_pmsearch.t at line 50)
#   Expected: "1"
#  t/40_pmsearch.t line 50 is: ok(scalar(grep /^telephony$/, @stuff), 1);
# Test 8 got: "0" (t/40_pmsearch.t at line 56)
#   Expected: "2"
#  t/40_pmsearch.t line 56 is: ok(scalar(@stuff), 2);
# Test 9 got: "0" (t/40_pmsearch.t at line 57)
#   Expected: "1"
#  t/40_pmsearch.t line 57 is: ok(scalar(grep /^bananas$/, @stuff), 1);
# Test 10 got: "0" (t/40_pmsearch.t at line 58)
#    Expected: "1"
#  t/40_pmsearch.t line 58 is: ok(scalar(grep /^pajamas$/, @stuff), 1);
# Test 11 got: "0" (t/40_pmsearch.t at line 61)
#    Expected: "2"
#  t/40_pmsearch.t line 61 is: ok(scalar(@stuff), 2);
# Test 12 got: "0" (t/40_pmsearch.t at line 62)
#    Expected: "1"
#  t/40_pmsearch.t line 62 is: ok(scalar(grep /^firewater$/, @stuff), 1);
# Test 13 got: "0" (t/40_pmsearch.t at line 63)
#    Expected: "1"
#  t/40_pmsearch.t line 63 is: ok(scalar(grep /^tirewater$/, @stuff), 1);
# Test 14 got: "0" (t/40_pmsearch.t at line 66)
#    Expected: "2"
#  t/40_pmsearch.t line 66 is: ok(scalar(@stuff), 2);
# Test 15 got: "0" (t/40_pmsearch.t at line 67)
#    Expected: "1"
#  t/40_pmsearch.t line 67 is: ok(scalar(grep /^firewater$/, @stuff), 1);
# Test 16 got: "0" (t/40_pmsearch.t at line 68)
#    Expected: "1"
#  t/40_pmsearch.t line 68 is: ok(scalar(grep /^tirewater$/, @stuff), 1);
# Test 17 got: "0" (t/40_pmsearch.t at line 71)
#    Expected: "4"
#  t/40_pmsearch.t line 71 is: ok(scalar(@stuff), 4);
# Test 18 got: "0" (t/40_pmsearch.t at line 72)
#    Expected: "1"
#  t/40_pmsearch.t line 72 is: ok(scalar(grep /^firewater$/, @stuff), 1);
# Test 19 got: "0" (t/40_pmsearch.t at line 73)
#    Expected: "1"
#  t/40_pmsearch.t line 73 is: ok(scalar(grep /^tirewater$/, @stuff), 1);
# Test 20 got: "0" (t/40_pmsearch.t at line 74)
#    Expected: "1"
#  t/40_pmsearch.t line 74 is: ok(scalar(grep /^tidewater$/, @stuff), 1);
# Test 21 got: "0" (t/40_pmsearch.t at line 75)
#    Expected: "1"
#  t/40_pmsearch.t line 75 is: ok(scalar(grep /^tidewader$/, @stuff), 1);
# Test 22 got: "0" (t/40_pmsearch.t at line 78)
#    Expected: "1"
#  t/40_pmsearch.t line 78 is: ok(scalar(@stuff), 1);
# Test 23 got: "0" (t/40_pmsearch.t at line 79)
#    Expected: "1"
#  t/40_pmsearch.t line 79 is: ok(scalar(grep /^tidewader$/, @stuff), 1);
# Failed test 24 in t/40_pmsearch.t at line 81
#  t/40_pmsearch.t line 81 is: ok($ref->pmsearch('F', "Forms") == 2);
# Failed test 25 in t/40_pmsearch.t at line 82
#  t/40_pmsearch.t line 82 is: ok($ref->pmsearch('L', "telephonL") == 2);
# Failed test 27 in t/40_pmsearch.t at line 84
#  t/40_pmsearch.t line 84 is: ok($ref->pmsearch('M', "MaMaMaM") == 2);
# Failed test 28 in t/40_pmsearch.t at line 85
#  t/40_pmsearch.t line 85 is: ok($ref->pmsearch('I', "Iirewater") == 2);
# Failed test 29 in t/40_pmsearch.t at line 86
#  t/40_pmsearch.t line 86 is: ok($ref->pmsearch('N', "NirewaNer") == 2);
# Failed test 30 in t/40_pmsearch.t at line 87
#  t/40_pmsearch.t line 87 is: ok($ref->pmsearch('G', "GiGewaGer") == 4);
# Failed test 31 in t/40_pmsearch.t at line 88
#  t/40_pmsearch.t line 88 is: ok($ref->pmsearch('O', "OiOewader") == 1);
t/40_pmsearch.t .... 
Failed 29/31 subtests 
# Test 1 got: "0" (t/45_nearsearch.t at line 43)
#   Expected: "2"
#  t/45_nearsearch.t line 43 is: ok(scalar(@stuff), 2);
# Test 2 got: "0" (t/45_nearsearch.t at line 44)
#   Expected: "1"
#  t/45_nearsearch.t line 44 is: ok(scalar(grep /^forms$/, @stuff), 1);
# Test 3 got: "0" (t/45_nearsearch.t at line 45)
#   Expected: "1"
#  t/45_nearsearch.t line 45 is: ok(scalar(grep /^worms$/, @stuff), 1);
# Test 4 got: "0" (t/45_nearsearch.t at line 48)
#   Expected: "2"
#  t/45_nearsearch.t line 48 is: ok(scalar(@stuff), 2);
# Test 5 got: "0" (t/45_nearsearch.t at line 49)
#   Expected: "1"
#  t/45_nearsearch.t line 49 is: ok(scalar(grep /^telephone$/, @stuff), 1);
# Test 6 got: "0" (t/45_nearsearch.t at line 50)
#   Expected: "1"
#  t/45_nearsearch.t line 50 is: ok(scalar(grep /^telephony$/, @stuff), 1);
# Test 8 got: "0" (t/45_nearsearch.t at line 56)
#   Expected: "3"
#  t/45_nearsearch.t line 56 is: ok(scalar(@stuff), 3);
# Test 9 got: "0" (t/45_nearsearch.t at line 57)
#   Expected: "1"
#  t/45_nearsearch.t line 57 is: ok(scalar(grep /^banana$/, @stuff), 1);
# Test 10 got: "0" (t/45_nearsearch.t at line 58)
#    Expected: "1"
#  t/45_nearsearch.t line 58 is: ok(scalar(grep /^bananas$/, @stuff), 1);
# Test 11 got: "0" (t/45_nearsearch.t at line 59)
#    Expected: "1"
#  t/45_nearsearch.t line 59 is: ok(scalar(grep /^pajamas$/, @stuff), 1);
# Test 12 got: "0" (t/45_nearsearch.t at line 62)
#    Expected: "1"
#  t/45_nearsearch.t line 62 is: ok(scalar(@stuff), 1);
# Test 13 got: "0" (t/45_nearsearch.t at line 63)
#    Expected: "1"
#  t/45_nearsearch.t line 63 is: ok(scalar(grep /^firewater$/, @stuff), 1);
# Test 14 got: "0" (t/45_nearsearch.t at line 66)
#    Expected: "2"
#  t/45_nearsearch.t line 66 is: ok(scalar(@stuff), 2);
# Test 15 got: "0" (t/45_nearsearch.t at line 67)
#    Expected: "1"
#  t/45_nearsearch.t line 67 is: ok(scalar(grep /^firewater$/, @stuff), 1);
# Test 16 got: "0" (t/45_nearsearch.t at line 68)
#    Expected: "1"
#  t/45_nearsearch.t line 68 is: ok(scalar(grep /^tirewater$/, @stuff), 1);
# Test 17 got: "0" (t/45_nearsearch.t at line 71)
#    Expected: "3"
#  t/45_nearsearch.t line 71 is: ok(scalar(@stuff), 3);
# Test 18 got: "0" (t/45_nearsearch.t at line 72)
#    Expected: "1"
#  t/45_nearsearch.t line 72 is: ok(scalar(grep /^firewater$/, @stuff), 1);
# Test 19 got: "0" (t/45_nearsearch.t at line 73)
#    Expected: "1"
#  t/45_nearsearch.t line 73 is: ok(scalar(grep /^tirewater$/, @stuff), 1);
# Test 20 got: "0" (t/45_nearsearch.t at line 74)
#    Expected: "1"
#  t/45_nearsearch.t line 74 is: ok(scalar(grep /^tidewater$/, @stuff), 1);
# Test 21 got: "0" (t/45_nearsearch.t at line 77)
#    Expected: "4"
#  t/45_nearsearch.t line 77 is: ok(scalar(@stuff), 4);
# Test 22 got: "0" (t/45_nearsearch.t at line 78)
#    Expected: "1"
#  t/45_nearsearch.t line 78 is: ok(scalar(grep /^firewater$/, @stuff), 1);
# Test 23 got: "0" (t/45_nearsearch.t at line 79)
#    Expected: "1"
#  t/45_nearsearch.t line 79 is: ok(scalar(grep /^tirewater$/, @stuff), 1);
# Test 24 got: "0" (t/45_nearsearch.t at line 80)
#    Expected: "1"
#  t/45_nearsearch.t line 80 is: ok(scalar(grep /^tidewater$/, @stuff), 1);
# Test 25 got: "0" (t/45_nearsearch.t at line 81)
#    Expected: "1"
#  t/45_nearsearch.t line 81 is: ok(scalar(grep /^tidewader$/, @stuff), 1);
# Failed test 26 in t/45_nearsearch.t at line 83
#  t/45_nearsearch.t line 83 is: ok($ref->nearsearch(1, "dorms") == 2);
# Failed test 27 in t/45_nearsearch.t at line 84
#  t/45_nearsearch.t line 84 is: ok($ref->nearsearch(3, "telephone") == 2);
# Failed test 29 in t/45_nearsearch.t at line 86
#  t/45_nearsearch.t line 86 is: ok($ref->nearsearch(2, "bananas") == 2);
# Failed test 30 in t/45_nearsearch.t at line 87
#  t/45_nearsearch.t line 87 is: ok($ref->nearsearch(0, "firewater") == 1);
# Failed test 31 in t/45_nearsearch.t at line 88
#  t/45_nearsearch.t line 88 is: ok($ref->nearsearch(1, "firewater") == 2);
# Failed test 32 in t/45_nearsearch.t at line 89
#  t/45_nearsearch.t line 89 is: ok($ref->nearsearch(2, "firewater") == 3);
# Failed test 33 in t/45_nearsearch.t at line 90
#  t/45_nearsearch.t line 90 is: ok($ref->nearsearch(3, "firewater") == 4);
t/45_nearsearch.t .. 
Failed 31/33 subtests 
# Test 1 got: <UNDEF> (t/50_traverse.t at line 44)
#   Expected: "banana"
#  t/50_traverse.t line 44 is: ok($result[0], 'banana');
# Test 2 got: <UNDEF> (t/50_traverse.t at line 45)
#   Expected: "bananas"
#  t/50_traverse.t line 45 is: ok($result[1], 'bananas');
# Test 3 got: <UNDEF> (t/50_traverse.t at line 46)
#   Expected: "firewater"
#  t/50_traverse.t line 46 is: ok($result[2], 'firewater');
# Test 4 got: <UNDEF> (t/50_traverse.t at line 47)
#   Expected: "forms"
#  t/50_traverse.t line 47 is: ok($result[3], 'forms');
# Test 5 got: <UNDEF> (t/50_traverse.t at line 48)
#   Expected: "pajamas"
#  t/50_traverse.t line 48 is: ok($result[4], 'pajamas');
# Test 6 got: <UNDEF> (t/50_traverse.t at line 49)
#   Expected: "telephone"
#  t/50_traverse.t line 49 is: ok($result[5], 'telephone');
# Test 7 got: <UNDEF> (t/50_traverse.t at line 50)
#   Expected: "telephony"
#  t/50_traverse.t line 50 is: ok($result[6], 'telephony');
# Test 8 got: <UNDEF> (t/50_traverse.t at line 51)
#   Expected: "tidewader"
#  t/50_traverse.t line 51 is: ok($result[7], 'tidewader');
# Test 9 got: <UNDEF> (t/50_traverse.t at line 52)
#   Expected: "tidewater"
#  t/50_traverse.t line 52 is: ok($result[8], 'tidewater');
# Test 10 got: <UNDEF> (t/50_traverse.t at line 53)
#    Expected: "tirewater"
#  t/50_traverse.t line 53 is: ok($result[9], 'tirewater');
# Test 11 got: <UNDEF> (t/50_traverse.t at line 54)
#    Expected: "words"
#  t/50_traverse.t line 54 is: ok($result[10], 'words');
# Test 12 got: <UNDEF> (t/50_traverse.t at line 55)
#    Expected: "worms"
#  t/50_traverse.t line 55 is: ok($result[11], 'worms');
t/50_traverse.t .... 
Failed 12/12 subtests 

Test Summary Report
-------------------
t/10_insert.t    (Wstat: 0 Tests: 38 Failed: 24)
  Failed tests:  4-5, 7-8, 10-11, 13-14, 16-17, 19-20, 22-23
                25-26, 28-29, 31-32, 34-35, 37-38
t/15_search.t    (Wstat: 0 Tests: 8 Failed: 2)
  Failed tests:  3, 8
t/40_pmsearch.t  (Wstat: 0 Tests: 31 Failed: 29)
  Failed tests:  1-6, 8-25, 27-31
t/45_nearsearch.t (Wstat: 0 Tests: 33 Failed: 31)
  Failed tests:  1-6, 8-27, 29-33
t/50_traverse.t  (Wstat: 0 Tests: 12 Failed: 12)
  Failed tests:  1-12
Files=8, Tests=129,  1 wallclock secs ( 0.11 usr  0.06 sys +  0.15 cusr  0.08 csys =  0.40 CPU)
Result: FAIL
Failed 5/8 test programs. 98/129 subtests failed.
make: *** [test_dynamic] Error 255

------------------------------
PREREQUISITES
------------------------------

Prerequisite modules loaded:

build_requires:

    Module              Need Have   
    ------------------- ---- -------
    ExtUtils::MakeMaker 0    6.63_02


------------------------------
ENVIRONMENT AND OTHER CONTEXT
------------------------------

Environment variables:

    AUTOMATED_TESTING = 1
    LANG = C
    LD_LIBRARY_PATH = /usr/local/lib:
    MANPATH_WITHOUT_PERLBREW = 
    PATH = /export/home/cpant4/perl5/perlbrew/bin:/export/home/cpant4/perl5/perlbrew/perls/perl-5.15.9/bin:/export/home/cpant4/perl5/bin:/usr/local/bin:/usr/bin
    PATH_WITHOUT_PERLBREW = /export/home/cpant4/perl5/bin:/usr/local/bin:/usr/bin
    PERL5LIB = 
    PERL5OPT = 
    PERL5_CPANPLUS_IS_RUNNING = 580
    PERL5_CPAN_IS_RUNNING = 580
    PERL5_CPAN_IS_RUNNING_IN_RECURSION = 18867,580
    PERLBREW_BASHRC_VERSION = 0.41
    PERLBREW_HOME = /export/home/cpant4/.perlbrew
    PERLBREW_MANPATH = /export/home/cpant4/perl5/perlbrew/perls/perl-5.15.9/man
    PERLBREW_PATH = /export/home/cpant4/perl5/perlbrew/bin:/export/home/cpant4/perl5/perlbrew/perls/perl-5.15.9/bin
    PERLBREW_PERL = perl-5.15.9
    PERLBREW_ROOT = /export/home/cpant4/perl5/perlbrew
    PERLBREW_VERSION = 0.41
    PERL_CR_SMOKER_CURRENT = Tree-Ternary_XS-0.04
    PERL_EXTUTILS_AUTOINSTALL = --defaultdeps
    PERL_MM_USE_DEFAULT = 1
    SHELL = /bin/bash
    TERM = xterm

Perl special variables (and OS-specific diagnostics, for MSWin32):

    $^X = /export/home/cpant4/perl5/perlbrew/perls/perl-5.15.9/bin/perl5.15.9
    $UID/$EUID = 104 / 104
    $GID = 1 1
    $EGID = 1 1

Perl module toolchain versions installed:

    Module              Have    
    ------------------- --------
    CPAN                1.9800  
    CPAN::Meta          2.120921
    Cwd                 3.39_02 
    ExtUtils::CBuilder  0.280206
    ExtUtils::Command   1.17    
    ExtUtils::Install   1.58    
    ExtUtils::MakeMaker 6.63_02 
    ExtUtils::Manifest  1.61    
    ExtUtils::ParseXS   3.16    
    File::Spec          3.39_02 
    JSON                2.53    
    JSON::PP            2.27200 
    Module::Build       0.40    
    Module::Signature   n/a     
    Parse::CPAN::Meta   1.4404  
    Test::Harness       3.23    
    Test::More          0.98    
    YAML                0.81    
    YAML::Syck          1.20    
    version             0.99    


--

Summary of my perl5 (revision 5 version 15 subversion 9) configuration:
   
  Platform:
    osname=solaris, osvers=2.10, archname=i86pc-solaris-64int
    uname='sunos vmrz0046 5.10 generic_141445-09 i86pc i386 i86pc solaris '
    config_args='-de -Dprefix=/export/home/cpant4/perl5/perlbrew/perls/perl-5.15.9 -Dcc=gcc -Duse64bitint -Dusedevel -Dusedevel'
    hint=recommended, useposix=true, d_sigaction=define
    useithreads=undef, usemultiplicity=undef
    useperlio=define, d_sfio=undef, uselargefiles=define, usesocks=undef
    use64bitint=define, use64bitall=undef, uselongdouble=undef
    usemymalloc=n, bincompat5005=undef
  Compiler:
    cc='gcc', ccflags ='-DPTR_IS_LONG -fno-strict-aliasing -pipe -I/usr/local/include -D_LARGEFILE_SOURCE -D_FILE_OFFSET_BITS=64 -DPERL_USE_SAFE_PUTENV',
    optimize='-O',
    cppflags='-DPTR_IS_LONG -fno-strict-aliasing -pipe -I/usr/local/include'
    ccversion='', gccversion='3.4.6', gccosandvers='solaris2.10'
    intsize=4, longsize=4, ptrsize=4, doublesize=8, byteorder=12345678
    d_longlong=define, longlongsize=8, d_longdbl=define, longdblsize=12
    ivtype='long long', ivsize=8, nvtype='double', nvsize=8, Off_t='off_t', lseeksize=8
    alignbytes=4, prototype=define
  Linker and Libraries:
    ld='gcc', ldflags =' -L/usr/local/lib '
    libpth=/usr/local/lib /usr/lib /usr/ccs/lib
    libs=-lsocket -lnsl -lgdbm -ldl -lm -lc
    perllibs=-lsocket -lnsl -ldl -lm -lc
    libc=/lib/libc.so, so=so, useshrplib=false, libperl=libperl.a
    gnulibc_version=''
  Dynamic Linking:
    dlsrc=dl_dlopen.xs, dlext=so, d_dlsymun=undef, ccdlflags=' '
    cccdlflags='-fPIC', lddlflags='-G -L/usr/local/lib'


Characteristics of this binary (from libperl): 
  Compile-time options: HAS_TIMES PERLIO_LAYERS PERL_DONT_CREATE_GVSV
                        PERL_MALLOC_WRAP PERL_PRESERVE_IVUV PERL_USE_DEVEL
                        PERL_USE_SAFE_PUTENV USE_64_BIT_INT USE_LARGE_FILES
                        USE_LOCALE USE_LOCALE_COLLATE USE_LOCALE_CTYPE
                        USE_LOCALE_NUMERIC USE_PERLIO USE_PERL_ATOF
  Built under solaris
  Compiled at Apr 11 2012 15:23:49
  %ENV:
    PERL5LIB=""
    PERL5OPT=""
    PERL5_CPANPLUS_IS_RUNNING="580"
    PERL5_CPAN_IS_RUNNING="580"
    PERL5_CPAN_IS_RUNNING_IN_RECURSION="18867,580"
    PERLBREW_BASHRC_VERSION="0.41"
    PERLBREW_HOME="/export/home/cpant4/.perlbrew"
    PERLBREW_MANPATH="/export/home/cpant4/perl5/perlbrew/perls/perl-5.15.9/man"
    PERLBREW_PATH="/export/home/cpant4/perl5/perlbrew/bin:/export/home/cpant4/perl5/perlbrew/perls/perl-5.15.9/bin"
    PERLBREW_PERL="perl-5.15.9"
    PERLBREW_ROOT="/export/home/cpant4/perl5/perlbrew"
    PERLBREW_VERSION="0.41"
    PERL_CR_SMOKER_CURRENT="Tree-Ternary_XS-0.04"
    PERL_EXTUTILS_AUTOINSTALL="--defaultdeps"
    PERL_MM_USE_DEFAULT="1"
  @INC:
    /export/home/cpant4/perl5/perlbrew/perls/perl-5.15.9/lib/site_perl/5.15.9/i86pc-solaris-64int
    /export/home/cpant4/perl5/perlbrew/perls/perl-5.15.9/lib/site_perl/5.15.9
    /export/home/cpant4/perl5/perlbrew/perls/perl-5.15.9/lib/5.15.9/i86pc-solaris-64int
    /export/home/cpant4/perl5/perlbrew/perls/perl-5.15.9/lib/5.15.9
    .