Report for Sys-SigAction-0.15

Back
From: metabase:user:30f4dfbe-2aae-11df-837a-5e0a49663a4f
Subject: FAIL Sys-SigAction-0.15 v5.15.3 NetBSD
Date: 2012-01-22T18:17:55Z

This distribution has been tested as part of the CPAN Testers
project, supporting the Perl programming language.  See
http://wiki.cpantesters.org/ for more information or email
questions to cpan-testers-discuss@perl.org


--
Dear Lincoln A Baxter,

This is a computer-generated report for Sys-SigAction-0.15
on perl 5.15.3, created by CPAN-Reporter-1.2002.

Thank you for uploading your work to CPAN.  However, there was a problem
testing your distribution.

If you think this report is invalid, please consult the CPAN Testers Wiki
for suggestions on how to avoid getting FAIL reports for missing library
or binary dependencies, unsupported operating systems, and so on:

http://wiki.cpantesters.org/wiki/CPANAuthorNotes

Sections of this report:

    * Tester comments
    * Program output
    * Prerequisites
    * Environment and other context

------------------------------
TESTER COMMENTS
------------------------------

Additional comments from tester:

this report is from an automated smoke testing program
and was not reviewed by a human for accuracy

------------------------------
PROGRAM OUTPUT
------------------------------

Output from '/usr/bin/make test':

PERL_DL_NONLAZY=1 /usr/local/bin/perl5.15.3 "-MExtUtils::Command::MM" "-e" "test_harness(0, 'blib/lib', 'blib/arch')" t/*.t
t/mask.t ..... ok
t/name.t ..... ok
t/nested.t ... ok
t/number.t ... ok

         
         NOTE: Setting safe=>1... with masked signals does not seem to work.
         The problem is that the masked signals are not masked, but when
         safe=>0 they are.  

         If you have an application for safe=>1 and can come up with 
         a test that works in the context of this module's installation
         please send me a patch to safe.t that tests it.
         
         See the block below this one... which if executed would test safe mode
         with masked signals... it is a clone of part of mask.t that proves this
         is broken.

         Lincoln
         
t/safe.t ..... ok
# testing fractional second timeout

#   Failed test 'hires: timeout in < 0.2 seconds'
#   at t/timeout.t line 84.
# Looks like you failed 1 test of 10.
t/timeout.t .. 
Dubious, test returned 1 (wstat 256, 0x100)
Failed 1/10 subtests 

Test Summary Report
-------------------
t/timeout.t (Wstat: 256 Tests: 10 Failed: 1)
  Failed test:  10
  Non-zero exit status: 1
Files=6, Tests=35,  8 wallclock secs ( 0.10 usr  0.01 sys +  1.41 cusr  0.18 csys =  1.70 CPU)
Result: FAIL
Failed 1/6 test programs. 1/35 subtests failed.
*** Error code 1

Stop.
make: stopped in /home/njh/.cpan/build/Sys-SigAction-0.15-FL1B9C

------------------------------
PREREQUISITES
------------------------------

Prerequisite modules loaded:

requires:

    Module              Need Have   
    ------------------- ---- -------
    POSIX               0    1.26   
    Test::More          0    0.98   

build_requires:

    Module              Need Have   
    ------------------- ---- -------
    ExtUtils::MakeMaker 0    6.61_01

configure_requires:

    Module              Need Have   
    ------------------- ---- -------
    ExtUtils::MakeMaker 0    6.61_01


------------------------------
ENVIRONMENT AND OTHER CONTEXT
------------------------------

Environment variables:

    AUTOMATED_TESTING = 1
    PATH = /usr/bin:/bin:/usr/pkg/bin:/usr/local/bin
    PERL5LIB = /home/njh/.cpan/build/DBD-SQLite-1.35-jGnRIP/blib/arch:/home/njh/.cpan/build/DBD-SQLite-1.35-jGnRIP/blib/lib:/home/njh/.cpan/build/WeakRef-0.01-ay9pMK/blib/arch:/home/njh/.cpan/build/WeakRef-0.01-ay9pMK/blib/lib:/home/njh/.cpan/build/Config-Simple-4.58-hm56c9/blib/arch:/home/njh/.cpan/build/Config-Simple-4.58-hm56c9/blib/lib
    PERL5OPT = 
    PERL5_CPANPLUS_IS_RUNNING = 25159
    PERL5_CPAN_IS_RUNNING = 25159
    PERL5_MINISMOKEBOX = 0.54
    PERL_EXTUTILS_AUTOINSTALL = --defaultdeps
    PERL_MM_USE_DEFAULT = 1
    SHELL = /bin/sh

Perl special variables (and OS-specific diagnostics, for MSWin32):

    $^X = /usr/local/bin/perl5.15.3
    $UID/$EUID = 500 / 500
    $GID = 100 0 100
    $EGID = 100 0 100

Perl module toolchain versions installed:

    Module              Have    
    ------------------- --------
    CPAN                1.9800  
    CPAN::Meta          2.112621
    Cwd                 3.37    
    ExtUtils::CBuilder  0.280204
    ExtUtils::Command   1.17    
    ExtUtils::Install   1.57    
    ExtUtils::MakeMaker 6.61_01 
    ExtUtils::Manifest  1.60    
    ExtUtils::ParseXS   3.05    
    File::Spec          3.34    
    JSON                2.53    
    JSON::PP            2.27200 
    Module::Build       0.39_01 
    Module::Signature   n/a     
    Parse::CPAN::Meta   1.4401  
    Test::Harness       3.23    
    Test::More          0.98    
    YAML                0.77    
    YAML::Syck          n/a     
    version             0.93    


--

Summary of my perl5 (revision 5 version 15 subversion 3) configuration:
  Snapshot of: b53e16ae1ca3058ca93f7a74bc5e715eea2b8412
  Platform:
    osname=netbsd, osvers=4.0, archname=i386-netbsd-thread-multi
    uname='netbsd philips.bandsman.co.uk 4.0 netbsd 4.0 (generic) #0: sun dec 16 00:20:10 pst 2007 builds@wb34:homebuildsabnetbsd-4-0-releasei386200712160005z-objhomebuildsabnetbsd-4-0-releasesrcsysarchi386compilegeneric i386 '
    config_args='-des -Dusedevel -Accflags=-O2 -W -Wformat=2 -Wswitch -Wshadow -Wwrite-strings -Wuninitialized -Wall -pipe -mtune=pentium-m -march=pentium-m -fomit-frame-pointer -msse2 -msse -mmmx -mfpmath=sse -D_FORTIFY_SOURCE=2 -Wpointer-arith -Wstrict-prototypes -fstack-protector -Wstack-protector -Wextra -Wbad-function-cast -Wcast-align -Wcast-qual -Wdisabled-optimization -Wendif-labels -Wfloat-equal -Wformat-nonliteral -Winline -Wmissing-declarations -Wmissing-prototypes -Wnested-externs -Wpointer-arith -Wundef -I/usr/pkg/include -Duseithreads'
    hint=recommended, useposix=true, d_sigaction=define
    useithreads=define, usemultiplicity=define
    useperlio=define, d_sfio=undef, uselargefiles=define, usesocks=undef
    use64bitint=undef, use64bitall=undef, uselongdouble=undef
    usemymalloc=n, bincompat5005=undef
  Compiler:
    cc='cc', ccflags ='-DDEBUGGING -O2 -W -Wformat=2 -Wswitch -Wshadow -Wwrite-strings -Wuninitialized -Wall -pipe -mtune=pentium-m -march=pentium-m -fomit-frame-pointer -msse2 -msse -mmmx -mfpmath=sse -D_FORTIFY_SOURCE=2 -Wpointer-arith -Wstrict-prototypes -fstack-protector -Wstack-protector -Wextra -Wbad-function-cast -Wcast-align -Wcast-qual -Wdisabled-optimization -Wendif-labels -Wfloat-equal -Wformat-nonliteral -Winline -Wmissing-declarations -Wmissing-prototypes -Wnested-externs -Wpointer-arith -Wundef -I/usr/pkg/include -fno-strict-aliasing -I/usr/pkg/include -I/usr/local/include',
    optimize='-O',
    cppflags='-DDEBUGGING -O2 -W -Wformat=2 -Wswitch -Wshadow -Wwrite-strings -Wuninitialized -Wall -pipe -mtune=pentium-m -march=pentium-m -fomit-frame-pointer -msse2 -msse -mmmx -mfpmath=sse -D_FORTIFY_SOURCE=2 -Wpointer-arith -Wstrict-prototypes -fstack-protector -Wstack-protector -Wextra -Wbad-function-cast -Wcast-align -Wcast-qual -Wdisabled-optimization -Wendif-labels -Wfloat-equal -Wformat-nonliteral -Winline -Wmissing-declarations -Wmissing-prototypes -Wnested-externs -Wpointer-arith -Wundef -I/usr/pkg/include -fno-strict-aliasing -I/usr/pkg/include -I/usr/local/include'
    ccversion='', gccversion='4.1.2 20061021 prerelease (NetBSD nb3 20061125)', gccosandvers=''
    intsize=4, longsize=4, ptrsize=4, doublesize=8, byteorder=1234
    d_longlong=define, longlongsize=8, d_longdbl=define, longdblsize=12
    ivtype='long', ivsize=4, nvtype='double', nvsize=8, Off_t='off_t', lseeksize=8
    alignbytes=4, prototype=define
  Linker and Libraries:
    ld='cc', ldflags =' -Wl,-rpath,/usr/pkg/lib -Wl,-rpath,/usr/local/lib -fstack-protector -L/usr/pkg/lib -L/usr/local/lib'
    libpth=/usr/pkg/lib /usr/local/lib /lib /usr/lib
    libs=-lgdbm -lm -lcrypt -lutil -lc -lposix -lpthread
    perllibs=-lm -lcrypt -lutil -lc -lposix -lpthread
    libc=/lib/libc.so, so=so, useshrplib=false, libperl=libperl.a
    gnulibc_version=''
  Dynamic Linking:
    dlsrc=dl_dlopen.xs, dlext=so, d_dlsymun=undef, ccdlflags='-Wl,-E '
    cccdlflags='-DPIC -fPIC ', lddlflags='--whole-archive -shared  -L/usr/pkg/lib -L/usr/local/lib -fstack-protector'


Characteristics of this binary (from libperl): 
  Compile-time options: DEBUGGING HAS_TIMES MULTIPLICITY PERLIO_LAYERS
                        PERL_DONT_CREATE_GVSV PERL_IMPLICIT_CONTEXT
                        PERL_MALLOC_WRAP PERL_PRESERVE_IVUV
                        PERL_TRACK_MEMPOOL PERL_USE_DEVEL USE_ITHREADS
                        USE_LARGE_FILES USE_LOCALE USE_LOCALE_COLLATE
                        USE_LOCALE_CTYPE USE_LOCALE_NUMERIC USE_PERLIO
                        USE_PERL_ATOF USE_REENTRANT_API
  Locally applied patches:
	SMOKEb53e16ae1ca3058ca93f7a74bc5e715eea2b8412
  Built under netbsd
  Compiled at Oct 21 2011 20:43:45
  %ENV:
    PERL5LIB="/home/njh/.cpan/build/DBD-SQLite-1.35-jGnRIP/blib/arch:/home/njh/.cpan/build/DBD-SQLite-1.35-jGnRIP/blib/lib:/home/njh/.cpan/build/WeakRef-0.01-ay9pMK/blib/arch:/home/njh/.cpan/build/WeakRef-0.01-ay9pMK/blib/lib:/home/njh/.cpan/build/Config-Simple-4.58-hm56c9/blib/arch:/home/njh/.cpan/build/Config-Simple-4.58-hm56c9/blib/lib"
    PERL5OPT=""
    PERL5_CPANPLUS_IS_RUNNING="25159"
    PERL5_CPAN_IS_RUNNING="25159"
    PERL5_MINISMOKEBOX="0.54"
    PERL_EXTUTILS_AUTOINSTALL="--defaultdeps"
    PERL_MM_USE_DEFAULT="1"
  @INC:
    /home/njh/.cpan/build/DBD-SQLite-1.35-jGnRIP/blib/arch
    /home/njh/.cpan/build/DBD-SQLite-1.35-jGnRIP/blib/lib
    /home/njh/.cpan/build/WeakRef-0.01-ay9pMK/blib/arch
    /home/njh/.cpan/build/WeakRef-0.01-ay9pMK/blib/lib
    /home/njh/.cpan/build/Config-Simple-4.58-hm56c9/blib/arch
    /home/njh/.cpan/build/Config-Simple-4.58-hm56c9/blib/lib
    /usr/local/lib/perl5/site_perl/5.15.3/i386-netbsd-thread-multi
    /usr/local/lib/perl5/site_perl/5.15.3
    /usr/local/lib/perl5/5.15.3/i386-netbsd-thread-multi
    /usr/local/lib/perl5/5.15.3
    /usr/local/lib/perl5/site_perl
    .