UniEvent v1.2.11 Perl 5 v5.22.3 amd64-freebsd-thread-multi

Status
Fail
From
Chris Williams (BINGOS)
Dist
UniEvent v1.2.11
Platform
Perl 5 v5.22.3 amd64-freebsd-thread-multi
Date
2022-06-23 12:24:25
ID
6b84d082-f2ef-11ec-8f4e-c962458f5e5b
This distribution has been tested as part of the CPAN Testers
project, supporting the Perl programming language.  See
http://wiki.cpantesters.org/ for more information or email
questions to cpan-testers-discuss@perl.org


--

Dear SYBER,

This is a computer-generated error report created automatically by
CPANPLUS, version 0.9914. Testers personal comments may appear
at the end of this report.


Thank you for uploading your work to CPAN.  However, it appears that
there were some problems testing your distribution.

TEST RESULTS:

Below is the error stack from stage 'make test':

"/usr/home/cpan/pit/thr/perl-5.22.3/bin/perl" -MExtUtils::Command::MM -e 'cp_nonempty' -- UniEvent.bs blib/arch/auto/UniEvent/UniEvent.bs 644
cd clib/build && cd ../cmake_props && make  unievent
[100%] Built target unievent
cd clib/build && make install > /dev/null 2>&1
/usr/local/bin/cmake -E copy_directory clib/build/cmake_prefix/include blib/arch/UniEvent.x/i/
Skip blib/arch/UniEvent/Streamer/IOutput.pm (unchanged)
Skip blib/arch/UniEvent/Streamer/StreamInput.pm (unchanged)
Skip blib/arch/UniEvent.x/i/xs/unievent/Request.h (unchanged)
Skip blib/arch/UniEvent/Resolver/Request.pm (unchanged)
Skip blib/arch/UniEvent/Loop.pod (unchanged)
Skip blib/arch/UniEvent/Backend/UV.pm (unchanged)
Skip blib/arch/UniEvent/Stream.pm (unchanged)
Skip blib/arch/UniEvent/Backend/UV.pod (unchanged)
Skip blib/arch/UniEvent/Signal.pod (unchanged)
Skip blib/arch/UniEvent.x/i/xs/unievent/Stream.h (unchanged)
Skip blib/arch/UniEvent.x/i/xs/unievent/Tty.h (unchanged)
Skip blib/arch/UniEvent/Error.pm (unchanged)
Skip blib/arch/UniEvent/Udp.pod (unchanged)
Skip blib/arch/UniEvent/Streamer.pm (unchanged)
Skip blib/arch/UniEvent/SystemError.pm (unchanged)
Skip blib/arch/UniEvent.pod (unchanged)
Skip blib/arch/UniEvent.x/i/xs/unievent/Fs.h (unchanged)
Skip blib/arch/UniEvent/Test/Async.pm (unchanged)
Skip blib/arch/UniEvent/Streamer/FileInput.pm (unchanged)
Skip blib/arch/UniEvent/Streamer/FileOutput.pm (unchanged)
Skip blib/arch/UniEvent/Tty.pm (unchanged)
Skip blib/arch/UniEvent.x/i/xs/unievent/Ssl.h (unchanged)
Skip blib/arch/UniEvent.x/i/xs/unievent/Prepare.h (unchanged)
Skip blib/arch/UniEvent/Idle.pm (unchanged)
Skip blib/arch/UniEvent/Check.pm (unchanged)
Skip blib/arch/UniEvent/Poll.pod (unchanged)
Skip blib/arch/UniEvent/StreamerError.pod (unchanged)
Skip blib/arch/UniEvent/Timer.pod (unchanged)
Skip blib/arch/UniEvent/Tty.pod (unchanged)
Skip blib/arch/UniEvent.x/i/xs/unievent/Listener.h (unchanged)
Skip blib/arch/UniEvent.x/i/xs/unievent/Udp.h (unchanged)
Skip blib/arch/UniEvent.pm (unchanged)
Skip blib/arch/UniEvent.x/i/xs/unievent/util.h (unchanged)
Skip blib/arch/UniEvent.x/i/xs/unievent/Resolver.h (unchanged)
Skip blib/arch/UniEvent/Pipe.pod (unchanged)
Skip blib/arch/UniEvent/FsEvent.pm (unchanged)
Skip blib/arch/UniEvent/Resolver/Request.pod (unchanged)
Skip blib/arch/UniEvent/Resolver.pod (unchanged)
Skip blib/arch/UniEvent/Handle.pod (unchanged)
Skip blib/arch/UniEvent.x/i/xs/unievent/AddrInfo.h (unchanged)
Skip blib/arch/UniEvent.x/i/xs/unievent/FsPoll.h (unchanged)
Skip blib/arch/UniEvent/Check.pod (unchanged)
Skip blib/arch/UniEvent/FsEvent.pod (unchanged)
Skip blib/arch/UniEvent/Poll.pm (unchanged)
Skip blib/arch/UniEvent/Streamer/StreamInput.pod (unchanged)
Skip blib/arch/UniEvent/Handle.pm (unchanged)
Skip blib/arch/UniEvent/FsPoll.pm (unchanged)
Skip blib/arch/UniEvent.x/info (unchanged)
Skip blib/arch/UniEvent/Resolver.pm (unchanged)
Skip blib/arch/UniEvent/Work.pm (unchanged)
Skip blib/arch/UniEvent.x/i/xs/unievent/error.h (unchanged)
Skip blib/arch/UniEvent/Streamer/IOutput.pod (unchanged)
Skip blib/arch/UE.pod (unchanged)
Skip blib/arch/UniEvent/Streamer/IInput.pod (unchanged)
Skip blib/arch/UniEvent/Backend.pod (unchanged)
Skip blib/arch/UniEvent/Streamer/StreamOutput.pm (unchanged)
Skip blib/arch/UniEvent.x/i/xs/unievent/Pipe.h (unchanged)
Skip blib/arch/UniEvent/Tcp.pod (unchanged)
Skip blib/arch/UniEvent.x/i/xs/unievent/Handle.h (unchanged)
Skip blib/arch/UE.pm (unchanged)
Skip blib/arch/UniEvent/Stream.pod (unchanged)
Skip blib/arch/UniEvent/Streamer/FileOutput.pod (unchanged)
Skip blib/arch/UniEvent.x/i/xs/unievent.h (unchanged)
Skip blib/arch/UniEvent/Request/Send.pod (unchanged)
Skip blib/arch/UniEvent/Prepare.pod (unchanged)
Skip blib/arch/UniEvent/Streamer/StreamOutput.pod (unchanged)
Skip blib/arch/UniEvent/Pipe.pm (unchanged)
Skip blib/arch/UniEvent/Streamer.pod (unchanged)
Skip blib/arch/UniEvent/Prepare.pm (unchanged)
Skip blib/arch/UniEvent/Tcp.pm (unchanged)
Skip blib/arch/UniEvent/Signal.pm (unchanged)
Skip blib/arch/UniEvent/SystemError.pod (unchanged)
Skip blib/arch/UniEvent.x/i/xs/unievent/Loop.h (unchanged)
Skip blib/arch/UniEvent/FsPoll.pod (unchanged)
Skip blib/arch/UniEvent/Fs.pod (unchanged)
Skip blib/arch/UniEvent/Request.pm (unchanged)
Skip blib/arch/UniEvent.x/i/xs/unievent/Idle.h (unchanged)
Skip blib/arch/UniEvent/Fs.pm (unchanged)
Skip blib/arch/UniEvent.x/i/xs/unievent/Streamer.h (unchanged)
Skip blib/arch/UniEvent.x/i/xs/unievent/Poll.h (unchanged)
Skip blib/arch/UniEvent/Udp.pm (unchanged)
Skip blib/arch/UniEvent/Idle.pod (unchanged)
Skip blib/arch/UniEvent/Request/Write.pod (unchanged)
Skip blib/arch/UniEvent/Streamer/Input.pod (unchanged)
Skip blib/arch/UniEvent/Error.pod (unchanged)
Skip blib/arch/UniEvent/Request/Shutdown.pod (unchanged)
Skip blib/arch/UniEvent/Request/Connect.pod (unchanged)
Skip blib/arch/UniEvent/ResolveError.pod (unchanged)
Skip blib/arch/UniEvent/Streamer/Output.pod (unchanged)
Skip blib/arch/UniEvent.x/i/xs/unievent/Signal.h (unchanged)
Skip blib/arch/UniEvent.x/i/xs/unievent/Tcp.h (unchanged)
Skip blib/arch/UniEvent.x/i/xs/unievent/Check.h (unchanged)
Skip blib/arch/UniEvent/Streamer/Input.pm (unchanged)
Skip blib/arch/UniEvent/Loop.pm (unchanged)
Skip blib/arch/UniEvent.x/i/xs/unievent/Timer.h (unchanged)
Skip blib/arch/UniEvent/Streamer/FileInput.pod (unchanged)
Skip blib/arch/UniEvent.x/i/xs/unievent/FsEvent.h (unchanged)
Skip blib/arch/UniEvent/Streamer/Output.pm (unchanged)
Skip blib/arch/UniEvent/Backend.pm (unchanged)
Skip blib/arch/UniEvent.x/i/xs/unievent/Work.h (unchanged)
Skip blib/arch/UniEvent/Timer.pm (unchanged)
Skip blib/arch/UniEvent/Streamer/IInput.pm (unchanged)
Skip blib/arch/UniEvent.x/i/xs/unievent/Backend.h (unchanged)
"/usr/home/cpan/pit/thr/perl-5.22.3/bin/perl" -Ilib -MXS::Install::ParseXS -MXS::Framework::ParseXS "/usr/home/cpan/pit/thr/perl-5.22.3/lib/site_perl/5.22.3/ExtUtils/xsubpp"  -hiertype -C++ -hiertype -C++ -typemap '/usr/home/cpan/pit/thr/perl-5.22.3/lib/5.22.3/ExtUtils/typemap' -typemap '/usr/home/cpan/pit/jail/8eR9jAoNN1/lib/perl5/XS/Install.x/tm/typemap' -typemap '/usr/home/cpan/pit/jail/8eR9jAoNN1/lib/perl5/amd64-freebsd-thread-multi/XS/Framework.x/tm/typemap64' -typemap '/usr/home/cpan/pit/jail/8eR9jAoNN1/lib/perl5/amd64-freebsd-thread-multi/XS/Framework.x/tm/typemap' -typemap '/usr/home/cpan/pit/jail/8eR9jAoNN1/lib/perl5/XS/Install.x/tm/typemap' -typemap '/usr/home/cpan/pit/jail/8eR9jAoNN1/lib/perl5/amd64-freebsd-thread-multi/XS/Framework.x/tm/typemap64' -typemap '/usr/home/cpan/pit/jail/8eR9jAoNN1/lib/perl5/amd64-freebsd-thread-multi/XS/Framework.x/tm/typemap' -csuffix _xsgen.cc  t/lib/MyTest.xs > t/lib/MyTest.xsc
mv t/lib/MyTest.xsc t/lib/MyTest_xsgen.cc
c++ -c  -Isrc -I/usr/home/cpan/pit/thr/conf/perl-5.22.3/.cpanplus/5.22.3/build/CzBD5NW0z1/UniEvent-1.2.11/clib/src -I/usr/home/cpan/pit/thr/conf/perl-5.22.3/.cpanplus/5.22.3/build/CzBD5NW0z1/UniEvent-1.2.11/clib/backend-uv/src -I/usr/home/cpan/pit/thr/conf/perl-5.22.3/.cpanplus/5.22.3/build/CzBD5NW0z1/UniEvent-1.2.11/clib/backend-uv/include -I/usr/include -I/usr/home/cpan/pit/thr/conf/perl-5.22.3/.cpanplus/5.22.3/build/CzBD5NW0z1/UniEvent-1.2.11/clib/src -I/usr/home/cpan/pit/thr/conf/perl-5.22.3/.cpanplus/5.22.3/build/CzBD5NW0z1/UniEvent-1.2.11/clib/backend-uv/src -I/usr/home/cpan/pit/thr/conf/perl-5.22.3/.cpanplus/5.22.3/build/CzBD5NW0z1/UniEvent-1.2.11/clib/backend-uv/include -I/usr/include -I/usr/home/cpan/pit/jail/8eR9jAoNN1/lib/perl5/amd64-freebsd-thread-multi/next/XS.x/i -I/usr/home/cpan/pit/jail/8eR9jAoNN1/lib/perl5/XS/Install.x/i -I/usr/home/cpan/pit/jail/8eR9jAoNN1/lib/perl5/amd64-freebsd-thread-multi/XS/libuv.x/i -I/usr/home/cpan/pit/jail/8eR9jAoNN1/lib/perl5/amd64-freebsd-thread-multi/Export/XS.x/i -I/usr/home/cpan/pit/jail/8eR9jAoNN1/lib/perl5/amd64-freebsd-thread-multi/XS/Framework.x/i -I/usr/home/cpan/pit/jail/8eR9jAoNN1/lib/perl5/amd64-freebsd-thread-multi/XS/libpanda.x/i -I/usr/home/cpan/pit/jail/8eR9jAoNN1/lib/perl5/amd64-freebsd-thread-multi/XLog.x/i -I/usr/home/cpan/pit/jail/8eR9jAoNN1/lib/perl5/amd64-freebsd-thread-multi/Net/SockAddr.x/i -I/usr/home/cpan/pit/jail/8eR9jAoNN1/lib/perl5/amd64-freebsd-thread-multi/XS/libcares.x/i -I/usr/home/cpan/pit/jail/8eR9jAoNN1/lib/perl5/amd64-freebsd-thread-multi/XS/libcatch.x/i -I/usr/include  -Wall -Wextra -std=c++14 -DHAS_FPSETMASK -DHAS_FLOATINGPOINT_H -fno-strict-aliasing -pipe -fstack-protector-strong -I/usr/local/include -o t/lib/MyTest_xsgen.o -O0    -DVERSION=\"0.0.0\"  -DXS_VERSION=\"0.0.0\" -DPIC -fPIC "-I/usr/home/cpan/pit/thr/perl-5.22.3/lib/5.22.3/amd64-freebsd-thread-multi/CORE"  -DCARES_STATICLIB -DCARES_STATICLIB t/lib/MyTest_xsgen.cc
In file included from t/lib/MyTest.xs:3:
In file included from src/xs/unievent.h:2:
In file included from src/xs/unievent/Ssl.h:2:
In file included from /usr/home/cpan/pit/jail/8eR9jAoNN1/lib/perl5/amd64-freebsd-thread-multi/XS/Framework.x/i/xs.h:13:
In file included from /usr/home/cpan/pit/jail/8eR9jAoNN1/lib/perl5/amd64-freebsd-thread-multi/XS/Framework.x/i/xs/typemap.h:5:
/usr/home/cpan/pit/jail/8eR9jAoNN1/lib/perl5/amd64-freebsd-thread-multi/XS/Framework.x/i/xs/typemap/object.h:26:26: warning: unused parameter 'my_perl' [-Wunused-parameter]
        static int func (pTHX_ SV*, MAGIC*) { return 0; }
                         ^
/usr/home/cpan/pit/thr/perl-5.22.3/lib/5.22.3/amd64-freebsd-thread-multi/CORE/perl.h:178:18: note: expanded from macro 'pTHX_'
#  define pTHX_         pTHX,
                        ^
/usr/home/cpan/pit/thr/perl-5.22.3/lib/5.22.3/amd64-freebsd-thread-multi/CORE/perl.h:165:22: note: expanded from macro 'pTHX'
#  define pTHX  tTHX my_perl PERL_UNUSED_DECL
                     ^
In file included from t/lib/MyTest.xs:3:
In file included from src/xs/unievent.h:2:
In file included from src/xs/unievent/Ssl.h:2:
In file included from /usr/home/cpan/pit/jail/8eR9jAoNN1/lib/perl5/amd64-freebsd-thread-multi/XS/Framework.x/i/xs.h:13:
In file included from /usr/home/cpan/pit/jail/8eR9jAoNN1/lib/perl5/amd64-freebsd-thread-multi/XS/Framework.x/i/xs/typemap.h:5:
/usr/home/cpan/pit/jail/8eR9jAoNN1/lib/perl5/amd64-freebsd-thread-multi/XS/Framework.x/i/xs/typemap/object.h:199:26: warning: unused parameter 'my_perl' [-Wunused-parameter]
    static int _on_free (pTHX_ SV* sv, MAGIC* mg) {return throw_guard(Sub(), [=]() -> int {
                         ^
/usr/home/cpan/pit/thr/perl-5.22.3/lib/5.22.3/amd64-freebsd-thread-multi/CORE/perl.h:178:18: note: expanded from macro 'pTHX_'
#  define pTHX_         pTHX,
                        ^
/usr/home/cpan/pit/thr/perl-5.22.3/lib/5.22.3/amd64-freebsd-thread-multi/CORE/perl.h:165:22: note: expanded from macro 'pTHX'
#  define pTHX  tTHX my_perl PERL_UNUSED_DECL
                     ^
In file included from t/lib/MyTest.xs:3:
In file included from src/xs/unievent.h:2:
In file included from src/xs/unievent/Ssl.h:2:
In file included from /usr/home/cpan/pit/jail/8eR9jAoNN1/lib/perl5/amd64-freebsd-thread-multi/XS/Framework.x/i/xs.h:13:
In file included from /usr/home/cpan/pit/jail/8eR9jAoNN1/lib/perl5/amd64-freebsd-thread-multi/XS/Framework.x/i/xs/typemap.h:5:
/usr/home/cpan/pit/jail/8eR9jAoNN1/lib/perl5/amd64-freebsd-thread-multi/XS/Framework.x/i/xs/typemap/object.h:208:27: warning: unused parameter 'my_perl' [-Wunused-parameter]
    static int _on_svdup (pTHX_ MAGIC* mg, CLONE_PARAMS*) { return throw_guard(Sub(), [=]() -> int {
                          ^
/usr/home/cpan/pit/thr/perl-5.22.3/lib/5.22.3/amd64-freebsd-thread-multi/CORE/perl.h:178:18: note: expanded from macro 'pTHX_'
#  define pTHX_         pTHX,
                        ^
/usr/home/cpan/pit/thr/perl-5.22.3/lib/5.22.3/amd64-freebsd-thread-multi/CORE/perl.h:165:22: note: expanded from macro 'pTHX'
#  define pTHX  tTHX my_perl PERL_UNUSED_DECL
                     ^
t/lib/MyTest_xsgen.cc:548:1: warning: duplicate 'extern' declaration specifier [-Wduplicate-decl-specifier]
XS_EXTERNAL(boot_MyTest) { xs::throw_guard(cv, [=]() mutable
^
/usr/home/cpan/pit/thr/perl-5.22.3/lib/5.22.3/amd64-freebsd-thread-multi/CORE/XSUB.h:145:33: note: expanded from macro 'XS_EXTERNAL'
#      define XS_EXTERNAL(name) extern "C" XSPROTO(name)
                                ^
4 warnings generated.
Running Mkbootstrap for MyTest ()
chmod 644 "MyTest.bs"
"/usr/home/cpan/pit/thr/perl-5.22.3/bin/perl" -MExtUtils::Command::MM -e 'cp_nonempty' -- MyTest.bs blib/arch/auto/MyTest/MyTest.bs 644
cd clib/build && cd ../cmake_props && make  unievent-tests
[ 55%] Built target unievent
[ 57%] Building CXX object ../build/CMakeFiles/unievent-tests.dir/tests/async.cc.o
[ 57%] Building CXX object ../build/CMakeFiles/unievent-tests.dir/tests/async_test.cc.o
[ 59%] Building CXX object ../build/CMakeFiles/unievent-tests.dir/tests/backend.cc.o
[ 61%] Building CXX object ../build/CMakeFiles/unievent-tests.dir/tests/bench.cc.o
[ 62%] Building CXX object ../build/CMakeFiles/unievent-tests.dir/tests/check.cc.o
[ 64%] Building CXX object ../build/CMakeFiles/unievent-tests.dir/tests/fs.cc.o
[ 66%] Building CXX object ../build/CMakeFiles/unievent-tests.dir/tests/handle.cc.o
[ 68%] Building CXX object ../build/CMakeFiles/unievent-tests.dir/tests/idle.cc.o
[ 70%] Building CXX object ../build/CMakeFiles/unievent-tests.dir/tests/lib/test.cc.o
[ 72%] Building CXX object ../build/CMakeFiles/unievent-tests.dir/tests/loop.cc.o
[ 74%] Building CXX object ../build/CMakeFiles/unievent-tests.dir/tests/pipe.cc.o
[ 75%] Building CXX object ../build/CMakeFiles/unievent-tests.dir/tests/prepare.cc.o
[ 77%] Building CXX object ../build/CMakeFiles/unievent-tests.dir/tests/regression.cc.o
[ 77%] Building CXX object ../build/CMakeFiles/unievent-tests.dir/tests/resolver.cc.o
[ 79%] Building CXX object ../build/CMakeFiles/unievent-tests.dir/tests/stream/establish.cc.o
[ 81%] Building CXX object ../build/CMakeFiles/unievent-tests.dir/tests/stream/write.cc.o
[ 83%] Building CXX object ../build/CMakeFiles/unievent-tests.dir/tests/streamer/basic.cc.o
[ 85%] Building CXX object ../build/CMakeFiles/unievent-tests.dir/tests/streamer/file.cc.o
[ 87%] Building CXX object ../build/CMakeFiles/unievent-tests.dir/tests/streamer/stream.cc.o
[ 88%] Building CXX object ../build/CMakeFiles/unievent-tests.dir/tests/tcp/base.cc.o
[ 90%] Building CXX object ../build/CMakeFiles/unievent-tests.dir/tests/tcp/connect.cc.o
[ 92%] Building CXX object ../build/CMakeFiles/unievent-tests.dir/tests/tcp/ssl.cc.o
[ 94%] Building CXX object ../build/CMakeFiles/unievent-tests.dir/tests/timer.cc.o
[ 96%] Building CXX object ../build/CMakeFiles/unievent-tests.dir/tests/util.cc.o
[ 98%] Building CXX object ../build/CMakeFiles/unievent-tests.dir/tests/work.cc.o
[100%] Linking CXX static library libunievent-tests.a
[100%] Built target unievent-tests
rm -f blib/arch/auto/MyTest/MyTest.so
c++  -shared  -L/usr/local/lib -fstack-protector-strong  t/lib/MyTest_xsgen.o blib/arch/auto/UniEvent/UniEvent.so -Wl,--whole-archive clib/build/libunievent-tests.a  -Wl,--no-whole-archive -lpthread -lexecinfo -lunwind /usr/lib/libssl.so /usr/lib/libcrypto.so -o blib/arch/auto/MyTest/MyTest.so        
chmod 755 blib/arch/auto/MyTest/MyTest.so
cd clib/build && make install > /dev/null 2>&1
Skip blib/arch/UniEvent/SystemError.pm (unchanged)
Skip blib/arch/UniEvent/Streamer/FileInput.pm (unchanged)
Skip blib/arch/UniEvent/Streamer/IOutput.pod (unchanged)
Skip blib/arch/UniEvent.pm (unchanged)
Skip blib/arch/UniEvent/Backend/UV.pod (unchanged)
Skip blib/arch/UE.pod (unchanged)
Skip blib/arch/UniEvent.pod (unchanged)
Skip blib/arch/UniEvent/Backend/UV.pm (unchanged)
Skip blib/arch/UE.pm (unchanged)
Skip blib/arch/UniEvent/StreamerError.pod (unchanged)
Skip blib/arch/UniEvent/Streamer/Output.pm (unchanged)
Skip blib/arch/UniEvent/Streamer.pod (unchanged)
Skip blib/arch/UniEvent/Streamer/IInput.pm (unchanged)
Skip blib/arch/UniEvent/Poll.pod (unchanged)
Skip blib/arch/UniEvent/Tcp.pod (unchanged)
Skip blib/arch/UniEvent/Work.pm (unchanged)
Skip blib/arch/UniEvent/Idle.pm (unchanged)
Skip blib/arch/UniEvent/Prepare.pod (unchanged)
Skip blib/arch/UniEvent/Error.pod (unchanged)
Skip blib/arch/UniEvent/Streamer/StreamOutput.pod (unchanged)
Skip blib/arch/UniEvent/Handle.pod (unchanged)
Skip blib/arch/UniEvent/Streamer/IOutput.pm (unchanged)
Skip blib/arch/UniEvent/Pipe.pm (unchanged)
Skip blib/arch/UniEvent/Resolver.pm (unchanged)
Skip blib/arch/UniEvent/Backend.pm (unchanged)
Skip blib/arch/UniEvent/Loop.pm (unchanged)
Skip blib/arch/UniEvent/Check.pod (unchanged)
Skip blib/arch/UniEvent/FsPoll.pm (unchanged)
Skip blib/arch/UniEvent/Request/Send.pod (unchanged)
Skip blib/arch/UniEvent/Streamer/Output.pod (unchanged)
Skip blib/arch/UniEvent/Streamer/FileInput.pod (unchanged)
Skip blib/arch/UniEvent/Streamer/StreamInput.pm (unchanged)
Skip blib/arch/UniEvent/Resolver/Request.pod (unchanged)
Skip blib/arch/UniEvent/Timer.pm (unchanged)
Skip blib/arch/UniEvent/Udp.pm (unchanged)
Skip blib/arch/UniEvent/Pipe.pod (unchanged)
Skip blib/arch/UniEvent/Poll.pm (unchanged)
Skip blib/arch/UniEvent/FsEvent.pod (unchanged)
Skip blib/arch/UniEvent/Loop.pod (unchanged)
Skip blib/arch/UniEvent/Request/Write.pod (unchanged)
Skip blib/arch/UniEvent/Backend.pod (unchanged)
Skip blib/arch/UniEvent/Streamer/FileOutput.pm (unchanged)
Skip blib/arch/UniEvent/Streamer/IInput.pod (unchanged)
Skip blib/arch/UniEvent/ResolveError.pod (unchanged)
Skip blib/arch/UniEvent/Signal.pm (unchanged)
Skip blib/arch/UniEvent/Request/Shutdown.pod (unchanged)
Skip blib/arch/UniEvent/Check.pm (unchanged)
Skip blib/arch/UniEvent/Streamer/StreamOutput.pm (unchanged)
Skip blib/arch/UniEvent/Udp.pod (unchanged)
Skip blib/arch/UniEvent/Fs.pod (unchanged)
Skip blib/arch/UniEvent/Error.pm (unchanged)
Skip blib/arch/UniEvent/Resolver/Request.pm (unchanged)
Skip blib/arch/UniEvent/Streamer.pm (unchanged)
Skip blib/arch/UniEvent/Fs.pm (unchanged)
Skip blib/arch/UniEvent/Idle.pod (unchanged)
Skip blib/arch/UniEvent/FsEvent.pm (unchanged)
Skip blib/arch/UniEvent/Request/Connect.pod (unchanged)
Skip blib/arch/UniEvent/Resolver.pod (unchanged)
Skip blib/arch/UniEvent/Prepare.pm (unchanged)
Skip blib/arch/UniEvent/Signal.pod (unchanged)
Skip blib/arch/UniEvent/Streamer/FileOutput.pod (unchanged)
Skip blib/arch/UniEvent/Streamer/StreamInput.pod (unchanged)
Skip blib/arch/UniEvent/Tty.pm (unchanged)
Skip blib/arch/UniEvent/Streamer/Input.pod (unchanged)
Skip blib/arch/UniEvent/Request.pm (unchanged)
Skip blib/arch/UniEvent/Tty.pod (unchanged)
Skip blib/arch/UniEvent/Streamer/Input.pm (unchanged)
Skip blib/arch/UniEvent/Timer.pod (unchanged)
Skip blib/arch/UniEvent/Test/Async.pm (unchanged)
Skip blib/arch/UniEvent/FsPoll.pod (unchanged)
Skip blib/arch/UniEvent/Tcp.pm (unchanged)
Skip blib/arch/UniEvent/Stream.pm (unchanged)
Skip blib/arch/UniEvent/Handle.pm (unchanged)
Skip blib/arch/UniEvent/Stream.pod (unchanged)
Skip blib/arch/UniEvent/SystemError.pod (unchanged)
Manifying 39 pod documents
PERL_DL_NONLAZY=1 "/usr/home/cpan/pit/thr/perl-5.22.3/bin/perl" "-MExtUtils::Command::MM" "-MTest::Harness" "-e" "undef *Test::Harness::Switches; test_harness(0, 'blib/lib', 'blib/arch')" t/*.t t/*/*.t
t/async.t ............. ok
t/async_test.t ........ ok
t/backend.t ........... ok
t/backend_pp.t ........ ok
t/check.t ............. ok
t/error.t ............. ok
t/fs.t ................ ok
t/fs_event.t .......... skipped: FsEvent support on current system is limited so no tests will run
t/fs_poll.t ........... ok
t/handle.t ............ ok
t/idle.t .............. ok
t/listener.t .......... ok
t/loop.t .............. ok
t/misc.t .............. ok
t/pipe/pair.t ......... ok
t/pipe/pipe.t ......... ok
t/poll.t .............. ok
t/prepare.t ........... ok
    not ok 1 - explicitly with 1 message:
#   timeout # at /usr/home/cpan/pit/thr/conf/perl-5.22.3/.cpanplus/5.22.3/build/CzBD5NW0z1/UniEvent-1.2.11/clib/tests/regression.cc:118
    # Failed test in section [regression: MEIACORE-1839 signal remove] at /usr/home/cpan/pit/thr/conf/perl-5.22.3/.cpanplus/5.22.3/build/CzBD5NW0z1/UniEvent-1.2.11/clib/tests/regression.cc:118
    # Looks like you failed 1 test of 1 at [regression: MEIACORE-1839 signal remove].
# Looks like you failed 1 test of 4.
t/regression.t ........ 
Dubious, test returned 1 (wstat 256, 0x100)
Failed 1/4 subtests 
t/resolver.t .......... ok
t/signal.t ............ ok
t/stream/establish.t .. ok
t/stream/write.t ...... ok
t/streamer/basic.t .... ok
t/streamer/file.t ..... ok
t/streamer/stream.t ... ok
t/tcp/base.t .......... ok
t/tcp/connect.t ....... ok
t/tcp/double-free.t ... ok
t/tcp/fork.t .......... ok
t/tcp/open.t .......... ok
t/tcp/pair.t .......... ok
t/tcp/ssl.t ........... ok
t/tcp/tcp.t ........... ok
t/timer.t ............. ok
t/tty.t ............... skipped: Need interactive stdin, stderr
t/udp/simple.t ........ ok
t/udp/udp.t ........... ok
t/util.t .............. ok
t/work.t .............. ok

Test Summary Report
-------------------
t/regression.t      (Wstat: 256 (exited 1) Tests: 4 Failed: 1)
  Failed test:  4
  Non-zero exit status: 1
Files=40, Tests=298, 31 wallclock secs ( 0.61 usr  0.30 sys + 13.83 cusr  5.23 csys = 19.96 CPU)
Result: FAIL
Failed 1/40 test programs. 1/298 subtests failed.
*** Error code 255

Stop.
make: stopped in /usr/home/cpan/pit/thr/conf/perl-5.22.3/.cpanplus/5.22.3/build/CzBD5NW0z1/UniEvent-1.2.11


PREREQUISITES:

Here is a list of prerequisites you specified and versions we
managed to load:

	  Module Name                        Have     Want
	  Export::XS                        3.0.6   v3.0.6
	  Net::SSLeay                        1.92        0
	  Net::SockAddr                     1.1.3   v1.1.3
	  Test::Catch                       2.0.0   v2.0.0
	  Test::Deep                        1.130        0
	  Test::Exception                    0.43        0
	  Test::More                     1.302190        0
	  Test::Simple                   1.302190     0.96
	  XLog                              1.1.3   v1.1.3
	  XS::Framework                     1.5.3   v1.5.3
	  XS::Install                       1.3.5   v1.3.5
	  XS::libcares                   1.17.1.2 v1.17.1.2
	  XS::libcatch                    3.0.0.4 v3.0.0.4
	  XS::libpanda                      1.5.8   v1.5.8
	  XS::libuv                      1.41.0.0 v1.41.0.0
	  next::XS                          1.0.7   v1.0.7

Perl module toolchain versions installed:
	Module Name                        Have
	CPANPLUS                         0.9914
	CPANPLUS::Dist::Build              0.90
	Cwd                                3.75
	ExtUtils::CBuilder             0.280236
	ExtUtils::Command                  7.64
	ExtUtils::Install                  2.20
	ExtUtils::MakeMaker                7.64
	ExtUtils::Manifest                 1.73
	ExtUtils::ParseXS                  3.44
	File::Spec                         3.75
	Module::Build                    0.4231
	Pod::Parser                        1.63
	Pod::Simple                        3.29
	Test2                          1.302190
	Test::Harness                      3.44
	Test::More                     1.302190
	version                          0.9929

******************************** NOTE ********************************
The comments above are created mechanically, possibly without manual
checking by the sender.  As there are many people performing automatic
tests on each upload to CPAN, it is likely that you will receive
identical messages about the same problem.

If you believe that the message is mistaken, please reply to the first
one with correction and/or additional informations, and do not take
it personally.  We appreciate your patience. :)
**********************************************************************

Additional comments:


This report was machine-generated by CPANPLUS::Dist::YACSmoke 1.08.
Powered by minismokebox version 0.68

CPANPLUS is prefering Build.PL

------------------------------
ENVIRONMENT AND OTHER CONTEXT
------------------------------

Environment variables:

    AUTOMATED_TESTING = 1
    NONINTERACTIVE_TESTING = 1
    PATH = /sbin:/bin:/usr/sbin:/usr/bin:/usr/local/sbin:/usr/local/bin:/home/cpan/bin
    PERL5LIB = /usr/home/cpan/pit/jail/8eR9jAoNN1/lib/perl5:/usr/home/cpan/pit/thr/conf/perl-5.22.3/.cpanplus/5.22.3/build/CzBD5NW0z1/UniEvent-1.2.11/blib/lib:/usr/home/cpan/pit/thr/conf/perl-5.22.3/.cpanplus/5.22.3/build/CzBD5NW0z1/UniEvent-1.2.11/blib/arch
    PERL5_CPANPLUS_IS_RUNNING = 74976
    PERL5_CPANPLUS_IS_VERSION = 0.9914
    PERL5_MINISMOKEBOX = 0.68
    PERL5_YACSMOKE_BASE = /usr/home/cpan/pit/thr/conf/perl-5.22.3
    PERL_EXTUTILS_AUTOINSTALL = --defaultdeps
    PERL_LOCAL_LIB_ROOT = /usr/home/cpan/pit/jail/8eR9jAoNN1
    PERL_MB_OPT = --install_base "/usr/home/cpan/pit/jail/8eR9jAoNN1"
    PERL_MM_OPT = INSTALL_BASE=/usr/home/cpan/pit/jail/8eR9jAoNN1
    PERL_MM_USE_DEFAULT = 1
    SHELL = /usr/local/bin/bash
    TERM = screen

Perl special variables (and OS-specific diagnostics, for MSWin32):

    Perl: $^X = /usr/home/cpan/pit/thr/perl-5.22.3/bin/perl
    UID:  $<  = 1002
    EUID: $>  = 1002
    GID:  $(  = 1002 1002
    EGID: $)  = 1002 1002


-------------------------------


--

Summary of my perl5 (revision 5 version 22 subversion 3) configuration:
   
  Platform:
    osname=freebsd, osvers=12.3-release, archname=amd64-freebsd-thread-multi
    uname='freebsd fforc 12.3-release freebsd 12.3-release r371126 generic amd64 '
    config_args='-des -Dprefix=/usr/home/cpan/pit/thr/perl-5.22.3 -Dusethreads'
    hint=recommended, useposix=true, d_sigaction=define
    useithreads=define, usemultiplicity=define
    use64bitint=define, use64bitall=define, uselongdouble=undef
    usemymalloc=n, bincompat5005=undef
  Compiler:
    cc='cc', ccflags ='-DHAS_FPSETMASK -DHAS_FLOATINGPOINT_H -fno-strict-aliasing -pipe -fstack-protector-strong -I/usr/local/include',
    optimize='-O2',
    cppflags='-DHAS_FPSETMASK -DHAS_FLOATINGPOINT_H -fno-strict-aliasing -pipe -fstack-protector-strong -I/usr/local/include'
    ccversion='', gccversion='FreeBSD Clang 10.0.1 (git@github.com:llvm/llvm-project.git llvmorg-10.0.1-0-gef32c611aa2)', gccosandvers=''
    intsize=4, longsize=8, ptrsize=8, doublesize=8, byteorder=12345678, doublekind=3
    d_longlong=define, longlongsize=8, d_longdbl=define, longdblsize=16, longdblkind=3
    ivtype='long', ivsize=8, nvtype='double', nvsize=8, Off_t='off_t', lseeksize=8
    alignbytes=8, prototype=define
  Linker and Libraries:
    ld='cc', ldflags ='-pthread -Wl,-E  -fstack-protector-strong -L/usr/local/lib'
    libpth=/usr/lib /usr/local/lib /usr/lib/clang/10.0.1/lib /usr/lib
    libs=-lpthread -lgdbm -ldl -lm -lcrypt -lutil
    perllibs=-lpthread -ldl -lm -lcrypt -lutil
    libc=, so=so, useshrplib=false, libperl=libperl.a
    gnulibc_version=''
  Dynamic Linking:
    dlsrc=dl_dlopen.xs, dlext=so, d_dlsymun=undef, ccdlflags=' '
    cccdlflags='-DPIC -fPIC', lddlflags='-shared  -L/usr/local/lib -fstack-protector-strong'


Characteristics of this binary (from libperl): 
  Compile-time options: HAS_TIMES MULTIPLICITY PERLIO_LAYERS
                        PERL_DONT_CREATE_GVSV
                        PERL_HASH_FUNC_ONE_AT_A_TIME_HARD
                        PERL_IMPLICIT_CONTEXT PERL_MALLOC_WRAP
                        PERL_NEW_COPY_ON_WRITE PERL_PRESERVE_IVUV
                        USE_64_BIT_ALL USE_64_BIT_INT USE_ITHREADS
                        USE_LARGE_FILES USE_LOCALE USE_LOCALE_COLLATE
                        USE_LOCALE_CTYPE USE_LOCALE_NUMERIC USE_LOCALE_TIME
                        USE_PERLIO USE_PERL_ATOF USE_REENTRANT_API
  Locally applied patches:
	Devel::PatchPerl 2.08
  Built under freebsd
  Compiled at Dec  9 2021 10:58:50
  %ENV:
    PERL5LIB="/usr/home/cpan/pit/jail/8eR9jAoNN1/lib/perl5:/usr/home/cpan/pit/thr/conf/perl-5.22.3/.cpanplus/5.22.3/build/CzBD5NW0z1/UniEvent-1.2.11/blib/lib:/usr/home/cpan/pit/thr/conf/perl-5.22.3/.cpanplus/5.22.3/build/CzBD5NW0z1/UniEvent-1.2.11/blib/arch"
    PERL5_CPANPLUS_IS_RUNNING="74976"
    PERL5_CPANPLUS_IS_VERSION="0.9914"
    PERL5_MINISMOKEBOX="0.68"
    PERL5_YACSMOKE_BASE="/usr/home/cpan/pit/thr/conf/perl-5.22.3"
    PERL_EXTUTILS_AUTOINSTALL="--defaultdeps"
    PERL_LOCAL_LIB_ROOT="/usr/home/cpan/pit/jail/8eR9jAoNN1"
    PERL_MB_OPT="--install_base "/usr/home/cpan/pit/jail/8eR9jAoNN1""
    PERL_MM_OPT="INSTALL_BASE=/usr/home/cpan/pit/jail/8eR9jAoNN1"
    PERL_MM_USE_DEFAULT="1"
  @INC:
    /usr/home/cpan/pit/jail/8eR9jAoNN1/lib/perl5/5.22.3/amd64-freebsd-thread-multi
    /usr/home/cpan/pit/jail/8eR9jAoNN1/lib/perl5/5.22.3
    /usr/home/cpan/pit/jail/8eR9jAoNN1/lib/perl5/amd64-freebsd-thread-multi
    /usr/home/cpan/pit/jail/8eR9jAoNN1/lib/perl5
    /usr/home/cpan/pit/thr/conf/perl-5.22.3/.cpanplus/5.22.3/build/CzBD5NW0z1/UniEvent-1.2.11/blib/lib
    /usr/home/cpan/pit/thr/conf/perl-5.22.3/.cpanplus/5.22.3/build/CzBD5NW0z1/UniEvent-1.2.11/blib/arch
    /usr/home/cpan/pit/thr/perl-5.22.3/lib/site_perl/5.22.3/amd64-freebsd-thread-multi
    /usr/home/cpan/pit/thr/perl-5.22.3/lib/site_perl/5.22.3
    /usr/home/cpan/pit/thr/perl-5.22.3/lib/5.22.3/amd64-freebsd-thread-multi
    /usr/home/cpan/pit/thr/perl-5.22.3/lib/5.22.3
    .