Back
From: metabase:user:313dc9fe-2aae-11df-837a-5e0a49663a4f
Subject: FAIL Net-RabbitMQ-0.1.9 v5.12.3 GNU/Linux
Date: 2011-04-12T14:02:02Z
This distribution has been tested as part of the CPAN Testers
project, supporting the Perl programming language. See
http://wiki.cpantesters.org/ for more information or email
questions to cpan-testers-discuss@perl.org
--
Dear Theo Schlossnagle,
This is a computer-generated report for Net-RabbitMQ-0.1.9
on perl 5.12.3, created by CPAN-Reporter-1.1902.
Thank you for uploading your work to CPAN. However, there was a problem
testing your distribution.
If you think this report is invalid, please consult the CPAN Testers Wiki
for suggestions on how to avoid getting FAIL reports for missing library
or binary dependencies, unsupported operating systems, and so on:
http://wiki.cpantesters.org/wiki/CPANAuthorNotes
Sections of this report:
* Tester comments
* Program output
* Prerequisites
* Environment and other context
------------------------------
TESTER COMMENTS
------------------------------
Additional comments from tester:
this report is from an automated smoke testing program
and was not reviewed by a human for accuracy
------------------------------
PROGRAM OUTPUT
------------------------------
Output from '/usr/bin/make test':
PERL_DL_NONLAZY=1 /home/perl5123/perl5123/perl "-MExtUtils::Command::MM" "-e" "test_harness(0, 'blib/lib', 'blib/arch')" t/*.t
t/001_declare_exchange.t .. ok
t/002_publish.t ........... ok
# Failed test 'recv'
# at t/003_consume.t line 21.
# got: 'Bad frame read. at t/003_consume.t line 20.
# '
# expected: ''
Use of uninitialized value in substitution (s///) at t/003_consume.t line 22.
# Failed test 'payload'
# at t/003_consume.t line 23.
# Structures begin differing at:
# $got->{body} = Does not exist
# $expected->{body} = 'Magic Payload'
t/003_consume.t ...........
Failed 2/7 subtests
t/004_selfconsume.t ....... ok
t/005_noack.t ............. ok
t/006_txn.t ............... ok
# Failed test 'get'
# at t/007_get.t line 64.
# got: 'basic_get: server channel error 406, message: PRECONDITION_FAILED - user_id property set to 'yoda' but authenticated user was 'guest' at t/007_get.t line 63.
# '
# expected: ''
# Failed test 'get should see message'
# at t/007_get.t line 67.
# Structures begin differing at:
# $got->{body} = 'Magic Transient Payload'
# $expected->{body} = 'Magic Transient Payload 2'
# Looks like you failed 2 tests of 13.
t/007_get.t ...............
Dubious, test returned 2 (wstat 512, 0x200)
Failed 2/13 subtests
t/008_queue_declare.t ..... ok
t/009_no_route.t .......... ok
t/010_qos.t ............... ok
Test Summary Report
-------------------
t/003_consume.t (Wstat: 13 Tests: 7 Failed: 2)
Failed tests: 6-7
Non-zero wait status: 13
t/007_get.t (Wstat: 512 Tests: 13 Failed: 2)
Failed tests: 12-13
Non-zero exit status: 2
Files=10, Tests=93, 620 wallclock secs ( 0.09 usr 0.01 sys + 0.42 cusr 0.07 csys = 0.59 CPU)
Result: FAIL
Failed 2/10 test programs. 4/93 subtests failed.
make: *** [test_dynamic] Error 255
------------------------------
PREREQUISITES
------------------------------
Prerequisite modules loaded:
configure_requires:
Module Need Have
------------------- ---- ----
ExtUtils::MakeMaker 0 6.56
------------------------------
ENVIRONMENT AND OTHER CONTEXT
------------------------------
Environment variables:
AUTOMATED_TESTING = 1
LANG = en_US.UTF-8
PATH = /usr/local/sbin:/usr/local/bin:/usr/sbin:/usr/bin:/sbin:/bin:/usr/games
PERL5LIB =
PERL5OPT =
PERL5_CPANPLUS_IS_RUNNING = 9003
PERL5_CPAN_IS_RUNNING = 9003
PERL5_CPAN_IS_RUNNING_IN_RECURSION = 23029,9003
PERL_CR_SMOKER_CURRENT = Net-RabbitMQ-0.1.9
PERL_EXTUTILS_AUTOINSTALL = --defaultdeps
PERL_MM_USE_DEFAULT = 1
SHELL = /bin/bash
TERM = xterm
Perl special variables (and OS-specific diagnostics, for MSWin32):
$^X = /home/perl5123/perl5123/perl
$UID/$EUID = 1002 / 1002
$GID = 1002 1002
$EGID = 1002 1002
Perl module toolchain versions installed:
Module Have
------------------- --------
CPAN 1.94_56
Cwd 3.31
ExtUtils::CBuilder 0.280202
ExtUtils::Command 1.16
ExtUtils::Install 1.55
ExtUtils::MakeMaker 6.56
ExtUtils::Manifest 1.57
ExtUtils::ParseXS 2.21
File::Spec 3.31_01
Module::Build 0.3800
Module::Signature n/a
Test::Harness 3.17
Test::More 0.98
YAML 0.72
YAML::Syck 1.17
version 0.88
--
Summary of my perl5 (revision 5 version 12 subversion 3) configuration:
Platform:
osname=linux, osvers=2.6.35-27-generic, archname=i686-linux-thread-multi-64int-ld
uname='linux st47-laptop 2.6.35-27-generic #47-ubuntu smp fri feb 11 21:01:29 utc 2011 i686 gnulinux '
config_args=''
hint=recommended, useposix=true, d_sigaction=define
useithreads=define, usemultiplicity=define
useperlio=define, d_sfio=undef, uselargefiles=define, usesocks=undef
use64bitint=define, use64bitall=undef, uselongdouble=define
usemymalloc=n, bincompat5005=undef
Compiler:
cc='cc', ccflags ='-D_REENTRANT -D_GNU_SOURCE -fno-strict-aliasing -pipe -fstack-protector -I/usr/local/include -D_LARGEFILE_SOURCE -D_FILE_OFFSET_BITS=64',
optimize='-O2',
cppflags='-D_REENTRANT -D_GNU_SOURCE -fno-strict-aliasing -pipe -fstack-protector -I/usr/local/include'
ccversion='', gccversion='4.4.5', gccosandvers=''
intsize=4, longsize=4, ptrsize=4, doublesize=8, byteorder=12345678
d_longlong=define, longlongsize=8, d_longdbl=define, longdblsize=12
ivtype='long long', ivsize=8, nvtype='long double', nvsize=12, Off_t='off_t', lseeksize=8
alignbytes=4, prototype=define
Linker and Libraries:
ld='cc', ldflags =' -fstack-protector -L/usr/local/lib'
libpth=/usr/local/lib /lib /usr/lib /usr/lib64
libs=-lnsl -ldl -lm -lcrypt -lutil -lpthread -lc
perllibs=-lnsl -ldl -lm -lcrypt -lutil -lpthread -lc
libc=/lib/libc-2.12.1.so, so=so, useshrplib=false, libperl=libperl.a
gnulibc_version='2.12.1'
Dynamic Linking:
dlsrc=dl_dlopen.xs, dlext=so, d_dlsymun=undef, ccdlflags='-Wl,-E'
cccdlflags='-fPIC', lddlflags='-shared -O2 -L/usr/local/lib -fstack-protector'
Characteristics of this binary (from libperl):
Compile-time options: MULTIPLICITY PERL_DONT_CREATE_GVSV
PERL_IMPLICIT_CONTEXT PERL_MALLOC_WRAP USE_64_BIT_INT
USE_ITHREADS USE_LARGE_FILES USE_LONG_DOUBLE
USE_PERLIO USE_PERL_ATOF USE_REENTRANT_API
Built under linux
Compiled at Apr 6 2011 11:41:28
%ENV:
PERL5LIB=""
PERL5OPT=""
PERL5_CPANPLUS_IS_RUNNING="9003"
PERL5_CPAN_IS_RUNNING="9003"
PERL5_CPAN_IS_RUNNING_IN_RECURSION="23029,9003"
PERL_CR_SMOKER_CURRENT="Net-RabbitMQ-0.1.9"
PERL_EXTUTILS_AUTOINSTALL="--defaultdeps"
PERL_MM_USE_DEFAULT="1"
@INC:
/home/perl5123/perl5123/lib/site_perl/5.12.3/i686-linux-thread-multi-64int-ld
/home/perl5123/perl5123/lib/site_perl/5.12.3
/home/perl5123/perl5123/lib/5.12.3/i686-linux-thread-multi-64int-ld
/home/perl5123/perl5123/lib/5.12.3
.