Report for Tkx-1.09

Back
From: metabase:user:e3434da8-b236-11df-85ca-0247c6d74bde
Subject: NA Tkx-1.09 v5.13.7 GNU/Linux
Date: 2010-11-25T16:17:15Z

This distribution has been tested as part of the CPAN Testers
project, supporting the Perl programming language.  See
http://wiki.cpantesters.org/ for more information or email
questions to cpan-testers-discuss@perl.org


--
Dear Gisle Aas,

This is a computer-generated report for Tkx-1.09
on perl 5.13.7, created by CPAN-Reporter-1.1803.

Thank you for uploading your work to CPAN.  While attempting to build or test
this distribution, the distribution signaled that support is not available
either for this operating system or this version of Perl.  Nevertheless, any
diagnostic output produced is provided below for reference.  If this is not
what you expect, you may wish to consult the CPAN Testers Wiki:

http://wiki.cpantesters.org/wiki/CPANAuthorNotes

Sections of this report:

    * Tester comments
    * Program output
    * Prerequisites
    * Environment and other context

------------------------------
TESTER COMMENTS
------------------------------

Additional comments from tester:

this report is from an automated smoke testing program
and was not reviewed by a human for accuracy

------------------------------
PROGRAM OUTPUT
------------------------------

Output from '/usr/bin/make test':

PERL_DL_NONLAZY=1 /home/tester/perltest/perl-5.13.7/bin/perl "-MExtUtils::Command::MM" "-e" "test_harness(0, 'blib/lib', 'blib/arch')" t/*.t
no display name and no $DISPLAY environment variable at t/LabEntry.t line 8.
Compilation failed in require at t/LabEntry.t line 8.
BEGIN failed--compilation aborted at t/LabEntry.t line 8.
t/LabEntry.t ...... 
Dubious, test returned 2 (wstat 512, 0x200)
No subtests run 
no display name and no $DISPLAY environment variable at t/mega-config.t line 8.
Compilation failed in require at t/mega-config.t line 8.
BEGIN failed--compilation aborted at t/mega-config.t line 8.
t/mega-config.t ... 
Dubious, test returned 2 (wstat 512, 0x200)
No subtests run 
no display name and no $DISPLAY environment variable at t/mega.t line 8.
Compilation failed in require at t/mega.t line 8.
BEGIN failed--compilation aborted at t/mega.t line 8.
t/mega.t .......... 
Dubious, test returned 2 (wstat 512, 0x200)
No subtests run 
no display name and no $DISPLAY environment variable at t/nul-char.t line 15.
Compilation failed in require at t/nul-char.t line 15.
BEGIN failed--compilation aborted at t/nul-char.t line 15.
t/nul-char.t ...... 
Dubious, test returned 2 (wstat 512, 0x200)
No subtests run 
no display name and no $DISPLAY environment variable at t/tcl-callback.t line 8.
Compilation failed in require at t/tcl-callback.t line 8.
BEGIN failed--compilation aborted at t/tcl-callback.t line 8.
t/tcl-callback.t .. 
Dubious, test returned 2 (wstat 512, 0x200)
No subtests run 
no display name and no $DISPLAY environment variable at t/tcl.t line 8.
Compilation failed in require at t/tcl.t line 8.
BEGIN failed--compilation aborted at t/tcl.t line 8.
t/tcl.t ........... 
Dubious, test returned 2 (wstat 512, 0x200)
No subtests run 
no display name and no $DISPLAY environment variable at t/tk.t line 8.
Compilation failed in require at t/tk.t line 8.
BEGIN failed--compilation aborted at t/tk.t line 8.
t/tk.t ............ 
Dubious, test returned 2 (wstat 512, 0x200)
No subtests run 
no display name and no $DISPLAY environment variable at t/utf8.t line 15.
Compilation failed in require at t/utf8.t line 15.
BEGIN failed--compilation aborted at t/utf8.t line 15.
t/utf8.t .......... 
Dubious, test returned 2 (wstat 512, 0x200)
No subtests run 

Test Summary Report
-------------------
t/LabEntry.t    (Wstat: 512 Tests: 0 Failed: 0)
  Non-zero exit status: 2
  Parse errors: No plan found in TAP output
t/mega-config.t (Wstat: 512 Tests: 0 Failed: 0)
  Non-zero exit status: 2
  Parse errors: No plan found in TAP output
t/mega.t        (Wstat: 512 Tests: 0 Failed: 0)
  Non-zero exit status: 2
  Parse errors: No plan found in TAP output
t/nul-char.t    (Wstat: 512 Tests: 0 Failed: 0)
  Non-zero exit status: 2
  Parse errors: No plan found in TAP output
t/tcl-callback.t (Wstat: 512 Tests: 0 Failed: 0)
  Non-zero exit status: 2
  Parse errors: No plan found in TAP output
t/tcl.t         (Wstat: 512 Tests: 0 Failed: 0)
  Non-zero exit status: 2
  Parse errors: No plan found in TAP output
t/tk.t          (Wstat: 512 Tests: 0 Failed: 0)
  Non-zero exit status: 2
  Parse errors: No plan found in TAP output
t/utf8.t        (Wstat: 512 Tests: 0 Failed: 0)
  Non-zero exit status: 2
  Parse errors: No plan found in TAP output
Files=8, Tests=0,  1 wallclock secs ( 0.03 usr  0.02 sys +  0.19 cusr  0.05 csys =  0.29 CPU)
Result: FAIL
Failed 8/8 test programs. 0/0 subtests failed.
make: *** [test_dynamic] Error 2

------------------------------
PREREQUISITES
------------------------------

Prerequisite modules loaded:

requires:

    Module              Need  Have   
    ------------------- ----- -------
  ! perl                5.008        
  ! Tcl                 1            

build_requires:

    Module              Need  Have   
    ------------------- ----- -------
    ExtUtils::MakeMaker 0     6.57_05

configure_requires:

    Module              Need  Have   
    ------------------- ----- -------
    ExtUtils::MakeMaker 0     6.57_05


------------------------------
ENVIRONMENT AND OTHER CONTEXT
------------------------------

Environment variables:

    AUTOMATED_TESTING = 1
    LANG = en_US.utf8
    PATH = /home/tester/perl5/perlbrew/bin:/home/tester/perl5/perlbrew/perls/current/bin:/home/tester/perl5/perlbrew/bin:/home/tester/perl5/perlbrew/perls/current/bin:/usr/lib64/qt-3.3/bin:/usr/lib64/ccache:/usr/local/bin:/bin:/usr/bin:/usr/local/sbin:/usr/sbin:/sbin:/home/tester/bin
    PERL5LIB = /home/tester/perltest/perl-5.13.7/.cpan/build/Tcl-1.00-MqXHyM/blib/arch:/home/tester/perltest/perl-5.13.7/.cpan/build/Tcl-1.00-MqXHyM/blib/lib
    PERL5OPT = 
    PERL5_CPANPLUS_IS_RUNNING = 14599
    PERL5_CPAN_IS_RUNNING = 14599
    PERL5_CPAN_IS_RUNNING_IN_RECURSION = 8143,14599
    PERL_CR_SMOKER_CURRENT = Tkx-1.09
    PERL_EXTUTILS_AUTOINSTALL = --defaultdeps
    PERL_MM_USE_DEFAULT = 1
    SHELL = /bin/bash
    TERM = screen

Perl special variables (and OS-specific diagnostics, for MSWin32):

    $^X = /home/tester/perltest/perl-5.13.7/bin/perl
    $UID/$EUID = 501 / 501
    $GID = 501 501
    $EGID = 501 501

Perl module toolchain versions installed:

    Module              Have   
    ------------------- -------
    CPAN                1.94_62
    Cwd                 3.34   
    ExtUtils::CBuilder  0.2703 
    ExtUtils::Command   1.16   
    ExtUtils::Install   1.55   
    ExtUtils::MakeMaker 6.57_05
    ExtUtils::Manifest  1.58   
    ExtUtils::ParseXS   2.2207 
    File::Spec          3.33   
    Module::Build       0.3607 
    Module::Signature   n/a    
    Test::Harness       3.22   
    Test::More          0.97_01
    YAML                n/a    
    YAML::Syck          1.17   
    version             0.85   


--

Summary of my perl5 (revision 5 version 13 subversion 7) configuration:
   
  Platform:
    osname=linux, osvers=2.6.35.6-48.fc14.x86_64, archname=x86_64-linux-thread-multi-ld
    uname='linux venice 2.6.35.6-48.fc14.x86_64 #1 smp fri oct 22 15:36:08 utc 2010 x86_64 x86_64 x86_64 gnulinux '
    config_args='-Dusethreads -Duse64bigint -Dprefix=/home/tester/perltest/perl-5.13.7'
    hint=recommended, useposix=true, d_sigaction=define
    useithreads=define, usemultiplicity=define
    useperlio=define, d_sfio=undef, uselargefiles=define, usesocks=undef
    use64bitint=define, use64bitall=define, uselongdouble=define
    usemymalloc=n, bincompat5005=undef
  Compiler:
    cc='cc', ccflags ='-D_REENTRANT -D_GNU_SOURCE -fno-strict-aliasing -pipe -fstack-protector -I/usr/local/include -D_LARGEFILE_SOURCE -D_FILE_OFFSET_BITS=64',
    optimize='-O2',
    cppflags='-D_REENTRANT -D_GNU_SOURCE -fno-strict-aliasing -pipe -fstack-protector -I/usr/local/include'
    ccversion='', gccversion='4.5.1 20100924 (Red Hat 4.5.1-4)', gccosandvers=''
    intsize=4, longsize=8, ptrsize=8, doublesize=8, byteorder=12345678
    d_longlong=define, longlongsize=8, d_longdbl=define, longdblsize=16
    ivtype='long', ivsize=8, nvtype='long double', nvsize=16, Off_t='off_t', lseeksize=8
    alignbytes=16, prototype=define
  Linker and Libraries:
    ld='cc', ldflags =' -fstack-protector -L/usr/local/lib'
    libpth=/usr/local/lib /lib /usr/lib /lib64 /usr/lib64 /usr/local/lib64
    libs=-lnsl -lgdbm -ldb -ldl -lm -lcrypt -lutil -lpthread -lc -lgdbm_compat
    perllibs=-lnsl -ldl -lm -lcrypt -lutil -lpthread -lc
    libc=, so=so, useshrplib=false, libperl=libperl.a
    gnulibc_version='2.12.90'
  Dynamic Linking:
    dlsrc=dl_dlopen.xs, dlext=so, d_dlsymun=undef, ccdlflags='-Wl,-E'
    cccdlflags='-fPIC', lddlflags='-shared -O2 -L/usr/local/lib -fstack-protector'


Characteristics of this binary (from libperl): 
  Compile-time options: MULTIPLICITY PERL_DONT_CREATE_GVSV
                        PERL_IMPLICIT_CONTEXT PERL_MALLOC_WRAP USE_64_BIT_ALL
                        USE_64_BIT_INT USE_ITHREADS USE_LARGE_FILES
                        USE_LONG_DOUBLE USE_PERLIO USE_PERL_ATOF
                        USE_REENTRANT_API
  Built under linux
  Compiled at Nov 25 2010 08:56:41
  %ENV:
    PERL5LIB="/home/tester/perltest/perl-5.13.7/.cpan/build/Tcl-1.00-MqXHyM/blib/arch:/home/tester/perltest/perl-5.13.7/.cpan/build/Tcl-1.00-MqXHyM/blib/lib"
    PERL5OPT=""
    PERL5_CPANPLUS_IS_RUNNING="14599"
    PERL5_CPAN_IS_RUNNING="14599"
    PERL5_CPAN_IS_RUNNING_IN_RECURSION="8143,14599"
    PERL_CR_SMOKER_CURRENT="Tkx-1.09"
    PERL_EXTUTILS_AUTOINSTALL="--defaultdeps"
    PERL_MM_USE_DEFAULT="1"
  @INC:
    /home/tester/perltest/perl-5.13.7/.cpan/build/Tcl-1.00-MqXHyM/blib/arch
    /home/tester/perltest/perl-5.13.7/.cpan/build/Tcl-1.00-MqXHyM/blib/lib
    /home/tester/perltest/perl-5.13.7/lib/site_perl/5.13.7/x86_64-linux-thread-multi-ld
    /home/tester/perltest/perl-5.13.7/lib/site_perl/5.13.7
    /home/tester/perltest/perl-5.13.7/lib/5.13.7/x86_64-linux-thread-multi-ld
    /home/tester/perltest/perl-5.13.7/lib/5.13.7
    .