HTML-Widget-SideBar v1.02 Perl 5 v5.12.0 i386-freebsd-thread-multi-64int

Status
Na
From
Chris Williams (BINGOS)
Dist
HTML-Widget-SideBar v1.02
Platform
Perl 5 v5.12.0 i386-freebsd-thread-multi-64int
Date
2010-04-25T08:20:57
ID
79412cfe-5043-11df-862b-995f90befd91
This distribution has been tested as part of the CPAN Testers
project, supporting the Perl programming language.  See
http://wiki.cpantesters.org/ for more information or email
questions to cpan-testers-discuss@perl.org


--

Dear YOSEFM,
    
This is a computer-generated error report created automatically by
CPANPLUS, version 0.9003. Testers personal comments may appear 
at the end of this report.


Thank you for uploading your work to CPAN.  However, it appears that
there were some problems testing your distribution.

TEST RESULTS:

Below is the error stack from stage 'make test':

[MSG] [Sun Apr 25 09:20:54 2010] cp DB.pm blib/lib/Tree/Numbered/DB.pm
Manifying blib/man3/Tree::Numbered::DB.3

[MSG] [Sun Apr 25 09:20:55 2010] MAKE TEST passed: PERL_DL_NONLAZY=1 /usr/home/cpan/pit/rel/perl-5.12.0/bin/perl "-MExtUtils::Command::MM" "-e" "test_harness(0, 'blib/lib', 'blib/arch')" t/*.t
t/1.t .. ok
t/2.t .. ok
t/3.t .. ok
All tests successful.
Files=3, Tests=29,  0 wallclock secs ( 0.09 usr  0.02 sys +  0.13 cusr  0.07 csys =  0.30 CPU)
Result: PASS

[MSG] [Sun Apr 25 09:20:55 2010] Sending test report for 'Tree-Numbered-DB-1.02.2'
[MSG] [Sun Apr 25 09:20:55 2010] Successfully sent 'pass' report for 'Tree-Numbered-DB-1.02.2'
[MSG] [Sun Apr 25 09:20:56 2010] cp SideBar.pm blib/lib/HTML/Widget/SideBar.pm
Manifying blib/man3/HTML::Widget::SideBar.3

[ERROR] [Sun Apr 25 09:20:57 2010] MAKE TEST failed: No such file or directory PERL_DL_NONLAZY=1 /usr/home/cpan/pit/rel/perl-5.12.0/bin/perl "-MExtUtils::Command::MM" "-e" "test_harness(0, 'blib/lib', 'blib/arch')" t/*.t
t/1.t .. ok
t/2.t .. ok

#   Failed test 'use HTML::Widget::SideBar;'
#   at t/3.t line 5.
#     Tried to use 'HTML::Widget::SideBar'.
#     Error:  syntax error at /usr/home/cpan/pit/rel/conf/perl-5.12.0/.cpanplus/5.12.0/build/HTML-Widget-SideBar-1.02/blib/lib/HTML/Widget/SideBar.pm line 157, near "require Tree::Numbered::DB 1.01"
# Compilation failed in require at (eval 5) line 2.
# BEGIN failed--compilation aborted at (eval 5) line 2.
Name "main::second" used only once: possible typo at t/3.t line 44.
Use of inherited AUTOLOAD for non-method HTML::Widget::SideBar::setField() is deprecated at /usr/home/cpan/pit/rel/conf/perl-5.12.0/.cpanplus/5.12.0/build/Javascript-Menu-Full-2.02/blib/lib/Tree/Numbered.pm line 65.
No such field (Field) in tree at /usr/home/cpan/pit/rel/conf/perl-5.12.0/.cpanplus/5.12.0/build/Javascript-Menu-Full-2.02/blib/lib/Tree/Numbered.pm line 365.
# Looks like you planned 12 tests but ran 3.
# Looks like you failed 1 test of 3 run.
# Looks like your test exited with 255 just after 3.
t/3.t .. 
Dubious, test returned 255 (wstat 65280, 0xff00)
Failed 10/12 subtests 

Test Summary Report
-------------------
t/3.t (Wstat: 65280 Tests: 3 Failed: 1)
  Failed test:  2
  Non-zero exit status: 255
  Parse errors: Bad plan.  You planned 12 tests but ran 3.
Files=3, Tests=31,  1 wallclock secs ( 0.06 usr  0.05 sys +  0.23 cusr  0.02 csys =  0.36 CPU)
Result: FAIL
Failed 1/3 test programs. 1/31 subtests failed.
*** Error code 255

Stop in /usr/home/cpan/pit/rel/conf/perl-5.12.0/.cpanplus/5.12.0/build/HTML-Widget-SideBar-1.02.

[MSG] [Sun Apr 25 09:20:57 2010] DEFAULT 'proceed_on_test_failure' HANDLER RETURNING 'sub return value'


******************************** NOTE ********************************
The comments above are created mechanically, possibly without manual
checking by the sender.  As there are many people performing automatic
tests on each upload to CPAN, it is likely that you will receive 
identical messages about the same problem.

If you believe that the message is mistaken, please reply to the first
one with correction and/or additional informations, and do not take
it personally.  We appreciate your patience. :)
**********************************************************************

Additional comments:
 

This report was machine-generated by CPANPLUS::Dist::YACSmoke 0.54.
Powered by minismokebox version 0.26

------------------------------
ENVIRONMENT AND OTHER CONTEXT
------------------------------

Environment variables:

    AUTOMATED_TESTING = 1
    PATH = /sbin:/bin:/usr/sbin:/usr/bin:/usr/games:/usr/local/sbin:/usr/local/bin:/home/cpan/bin
    PERL5LIB = :/usr/home/cpan/pit/rel/conf/perl-5.12.0/.cpanplus/5.12.0/build/Javascript-Menu-Full-2.02/blib/lib:/usr/home/cpan/pit/rel/conf/perl-5.12.0/.cpanplus/5.12.0/build/Javascript-Menu-Full-2.02/blib/arch:/usr/home/cpan/pit/rel/conf/perl-5.12.0/.cpanplus/5.12.0/build/Tree-Numbered-DB-1.02.2/blib/lib:/usr/home/cpan/pit/rel/conf/perl-5.12.0/.cpanplus/5.12.0/build/Tree-Numbered-DB-1.02.2/blib/arch:/usr/home/cpan/pit/rel/conf/perl-5.12.0/.cpanplus/5.12.0/build/HTML-Widget-SideBar-1.02/blib/lib:/usr/home/cpan/pit/rel/conf/perl-5.12.0/.cpanplus/5.12.0/build/HTML-Widget-SideBar-1.02/blib/arch
    PERL5_CPANPLUS_IS_RUNNING = 71320
    PERL5_CPANPLUS_IS_VERSION = 0.9003
    PERL5_MINISMOKEBOX = 0.26
    PERL5_YACSMOKE_BASE = /usr/home/cpan/pit/rel/conf/perl-5.12.0/
    PERL_EXTUTILS_AUTOINSTALL = --defaultdeps
    PERL_MM_USE_DEFAULT = 1
    SHELL = /usr/local/bin/bash
    TERM = screen

Perl special variables (and OS-specific diagnostics, for MSWin32):

    Perl: $^X = /usr/home/cpan/pit/rel/perl-5.12.0/bin/perl
    UID:  $<  = 1003
    EUID: $>  = 1003
    GID:  $(  = 1003 1003 1003
    EGID: $)  = 1003 1003 1003


-------------------------------


--

Summary of my perl5 (revision 5 version 12 subversion 0) configuration:
   
  Platform:
    osname=freebsd, osvers=7.2-release, archname=i386-freebsd-thread-multi-64int
    uname='freebsd wintermute.staffordshire.gov.uk 7.2-release freebsd 7.2-release #0: fri may 1 08:49:13 utc 2009 root@walker.cse.buffalo.edu:usrobjusrsrcsysgeneric i386 '
    config_args='-de -Dprefix=/usr/home/cpan/pit/rel/perl-5.12.0 -Dusethreads -Duse64bitint'
    hint=recommended, useposix=true, d_sigaction=define
    useithreads=define, usemultiplicity=define
    useperlio=define, d_sfio=undef, uselargefiles=define, usesocks=undef
    use64bitint=define, use64bitall=undef, uselongdouble=undef
    usemymalloc=n, bincompat5005=undef
  Compiler:
    cc='cc', ccflags ='-DHAS_FPSETMASK -DHAS_FLOATINGPOINT_H -fno-strict-aliasing -pipe -fstack-protector -I/usr/local/include',
    optimize='-O',
    cppflags='-DHAS_FPSETMASK -DHAS_FLOATINGPOINT_H -fno-strict-aliasing -pipe -fstack-protector -I/usr/local/include'
    ccversion='', gccversion='4.2.1 20070719  [FreeBSD]', gccosandvers=''
    intsize=4, longsize=4, ptrsize=4, doublesize=8, byteorder=12345678
    d_longlong=define, longlongsize=8, d_longdbl=define, longdblsize=12
    ivtype='long long', ivsize=8, nvtype='double', nvsize=8, Off_t='off_t', lseeksize=8
    alignbytes=4, prototype=define
  Linker and Libraries:
    ld='cc', ldflags ='-pthread -Wl,-E  -fstack-protector -L/usr/local/lib'
    libpth=/usr/lib /usr/local/lib
    libs=-lgdbm -lm -lcrypt
    perllibs=-lm -lcrypt
    libc=, so=so, useshrplib=false, libperl=libperl.a
    gnulibc_version=''
  Dynamic Linking:
    dlsrc=dl_dlopen.xs, dlext=so, d_dlsymun=undef, ccdlflags=' '
    cccdlflags='-DPIC -fPIC', lddlflags='-shared  -L/usr/local/lib -fstack-protector'


Characteristics of this binary (from libperl): 
  Compile-time options: MULTIPLICITY PERL_DONT_CREATE_GVSV
                        PERL_IMPLICIT_CONTEXT PERL_MALLOC_WRAP USE_64_BIT_INT
                        USE_ITHREADS USE_LARGE_FILES USE_PERLIO USE_PERL_ATOF
                        USE_REENTRANT_API
  Built under freebsd
  Compiled at Apr 18 2010 11:43:19
  %ENV:
    PERL5LIB=":/usr/home/cpan/pit/rel/conf/perl-5.12.0/.cpanplus/5.12.0/build/Javascript-Menu-Full-2.02/blib/lib:/usr/home/cpan/pit/rel/conf/perl-5.12.0/.cpanplus/5.12.0/build/Javascript-Menu-Full-2.02/blib/arch:/usr/home/cpan/pit/rel/conf/perl-5.12.0/.cpanplus/5.12.0/build/Tree-Numbered-DB-1.02.2/blib/lib:/usr/home/cpan/pit/rel/conf/perl-5.12.0/.cpanplus/5.12.0/build/Tree-Numbered-DB-1.02.2/blib/arch:/usr/home/cpan/pit/rel/conf/perl-5.12.0/.cpanplus/5.12.0/build/HTML-Widget-SideBar-1.02/blib/lib:/usr/home/cpan/pit/rel/conf/perl-5.12.0/.cpanplus/5.12.0/build/HTML-Widget-SideBar-1.02/blib/arch"
    PERL5_CPANPLUS_IS_RUNNING="71320"
    PERL5_CPANPLUS_IS_VERSION="0.9003"
    PERL5_MINISMOKEBOX="0.26"
    PERL5_YACSMOKE_BASE="/usr/home/cpan/pit/rel/conf/perl-5.12.0/"
    PERL_EXTUTILS_AUTOINSTALL="--defaultdeps"
    PERL_MM_USE_DEFAULT="1"
  @INC:
    /usr/home/cpan/pit/rel/conf/perl-5.12.0/.cpanplus/5.12.0/build/Javascript-Menu-Full-2.02/blib/lib
    /usr/home/cpan/pit/rel/conf/perl-5.12.0/.cpanplus/5.12.0/build/Javascript-Menu-Full-2.02/blib/arch
    /usr/home/cpan/pit/rel/conf/perl-5.12.0/.cpanplus/5.12.0/build/Tree-Numbered-DB-1.02.2/blib/lib
    /usr/home/cpan/pit/rel/conf/perl-5.12.0/.cpanplus/5.12.0/build/Tree-Numbered-DB-1.02.2/blib/arch
    /usr/home/cpan/pit/rel/conf/perl-5.12.0/.cpanplus/5.12.0/build/HTML-Widget-SideBar-1.02/blib/lib
    /usr/home/cpan/pit/rel/conf/perl-5.12.0/.cpanplus/5.12.0/build/HTML-Widget-SideBar-1.02/blib/arch
    /usr/home/cpan/pit/rel/perl-5.12.0/lib/site_perl/5.12.0/i386-freebsd-thread-multi-64int
    /usr/home/cpan/pit/rel/perl-5.12.0/lib/site_perl/5.12.0
    /usr/home/cpan/pit/rel/perl-5.12.0/lib/5.12.0/i386-freebsd-thread-multi-64int
    /usr/home/cpan/pit/rel/perl-5.12.0/lib/5.12.0
    .