Report for Tkx-1.09

Back
From: metabase:user:322078bc-2aae-11df-837a-5e0a49663a4f
Subject: FAIL Tkx-1.09 v5.8.9 GNU/Linux
Date: 2012-01-15T16:53:40Z

This distribution has been tested as part of the CPAN Testers
project, supporting the Perl programming language.  See
http://wiki.cpantesters.org/ for more information or email
questions to cpan-testers-discuss@perl.org


--

Dear GAAS,

This is a computer-generated error report created automatically by
CPANPLUS, version 0.9116. Testers personal comments may appear
at the end of this report.


Thank you for uploading your work to CPAN.  However, it appears that
there were some problems testing your distribution.

TEST RESULTS:

Below is the error stack from stage 'make test':

[MSG] [Sun Jan 15 16:52:55 2012] cp Tcl.pm blib/lib/Tcl.pm
/home/cpan/pit/bare-ld/perl-5.8.9/bin/perl /home/cpan/pit/bare-ld/perl-5.8.9/lib/5.8.9/ExtUtils/xsubpp  -typemap /home/cpan/pit/bare-ld/perl-5.8.9/lib/5.8.9/ExtUtils/typemap -typemap typemap  Tcl.xs > Tcl.xsc && mv Tcl.xsc Tcl.c
Please specify prototyping behavior for Tcl.xs (see perlxs manual)
cc -c  -Itcl-core/include -fno-strict-aliasing -pipe -I/usr/local/include -D_LARGEFILE_SOURCE -D_FILE_OFFSET_BITS=64 -O2   -DVERSION=\"1.02\" -DXS_VERSION=\"1.02\" -fPIC "-I/home/cpan/pit/bare-ld/perl-5.8.9/lib/5.8.9/x86_64-linux-ld/CORE"  -DUSE_TCL_STUBS Tcl.c
Running Mkbootstrap for Tcl ()
chmod 644 Tcl.bs
rm -f blib/arch/auto/Tcl/Tcl.so
cc  -shared -O2 -L/usr/local/lib Tcl.o  -o blib/arch/auto/Tcl/Tcl.so 	\
	   -L/home/cpan/pit/bare-ld/conf/perl-5.8.9/.cpanplus/5.8.9/build/Tcl-1.02/tcl-core/linux-x86_64 -ltclstub8.4  	\
	  
chmod 755 blib/arch/auto/Tcl/Tcl.so
cp Tcl.bs blib/arch/auto/Tcl/Tcl.bs
chmod 644 blib/arch/auto/Tcl/Tcl.bs
Manifying blib/man3/Tcl.3

[MSG] [Sun Jan 15 16:52:56 2012] MAKE TEST passed: PERL_DL_NONLAZY=1 /home/cpan/pit/bare-ld/perl-5.8.9/bin/perl "-MExtUtils::Command::MM" "-e" "test_harness(0, 'blib/lib', 'blib/arch')" t/*.t
t/call.t ........... ok
t/constants.t ...... ok
t/createcmd.t ...... ok
t/eval.t ........... ok
t/export_to_tcl.t .. ok
t/info.t ........... ok
t/result.t ......... ok
t/subclass.t ....... ok
t/trace.t .......... ok
t/unicode.t ........ ok
t/var.t ............ ok
All tests successful.
Files=11, Tests=62,  1 wallclock secs ( 0.04 usr  0.02 sys +  0.14 cusr  0.04 csys =  0.24 CPU)
Result: PASS

[MSG] [Sun Jan 15 16:52:56 2012] Sending test report for 'Tcl-1.02'
[MSG] [Sun Jan 15 16:52:56 2012] Successfully sent 'pass' report for 'Tcl-1.02'
[MSG] [Sun Jan 15 16:52:56 2012] cp lib/Tkx/Tutorial.pod blib/lib/Tkx/Tutorial.pod
cp lib/Tkx/MegaConfig.pm blib/lib/Tkx/MegaConfig.pm
cp lib/Tkx.pm blib/lib/Tkx.pm
cp lib/Tkx/LabEntry.pm blib/lib/Tkx/LabEntry.pm
cp tkx-ed blib/script/tkx-ed
/home/cpan/pit/bare-ld/perl-5.8.9/bin/perl -MExtUtils::MY -e 'MY->fixin(shift)' -- blib/script/tkx-ed
cp tkx-prove blib/script/tkx-prove
/home/cpan/pit/bare-ld/perl-5.8.9/bin/perl -MExtUtils::MY -e 'MY->fixin(shift)' -- blib/script/tkx-prove
Manifying blib/man1/tkx-ed.1
Manifying blib/man3/Tkx::MegaConfig.3
Manifying blib/man3/Tkx::Tutorial.3
Manifying blib/man3/Tkx::LabEntry.3
Manifying blib/man3/Tkx.3

[ERROR] [Sun Jan 15 16:52:59 2012] MAKE TEST failed: PERL_DL_NONLAZY=1 /home/cpan/pit/bare-ld/perl-5.8.9/bin/perl "-MExtUtils::Command::MM" "-e" "test_harness(0, 'blib/lib', 'blib/arch')" t/*.t
no display name and no $DISPLAY environment variable at t/LabEntry.t line 8.
Compilation failed in require at t/LabEntry.t line 8.
BEGIN failed--compilation aborted at t/LabEntry.t line 8.
t/LabEntry.t ...... 
Dubious, test returned 2 (wstat 512, 0x200)
No subtests run 
no display name and no $DISPLAY environment variable at t/mega-config.t line 8.
Compilation failed in require at t/mega-config.t line 8.
BEGIN failed--compilation aborted at t/mega-config.t line 8.
t/mega-config.t ... 
Dubious, test returned 2 (wstat 512, 0x200)
No subtests run 
no display name and no $DISPLAY environment variable at t/mega.t line 8.
Compilation failed in require at t/mega.t line 8.
BEGIN failed--compilation aborted at t/mega.t line 8.
t/mega.t .......... 
Dubious, test returned 2 (wstat 512, 0x200)
No subtests run 
no display name and no $DISPLAY environment variable at t/nul-char.t line 15.
Compilation failed in require at t/nul-char.t line 15.
BEGIN failed--compilation aborted at t/nul-char.t line 15.
t/nul-char.t ...... 
Dubious, test returned 2 (wstat 512, 0x200)
No subtests run 
no display name and no $DISPLAY environment variable at t/tcl-callback.t line 8.
Compilation failed in require at t/tcl-callback.t line 8.
BEGIN failed--compilation aborted at t/tcl-callback.t line 8.
t/tcl-callback.t .. 
Dubious, test returned 2 (wstat 512, 0x200)
No subtests run 
no display name and no $DISPLAY environment variable at t/tcl.t line 8.
Compilation failed in require at t/tcl.t line 8.
BEGIN failed--compilation aborted at t/tcl.t line 8.
t/tcl.t ........... 
Dubious, test returned 2 (wstat 512, 0x200)
No subtests run 
no display name and no $DISPLAY environment variable at t/tk.t line 8.
Compilation failed in require at t/tk.t line 8.
BEGIN failed--compilation aborted at t/tk.t line 8.
t/tk.t ............ 
Dubious, test returned 2 (wstat 512, 0x200)
No subtests run 
no display name and no $DISPLAY environment variable at t/utf8.t line 15.
Compilation failed in require at t/utf8.t line 15.
BEGIN failed--compilation aborted at t/utf8.t line 15.
t/utf8.t .......... 
Dubious, test returned 2 (wstat 512, 0x200)
No subtests run 

Test Summary Report
-------------------
t/LabEntry.t    (Wstat: 512 Tests: 0 Failed: 0)
  Non-zero exit status: 2
  Parse errors: No plan found in TAP output
t/mega-config.t (Wstat: 512 Tests: 0 Failed: 0)
  Non-zero exit status: 2
  Parse errors: No plan found in TAP output
t/mega.t        (Wstat: 512 Tests: 0 Failed: 0)
  Non-zero exit status: 2
  Parse errors: No plan found in TAP output
t/nul-char.t    (Wstat: 512 Tests: 0 Failed: 0)
  Non-zero exit status: 2
  Parse errors: No plan found in TAP output
t/tcl-callback.t (Wstat: 512 Tests: 0 Failed: 0)
  Non-zero exit status: 2
  Parse errors: No plan found in TAP output
t/tcl.t         (Wstat: 512 Tests: 0 Failed: 0)
  Non-zero exit status: 2
  Parse errors: No plan found in TAP output
t/tk.t          (Wstat: 512 Tests: 0 Failed: 0)
  Non-zero exit status: 2
  Parse errors: No plan found in TAP output
t/utf8.t        (Wstat: 512 Tests: 0 Failed: 0)
  Non-zero exit status: 2
  Parse errors: No plan found in TAP output
Files=8, Tests=0,  3 wallclock secs ( 0.02 usr  0.01 sys +  0.21 cusr  0.09 csys =  0.33 CPU)
Result: FAIL
Failed 8/8 test programs. 0/0 subtests failed.
make: *** [test_dynamic] Error 2

[MSG] [Sun Jan 15 16:52:59 2012] DEFAULT 'proceed_on_test_failure' HANDLER RETURNING 'sub return value'

PREREQUISITES:

Here is a list of prerequisites you specified and versions we
managed to load:

	  Module Name                        Have     Want
	  ExtUtils::MakeMaker                6.62        0
	  Tcl                                1.02        1

Perl module toolchain versions installed:
	Module Name                        Have
	CPANPLUS                         0.9116
	CPANPLUS::Dist::Build              0.60
	Cwd                                3.33
	ExtUtils::CBuilder             0.280202
	ExtUtils::Command                  1.16
	ExtUtils::Install                  1.54
	ExtUtils::MakeMaker                6.62
	ExtUtils::Manifest                 1.60
	ExtUtils::ParseXS                  3.11
	File::Spec                         3.33
	Module::Build                    0.3800
	Test::Harness                      3.23
	Test::More                         0.98
	version                            0.95

******************************** NOTE ********************************
The comments above are created mechanically, possibly without manual
checking by the sender.  As there are many people performing automatic
tests on each upload to CPAN, it is likely that you will receive
identical messages about the same problem.

If you believe that the message is mistaken, please reply to the first
one with correction and/or additional informations, and do not take
it personally.  We appreciate your patience. :)
**********************************************************************

Additional comments:


This report was machine-generated by CPANPLUS::Dist::YACSmoke 0.66.
Powered by minismokebox version 0.54

------------------------------
ENVIRONMENT AND OTHER CONTEXT
------------------------------

Environment variables:

    AUTOMATED_TESTING = 1
    LANG = en_US
    LC_COLLATE = C
    PATH = /usr/local/bin:/usr/bin:/bin:/usr/games:/usr/lib64/java/bin:/usr/lib64/qt/bin:/usr/share/texmf/bin:.
    PERL5LIB = :/home/cpan/pit/bare-ld/conf/perl-5.8.9/.cpanplus/5.8.9/build/Tcl-1.02/blib/lib:/home/cpan/pit/bare-ld/conf/perl-5.8.9/.cpanplus/5.8.9/build/Tcl-1.02/blib/arch:/home/cpan/pit/bare-ld/conf/perl-5.8.9/.cpanplus/5.8.9/build/Tkx-1.09/blib/lib:/home/cpan/pit/bare-ld/conf/perl-5.8.9/.cpanplus/5.8.9/build/Tkx-1.09/blib/arch
    PERL5_CPANPLUS_IS_RUNNING = 7189
    PERL5_CPANPLUS_IS_VERSION = 0.9116
    PERL5_MINISMOKEBOX = 0.54
    PERL5_YACSMOKE_BASE = /home/cpan/pit/bare-ld/conf/perl-5.8.9
    PERL_EXTUTILS_AUTOINSTALL = --defaultdeps
    PERL_MM_USE_DEFAULT = 1
    SHELL = /bin/bash
    TERM = screen

Perl special variables (and OS-specific diagnostics, for MSWin32):

    Perl: $^X = /home/cpan/pit/bare-ld/perl-5.8.9/bin/perl
    UID:  $<  = 1001
    EUID: $>  = 1001
    GID:  $(  = 100 100
    EGID: $)  = 100 100


-------------------------------


--

Summary of my perl5 (revision 5 version 8 subversion 9) configuration:
  Platform:
    osname=linux, osvers=2.6.33.4, archname=x86_64-linux-ld
    uname='linux slack64 2.6.33.4 #3 smp wed may 12 23:13:09 cdt 2010 x86_64 intel(r) xeon(r) cpu e5520 @ 2.27ghz genuineintel gnulinux '
    config_args='-des -Dprefix=/home/cpan/pit/bare-ld/perl-5.8.9 -Duselongdouble'
    hint=recommended, useposix=true, d_sigaction=define
    usethreads=undef use5005threads=undef useithreads=undef usemultiplicity=undef
    useperlio=define d_sfio=undef uselargefiles=define usesocks=undef
    use64bitint=define use64bitall=define uselongdouble=define
    usemymalloc=n, bincompat5005=undef
  Compiler:
    cc='cc', ccflags ='-fno-strict-aliasing -pipe -I/usr/local/include -D_LARGEFILE_SOURCE -D_FILE_OFFSET_BITS=64',
    optimize='-O2',
    cppflags='-fno-strict-aliasing -pipe -I/usr/local/include'
    ccversion='', gccversion='4.4.4', gccosandvers=''
    intsize=4, longsize=8, ptrsize=8, doublesize=8, byteorder=12345678
    d_longlong=define, longlongsize=8, d_longdbl=define, longdblsize=16
    ivtype='long', ivsize=8, nvtype='long double', nvsize=16, Off_t='off_t', lseeksize=8
    alignbytes=16, prototype=define
  Linker and Libraries:
    ld='cc', ldflags =' -L/usr/local/lib'
    libpth=/usr/local/lib /lib/../lib64 /usr/lib/../lib64 /lib /usr/lib /lib64 /usr/lib64 /usr/local/lib64
    libs=-lnsl -lgdbm -ldb -ldl -lm -lcrypt -lutil -lc
    perllibs=-lnsl -ldl -lm -lcrypt -lutil -lc
    libc=, so=so, useshrplib=false, libperl=libperl.a
    gnulibc_version='2.11.1'
  Dynamic Linking:
    dlsrc=dl_dlopen.xs, dlext=so, d_dlsymun=undef, ccdlflags='-Wl,-E'
    cccdlflags='-fPIC', lddlflags='-shared -O2 -L/usr/local/lib'


Characteristics of this binary (from libperl): 
  Compile-time options: PERL_MALLOC_WRAP USE_64_BIT_ALL USE_64_BIT_INT
                        USE_FAST_STDIO USE_LARGE_FILES USE_LONG_DOUBLE
                        USE_PERLIO
  Built under linux
  Compiled at Jan  5 2012 21:37:18
  %ENV:
    PERL5LIB=":/home/cpan/pit/bare-ld/conf/perl-5.8.9/.cpanplus/5.8.9/build/Tcl-1.02/blib/lib:/home/cpan/pit/bare-ld/conf/perl-5.8.9/.cpanplus/5.8.9/build/Tcl-1.02/blib/arch:/home/cpan/pit/bare-ld/conf/perl-5.8.9/.cpanplus/5.8.9/build/Tkx-1.09/blib/lib:/home/cpan/pit/bare-ld/conf/perl-5.8.9/.cpanplus/5.8.9/build/Tkx-1.09/blib/arch"
    PERL5_CPANPLUS_IS_RUNNING="7189"
    PERL5_CPANPLUS_IS_VERSION="0.9116"
    PERL5_MINISMOKEBOX="0.54"
    PERL5_YACSMOKE_BASE="/home/cpan/pit/bare-ld/conf/perl-5.8.9"
    PERL_EXTUTILS_AUTOINSTALL="--defaultdeps"
    PERL_MM_USE_DEFAULT="1"
  @INC:
    /home/cpan/pit/bare-ld/conf/perl-5.8.9/.cpanplus/5.8.9/build/Tcl-1.02/blib/lib
    /home/cpan/pit/bare-ld/conf/perl-5.8.9/.cpanplus/5.8.9/build/Tcl-1.02/blib/arch
    /home/cpan/pit/bare-ld/conf/perl-5.8.9/.cpanplus/5.8.9/build/Tkx-1.09/blib/lib
    /home/cpan/pit/bare-ld/conf/perl-5.8.9/.cpanplus/5.8.9/build/Tkx-1.09/blib/arch
    /home/cpan/pit/bare-ld/perl-5.8.9/lib/5.8.9/x86_64-linux-ld
    /home/cpan/pit/bare-ld/perl-5.8.9/lib/5.8.9
    /home/cpan/pit/bare-ld/perl-5.8.9/lib/site_perl/5.8.9/x86_64-linux-ld
    /home/cpan/pit/bare-ld/perl-5.8.9/lib/site_perl/5.8.9
    .