Report for Tkx-1.09

Back
From: metabase:user:322078bc-2aae-11df-837a-5e0a49663a4f
Subject: FAIL Tkx-1.09 v5.13.1 GNU/Linux
Date: 2011-04-28T18:29:41Z

This distribution has been tested as part of the CPAN Testers
project, supporting the Perl programming language.  See
http://wiki.cpantesters.org/ for more information or email
questions to cpan-testers-discuss@perl.org


--

Dear GAAS,

This is a computer-generated error report created automatically by
CPANPLUS, version 0.9104. Testers personal comments may appear
at the end of this report.


Thank you for uploading your work to CPAN.  However, it appears that
there were some problems testing your distribution.

TEST RESULTS:

Below is the error stack from stage 'make test':

[MSG] [Thu Apr 28 19:28:53 2011] Using cached file '/home/cpan/pit/bare/conf/perl-5.13.1/.cpanplus/authors/id/G/GA/GAAS/CHECKSUMS' on disk; ttl (3600s) is not exceeded
[MSG] [Thu Apr 28 19:28:53 2011] Checksum matches for 'Tkx-1.09.tar.gz'
[MSG] [Thu Apr 28 19:28:53 2011] Extracted 'Tkx' to '/home/cpan/pit/bare/conf/perl-5.13.1/.cpanplus/5.13.1/build/Tkx-1.09'
[MSG] [Thu Apr 28 19:28:53 2011] CPANPLUS is prefering Build.PL
[MSG] [Thu Apr 28 19:28:53 2011] Loading YACSmoke database "/home/cpan/pit/bare/conf/perl-5.13.1/.cpanplus/cpansmoke.dat"
[MSG] [Thu Apr 28 19:28:54 2011] Checking if your kit is complete...
Looks good
Warning: prerequisite Tcl 1 not found.
Writing Makefile for Tkx

[MSG] [Thu Apr 28 19:28:54 2011] DEFAULT 'filter_prereqs' HANDLER RETURNING 'sub return value'
[MSG] [Thu Apr 28 19:28:54 2011] Checking for previous PASS result for "Tkx-1.09"
[MSG] [Thu Apr 28 19:28:54 2011] Module 'Tkx' requires 'Tcl' version '1' to be installed 
[MSG] [Thu Apr 28 19:28:54 2011] Trying to get 'http://cpan.mirror.local/CPAN/authors/id/V/VK/VKON/CHECKSUMS'
[MSG] [Thu Apr 28 19:28:54 2011] Checksum matches for 'Tcl-1.02.tar.gz'
[MSG] [Thu Apr 28 19:28:54 2011] Extracted 'Tcl' to '/home/cpan/pit/bare/conf/perl-5.13.1/.cpanplus/5.13.1/build/Tcl-1.02'
[MSG] [Thu Apr 28 19:28:54 2011] CPANPLUS is prefering Build.PL
[MSG] [Thu Apr 28 19:28:54 2011] LIBS   = -Ltcl-core/linux-x86_64 -ltclstub8.4
INC    = -Itcl-core/include
DEFINE =  -DUSE_TCL_STUBS
Checking if your kit is complete...
Looks good
Warning: -Ltcl-core/linux-x86_64 changed to -L/home/cpan/pit/bare/conf/perl-5.13.1/.cpanplus/5.13.1/build/Tcl-1.02/tcl-core/linux-x86_64
Writing Makefile for Tcl

[MSG] [Thu Apr 28 19:28:54 2011] DEFAULT 'filter_prereqs' HANDLER RETURNING 'sub return value'
[MSG] [Thu Apr 28 19:28:54 2011] Checking for previous PASS result for "Tcl-1.02"
[MSG] [Thu Apr 28 19:28:55 2011] cp Tcl.pm blib/lib/Tcl.pm
/home/cpan/pit/bare/perl-5.13.1/bin/perl5.13.1 /home/cpan/pit/bare/perl-5.13.1/lib/5.13.1/ExtUtils/xsubpp  -typemap /home/cpan/pit/bare/perl-5.13.1/lib/5.13.1/ExtUtils/typemap -typemap typemap  Tcl.xs > Tcl.xsc && mv Tcl.xsc Tcl.c
Please specify prototyping behavior for Tcl.xs (see perlxs manual)
cc -c  -Itcl-core/include -fno-strict-aliasing -pipe -fstack-protector -I/usr/local/include -D_LARGEFILE_SOURCE -D_FILE_OFFSET_BITS=64 -O2   -DVERSION=\"1.02\" -DXS_VERSION=\"1.02\" -fPIC "-I/home/cpan/pit/bare/perl-5.13.1/lib/5.13.1/x86_64-linux/CORE"  -DUSE_TCL_STUBS Tcl.c
Running Mkbootstrap for Tcl ()
chmod 644 Tcl.bs
rm -f blib/arch/auto/Tcl/Tcl.so
cc  -shared -O2 -L/usr/local/lib -fstack-protector Tcl.o  -o blib/arch/auto/Tcl/Tcl.so 	\
	   -L/home/cpan/pit/bare/conf/perl-5.13.1/.cpanplus/5.13.1/build/Tcl-1.02/tcl-core/linux-x86_64 -ltclstub8.4  	\
	  
chmod 755 blib/arch/auto/Tcl/Tcl.so
cp Tcl.bs blib/arch/auto/Tcl/Tcl.bs
chmod 644 blib/arch/auto/Tcl/Tcl.bs
Manifying blib/man3/Tcl.3

[MSG] [Thu Apr 28 19:28:56 2011] MAKE TEST passed: PERL_DL_NONLAZY=1 /home/cpan/pit/bare/perl-5.13.1/bin/perl5.13.1 "-MExtUtils::Command::MM" "-e" "test_harness(0, 'blib/lib', 'blib/arch')" t/*.t
t/call.t ........... ok
t/constants.t ...... ok
t/createcmd.t ...... ok
t/eval.t ........... ok
t/export_to_tcl.t .. ok
t/info.t ........... ok
t/result.t ......... ok
t/subclass.t ....... ok
t/trace.t .......... ok
t/unicode.t ........ ok
t/var.t ............ ok
All tests successful.
Files=11, Tests=62,  1 wallclock secs ( 0.04 usr  0.02 sys +  0.21 cusr  0.03 csys =  0.30 CPU)
Result: PASS

[MSG] [Thu Apr 28 19:28:56 2011] Sending test report for 'Tcl-1.02'
[MSG] [Thu Apr 28 19:28:56 2011] Successfully sent 'pass' report for 'Tcl-1.02'
[MSG] [Thu Apr 28 19:28:57 2011] cp lib/Tkx/Tutorial.pod blib/lib/Tkx/Tutorial.pod
cp lib/Tkx/MegaConfig.pm blib/lib/Tkx/MegaConfig.pm
cp lib/Tkx.pm blib/lib/Tkx.pm
cp lib/Tkx/LabEntry.pm blib/lib/Tkx/LabEntry.pm
cp tkx-ed blib/script/tkx-ed
/home/cpan/pit/bare/perl-5.13.1/bin/perl5.13.1 -MExtUtils::MY -e 'MY->fixin(shift)' -- blib/script/tkx-ed
cp tkx-prove blib/script/tkx-prove
/home/cpan/pit/bare/perl-5.13.1/bin/perl5.13.1 -MExtUtils::MY -e 'MY->fixin(shift)' -- blib/script/tkx-prove
Manifying blib/man1/tkx-ed.1
Manifying blib/man3/Tkx::MegaConfig.3
Manifying blib/man3/Tkx::Tutorial.3
Manifying blib/man3/Tkx::LabEntry.3
Manifying blib/man3/Tkx.3

[ERROR] [Thu Apr 28 19:28:58 2011] MAKE TEST failed: PERL_DL_NONLAZY=1 /home/cpan/pit/bare/perl-5.13.1/bin/perl5.13.1 "-MExtUtils::Command::MM" "-e" "test_harness(0, 'blib/lib', 'blib/arch')" t/*.t
no display name and no $DISPLAY environment variable at t/LabEntry.t line 8.
Compilation failed in require at t/LabEntry.t line 8.
BEGIN failed--compilation aborted at t/LabEntry.t line 8.
t/LabEntry.t ...... 
Dubious, test returned 2 (wstat 512, 0x200)
No subtests run 
no display name and no $DISPLAY environment variable at t/mega-config.t line 8.
Compilation failed in require at t/mega-config.t line 8.
BEGIN failed--compilation aborted at t/mega-config.t line 8.
t/mega-config.t ... 
Dubious, test returned 2 (wstat 512, 0x200)
No subtests run 
no display name and no $DISPLAY environment variable at t/mega.t line 8.
Compilation failed in require at t/mega.t line 8.
BEGIN failed--compilation aborted at t/mega.t line 8.
t/mega.t .......... 
Dubious, test returned 2 (wstat 512, 0x200)
No subtests run 
no display name and no $DISPLAY environment variable at t/nul-char.t line 15.
Compilation failed in require at t/nul-char.t line 15.
BEGIN failed--compilation aborted at t/nul-char.t line 15.
t/nul-char.t ...... 
Dubious, test returned 2 (wstat 512, 0x200)
No subtests run 
no display name and no $DISPLAY environment variable at t/tcl-callback.t line 8.
Compilation failed in require at t/tcl-callback.t line 8.
BEGIN failed--compilation aborted at t/tcl-callback.t line 8.
t/tcl-callback.t .. 
Dubious, test returned 2 (wstat 512, 0x200)
No subtests run 
no display name and no $DISPLAY environment variable at t/tcl.t line 8.
Compilation failed in require at t/tcl.t line 8.
BEGIN failed--compilation aborted at t/tcl.t line 8.
t/tcl.t ........... 
Dubious, test returned 2 (wstat 512, 0x200)
No subtests run 
no display name and no $DISPLAY environment variable at t/tk.t line 8.
Compilation failed in require at t/tk.t line 8.
BEGIN failed--compilation aborted at t/tk.t line 8.
t/tk.t ............ 
Dubious, test returned 2 (wstat 512, 0x200)
No subtests run 
no display name and no $DISPLAY environment variable at t/utf8.t line 15.
Compilation failed in require at t/utf8.t line 15.
BEGIN failed--compilation aborted at t/utf8.t line 15.
t/utf8.t .......... 
Dubious, test returned 2 (wstat 512, 0x200)
No subtests run 

Test Summary Report
-------------------
t/LabEntry.t    (Wstat: 512 Tests: 0 Failed: 0)
  Non-zero exit status: 2
  Parse errors: No plan found in TAP output
t/mega-config.t (Wstat: 512 Tests: 0 Failed: 0)
  Non-zero exit status: 2
  Parse errors: No plan found in TAP output
t/mega.t        (Wstat: 512 Tests: 0 Failed: 0)
  Non-zero exit status: 2
  Parse errors: No plan found in TAP output
t/nul-char.t    (Wstat: 512 Tests: 0 Failed: 0)
  Non-zero exit status: 2
  Parse errors: No plan found in TAP output
t/tcl-callback.t (Wstat: 512 Tests: 0 Failed: 0)
  Non-zero exit status: 2
  Parse errors: No plan found in TAP output
t/tcl.t         (Wstat: 512 Tests: 0 Failed: 0)
  Non-zero exit status: 2
  Parse errors: No plan found in TAP output
t/tk.t          (Wstat: 512 Tests: 0 Failed: 0)
  Non-zero exit status: 2
  Parse errors: No plan found in TAP output
t/utf8.t        (Wstat: 512 Tests: 0 Failed: 0)
  Non-zero exit status: 2
  Parse errors: No plan found in TAP output
Files=8, Tests=0,  1 wallclock secs ( 0.03 usr  0.01 sys +  0.25 cusr  0.10 csys =  0.39 CPU)
Result: FAIL
Failed 8/8 test programs. 0/0 subtests failed.
make: *** [test_dynamic] Error 2

[MSG] [Thu Apr 28 19:28:58 2011] DEFAULT 'proceed_on_test_failure' HANDLER RETURNING 'sub return value'

PREREQUISITES:

Here is a list of prerequisites you specified and versions we
managed to load:

	  Module Name                        Have     Want
	  Tcl                                1.02        1

Perl module toolchain versions installed:
	Module Name                        Have
	CPANPLUS                         0.9104
	CPANPLUS::Dist::Build              0.56
	Cwd                                3.33
	ExtUtils::CBuilder             0.280202
	ExtUtils::Command                  1.16
	ExtUtils::Install                  1.55
	ExtUtils::MakeMaker              6.5601
	ExtUtils::Manifest                 1.58
	ExtUtils::ParseXS                2.2206
	File::Spec                         3.33
	Module::Build                    0.3800
	Test::Harness                      3.23
	Test::More                         0.98
	version                            0.88

******************************** NOTE ********************************
The comments above are created mechanically, possibly without manual
checking by the sender.  As there are many people performing automatic
tests on each upload to CPAN, it is likely that you will receive
identical messages about the same problem.

If you believe that the message is mistaken, please reply to the first
one with correction and/or additional informations, and do not take
it personally.  We appreciate your patience. :)
**********************************************************************

Additional comments:


This report was machine-generated by CPANPLUS::Dist::YACSmoke 0.62.
Powered by minismokebox version 0.44

------------------------------
ENVIRONMENT AND OTHER CONTEXT
------------------------------

Environment variables:

    AUTOMATED_TESTING = 1
    LANG = en_US
    LC_COLLATE = C
    PATH = /usr/local/bin:/usr/bin:/bin:/usr/games:/usr/lib64/java/bin:/usr/lib64/qt/bin:/usr/share/texmf/bin:.
    PERL5LIB = :/home/cpan/pit/bare/conf/perl-5.13.1/.cpanplus/5.13.1/build/Tcl-1.02/blib/lib:/home/cpan/pit/bare/conf/perl-5.13.1/.cpanplus/5.13.1/build/Tcl-1.02/blib/arch:/home/cpan/pit/bare/conf/perl-5.13.1/.cpanplus/5.13.1/build/Tkx-1.09/blib/lib:/home/cpan/pit/bare/conf/perl-5.13.1/.cpanplus/5.13.1/build/Tkx-1.09/blib/arch
    PERL5_CPANPLUS_IS_RUNNING = 3972
    PERL5_CPANPLUS_IS_VERSION = 0.9104
    PERL5_MINISMOKEBOX = 0.44
    PERL5_YACSMOKE_BASE = /home/cpan/pit/bare/conf/perl-5.13.1
    PERL_EXTUTILS_AUTOINSTALL = --defaultdeps
    PERL_MM_USE_DEFAULT = 1
    SHELL = /bin/bash
    TERM = screen

Perl special variables (and OS-specific diagnostics, for MSWin32):

    Perl: $^X = /home/cpan/pit/bare/perl-5.13.1/bin/perl5.13.1
    UID:  $<  = 1001
    EUID: $>  = 1001
    GID:  $(  = 100 100
    EGID: $)  = 100 100


-------------------------------


--

Summary of my perl5 (revision 5 version 13 subversion 1) configuration:
   
  Platform:
    osname=linux, osvers=2.6.33.4, archname=x86_64-linux
    uname='linux slack64 2.6.33.4 #3 smp wed may 12 23:13:09 cdt 2010 x86_64 intel(r) xeon(r) cpu e5520 @ 2.27ghz genuineintel gnulinux '
    config_args='-des -Dprefix=/home/cpan/pit/bare/perl-5.13.1 -Dusedevel'
    hint=recommended, useposix=true, d_sigaction=define
    useithreads=undef, usemultiplicity=undef
    useperlio=define, d_sfio=undef, uselargefiles=define, usesocks=undef
    use64bitint=define, use64bitall=define, uselongdouble=undef
    usemymalloc=n, bincompat5005=undef
  Compiler:
    cc='cc', ccflags ='-fno-strict-aliasing -pipe -fstack-protector -I/usr/local/include -D_LARGEFILE_SOURCE -D_FILE_OFFSET_BITS=64',
    optimize='-O2',
    cppflags='-fno-strict-aliasing -pipe -fstack-protector -I/usr/local/include'
    ccversion='', gccversion='4.4.4', gccosandvers=''
    intsize=4, longsize=8, ptrsize=8, doublesize=8, byteorder=12345678
    d_longlong=define, longlongsize=8, d_longdbl=define, longdblsize=16
    ivtype='long', ivsize=8, nvtype='double', nvsize=8, Off_t='off_t', lseeksize=8
    alignbytes=8, prototype=define
  Linker and Libraries:
    ld='cc', ldflags =' -fstack-protector -L/usr/local/lib'
    libpth=/usr/local/lib /lib /usr/lib /lib64 /usr/lib64 /usr/local/lib64
    libs=-lnsl -lgdbm -ldb -ldl -lm -lcrypt -lutil -lc
    perllibs=-lnsl -ldl -lm -lcrypt -lutil -lc
    libc=, so=so, useshrplib=false, libperl=libperl.a
    gnulibc_version='2.11.1'
  Dynamic Linking:
    dlsrc=dl_dlopen.xs, dlext=so, d_dlsymun=undef, ccdlflags='-Wl,-E'
    cccdlflags='-fPIC', lddlflags='-shared -O2 -L/usr/local/lib -fstack-protector'


Characteristics of this binary (from libperl): 
  Compile-time options: PERL_DONT_CREATE_GVSV PERL_MALLOC_WRAP PERL_USE_DEVEL
                        USE_64_BIT_ALL USE_64_BIT_INT USE_LARGE_FILES
                        USE_PERLIO USE_PERL_ATOF
  Built under linux
  Compiled at Feb 18 2011 10:12:29
  %ENV:
    PERL5LIB=":/home/cpan/pit/bare/conf/perl-5.13.1/.cpanplus/5.13.1/build/Tcl-1.02/blib/lib:/home/cpan/pit/bare/conf/perl-5.13.1/.cpanplus/5.13.1/build/Tcl-1.02/blib/arch:/home/cpan/pit/bare/conf/perl-5.13.1/.cpanplus/5.13.1/build/Tkx-1.09/blib/lib:/home/cpan/pit/bare/conf/perl-5.13.1/.cpanplus/5.13.1/build/Tkx-1.09/blib/arch"
    PERL5_CPANPLUS_IS_RUNNING="3972"
    PERL5_CPANPLUS_IS_VERSION="0.9104"
    PERL5_MINISMOKEBOX="0.44"
    PERL5_YACSMOKE_BASE="/home/cpan/pit/bare/conf/perl-5.13.1"
    PERL_EXTUTILS_AUTOINSTALL="--defaultdeps"
    PERL_MM_USE_DEFAULT="1"
  @INC:
    /home/cpan/pit/bare/conf/perl-5.13.1/.cpanplus/5.13.1/build/Tcl-1.02/blib/lib
    /home/cpan/pit/bare/conf/perl-5.13.1/.cpanplus/5.13.1/build/Tcl-1.02/blib/arch
    /home/cpan/pit/bare/conf/perl-5.13.1/.cpanplus/5.13.1/build/Tkx-1.09/blib/lib
    /home/cpan/pit/bare/conf/perl-5.13.1/.cpanplus/5.13.1/build/Tkx-1.09/blib/arch
    /home/cpan/pit/bare/perl-5.13.1/lib/site_perl/5.13.1/x86_64-linux
    /home/cpan/pit/bare/perl-5.13.1/lib/site_perl/5.13.1
    /home/cpan/pit/bare/perl-5.13.1/lib/5.13.1/x86_64-linux
    /home/cpan/pit/bare/perl-5.13.1/lib/5.13.1
    .