Tcl-pTk v1.05 Perl 5 v5.16.3 x86_64-linux

Status
Fail
From
Slaven Rezić (SREZIC)
Dist
Tcl-pTk v1.05
Platform
Perl 5 v5.16.3 x86_64-linux
Date
2020-03-09 18:26:25
ID
7c3f075c-6233-11ea-b5e8-30541f24ea8f
This distribution has been tested as part of the CPAN Testers
project, supporting the Perl programming language.  See
http://wiki.cpantesters.org/ for more information or email
questions to cpan-testers-discuss@perl.org


--
Dear Christopher Alexander Chavez,

This is a computer-generated report for Tcl-pTk-1.05
on perl 5.16.3, created by CPAN-Reporter-1.2018.

Thank you for uploading your work to CPAN.  However, there was a problem
testing your distribution.

If you think this report is invalid, please consult the CPAN Testers Wiki
for suggestions on how to avoid getting FAIL reports for missing library
or binary dependencies, unsupported operating systems, and so on:

http://wiki.cpantesters.org/wiki/CPANAuthorNotes

Sections of this report:

    * Tester comments
    * Program output
    * Prerequisites
    * Environment and other context

------------------------------
TESTER COMMENTS
------------------------------

Additional comments from tester:

none provided

------------------------------
PROGRAM OUTPUT
------------------------------

Output from '/usr/bin/make test':

PERL_DL_NONLAZY=1 "/opt/perl-5.16.3/bin/perl" "-MExtUtils::Command::MM" "-MTest::Harness" "-e" "undef *Test::Harness::Switches; test_harness(0, 'blib/lib', 'blib/arch')" t/*.t
t/after.t ..................... ok
t/afterDestroy.t .............. ok
t/afterIdle.t ................. ok
t/balloon.t ................... ok
Balloon should appear over 'Balloon Text' button
t/balloon2.t .................. ok
t/bgerror1.t .................. ok
t/bgerror2.t .................. ok
Error Dialog Should Show. This is expected
t/bgerror3.t .................. ok
t/bind.t ...................... ok
t/bindBreak.t ................. ok
t/bitmapSubClass.t ............ ok
t/browseEntry.t ............... ok
t/browseEntry2.t .............. ok
t/busy.t ...................... ok
t/callback.t .................. ok
t/callbackSet.t ............... ok
t/canFind.t ................... ok
t/canIndex.t .................. ok
t/canScale.t .................. ok
t/canvasFocusBusy.t ........... ok
t/checkradio.t ................ ok
t/cleanupCrashTest.t .......... ok
t/command.t ................... ok
t/configureReturn.t ........... ok
t/dialog.t .................... ok
t/dialogBox.t ................. ok
t/dialogBoxGeom.t ............. ok
t/dirtree.t ................... skipped: Tix Tcl package not available
t/dndlocal.t .................. ok
t/emptyMenuButtonSubclass.t ... ok
t/emptyMenuSubclass.t ......... ok
t/emptySubclass.t ............. ok
t/entry.t ..................... ok
t/entryPaste.t ................ ok
t/entryValidate.t ............. ok
t/fileevent.t ................. skipped: fileevent is unavailable, reason: Can't locate sys/ioctl.ph in @INC (did you run h2ph?) (@INC contains: /home/cpansand/.cpan/build/2020030908/Tcl-pTk-1.05-1/blib/lib /home/cpansand/.cpan/build/2020030908/Tcl-pTk-1.05-1/blib/arch /home/cpansand/.cpan/build/2020030908/Tcl-1.27-1/blib/arch /home/cpansand/.cpan/build/2020030908/Tcl-1.27-1/blib/lib /home/cpansand/.cpan/build/2020030908/Tcl-1.27-1/blib/arch /home/cpansand/.cpan/build/2020030908/Tcl-1.27-1/blib/lib /opt/perl-5.16.3/lib/site_perl/5.16.3/x86_64-linux /opt/perl-5.16.3/lib/site_perl/5.16.3 /opt/perl-5.16.3/lib/5.16.3/x86_64-linux /opt/perl-5.16.3/lib/5.16.3 .) at /home/cpansand/.cpan/build/2020030908/Tcl-pTk-1.05-1/blib/lib/Tcl/pTk/Widget.pm line 2139.
t/fileevent2.t ................ skipped: fileevent is unavailable, reason: Can't locate sys/ioctl.ph in @INC (did you run h2ph?) (@INC contains: /home/cpansand/.cpan/build/2020030908/Tcl-pTk-1.05-1/blib/lib /home/cpansand/.cpan/build/2020030908/Tcl-pTk-1.05-1/blib/arch /home/cpansand/.cpan/build/2020030908/Tcl-1.27-1/blib/arch /home/cpansand/.cpan/build/2020030908/Tcl-1.27-1/blib/lib /home/cpansand/.cpan/build/2020030908/Tcl-1.27-1/blib/arch /home/cpansand/.cpan/build/2020030908/Tcl-1.27-1/blib/lib /opt/perl-5.16.3/lib/site_perl/5.16.3/x86_64-linux /opt/perl-5.16.3/lib/site_perl/5.16.3 /opt/perl-5.16.3/lib/5.16.3/x86_64-linux /opt/perl-5.16.3/lib/5.16.3 .) at /home/cpansand/.cpan/build/2020030908/Tcl-pTk-1.05-1/blib/lib/Tcl/pTk/Widget.pm line 2139.
# Test 1 got: <UNDEF> (t/focusMethods.t at line 28 *TODO*)
#   Expected: ".ent02" (initial focus on entry1 failed)
#  t/focusMethods.t line 28 is: ok($mw->focusCurrent, $entry1, 'initial focus on entry1 failed');
# Test 2 got: <UNDEF> (t/focusMethods.t at line 32 *TODO*)
#   Expected: ".ent03" (focusNext from entry1 to entry2 failed)
#  t/focusMethods.t line 32 is: ok($mw->focusCurrent, $entry2, 'focusNext from entry1 to entry2 failed');
# Test 3 got: <UNDEF> (t/focusMethods.t at line 36 *TODO*)
#   Expected: ".ent04" (focusNext from entry2 to entry3 failed)
#  t/focusMethods.t line 36 is: ok($mw->focusCurrent, $entry3, 'focusNext from entry2 to entry3 failed');
# Test 4 got: <UNDEF> (t/focusMethods.t at line 40 *TODO*)
#   Expected: ".ent03" (focusPrev from entry3 to entry2 failed)
#  t/focusMethods.t line 40 is: ok($mw->focusCurrent, $entry2, 'focusPrev from entry3 to entry2 failed');
# Test 5 got: <UNDEF> (t/focusMethods.t at line 44 *TODO*)
#   Expected: ".ent02" (focusPrev from entry2 to entry1 failed)
#  t/focusMethods.t line 44 is: ok($mw->focusCurrent, $entry1, 'focusPrev from entry2 to entry1 failed');
# Test 6 got: <UNDEF> (t/focusMethods.t at line 48 *TODO*)
#   Expected: ".ent02" (before focusFollowsMouse: failed to keep focus on entry1 while entering entry3)
#  t/focusMethods.t line 48 is: ok(
# Test 7 got: <UNDEF> (t/focusMethods.t at line 58 *TODO*)
#   Expected: ".ent04" (after focusFollowsMouse: failed to focus on entry3 by entering)
#  t/focusMethods.t line 58 is: ok($mw->focusCurrent, $entry3,
t/focusMethods.t .............. ok
t/font.t ...................... ok
t/font2.t ..................... ok
# Test 5 got: "139" (t/fontAttr.t at line 72 fail #3 *TODO*)
#   Expected: "144" (Font->actual TkDefaultFont Attr Check)
#  t/fontAttr.t line 72 is:         skip($skip, $widthTest1, $widthTest2, "Font->actual $fontName Attr Check");
# Test 6 got: "144" (t/fontAttr.t at line 73 fail #3 *TODO*)
#   Expected: "139" ($widget->fontActual TkDefaultFont Attr Check)
#  t/fontAttr.t line 73 is:         skip($skip, $widthTest2, $widthTest3, "\$widget->fontActual $fontName Attr Check");
t/fontAttr.t .................. ok
t/frameForeground.t ........... ok
t/geomgr.t .................... ok
t/hlist.t ..................... skipped: Tix Tcl package not available
t/iconimage.t ................. ok
t/imageLoad.t ................. skipped: Tix Tcl package not available
t/itemStyle.t ................. skipped: Tix Tcl package not available
t/labEntry.t .................. ok
t/labEntryFacelift.t .......... ok
t/labEntryParentChild.t ....... ok
t/libLoad.t ................... skipped: Tix Tcl package not available
t/listbox.t ................... ok
t/mainloopMult.t .............. ok
t/menub-cascade.t ............. ok
t/menub_newMenu.t ............. ok
t/menubarpath.t ............... ok
t/menuitems.t ................. ok
t/messageBox.t ................ ok
t/moveResizeWindow.t .......... ok
t/moveToplevelWindow.t ........ ok
t/multMainWindow1.t ........... ok
t/multMainWindow2.t ........... ok
t/notebook.t .................. skipped: Tix Tcl package not available
t/notebook2.t ................. skipped: Tix Tcl package not available
t/onDestroy.t ................. ok
t/optmenu.t ................... ok
t/palette.t ................... ok
t/pane.t ...................... skipped: BWidget Tcl package not available
t/patchTk.t ................... skipped: Not using Aqua Tk
# Test 63 got: "unfinalized data stream in PNG data at /home/cpansand/.cpan/build/2020030908/Tcl-pTk-1.05-1/blib/lib/Tcl/pTk/Widget.pm line 332.\n" (t/photo.t at line 101 fail #2)
#    Expected: "" ( load unfinalized data stream in PNG data at /home/cpansand/.cpan/build/2020030908/Tcl-pTk-1.05-1/blib/lib/Tcl/pTk/Widget.pm line 332.
#)
#  t/photo.t line 101 is:                 ok($@,''," load $@");
# Test 64 got: "" (t/photo.t at line 102 fail #2)
#    Expected: "1" (Could not load t/test.png)
#  t/photo.t line 102 is:                 ok(defined($new),1,"Could not load $f");
t/photo.t ..................... 
Failed 2/84 subtests 
	(less 66 skipped subtests: 16 okay)
t/photoGetImage.t ............. skipped: no Img extension available (can't find package Img at /home/cpansand/.cpan/build/2020030908/Tcl-pTk-1.05-1/blib/lib/Tcl/pTk.pm line 1210.
t/photoSubClass.t ............. ok
t/progBar.t ................... ok
t/protocol.t .................. ok
t/ptk-compat.t ................ ok
t/ptk-compat2.t ............... ok
t/repeat.t .................... ok
t/repeatSubReuse.t ............ ok
t/scrolled.t .................. ok
t/scrolledOptional.t .......... ok
t/selection.t ................. ok
t/slideMegaWidget.t ........... ok
t/slideMegaWidget2.t .......... ok
t/spreadsheetHideRows.t ....... skipped: Tktable Tcl package not available
t/table.t ..................... skipped: Tktable Tcl package not available
t/tableFacelift.t ............. skipped: Tktable Tcl package not available
t/tableMatrixCallbacks.t ...... skipped: Tktable Tcl package not available
t/tableMatrixCleanup.t ........ skipped: Tktable Tcl package not available
t/tableMatrixDebug.t .......... skipped: Tktable Tcl package not available
t/tableMatrixSpreadsheet.t .... skipped: Tktable Tcl package not available
t/tclVersion.t ................ ok
t/text.t ...................... ok
t/text2-old.t ................. ok
t/text2.t ..................... ok
t/text3.t ..................... ok
t/textEdit.t .................. ok
t/textRO.t .................... ok
t/textSubwidget.t ............. ok
t/textUndo.t .................. ok
t/tileLabelFont.t ............. ok
t/tileTree.t .................. ok
t/tileWidget.t ................ ok
t/tixTree.t ................... skipped: Tix Tcl package not available
t/tk-mw.t ..................... ok
t/tkFacelift_BEsubclass.t ..... ok
t/tkFacelift_browseEntry.t .... ok
t/tkFacelift_frameSubclass.t .. ok
t/tkFacelift_mega1.t .......... ok
t/tkFacelift_notebook.t ....... ok
t/tkFacelift_simple.t ......... skipped: Tix Tcl package not available
t/tkHijack_BEsubclass.t ....... ok
t/tkHijack_bgerror1.t ......... ok
t/tkHijack_bgerror2.t ......... ok
t/tkHijack_bgerror3.t ......... ok
t/tkHijack_mega1.t ............ ok
t/tkHijack_simple.t ........... skipped: Tix Tcl package not available
t/tkHijack_spreadsheet.t ...... skipped: Tktable Tcl package not available
t/trace.t ..................... ok
t/tree.t ...................... skipped: Tix Tcl package not available
t/ttkBrowseEntry.t ............ ok
t/ttkEntryValidate.t .......... ok
t/ttkTixNoteBook.t ............ ok
t/unicode.t ................... ok
t/virtualEv.t ................. ok
t/widgetDelete.t .............. ok
t/widgetName.t ................ ok
t/wmForget.t .................. ok
t/wmStackorder.t .............. ok
t/xevent.t .................... ok
t/zzPhoto.t ................... skipped: no Img extension available

Test Summary Report
-------------------
t/font.t                    (Wstat: 0 Tests: 13 Failed: 0)
  TODO passed:   11
t/fontAttr.t                (Wstat: 0 Tests: 8 Failed: 0)
  TODO passed:   1-4, 7-8
t/photo.t                   (Wstat: 0 Tests: 84 Failed: 2)
  Failed tests:  63-64
Files=130, Tests=531, 155 wallclock secs ( 0.32 usr  0.80 sys +  9.70 cusr  4.37 csys = 15.19 CPU)
Result: FAIL
Failed 1/130 test programs. 2/531 subtests failed.
Makefile:1197: recipe for target 'test_dynamic' failed
make: *** [test_dynamic] Error 255

------------------------------
PREREQUISITES
------------------------------

Prerequisite modules loaded:

requires:

    Module              Need  Have    
    ------------------- ----- --------
    Class::ISA          0.36  0.36    
    perl                5.008 5.016003
    Sub::Name           0.05  0.26    
    Tcl                 0.9   1.27    

build_requires:

    Module              Need  Have    
    ------------------- ----- --------
    ExtUtils::MakeMaker 0     7.38    

configure_requires:

    Module              Need  Have    
    ------------------- ----- --------
    ExtUtils::MakeMaker 0     7.38    


------------------------------
ENVIRONMENT AND OTHER CONTEXT
------------------------------

Environment variables:

    LANG = en_US.UTF-8
    PATH = /usr/local/bin:/usr/bin:/bin:/usr/local/sbin:/usr/sbin:/sbin:/home/cpansand/bin/linux-gnu:/home/cpansand/bin/sh:/home/cpansand/bin:/usr/games:/home/cpansand/devel:/home/eserte/src/srezic-misc/scripts
    PERL5LIB = /home/cpansand/.cpan/build/2020030908/Tcl-1.27-1/blib/arch:/home/cpansand/.cpan/build/2020030908/Tcl-1.27-1/blib/lib
    PERL5OPT = 
    PERL5_CPANPLUS_IS_RUNNING = 3295
    PERL5_CPAN_IS_RUNNING = 3295
    PERL5_CPAN_IS_RUNNING_IN_RECURSION = 32128,3295
    PERLDOC = -MPod::Perldoc::ToTextOverstrike
    PERL_BATCH = yes
    PERL_CANARY_STABILITY_NOPROMPT = 1
    PERL_CPAN_REPORTER_CONFIG = /var/tmp/cpansmoker-1023/2020030908/cpanreporter_000_config.ini
    PERL_EXTUTILS_AUTOINSTALL = --defaultdeps
    PERL_USE_UNSAFE_INC = 1
    SHELL = /usr/bin/zsh
    TERM = screen
    TMPDIR = /var/tmp/cpansmoker-1023/2020030908

Perl special variables (and OS-specific diagnostics, for MSWin32):

    $^X = /opt/perl-5.16.3/bin/perl
    $UID/$EUID = 1023 / 1023
    $GID = 1023 1023
    $EGID = 1023 1023

Perl module toolchain versions installed:

    Module              Have    
    ------------------- --------
    CPAN                2.27    
    CPAN::Meta          2.150010
    Cwd                 3.75    
    ExtUtils::CBuilder  0.280231
    ExtUtils::Command   7.38    
    ExtUtils::Install   2.06    
    ExtUtils::MakeMaker 7.38    
    ExtUtils::Manifest  1.70    
    ExtUtils::ParseXS   3.35    
    File::Spec          3.75    
    JSON                4.02    
    JSON::PP            4.04    
    Module::Build       0.4231  
    Module::Signature   n/a     
    Parse::CPAN::Meta   2.150010
    Test::Harness       3.42    
    Test::More          1.302172
    YAML                1.29    
    YAML::Syck          1.31    
    version             0.9924  


--

Summary of my perl5 (revision 5 version 16 subversion 3) configuration:
   
  Platform:
    osname=linux, osvers=4.4.0-157-generic, archname=x86_64-linux
    uname='linux ubuntu16 4.4.0-157-generic #185-ubuntu smp tue jul 23 09:17:01 utc 2019 x86_64 x86_64 x86_64 gnulinux '
    config_args='-ds -e -Dprefix=/opt/perl-5.16.3 -Dcf_email=srezic@cpan.org'
    hint=recommended, useposix=true, d_sigaction=define
    useithreads=undef, usemultiplicity=undef
    useperlio=define, d_sfio=undef, uselargefiles=define, usesocks=undef
    use64bitint=define, use64bitall=define, uselongdouble=undef
    usemymalloc=n, bincompat5005=undef
  Compiler:
    cc='cc', ccflags ='-fwrapv -fno-strict-aliasing -pipe -fstack-protector -I/usr/local/include -D_LARGEFILE_SOURCE -D_FILE_OFFSET_BITS=64',
    optimize='-O2',
    cppflags='-fwrapv -fno-strict-aliasing -pipe -fstack-protector -I/usr/local/include'
    ccversion='', gccversion='5.4.0 20160609', gccosandvers=''
    intsize=4, longsize=8, ptrsize=8, doublesize=8, byteorder=12345678
    d_longlong=define, longlongsize=8, d_longdbl=define, longdblsize=16
    ivtype='long', ivsize=8, nvtype='double', nvsize=8, Off_t='off_t', lseeksize=8
    alignbytes=8, prototype=define
  Linker and Libraries:
    ld='cc', ldflags =' -fstack-protector -L/usr/local/lib'
    libpth=/usr/local/lib /lib/x86_64-linux-gnu /lib/../lib /usr/lib/x86_64-linux-gnu /usr/lib/../lib /lib /usr/lib
    libs=-lnsl -lgdbm -ldb -ldl -lm -lcrypt -lutil -lc -lgdbm_compat
    perllibs=-lnsl -ldl -lm -lcrypt -lutil -lc
    libc=libc-2.23.so, so=so, useshrplib=false, libperl=libperl.a
    gnulibc_version='2.23'
  Dynamic Linking:
    dlsrc=dl_dlopen.xs, dlext=so, d_dlsymun=undef, ccdlflags='-Wl,-E'
    cccdlflags='-fPIC', lddlflags='-shared -O2 -L/usr/local/lib -fstack-protector'


Characteristics of this binary (from libperl): 
  Compile-time options: HAS_TIMES PERLIO_LAYERS PERL_DONT_CREATE_GVSV
                        PERL_MALLOC_WRAP PERL_PRESERVE_IVUV USE_64_BIT_ALL
                        USE_64_BIT_INT USE_LARGE_FILES USE_LOCALE
                        USE_LOCALE_COLLATE USE_LOCALE_CTYPE
                        USE_LOCALE_NUMERIC USE_PERLIO USE_PERL_ATOF
  Locally applied patches:
	Devel::PatchPerl 1.64
  Built under linux
  Compiled at Aug  6 2019 21:04:50
  %ENV:
    PERL5LIB="/home/cpansand/.cpan/build/2020030908/Tcl-1.27-1/blib/arch:/home/cpansand/.cpan/build/2020030908/Tcl-1.27-1/blib/lib"
    PERL5OPT=""
    PERL5_CPANPLUS_IS_RUNNING="3295"
    PERL5_CPAN_IS_RUNNING="3295"
    PERL5_CPAN_IS_RUNNING_IN_RECURSION="32128,3295"
    PERLDOC="-MPod::Perldoc::ToTextOverstrike"
    PERL_BATCH="yes"
    PERL_CANARY_STABILITY_NOPROMPT="1"
    PERL_CPAN_REPORTER_CONFIG="/var/tmp/cpansmoker-1023/2020030908/cpanreporter_000_config.ini"
    PERL_EXTUTILS_AUTOINSTALL="--defaultdeps"
    PERL_USE_UNSAFE_INC="1"
  @INC:
    /home/cpansand/.cpan/build/2020030908/Tcl-1.27-1/blib/arch
    /home/cpansand/.cpan/build/2020030908/Tcl-1.27-1/blib/lib
    /opt/perl-5.16.3/lib/site_perl/5.16.3/x86_64-linux
    /opt/perl-5.16.3/lib/site_perl/5.16.3
    /opt/perl-5.16.3/lib/5.16.3/x86_64-linux
    /opt/perl-5.16.3/lib/5.16.3
    .