Back
From: metabase:user:314402c4-2aae-11df-837a-5e0a49663a4f
Subject: FAIL MooseX-App-Cmd-0.27 v5.21.4 FreeBSD
Date: 2014-10-27T20:11:51Z
This distribution has been tested as part of the CPAN Testers
project, supporting the Perl programming language. See
http://wiki.cpantesters.org/ for more information or email
questions to cpan-testers-discuss@perl.org
--
Dear Mark Gardner,
This is a computer-generated report for MooseX-App-Cmd-0.27
on perl 5.21.4, created by CPAN-Reporter-1.2011.
Thank you for uploading your work to CPAN. However, there was a problem
testing your distribution.
If you think this report is invalid, please consult the CPAN Testers Wiki
for suggestions on how to avoid getting FAIL reports for missing library
or binary dependencies, unsupported operating systems, and so on:
http://wiki.cpantesters.org/wiki/CPANAuthorNotes
Sections of this report:
* Tester comments
* Program output
* Prerequisites
* Environment and other context
------------------------------
TESTER COMMENTS
------------------------------
Additional comments from tester:
none provided
------------------------------
PROGRAM OUTPUT
------------------------------
Output from '/usr/bin/make test':
PERL_DL_NONLAZY=1 /usr/perl5.21.4/bin/perl5.21.4 "-MExtUtils::Command::MM" "-MTest::Harness" "-e" "undef *Test::Harness::Switches; test_harness(0, 'blib/lib', 'blib/arch')" t/*.t
t/00-compile.t .......................... ok
# Testing with Perl 5.021004, /usr/perl5.21.4/bin/perl5.21.4
# Any::Moose version is 0.24
# App::Cmd version is 0.323
# App::Cmd::Command version is 0.323
# Carp version is 1.34
# Data::Dumper version is 2.154
# English version is 1.09
# ExtUtils::MakeMaker version is 6.98
# File::Basename version is 2.85
# File::Spec version is 3.50
# Getopt::Long::Descriptive version is 0.097
# IO::Handle version is 1.35
# IPC::Open3 version is 1.18
# MouseX::Getopt version is 0.35
# Scalar::Util version is 1.41
# Test::More version is 1.001008
# Test::Output version is 1.03
# Test::use::ok version is 0.11
# YAML version is 1.13
# base version is 2.22
# lib version is 0.63
# namespace::clean version is 0.25
# strict version is 1.08
# warnings version is 1.26
t/000-report-versions.t ................. ok
t/author-critic.t ....................... skipped: these tests are for testing by the author
t/author-test-eol.t ..................... skipped: these tests are for testing by the author
# Failed test 'required option field is missing'
# at t/basic.t line 71.
# 'Mandatory parameter 'wow' missing in call to "eval"
#
# basic.t bark [-?] [long options...]
# --wow required option field
# -? --usage --help Prints this usage information.
# '
# doesn't match '(?^:Mandatory parameter 'wow' missing in call to \(eval\))'
# Looks like you failed 1 test of 12.
t/basic.t ...............................
Dubious, test returned 1 (wstat 256, 0x100)
Failed 1/12 subtests
t/build_emulates_new.t .................. ok
# Failed test 'command died with the correct string'
# at t/configfile.t line 28.
# 'Mandatory parameter 'moo' missing in call to "eval"
#
# configfile.t moo [-?] [long options...]
# -? --usage --help Prints this usage information.
# --configfile
# --moo required option field
# '
# doesn't match '(?^:Mandatory parameter 'moo' missing in call to \(eval\))'
# Looks like you failed 1 test of 3.
t/configfile.t ..........................
Dubious, test returned 1 (wstat 256, 0x100)
Failed 1/3 subtests
t/moose.t ............................... ok
t/mouse.t ............................... ok
t/release-changes_has_content.t ......... skipped: these tests are for release candidate testing
t/release-cpan-changes.t ................ skipped: these tests are for release candidate testing
t/release-dist-manifest.t ............... skipped: these tests are for release candidate testing
t/release-distmeta.t .................... skipped: these tests are for release candidate testing
t/release-kwalitee.t .................... skipped: these tests are for release candidate testing
t/release-localbrew-perl-latest-TEST.t .. skipped: these tests are for release candidate testing
t/release-meta-json.t ................... skipped: these tests are for release candidate testing
t/release-minimum-version.t ............. skipped: these tests are for release candidate testing
t/release-mojibake.t .................... skipped: these tests are for release candidate testing
t/release-no-tabs.t ..................... skipped: these tests are for release candidate testing
t/release-pod-coverage.t ................ skipped: these tests are for release candidate testing
t/release-pod-linkcheck.t ............... skipped: these tests are for release candidate testing
t/release-pod-syntax.t .................. skipped: these tests are for release candidate testing
t/release-portability.t ................. skipped: these tests are for release candidate testing
t/release-synopsis.t .................... skipped: these tests are for release candidate testing
t/release-test-version.t ................ skipped: these tests are for release candidate testing
t/release-unused-vars.t ................. skipped: these tests are for release candidate testing
Test Summary Report
-------------------
t/basic.t (Wstat: 256 Tests: 12 Failed: 1)
Failed test: 7
Non-zero exit status: 1
t/configfile.t (Wstat: 256 Tests: 3 Failed: 1)
Failed test: 1
Non-zero exit status: 1
Files=26, Tests=47, 6 wallclock secs ( 0.16 usr 0.10 sys + 4.73 cusr 0.91 csys = 5.90 CPU)
Result: FAIL
Failed 2/26 test programs. 2/47 subtests failed.
*** Error code 255
Stop.
make: stopped in /home/cpansand/.cpan/build/MooseX-App-Cmd-0.27-geGNI1
------------------------------
PREREQUISITES
------------------------------
Prerequisite modules loaded:
requires:
Module Need Have
------------------------- ----- --------
Any::Moose 0 0.24
App::Cmd 0.321 0.323
App::Cmd::Command 0 0.323
English 0 1.09
File::Basename 0 2.85
Getopt::Long::Descriptive 0.091 0.097
MouseX::Getopt 0 0.35
namespace::clean 0 0.25
Test::use::ok 0 0.11
build_requires:
Module Need Have
------------------------- ----- --------
base 0 2.22
Carp 0 1.34
Data::Dumper 0 2.154
ExtUtils::MakeMaker 0 6.98
File::Spec 0 3.50
IO::Handle 0 1.35
IPC::Open3 0 1.18
lib 0 0.63
Scalar::Util 0 1.41
strict 0 1.08
Test::More 0.94 1.001008
Test::Output 0 1.03
warnings 0 1.26
YAML 0 1.13
configure_requires:
Module Need Have
------------------------- ----- --------
ExtUtils::MakeMaker 6.30 6.98
------------------------------
ENVIRONMENT AND OTHER CONTEXT
------------------------------
Environment variables:
DBIC_NO_WARN_BAD_PERL = 1
LC_ALL = de_DE.ISO8859-1
PATH = /usr/local/bin:/usr/bin:/bin:/usr/local/sbin:/usr/sbin:/sbin:/home/cpansand/bin/freebsd10.0:/home/cpansand/bin/sh:/home/cpansand/bin:/usr/games:/home/cpansand/devel:/home/eserte/src/srezic-misc/scripts
PERL5LIB =
PERL5OPT =
PERL5_CPANPLUS_IS_RUNNING = 83946
PERL5_CPAN_IS_RUNNING = 83946
PERL5_CPAN_IS_RUNNING_IN_RECURSION = 28449,83946
PERLDOC = -MPod::Perldoc::ToTextOverstrike
PERL_BATCH = yes
PERL_CPAN_REPORTER_CONFIG = /var/tmp/cpansmoker-1023/YHvcTNlc5F_config.ini
PERL_EXTUTILS_AUTOINSTALL = --defaultdeps
PERL_HTML_DISPLAY_CLASS = HTML::Display::Mozilla
SHELL = /usr/local/bin/zsh
TERM = screen
TMPDIR = /var/tmp/cpansmoker-1023
Perl special variables (and OS-specific diagnostics, for MSWin32):
$^X = /usr/perl5.21.4/bin/perl5.21.4
$UID/$EUID = 1023 / 1023
$GID = 1023 1023
$EGID = 1023 1023
Perl module toolchain versions installed:
Module Have
------------------- --------
CPAN 2.05
CPAN::Meta 2.142690
Cwd 3.50
ExtUtils::CBuilder 0.280219
ExtUtils::Command 1.18
ExtUtils::Install 2.04
ExtUtils::MakeMaker 6.98
ExtUtils::Manifest 1.68
ExtUtils::ParseXS 3.25
File::Spec 3.50
JSON 2.90
JSON::PP 2.27203
Module::Build 0.4210
Module::Signature 0.73
Parse::CPAN::Meta 1.4414
Test::Harness 3.33
Test::More 1.001008
YAML 1.13
YAML::Syck 1.27
version 0.9909
--
Summary of my perl5 (revision 5 version 21 subversion 4) configuration:
Platform:
osname=freebsd, osvers=10.0-release-p1, archname=amd64-freebsd
uname='freebsd cvrsnica-freebsd-10-64bit.herceg.de 10.0-release-p1 freebsd 10.0-release-p1 #0: tue apr 8 06:45:06 utc 2014 root@amd64-builder.daemonology.net:usrobjusrsrcsysgeneric amd64 '
config_args='-ds -e -Dprefix=/usr/perl5.21.4 -Dusedevel -Dusemallocwrap=no'
hint=recommended, useposix=true, d_sigaction=define
useithreads=undef, usemultiplicity=undef
use64bitint=define, use64bitall=define, uselongdouble=undef
usemymalloc=n, bincompat5005=undef
Compiler:
cc='cc', ccflags ='-DHAS_FPSETMASK -DHAS_FLOATINGPOINT_H -fno-strict-aliasing -pipe -fstack-protector -I/usr/local/include -D_FORTIFY_SOURCE=2',
optimize='-O',
cppflags='-DHAS_FPSETMASK -DHAS_FLOATINGPOINT_H -fno-strict-aliasing -pipe -fstack-protector -I/usr/local/include'
ccversion='', gccversion='4.2.1 Compatible FreeBSD Clang 3.3 (tags/RELEASE_33/final 183502)', gccosandvers=''
intsize=4, longsize=8, ptrsize=8, doublesize=8, byteorder=12345678
d_longlong=define, longlongsize=8, d_longdbl=define, longdblsize=16, longdblkind=3
ivtype='long', ivsize=8, nvtype='double', nvsize=8, Off_t='off_t', lseeksize=8
alignbytes=8, prototype=define
Linker and Libraries:
ld='cc', ldflags ='-Wl,-E -fstack-protector -L/usr/local/lib'
libpth=/usr/lib /usr/local/lib /usr/include/clang/3.3 /usr/lib
libs=-lgdbm -lm -lcrypt -lutil -lc
perllibs=-lm -lcrypt -lutil -lc
libc=, so=so, useshrplib=false, libperl=libperl.a
gnulibc_version=''
Dynamic Linking:
dlsrc=dl_dlopen.xs, dlext=so, d_dlsymun=undef, ccdlflags=' '
cccdlflags='-DPIC -fPIC', lddlflags='-shared -L/usr/local/lib -fstack-protector'
Characteristics of this binary (from libperl):
Compile-time options: HAS_TIMES PERLIO_LAYERS PERL_DONT_CREATE_GVSV
PERL_HASH_FUNC_ONE_AT_A_TIME_HARD
PERL_NEW_COPY_ON_WRITE PERL_PRESERVE_IVUV
PERL_USE_DEVEL USE_64_BIT_ALL USE_64_BIT_INT
USE_LARGE_FILES USE_LOCALE USE_LOCALE_COLLATE
USE_LOCALE_CTYPE USE_LOCALE_NUMERIC USE_LOCALE_TIME
USE_PERLIO USE_PERL_ATOF
Built under freebsd
Compiled at Sep 20 2014 18:01:37
%ENV:
PERL5LIB=""
PERL5OPT=""
PERL5_CPANPLUS_IS_RUNNING="83946"
PERL5_CPAN_IS_RUNNING="83946"
PERL5_CPAN_IS_RUNNING_IN_RECURSION="28449,83946"
PERLDOC="-MPod::Perldoc::ToTextOverstrike"
PERL_BATCH="yes"
PERL_CPAN_REPORTER_CONFIG="/var/tmp/cpansmoker-1023/YHvcTNlc5F_config.ini"
PERL_EXTUTILS_AUTOINSTALL="--defaultdeps"
PERL_HTML_DISPLAY_CLASS="HTML::Display::Mozilla"
@INC:
/usr/perl5.21.4/lib/site_perl/5.21.4/amd64-freebsd
/usr/perl5.21.4/lib/site_perl/5.21.4
/usr/perl5.21.4/lib/5.21.4/amd64-freebsd
/usr/perl5.21.4/lib/5.21.4
.