Report for Tkx-1.09

Back
From: metabase:user:31d414ea-2aae-11df-837a-5e0a49663a4f
Subject: NA Tkx-1.09 v5.18.1 GNU/Linux
Date: 2014-02-26T16:17:45Z

This distribution has been tested as part of the CPAN Testers
project, supporting the Perl programming language.  See
http://wiki.cpantesters.org/ for more information or email
questions to cpan-testers-discuss@perl.org


--
Dear Gisle Aas,

This is a computer-generated report for Tkx-1.09
on perl 5.18.1, created by CPAN-Reporter-1.2010.

Thank you for uploading your work to CPAN.  While attempting to build or test
this distribution, the distribution signaled that support is not available
either for this operating system or this version of Perl.  Nevertheless, any
diagnostic output produced is provided below for reference.  If this is not
what you expect, you may wish to consult the CPAN Testers Wiki:

http://wiki.cpantesters.org/wiki/CPANAuthorNotes

Sections of this report:

    * Tester comments
    * Program output
    * Prerequisites
    * Environment and other context

------------------------------
TESTER COMMENTS
------------------------------

Additional comments from tester:

this report is from an automated smoke testing program
and was not reviewed by a human for accuracy

------------------------------
PROGRAM OUTPUT
------------------------------

Output from '/usr/bin/make test':

PERL_DL_NONLAZY=1 /home/david/cpantesting/perl-5.18.1/bin/perl "-MExtUtils::Command::MM" "-e" "test_harness(0, 'blib/lib', 'blib/arch')" t/*.t
no display name and no $DISPLAY environment variable at t/LabEntry.t line 8.
Compilation failed in require at t/LabEntry.t line 8.
BEGIN failed--compilation aborted at t/LabEntry.t line 8.
t/LabEntry.t ...... 
Dubious, test returned 255 (wstat 65280, 0xff00)
No subtests run 
no display name and no $DISPLAY environment variable at t/mega-config.t line 8.
Compilation failed in require at t/mega-config.t line 8.
BEGIN failed--compilation aborted at t/mega-config.t line 8.
t/mega-config.t ... 
Dubious, test returned 255 (wstat 65280, 0xff00)
No subtests run 
no display name and no $DISPLAY environment variable at t/mega.t line 8.
Compilation failed in require at t/mega.t line 8.
BEGIN failed--compilation aborted at t/mega.t line 8.
t/mega.t .......... 
Dubious, test returned 255 (wstat 65280, 0xff00)
No subtests run 
no display name and no $DISPLAY environment variable at t/nul-char.t line 15.
Compilation failed in require at t/nul-char.t line 15.
BEGIN failed--compilation aborted at t/nul-char.t line 15.
t/nul-char.t ...... 
Dubious, test returned 255 (wstat 65280, 0xff00)
No subtests run 
no display name and no $DISPLAY environment variable at t/tcl-callback.t line 8.
Compilation failed in require at t/tcl-callback.t line 8.
BEGIN failed--compilation aborted at t/tcl-callback.t line 8.
t/tcl-callback.t .. 
Dubious, test returned 255 (wstat 65280, 0xff00)
No subtests run 
no display name and no $DISPLAY environment variable at t/tcl.t line 8.
Compilation failed in require at t/tcl.t line 8.
BEGIN failed--compilation aborted at t/tcl.t line 8.
t/tcl.t ........... 
Dubious, test returned 255 (wstat 65280, 0xff00)
No subtests run 
no display name and no $DISPLAY environment variable at t/tk.t line 8.
Compilation failed in require at t/tk.t line 8.
BEGIN failed--compilation aborted at t/tk.t line 8.
t/tk.t ............ 
Dubious, test returned 255 (wstat 65280, 0xff00)
No subtests run 
no display name and no $DISPLAY environment variable at t/utf8.t line 15.
Compilation failed in require at t/utf8.t line 15.
BEGIN failed--compilation aborted at t/utf8.t line 15.
t/utf8.t .......... 
Dubious, test returned 255 (wstat 65280, 0xff00)
No subtests run 

Test Summary Report
-------------------
t/LabEntry.t    (Wstat: 65280 Tests: 0 Failed: 0)
  Non-zero exit status: 255
  Parse errors: No plan found in TAP output
t/mega-config.t (Wstat: 65280 Tests: 0 Failed: 0)
  Non-zero exit status: 255
  Parse errors: No plan found in TAP output
t/mega.t        (Wstat: 65280 Tests: 0 Failed: 0)
  Non-zero exit status: 255
  Parse errors: No plan found in TAP output
t/nul-char.t    (Wstat: 65280 Tests: 0 Failed: 0)
  Non-zero exit status: 255
  Parse errors: No plan found in TAP output
t/tcl-callback.t (Wstat: 65280 Tests: 0 Failed: 0)
  Non-zero exit status: 255
  Parse errors: No plan found in TAP output
t/tcl.t         (Wstat: 65280 Tests: 0 Failed: 0)
  Non-zero exit status: 255
  Parse errors: No plan found in TAP output
t/tk.t          (Wstat: 65280 Tests: 0 Failed: 0)
  Non-zero exit status: 255
  Parse errors: No plan found in TAP output
t/utf8.t        (Wstat: 65280 Tests: 0 Failed: 0)
  Non-zero exit status: 255
  Parse errors: No plan found in TAP output
Files=8, Tests=0,  3 wallclock secs ( 0.02 usr  0.03 sys +  0.13 cusr  0.09 csys =  0.27 CPU)
Result: FAIL
Failed 8/8 test programs. 0/0 subtests failed.
make: *** [test_dynamic] Error 255

------------------------------
PREREQUISITES
------------------------------

Prerequisite modules loaded:

requires:

    Module              Need  Have
    ------------------- ----- ----
  ! perl                5.008     
  ! Tcl                 1         

build_requires:

    Module              Need  Have
    ------------------- ----- ----
    ExtUtils::MakeMaker 0     6.66

configure_requires:

    Module              Need  Have
    ------------------- ----- ----
    ExtUtils::MakeMaker 0     6.66


------------------------------
ENVIRONMENT AND OTHER CONTEXT
------------------------------

Environment variables:

    AUTOMATED_TESTING = 1
    PATH = /usr/local/bin:/usr/bin:/bin:/usr/games
    PERL = 5.18.1
    PERL5LIB = 
    PERL5OPT = 
    PERL5_CPANPLUS_IS_RUNNING = 10955
    PERL5_CPAN_IS_RUNNING = 10955
    PERLVER = 5.18.1
    PERL_INLINE_DIRECTORY = /home/david/.Inline-5.18.1
    PERL_MM_USE_DEFAULT = 1
    SHELL = /bin/bash
    TERM = screen

Perl special variables (and OS-specific diagnostics, for MSWin32):

    $^X = /home/david/cpantesting/perl-5.18.1/bin/perl
    $UID/$EUID = 1000 / 1000
    $GID = 1000 1000
    $EGID = 1000 1000

Perl module toolchain versions installed:

    Module              Have    
    ------------------- --------
    CPAN                2.00    
    CPAN::Meta          2.120921
    Cwd                 3.40    
    ExtUtils::CBuilder  0.280210
    ExtUtils::Command   1.17    
    ExtUtils::Install   1.59    
    ExtUtils::MakeMaker 6.66    
    ExtUtils::Manifest  1.63    
    ExtUtils::ParseXS   3.22    
    File::Spec          3.40    
    JSON                2.61    
    JSON::PP            2.27202 
    Module::Build       0.4205  
    Module::Signature   n/a     
    Parse::CPAN::Meta   1.4404  
    Test::Harness       3.30    
    Test::More          0.98    
    YAML                n/a     
    YAML::Syck          n/a     
    version             0.9902  


--

Summary of my perl5 (revision 5 version 18 subversion 1) configuration:
   
  Platform:
    osname=linux, osvers=3.2.0-4-amd64, archname=x86_64-linux-thread-multi
    uname='linux pigsty.barnyard.co.uk 3.2.0-4-amd64 #1 smp debian 3.2.35-2 x86_64 gnulinux '
    config_args='-de -Dprefix=/home/david/cpantesting/perl-5.18.1 -Dusethreads -Duse64bitall'
    hint=recommended, useposix=true, d_sigaction=define
    useithreads=define, usemultiplicity=define
    useperlio=define, d_sfio=undef, uselargefiles=define, usesocks=undef
    use64bitint=define, use64bitall=define, uselongdouble=undef
    usemymalloc=n, bincompat5005=undef
  Compiler:
    cc='cc', ccflags ='-D_REENTRANT -D_GNU_SOURCE -fno-strict-aliasing -pipe -fstack-protector -I/usr/local/include -D_LARGEFILE_SOURCE -D_FILE_OFFSET_BITS=64',
    optimize='-O2',
    cppflags='-D_REENTRANT -D_GNU_SOURCE -fno-strict-aliasing -pipe -fstack-protector -I/usr/local/include'
    ccversion='', gccversion='4.1.2 20061115 (prerelease) (Debian 4.1.1-21)', gccosandvers=''
    intsize=4, longsize=8, ptrsize=8, doublesize=8, byteorder=12345678
    d_longlong=define, longlongsize=8, d_longdbl=define, longdblsize=16
    ivtype='long', ivsize=8, nvtype='double', nvsize=8, Off_t='off_t', lseeksize=8
    alignbytes=8, prototype=define
  Linker and Libraries:
    ld='cc', ldflags =' -fstack-protector -L/usr/local/lib'
    libpth=/usr/local/lib /lib /usr/lib /lib64 /usr/lib64
    libs=-lnsl -lgdbm -ldb -ldl -lm -lcrypt -lutil -lpthread -lc -lgdbm_compat
    perllibs=-lnsl -ldl -lm -lcrypt -lutil -lpthread -lc
    libc=/lib/libc-2.3.6.so, so=so, useshrplib=false, libperl=libperl.a
    gnulibc_version='2.3.6'
  Dynamic Linking:
    dlsrc=dl_dlopen.xs, dlext=so, d_dlsymun=undef, ccdlflags='-Wl,-E'
    cccdlflags='-fPIC', lddlflags='-shared -O2 -L/usr/local/lib -fstack-protector'


Characteristics of this binary (from libperl): 
  Compile-time options: HAS_TIMES MULTIPLICITY PERLIO_LAYERS
                        PERL_DONT_CREATE_GVSV
                        PERL_HASH_FUNC_ONE_AT_A_TIME_HARD
                        PERL_IMPLICIT_CONTEXT PERL_MALLOC_WRAP
                        PERL_PRESERVE_IVUV PERL_SAWAMPERSAND USE_64_BIT_ALL
                        USE_64_BIT_INT USE_ITHREADS USE_LARGE_FILES
                        USE_LOCALE USE_LOCALE_COLLATE USE_LOCALE_CTYPE
                        USE_LOCALE_NUMERIC USE_PERLIO USE_PERL_ATOF
                        USE_REENTRANT_API
  Built under linux
  Compiled at Oct 22 2013 12:26:27
  %ENV:
    PERL="5.18.1"
    PERL5LIB=""
    PERL5OPT=""
    PERL5_CPANPLUS_IS_RUNNING="10955"
    PERL5_CPAN_IS_RUNNING="10955"
    PERLVER="5.18.1"
    PERL_INLINE_DIRECTORY="/home/david/.Inline-5.18.1"
    PERL_MM_USE_DEFAULT="1"
  @INC:
    /home/david/cpantesting/perl-5.18.1/lib/site_perl/5.18.1/x86_64-linux-thread-multi
    /home/david/cpantesting/perl-5.18.1/lib/site_perl/5.18.1
    /home/david/cpantesting/perl-5.18.1/lib/5.18.1/x86_64-linux-thread-multi
    /home/david/cpantesting/perl-5.18.1/lib/5.18.1
    .