HTML-CTPP2 v2.6.7 Perl 5 v5.14.4 x86_64-linux

Status
Fail
From
Slaven Rezić (SREZIC)
Dist
HTML-CTPP2 v2.6.7
Platform
Perl 5 v5.14.4 x86_64-linux
Date
2019-05-04T19:19:26
ID
881e9cda-6ea1-11e9-9ba7-f08a1f24ea8f
This distribution has been tested as part of the CPAN Testers
project, supporting the Perl programming language.  See
http://wiki.cpantesters.org/ for more information or email
questions to cpan-testers-discuss@perl.org


--
Dear Andrei V. Shetuhin,

This is a computer-generated report for HTML-CTPP2-2.6.7
on perl 5.14.4, created by CPAN-Reporter-1.2018.

Thank you for uploading your work to CPAN.  However, there was a problem
testing your distribution.

If you think this report is invalid, please consult the CPAN Testers Wiki
for suggestions on how to avoid getting FAIL reports for missing library
or binary dependencies, unsupported operating systems, and so on:

http://wiki.cpantesters.org/wiki/CPANAuthorNotes

Sections of this report:

    * Tester comments
    * Program output
    * Prerequisites
    * Environment and other context

------------------------------
TESTER COMMENTS
------------------------------

Additional comments from tester:

none provided

------------------------------
PROGRAM OUTPUT
------------------------------

Output from '/usr/bin/make test':

"/opt/perl-5.14.4/bin/perl" -MExtUtils::Command::MM -e 'cp_nonempty' -- CTPP2.bs blib/arch/auto/HTML/CTPP2/CTPP2.bs 644
PERL_DL_NONLAZY=1 "/opt/perl-5.14.4/bin/perl" "-MExtUtils::Command::MM" "-MTest::Harness" "-e" "undef *Test::Harness::Switches; test_harness(0, 'blib/lib', 'blib/arch')" t/*.t
t/HTML-CTPP2.t .. ok
t/test01.t ...... ok
output(): operator [] (error code 0x02000005); IP: 0x0000000C at t/test02.t line 37.

#   Failed test at t/test02.t line 38.

#   Failed test at t/test02.t line 49.
output(): operator [] (error code 0x02000005); IP: 0x0000000C at t/test02.t line 51.

#   Failed test at t/test02.t line 52.
output(): operator [] (error code 0x02000005); IP: 0x0000000C at t/test02.t line 56.

#   Failed test at t/test02.t line 57.
# Looks like you failed 4 tests of 15.
t/test02.t ...... 
Dubious, test returned 4 (wstat 1024, 0x400)
Failed 4/15 subtests 
t/test03.t ...... ok

#   Failed test at t/test04.t line 18.
# Looks like you failed 1 test of 3.
t/test04.t ...... 
Dubious, test returned 1 (wstat 256, 0x100)
Failed 1/3 subtests 
parse_template(): In file examples/syntax-error.tmpl at line 2, pos 14: expected at least one space symbol (error code 0x04000011) at t/test05.t line 17.
t/test05.t ...... ok
ERROR: Function ERROR() always produces runtime error at t/test06.t line 19.
output(): *** Internal syscall error *** (error code 0x0200000C); IP: 0x00000012, file examples/runtime-error.tmpl line 1 pos 25 at t/test06.t line 19.
ERROR: 0x0200000C; In file `examples/runtime-error.tmpl`, line 1, pos 25: *** Internal syscall error ***; IP 0x00000012

#   Failed test at t/test06.t line 29.
# Looks like you failed 1 test of 3.
t/test06.t ...... 
Dubious, test returned 1 (wstat 256, 0x100)
Failed 1/3 subtests 
t/test07.t ...... ok
t/test08.t ...... ok
parse_template(): In file direct source at line 2, pos 39: incorrect include file name (error code 0x04000011) at t/test09.t line 18.

#   Failed test 'Create object.'
#   at t/test09.t line 19.
HTML::CTPP2::output($bytecode ... -- $bytecode is not a blessed SV reference at t/test09.t line 24.

#   Failed test at t/test09.t line 25.
# Looks like you failed 2 tests of 5.
t/test09.t ...... 
Dubious, test returned 2 (wstat 512, 0x200)
Failed 2/5 subtests 

#   Failed test at t/test10.t line 36.
# Looks like you failed 1 test of 6.
t/test10.t ...... 
Dubious, test returned 1 (wstat 256, 0x100)
Failed 1/6 subtests 

Test Summary Report
-------------------
t/test02.t    (Wstat: 1024 Tests: 15 Failed: 4)
  Failed tests:  9, 13-15
  Non-zero exit status: 4
t/test04.t    (Wstat: 256 Tests: 3 Failed: 1)
  Failed test:  3
  Non-zero exit status: 1
t/test06.t    (Wstat: 256 Tests: 3 Failed: 1)
  Failed test:  3
  Non-zero exit status: 1
t/test09.t    (Wstat: 512 Tests: 5 Failed: 2)
  Failed tests:  3, 5
  Non-zero exit status: 2
t/test10.t    (Wstat: 256 Tests: 6 Failed: 1)
  Failed test:  5
  Non-zero exit status: 1
Files=11, Tests=58,  1 wallclock secs ( 0.04 usr  0.05 sys +  0.44 cusr  0.16 csys =  0.69 CPU)
Result: FAIL
Failed 5/11 test programs. 9/58 subtests failed.
Makefile:1010: die Regel für Ziel „test_dynamic“ scheiterte
make: *** [test_dynamic] Fehler 1

------------------------------
PREREQUISITES
------------------------------

Prerequisite modules loaded:

build_requires:

    Module              Need Have
    ------------------- ---- ----
    ExtUtils::MakeMaker 0    7.36


------------------------------
ENVIRONMENT AND OTHER CONTEXT
------------------------------

Environment variables:

    LANG = C
    LC_ALL = de_DE.UTF-8
    PATH = /usr/local/bin:/usr/bin:/bin:/usr/local/sbin:/usr/sbin:/sbin:/home/cpansand/bin/linux-gnu:/home/cpansand/bin/sh:/home/cpansand/bin:/usr/games:/home/cpansand/devel:/home/eserte/src/srezic-misc/scripts
    PERL5LIB = 
    PERL5OPT = 
    PERL5_CPANPLUS_IS_RUNNING = 1401
    PERL5_CPAN_IS_RUNNING = 1401
    PERL5_CPAN_IS_RUNNING_IN_RECURSION = 875,1401
    PERLDOC = -MPod::Perldoc::ToTextOverstrike
    PERL_BATCH = yes
    PERL_CANARY_STABILITY_NOPROMPT = 1
    PERL_CPAN_REPORTER_CONFIG = /var/tmp/cpansmoker-1023/2019050418/cpanreporter_001_config.ini
    PERL_EXTUTILS_AUTOINSTALL = --defaultdeps
    SHELL = /usr/bin/zsh
    TERM = screen
    TMPDIR = /var/tmp/cpansmoker-1023/2019050418

Perl special variables (and OS-specific diagnostics, for MSWin32):

    $^X = /opt/perl-5.14.4/bin/perl
    $UID/$EUID = 1023 / 1023
    $GID = 1023 1023
    $EGID = 1023 1023

Perl module toolchain versions installed:

    Module              Have     
    ------------------- ---------
    CPAN                1.9600_01
    CPAN::Meta          2.150010 
    Cwd                 3.75     
    ExtUtils::CBuilder  0.280231 
    ExtUtils::Command   7.36     
    ExtUtils::Install   2.06     
    ExtUtils::MakeMaker 7.36     
    ExtUtils::Manifest  1.70     
    ExtUtils::ParseXS   3.35     
    File::Spec          3.75     
    JSON                4.01     
    JSON::PP            4.01     
    Module::Build       0.4224   
    Module::Signature   0.83     
    Parse::CPAN::Meta   2.150010 
    Test::Harness       3.42     
    Test::More          1.302164 
    YAML                1.28     
    YAML::Syck          1.31     
    version             0.9924   


--

Summary of my perl5 (revision 5 version 14 subversion 4) configuration:
   
  Platform:
    osname=linux, osvers=4.9.0-8-amd64, archname=x86_64-linux
    uname='linux eserte 4.9.0-8-amd64 #1 smp debian 4.9.130-2 (2018-10-27) x86_64 gnulinux '
    config_args='-ds -e -Dprefix=/opt/perl-5.14.4 -Dcf_email=srezic@cpan.org'
    hint=recommended, useposix=true, d_sigaction=define
    useithreads=undef, usemultiplicity=undef
    useperlio=define, d_sfio=undef, uselargefiles=define, usesocks=undef
    use64bitint=define, use64bitall=define, uselongdouble=undef
    usemymalloc=n, bincompat5005=undef
  Compiler:
    cc='cc', ccflags ='-fno-strict-aliasing -pipe -fstack-protector -I/usr/local/include -D_LARGEFILE_SOURCE -D_FILE_OFFSET_BITS=64',
    optimize='-O2',
    cppflags='-fno-strict-aliasing -pipe -fstack-protector -I/usr/local/include'
    ccversion='', gccversion='6.3.0 20170516', gccosandvers=''
    intsize=4, longsize=8, ptrsize=8, doublesize=8, byteorder=12345678
    d_longlong=define, longlongsize=8, d_longdbl=define, longdblsize=16
    ivtype='long', ivsize=8, nvtype='double', nvsize=8, Off_t='off_t', lseeksize=8
    alignbytes=8, prototype=define
  Linker and Libraries:
    ld='cc', ldflags =' -fstack-protector -L/usr/local/lib'
    libpth=/usr/local/lib /lib/x86_64-linux-gnu /lib/../lib /usr/lib/x86_64-linux-gnu /usr/lib/../lib /lib /usr/lib
    libs=-lnsl -ldb -ldl -lm -lcrypt -lutil -lc
    perllibs=-lnsl -ldl -lm -lcrypt -lutil -lc
    libc=libc-2.24.so, so=so, useshrplib=false, libperl=libperl.a
    gnulibc_version='2.24'
  Dynamic Linking:
    dlsrc=dl_dlopen.xs, dlext=so, d_dlsymun=undef, ccdlflags='-Wl,-E'
    cccdlflags='-fPIC', lddlflags='-shared -O2 -L/usr/local/lib -fstack-protector'


Characteristics of this binary (from libperl): 
  Compile-time options: PERL_DONT_CREATE_GVSV PERL_MALLOC_WRAP
                        PERL_PRESERVE_IVUV USE_64_BIT_ALL USE_64_BIT_INT
                        USE_LARGE_FILES USE_PERLIO USE_PERL_ATOF
  Locally applied patches:
	Devel::PatchPerl 1.46
  Built under linux
  Compiled at Jan  4 2019 19:32:45
  %ENV:
    PERL5LIB=""
    PERL5OPT=""
    PERL5_CPANPLUS_IS_RUNNING="1401"
    PERL5_CPAN_IS_RUNNING="1401"
    PERL5_CPAN_IS_RUNNING_IN_RECURSION="875,1401"
    PERLDOC="-MPod::Perldoc::ToTextOverstrike"
    PERL_BATCH="yes"
    PERL_CANARY_STABILITY_NOPROMPT="1"
    PERL_CPAN_REPORTER_CONFIG="/var/tmp/cpansmoker-1023/2019050418/cpanreporter_001_config.ini"
    PERL_EXTUTILS_AUTOINSTALL="--defaultdeps"
  @INC:
    /opt/perl-5.14.4/lib/site_perl/5.14.4/x86_64-linux
    /opt/perl-5.14.4/lib/site_perl/5.14.4
    /opt/perl-5.14.4/lib/5.14.4/x86_64-linux
    /opt/perl-5.14.4/lib/5.14.4
    .