Report for Parallel-Workers-0.0.9

Back
From: metabase:user:30ae4450-2aae-11df-837a-5e0a49663a4f
Subject: FAIL Parallel-Workers-0.0.9 v5.16.2 GNU/Linux
Date: 2013-01-20T20:25:30Z

This distribution has been tested as part of the CPAN Testers
project, supporting the Perl programming language.  See
http://wiki.cpantesters.org/ for more information or email
questions to cpan-testers-discuss@perl.org


--
Dear Olivier Evalet,

This is a computer-generated report for Parallel-Workers-0.0.9
on perl 5.16.2, created by CPAN-Reporter-1.2009.

Thank you for uploading your work to CPAN.  However, there was a problem
testing your distribution.

If you think this report is invalid, please consult the CPAN Testers Wiki
for suggestions on how to avoid getting FAIL reports for missing library
or binary dependencies, unsupported operating systems, and so on:

http://wiki.cpantesters.org/wiki/CPANAuthorNotes

Sections of this report:

    * Tester comments
    * Program output
    * Prerequisites
    * Environment and other context

------------------------------
TESTER COMMENTS
------------------------------

Additional comments from tester:

this report is from an automated smoke testing program
and was not reviewed by a human for accuracy

------------------------------
PROGRAM OUTPUT
------------------------------

Output from '/usr/bin/make test':

PERL_DL_NONLAZY=1 /home/c/perl5/perlbrew/perls/perl-5.16.2/bin/perl "-MExtUtils::Command::MM" "-e" "test_harness(0, 'blib/lib', 'blib/arch')" t/*.t

#   Failed test 'use Parallel::Workers;'
#   at t/00.load.t line 4.
#     Tried to use 'Parallel::Workers'.
#     Error:  This Perl not built to support threads
# Compilation failed in require at /home/c/.cpan/build/Parallel-Workers-0.0.9-6RRDCq/blib/lib/Parallel/Workers.pm line 8.
# BEGIN failed--compilation aborted at /home/c/.cpan/build/Parallel-Workers-0.0.9-6RRDCq/blib/lib/Parallel/Workers.pm line 8.
# Compilation failed in require at (eval 4) line 2.
# BEGIN failed--compilation aborted at (eval 4) line 2.

#   Failed test 'use Parallel::Workers::Backend::XMLRPC;'
#   at t/00.load.t line 6.
#     Tried to use 'Parallel::Workers::Backend::XMLRPC'.
#     Error:  Can't locate RPC/XML.pm in @INC (@INC contains: /home/c/.cpan/build/Parallel-Workers-0.0.9-6RRDCq/blib/lib /home/c/.cpan/build/Parallel-Workers-0.0.9-6RRDCq/blib/arch /home/c/perl5/perlbrew/perls/perl-5.16.2/lib/site_perl/5.16.2/i686-linux /home/c/perl5/perlbrew/perls/perl-5.16.2/lib/site_perl/5.16.2 /home/c/perl5/perlbrew/perls/perl-5.16.2/lib/5.16.2/i686-linux /home/c/perl5/perlbrew/perls/perl-5.16.2/lib/5.16.2 .) at /home/c/.cpan/build/Parallel-Workers-0.0.9-6RRDCq/blib/lib/Parallel/Workers/Backend/XMLRPC.pm line 7.
# BEGIN failed--compilation aborted at /home/c/.cpan/build/Parallel-Workers-0.0.9-6RRDCq/blib/lib/Parallel/Workers/Backend/XMLRPC.pm line 7.
# Compilation failed in require at (eval 11) line 2.
# BEGIN failed--compilation aborted at (eval 11) line 2.

#   Failed test 'use Parallel::Workers::Backend::SSH;'
#   at t/00.load.t line 7.
#     Tried to use 'Parallel::Workers::Backend::SSH'.
#     Error:  Can't locate Net/SSH/Perl.pm in @INC (@INC contains: /home/c/.cpan/build/Parallel-Workers-0.0.9-6RRDCq/blib/lib /home/c/.cpan/build/Parallel-Workers-0.0.9-6RRDCq/blib/arch /home/c/perl5/perlbrew/perls/perl-5.16.2/lib/site_perl/5.16.2/i686-linux /home/c/perl5/perlbrew/perls/perl-5.16.2/lib/site_perl/5.16.2 /home/c/perl5/perlbrew/perls/perl-5.16.2/lib/5.16.2/i686-linux /home/c/perl5/perlbrew/perls/perl-5.16.2/lib/5.16.2 .) at /home/c/.cpan/build/Parallel-Workers-0.0.9-6RRDCq/blib/lib/Parallel/Workers/Backend/SSH.pm line 6.
# BEGIN failed--compilation aborted at /home/c/.cpan/build/Parallel-Workers-0.0.9-6RRDCq/blib/lib/Parallel/Workers/Backend/SSH.pm line 6.
# Compilation failed in require at (eval 12) line 2.
# BEGIN failed--compilation aborted at (eval 12) line 2.
Use of uninitialized value $Parallel::Workers::VERSION in concatenation (.) or string at t/00.load.t line 10.
# Testing Parallel::Workers 
# Looks like you failed 3 tests of 4.
t/00.load.t ........ 
Dubious, test returned 3 (wstat 768, 0x300)
Failed 3/4 subtests 
Name "Parallel::Workers::WARN" used only once: possible typo at t/process-0.t line 29.

#   Failed test 'use Parallel::Workers;'
#   at t/process-0.t line 3.
#     Tried to use 'Parallel::Workers'.
#     Error:  This Perl not built to support threads
# Compilation failed in require at /home/c/.cpan/build/Parallel-Workers-0.0.9-6RRDCq/blib/lib/Parallel/Workers.pm line 8.
# BEGIN failed--compilation aborted at /home/c/.cpan/build/Parallel-Workers-0.0.9-6RRDCq/blib/lib/Parallel/Workers.pm line 8.
# Compilation failed in require at (eval 4) line 2.
# BEGIN failed--compilation aborted at (eval 4) line 2.
Can't locate object method "new" via package "Parallel::Workers" at t/process-0.t line 33.
# Looks like you planned 6 tests but ran 1.
# Looks like you failed 1 test of 1 run.
# Looks like your test exited with 255 just after 1.
t/process-0.t ...... 
Dubious, test returned 255 (wstat 65280, 0xff00)
Failed 6/6 subtests 

#   Failed test 'use Parallel::Workers;'
#   at t/ssh-0.t line 3.
#     Tried to use 'Parallel::Workers'.
#     Error:  This Perl not built to support threads
# Compilation failed in require at /home/c/.cpan/build/Parallel-Workers-0.0.9-6RRDCq/blib/lib/Parallel/Workers.pm line 8.
# BEGIN failed--compilation aborted at /home/c/.cpan/build/Parallel-Workers-0.0.9-6RRDCq/blib/lib/Parallel/Workers.pm line 8.
# Compilation failed in require at (eval 4) line 2.
# BEGIN failed--compilation aborted at (eval 4) line 2.
Can't locate object method "new" via package "Parallel::Workers" at t/ssh-0.t line 14.
# Looks like you planned 3 tests but ran 1.
# Looks like you failed 1 test of 1 run.
# Looks like your test exited with 255 just after 1.
t/ssh-0.t .......... 
Dubious, test returned 255 (wstat 65280, 0xff00)
Failed 3/3 subtests 
Name "Parallel::Workers::WARN" used only once: possible typo at t/transaction-0.t line 13.

#   Failed test 'use Parallel::Workers;'
#   at t/transaction-0.t line 3.
#     Tried to use 'Parallel::Workers'.
#     Error:  This Perl not built to support threads
# Compilation failed in require at /home/c/.cpan/build/Parallel-Workers-0.0.9-6RRDCq/blib/lib/Parallel/Workers.pm line 8.
# BEGIN failed--compilation aborted at /home/c/.cpan/build/Parallel-Workers-0.0.9-6RRDCq/blib/lib/Parallel/Workers.pm line 8.
# Compilation failed in require at (eval 4) line 2.
# BEGIN failed--compilation aborted at (eval 4) line 2.

#   Failed test 'use Parallel::Workers::Transaction;'
#   at t/transaction-0.t line 4.
#     Tried to use 'Parallel::Workers::Transaction'.
#     Error:  Attempt to reload threads.pm aborted.
# Compilation failed in require at /home/c/.cpan/build/Parallel-Workers-0.0.9-6RRDCq/blib/lib/Parallel/Workers/Shared.pm line 8.
# BEGIN failed--compilation aborted at /home/c/.cpan/build/Parallel-Workers-0.0.9-6RRDCq/blib/lib/Parallel/Workers/Shared.pm line 8.
# Compilation failed in require at /home/c/.cpan/build/Parallel-Workers-0.0.9-6RRDCq/blib/lib/Parallel/Workers/Transaction.pm line 8.
# BEGIN failed--compilation aborted at /home/c/.cpan/build/Parallel-Workers-0.0.9-6RRDCq/blib/lib/Parallel/Workers/Transaction.pm line 8.
# Compilation failed in require at (eval 8) line 2.
# BEGIN failed--compilation aborted at (eval 8) line 2.
Can't locate object method "new" via package "Parallel::Workers" at t/transaction-0.t line 17.
# Looks like you planned 7 tests but ran 2.
# Looks like you failed 2 tests of 2 run.
# Looks like your test exited with 255 just after 2.
t/transaction-0.t .. 
Dubious, test returned 255 (wstat 65280, 0xff00)
Failed 7/7 subtests 

Test Summary Report
-------------------
t/00.load.t      (Wstat: 768 Tests: 4 Failed: 3)
  Failed tests:  1, 3-4
  Non-zero exit status: 3
t/process-0.t    (Wstat: 65280 Tests: 1 Failed: 1)
  Failed test:  1
  Non-zero exit status: 255
  Parse errors: Bad plan.  You planned 6 tests but ran 1.
t/ssh-0.t        (Wstat: 65280 Tests: 1 Failed: 1)
  Failed test:  1
  Non-zero exit status: 255
  Parse errors: Bad plan.  You planned 3 tests but ran 1.
t/transaction-0.t (Wstat: 65280 Tests: 2 Failed: 2)
  Failed tests:  1-2
  Non-zero exit status: 255
  Parse errors: Bad plan.  You planned 7 tests but ran 2.
Files=4, Tests=8,  0 wallclock secs ( 0.01 usr  0.02 sys +  0.11 cusr  0.07 csys =  0.21 CPU)
Result: FAIL
Failed 4/4 test programs. 7/8 subtests failed.
make: *** [test_dynamic] Ошибка 255

------------------------------
PREREQUISITES
------------------------------

Prerequisite modules loaded:

requires:

    Module              Need Have   
    ------------------- ---- -------
    Data::Serializer    0    0.59   
    File::Find::Rule    0    0.33   
    File::Temp          0    0.22   
    Getopt::Long        0    2.38   
    Math::BigInt::GMP   0    1.37   

build_requires:

    Module              Need Have   
    ------------------- ---- -------
    ExtUtils::MakeMaker 0    6.63_02


------------------------------
ENVIRONMENT AND OTHER CONTEXT
------------------------------

Environment variables:

    AUTOMATED_TESTING = 1
    LANG = ru_RU.utf8
    PATH = /home/c/perl5/perlbrew/bin:/home/c/perl5/perlbrew/perls/perl-5.16.2/bin:/usr/local/bin:/usr/bin:/bin:/usr/local/games:/usr/games
    PERL5LIB = 
    PERL5OPT = 
    PERL5_CPANPLUS_IS_RUNNING = 21339
    PERL5_CPAN_IS_RUNNING = 21339
    PERL5_CPAN_IS_RUNNING_IN_RECURSION = 1967,21339
    PERLBREW_MANPATH = /home/c/perl5/perlbrew/perls/perl-5.16.2/man
    PERLBREW_PATH = /home/c/perl5/perlbrew/bin:/home/c/perl5/perlbrew/perls/perl-5.16.2/bin
    PERLBREW_PERL = perl-5.16.2
    PERLBREW_ROOT = /home/c/perl5/perlbrew
    PERLBREW_SKIP_INIT = 1
    PERLBREW_VERSION = 0.58
    PERL_CR_SMOKER_CURRENT = Parallel-Workers-0.0.9
    PERL_EXTUTILS_AUTOINSTALL = --defaultdeps
    PERL_MM_USE_DEFAULT = 1
    SHELL = /bin/bash
    TERM = xterm

Perl special variables (and OS-specific diagnostics, for MSWin32):

    $^X = /home/c/perl5/perlbrew/perls/perl-5.16.2/bin/perl
    $UID/$EUID = 1000 / 1000
    $GID = 1000 24 25 27 29 30 44 46 108 109 115 1000
    $EGID = 1000 24 25 27 29 30 44 46 108 109 115 1000

Perl module toolchain versions installed:

    Module              Have    
    ------------------- --------
    CPAN                1.9800  
    CPAN::Meta          2.120921
    Cwd                 3.39_02 
    ExtUtils::CBuilder  0.280206
    ExtUtils::Command   1.17    
    ExtUtils::Install   1.58    
    ExtUtils::MakeMaker 6.63_02 
    ExtUtils::Manifest  1.61    
    ExtUtils::ParseXS   3.16    
    File::Spec          3.39_02 
    JSON                2.53    
    JSON::PP            2.27200 
    Module::Build       0.4003  
    Module::Signature   0.70    
    Parse::CPAN::Meta   1.4404  
    Test::Harness       3.23    
    Test::More          0.98    
    YAML                0.84    
    YAML::Syck          1.22    
    version             0.9901  


--

Summary of my perl5 (revision 5 version 16 subversion 2) configuration:
   
  Platform:
    osname=linux, osvers=2.6.32-5-686, archname=i686-linux
    uname='linux deb1 2.6.32-5-686 #1 smp sun sep 23 09:49:36 utc 2012 i686 gnulinux '
    config_args='-de -Dprefix=/home/c/perl5/perlbrew/perls/perl-5.16.2 -Aeval:scriptdir=/home/c/perl5/perlbrew/perls/perl-5.16.2/bin'
    hint=recommended, useposix=true, d_sigaction=define
    useithreads=undef, usemultiplicity=undef
    useperlio=define, d_sfio=undef, uselargefiles=define, usesocks=undef
    use64bitint=undef, use64bitall=undef, uselongdouble=undef
    usemymalloc=n, bincompat5005=undef
  Compiler:
    cc='cc', ccflags ='-fno-strict-aliasing -pipe -fstack-protector -I/usr/local/include -D_LARGEFILE_SOURCE -D_FILE_OFFSET_BITS=64',
    optimize='-O2',
    cppflags='-fno-strict-aliasing -pipe -fstack-protector -I/usr/local/include'
    ccversion='', gccversion='4.4.5', gccosandvers=''
    intsize=4, longsize=4, ptrsize=4, doublesize=8, byteorder=1234
    d_longlong=define, longlongsize=8, d_longdbl=define, longdblsize=12
    ivtype='long', ivsize=4, nvtype='double', nvsize=8, Off_t='off_t', lseeksize=8
    alignbytes=4, prototype=define
  Linker and Libraries:
    ld='cc', ldflags =' -fstack-protector -L/usr/local/lib'
    libpth=/usr/local/lib /lib/../lib /usr/lib/../lib /lib /usr/lib /usr/lib/i486-linux-gnu /usr/lib64
    libs=-lnsl -ldl -lm -lcrypt -lutil -lc
    perllibs=-lnsl -ldl -lm -lcrypt -lutil -lc
    libc=/lib/libc-2.11.3.so, so=so, useshrplib=false, libperl=libperl.a
    gnulibc_version='2.11.3'
  Dynamic Linking:
    dlsrc=dl_dlopen.xs, dlext=so, d_dlsymun=undef, ccdlflags='-Wl,-E'
    cccdlflags='-fPIC', lddlflags='-shared -O2 -L/usr/local/lib -fstack-protector'


Characteristics of this binary (from libperl): 
  Compile-time options: HAS_TIMES PERLIO_LAYERS PERL_DONT_CREATE_GVSV
                        PERL_MALLOC_WRAP PERL_PRESERVE_IVUV USE_LARGE_FILES
                        USE_LOCALE USE_LOCALE_COLLATE USE_LOCALE_CTYPE
                        USE_LOCALE_NUMERIC USE_PERLIO USE_PERL_ATOF
  Built under linux
  Compiled at Jan  4 2013 21:20:12
  %ENV:
    PERL5LIB=""
    PERL5OPT=""
    PERL5_CPANPLUS_IS_RUNNING="21339"
    PERL5_CPAN_IS_RUNNING="21339"
    PERL5_CPAN_IS_RUNNING_IN_RECURSION="1967,21339"
    PERLBREW_MANPATH="/home/c/perl5/perlbrew/perls/perl-5.16.2/man"
    PERLBREW_PATH="/home/c/perl5/perlbrew/bin:/home/c/perl5/perlbrew/perls/perl-5.16.2/bin"
    PERLBREW_PERL="perl-5.16.2"
    PERLBREW_ROOT="/home/c/perl5/perlbrew"
    PERLBREW_SKIP_INIT="1"
    PERLBREW_VERSION="0.58"
    PERL_CR_SMOKER_CURRENT="Parallel-Workers-0.0.9"
    PERL_EXTUTILS_AUTOINSTALL="--defaultdeps"
    PERL_MM_USE_DEFAULT="1"
  @INC:
    /home/c/perl5/perlbrew/perls/perl-5.16.2/lib/site_perl/5.16.2/i686-linux
    /home/c/perl5/perlbrew/perls/perl-5.16.2/lib/site_perl/5.16.2
    /home/c/perl5/perlbrew/perls/perl-5.16.2/lib/5.16.2/i686-linux
    /home/c/perl5/perlbrew/perls/perl-5.16.2/lib/5.16.2
    .