Back
From: metabase:user:30f4dfbe-2aae-11df-837a-5e0a49663a4f
Subject: FAIL Tkx-1.09 v5.8.8 GNU/Linux
Date: 2016-02-15T10:11:53Z
This distribution has been tested as part of the CPAN Testers
project, supporting the Perl programming language. See
http://wiki.cpantesters.org/ for more information or email
questions to cpan-testers-discuss@perl.org
--
Dear Gisle Aas,
This is a computer-generated report for Tkx-1.09
on perl 5.8.8, created by CPAN-Reporter-1.2015.
Thank you for uploading your work to CPAN. However, there was a problem
testing your distribution.
If you think this report is invalid, please consult the CPAN Testers Wiki
for suggestions on how to avoid getting FAIL reports for missing library
or binary dependencies, unsupported operating systems, and so on:
http://wiki.cpantesters.org/wiki/CPANAuthorNotes
Sections of this report:
* Tester comments
* Program output
* Prerequisites
* Environment and other context
------------------------------
TESTER COMMENTS
------------------------------
Additional comments from tester:
this report is from an automated smoke testing program
and was not reviewed by a human for accuracy
------------------------------
PROGRAM OUTPUT
------------------------------
Output from '/usr/bin/make test':
PERL_DL_NONLAZY=1 "/home/njh/perl5/perlbrew/perls/perl-5.8.8/bin/perl5.8.8" "-MExtUtils::Command::MM" "-MTest::Harness" "-e" "undef *Test::Harness::Switches; test_harness(0, 'blib/lib', 'blib/arch')" t/*.t
no display name and no $DISPLAY environment variable at t/LabEntry.t line 8.
Compilation failed in require at t/LabEntry.t line 8.
BEGIN failed--compilation aborted at t/LabEntry.t line 8.
t/LabEntry.t ......
Dubious, test returned 2 (wstat 512, 0x200)
No subtests run
no display name and no $DISPLAY environment variable at t/mega-config.t line 8.
Compilation failed in require at t/mega-config.t line 8.
BEGIN failed--compilation aborted at t/mega-config.t line 8.
t/mega-config.t ...
Dubious, test returned 2 (wstat 512, 0x200)
No subtests run
no display name and no $DISPLAY environment variable at t/mega.t line 8.
Compilation failed in require at t/mega.t line 8.
BEGIN failed--compilation aborted at t/mega.t line 8.
t/mega.t ..........
Dubious, test returned 2 (wstat 512, 0x200)
No subtests run
no display name and no $DISPLAY environment variable at t/nul-char.t line 15.
Compilation failed in require at t/nul-char.t line 15.
BEGIN failed--compilation aborted at t/nul-char.t line 15.
t/nul-char.t ......
Dubious, test returned 2 (wstat 512, 0x200)
No subtests run
no display name and no $DISPLAY environment variable at t/tcl-callback.t line 8.
Compilation failed in require at t/tcl-callback.t line 8.
BEGIN failed--compilation aborted at t/tcl-callback.t line 8.
t/tcl-callback.t ..
Dubious, test returned 2 (wstat 512, 0x200)
No subtests run
no display name and no $DISPLAY environment variable at t/tcl.t line 8.
Compilation failed in require at t/tcl.t line 8.
BEGIN failed--compilation aborted at t/tcl.t line 8.
t/tcl.t ...........
Dubious, test returned 2 (wstat 512, 0x200)
No subtests run
no display name and no $DISPLAY environment variable at t/tk.t line 8.
Compilation failed in require at t/tk.t line 8.
BEGIN failed--compilation aborted at t/tk.t line 8.
t/tk.t ............
Dubious, test returned 2 (wstat 512, 0x200)
No subtests run
no display name and no $DISPLAY environment variable at t/utf8.t line 15.
Compilation failed in require at t/utf8.t line 15.
BEGIN failed--compilation aborted at t/utf8.t line 15.
t/utf8.t ..........
Dubious, test returned 2 (wstat 512, 0x200)
No subtests run
Test Summary Report
-------------------
t/LabEntry.t (Wstat: 512 Tests: 0 Failed: 0)
Non-zero exit status: 2
Parse errors: No plan found in TAP output
t/mega-config.t (Wstat: 512 Tests: 0 Failed: 0)
Non-zero exit status: 2
Parse errors: No plan found in TAP output
t/mega.t (Wstat: 512 Tests: 0 Failed: 0)
Non-zero exit status: 2
Parse errors: No plan found in TAP output
t/nul-char.t (Wstat: 512 Tests: 0 Failed: 0)
Non-zero exit status: 2
Parse errors: No plan found in TAP output
t/tcl-callback.t (Wstat: 512 Tests: 0 Failed: 0)
Non-zero exit status: 2
Parse errors: No plan found in TAP output
t/tcl.t (Wstat: 512 Tests: 0 Failed: 0)
Non-zero exit status: 2
Parse errors: No plan found in TAP output
t/tk.t (Wstat: 512 Tests: 0 Failed: 0)
Non-zero exit status: 2
Parse errors: No plan found in TAP output
t/utf8.t (Wstat: 512 Tests: 0 Failed: 0)
Non-zero exit status: 2
Parse errors: No plan found in TAP output
Files=8, Tests=0, 0 wallclock secs ( 0.01 usr 0.00 sys + 0.20 cusr 0.03 csys = 0.24 CPU)
Result: FAIL
Failed 8/8 test programs. 0/0 subtests failed.
Makefile:893: recipe for target 'test_dynamic' failed
make: *** [test_dynamic] Error 2
------------------------------
PREREQUISITES
------------------------------
Prerequisite modules loaded:
requires:
Module Need Have
------------------- ----- --------
perl 5.008 5.008008
Tcl 1 1.02
build_requires:
Module Need Have
------------------- ----- --------
ExtUtils::MakeMaker 0 7.10
configure_requires:
Module Need Have
------------------- ----- --------
ExtUtils::MakeMaker 0 7.10
------------------------------
ENVIRONMENT AND OTHER CONTEXT
------------------------------
Environment variables:
AUTOMATED_TESTING = 1
LANG = en_US.UTF-8
PATH = /home/njh/perl5/perlbrew/bin:/home/njh/perl5/perlbrew/perls/perl-5.8.8/bin:/home/njh/perl5/perlbrew/bin:/usr/bin:/bin
PERL5LIB = /home/njh/.cpan/build/Tcl-1.02-cpOvh9/blib/arch:/home/njh/.cpan/build/Tcl-1.02-cpOvh9/blib/lib
PERL5OPT =
PERL5_CPANPLUS_IS_RUNNING = 25430
PERL5_CPAN_IS_RUNNING = 25430
PERL5_MINISMOKEBOX = 0.58
PERLBREW_BASHRC_VERSION = 0.74
PERLBREW_LIB =
PERLBREW_MANPATH = /home/njh/perl5/perlbrew/perls/perl-5.8.8/man
PERLBREW_PATH = /home/njh/perl5/perlbrew/bin:/home/njh/perl5/perlbrew/perls/perl-5.8.8/bin
PERLBREW_PERL = perl-5.8.8
PERLBREW_ROOT = /home/njh/perl5/perlbrew
PERLBREW_VERSION = 0.74
PERL_EXTUTILS_AUTOINSTALL = --defaultdeps
PERL_LOCAL_LIB_ROOT =
PERL_MM_USE_DEFAULT = 1
SHELL = /bin/sh
Perl special variables (and OS-specific diagnostics, for MSWin32):
$^X = /home/njh/perl5/perlbrew/perls/perl-5.8.8/bin/perl5.8.8
$UID/$EUID = 1000 / 1000
$GID = 1000 1000 110 107 104 103 46 44 30 29 25 24 4
$EGID = 1000 1000 110 107 104 103 46 44 30 29 25 24 4
Perl module toolchain versions installed:
Module Have
------------------- --------
CPAN 1.9800
CPAN::Meta 2.150005
Cwd 3.60
ExtUtils::CBuilder 0.280224
ExtUtils::Command 7.10
ExtUtils::Install 2.04
ExtUtils::MakeMaker 7.10
ExtUtils::Manifest 1.70
ExtUtils::ParseXS 3.30
File::Spec 3.60
JSON 2.90
JSON::PP 2.27300
Module::Build 0.4214
Module::Signature n/a
Parse::CPAN::Meta 1.4417
Test::Harness 3.36
Test::More 1.001014
YAML 1.15
YAML::Syck 1.29
version 0.9912
--
Summary of my perl5 (revision 5 version 8 subversion 8) configuration:
Platform:
osname=linux, osvers=3.16-2-amd64, archname=x86_64-linux-thread-multi
uname='linux cyberpower2 3.16-2-amd64 #1 smp debian 3.16.3-2 (2014-09-20) x86_64 gnulinux '
config_args='-de -Dprefix=/home/njh/perl5/perlbrew/perls/perl-5.8.8 -Duseithreads -Dusemultiplicity -Dusedevel -Accflags=-O2 -W -Wformat=2 -Wswitch -Wshadow -Wwrite-strings -Wuninitialized -Wall -pipe -mtune=native -march=native -fomit-frame-pointer -msse2 -msse -mmmx -mfpmath=sse -pedantic -D_FORTIFY_SOURCE=2 -Wpointer-arith -Wstrict-prototypes -fstack-protector -Wstack-protector -Wextra -Wbad-function-cast -Wcast-align -Wcast-qual -Wdisabled-optimization -Wendif-labels -Wfloat-equal -Wformat-nonliteral -Winline -Wmissing-declarations -Wmissing-prototypes -Wnested-externs -Wpointer-arith -Wundef -Wformat-security -ftree-vectorize -fdiagnostics-color=auto -Aeval:scriptdir=/home/njh/perl5/perlbrew/perls/perl-5.8.8/bin'
hint=recommended, useposix=true, d_sigaction=define
usethreads=define use5005threads=undef useithreads=define usemultiplicity=define
useperlio=define d_sfio=undef uselargefiles=define usesocks=undef
use64bitint=define use64bitall=define uselongdouble=undef
usemymalloc=n, bincompat5005=undef
Compiler:
cc='cc', ccflags ='-D_REENTRANT -D_GNU_SOURCE -O2 -W -Wformat=2 -Wswitch -Wshadow -Wwrite-strings -Wuninitialized -Wall -pipe -mtune=native -march=native -fomit-frame-pointer -msse2 -msse -mmmx -mfpmath=sse -pedantic -D_FORTIFY_SOURCE=2 -Wpointer-arith -Wstrict-prototypes -fstack-protector -Wstack-protector -Wextra -Wbad-function-cast -Wcast-align -Wcast-qual -Wdisabled-optimization -Wendif-labels -Wfloat-equal -Wformat-nonliteral -Winline -Wmissing-declarations -Wmissing-prototypes -Wnested-externs -Wpointer-arith -Wundef -Wformat-security -ftree-vectorize -fdiagnostics-color=auto -fno-strict-aliasing -Wdeclaration-after-statement -I/usr/local/include -D_LARGEFILE_SOURCE -D_FILE_OFFSET_BITS=64',
optimize='-O2',
cppflags='-D_REENTRANT -D_GNU_SOURCE -O2 -W -Wformat=2 -Wswitch -Wshadow -Wwrite-strings -Wuninitialized -Wall -pipe -mtune=native -march=native -fomit-frame-pointer -msse2 -msse -mmmx -mfpmath=sse -pedantic -D_FORTIFY_SOURCE=2 -Wpointer-arith -Wstrict-prototypes -fstack-protector -Wstack-protector -Wextra -Wbad-function-cast -Wcast-align -Wcast-qual -Wdisabled-optimization -Wendif-labels -Wfloat-equal -Wformat-nonliteral -Winline -Wmissing-declarations -Wmissing-prototypes -Wnested-externs -Wpointer-arith -Wundef -Wformat-security -ftree-vectorize -fdiagnostics-color=auto -fno-strict-aliasing -Wdeclaration-after-statement -I/usr/local/include'
ccversion='', gccversion='4.9.1', gccosandvers=''
intsize=4, longsize=8, ptrsize=8, doublesize=8, byteorder=12345678
d_longlong=define, longlongsize=8, d_longdbl=define, longdblsize=16
ivtype='long', ivsize=8, nvtype='double', nvsize=8, Off_t='off_t', lseeksize=8
alignbytes=8, prototype=define
Linker and Libraries:
ld='cc', ldflags =' -L/usr/local/lib'
libpth=/usr/local/lib /lib/x86_64-linux-gnu /lib/../lib /usr/lib/x86_64-linux-gnu /usr/lib/../lib /lib /usr/lib
libs=-lnsl -lgdbm -ldb -ldl -lm -lcrypt -lutil -lpthread -lc -lgdbm_compat
perllibs=-lnsl -ldl -lm -lcrypt -lutil -lpthread -lc -lgdbm_compat
libc=libc-2.19.so, so=so, useshrplib=false, libperl=libperl.a
gnulibc_version='2.19'
Dynamic Linking:
dlsrc=dl_dlopen.xs, dlext=so, d_dlsymun=undef, ccdlflags='-Wl,-E'
cccdlflags='-fpic', lddlflags='-shared -L/usr/local/lib'
Characteristics of this binary (from libperl):
Compile-time options: MULTIPLICITY PERL_IMPLICIT_CONTEXT
PERL_MALLOC_WRAP USE_64_BIT_ALL USE_64_BIT_INT
USE_ITHREADS USE_LARGE_FILES USE_PERLIO
USE_REENTRANT_API
Built under linux
Compiled at Oct 15 2014 09:57:46
%ENV:
PERL5LIB="/home/njh/.cpan/build/Tcl-1.02-cpOvh9/blib/arch:/home/njh/.cpan/build/Tcl-1.02-cpOvh9/blib/lib"
PERL5OPT=""
PERL5_CPANPLUS_IS_RUNNING="25430"
PERL5_CPAN_IS_RUNNING="25430"
PERL5_MINISMOKEBOX="0.58"
PERLBREW_BASHRC_VERSION="0.74"
PERLBREW_LIB=""
PERLBREW_MANPATH="/home/njh/perl5/perlbrew/perls/perl-5.8.8/man"
PERLBREW_PATH="/home/njh/perl5/perlbrew/bin:/home/njh/perl5/perlbrew/perls/perl-5.8.8/bin"
PERLBREW_PERL="perl-5.8.8"
PERLBREW_ROOT="/home/njh/perl5/perlbrew"
PERLBREW_VERSION="0.74"
PERL_EXTUTILS_AUTOINSTALL="--defaultdeps"
PERL_LOCAL_LIB_ROOT=""
PERL_MM_USE_DEFAULT="1"
@INC:
/home/njh/.cpan/build/Tcl-1.02-cpOvh9/blib/arch
/home/njh/.cpan/build/Tcl-1.02-cpOvh9/blib/lib
/home/njh/perl5/perlbrew/perls/perl-5.8.8/lib/5.8.8/x86_64-linux-thread-multi
/home/njh/perl5/perlbrew/perls/perl-5.8.8/lib/5.8.8
/home/njh/perl5/perlbrew/perls/perl-5.8.8/lib/site_perl/5.8.8/x86_64-linux-thread-multi
/home/njh/perl5/perlbrew/perls/perl-5.8.8/lib/site_perl/5.8.8
/home/njh/perl5/perlbrew/perls/perl-5.8.8/lib/site_perl
.