SPVM-Go v0.007 Perl 5 v5.32.0 i686-linux-64int-ld

Status
Fail
From
David Cantrell (DCANTRELL)
Dist
SPVM-Go v0.007
Platform
Perl 5 v5.32.0 i686-linux-64int-ld
Date
2023-12-01 01:18:31
ID
8a403a7a-8fe7-11ee-80d3-54ec3fbe11fd
This distribution has been tested as part of the CPAN Testers
project, supporting the Perl programming language.  See
http://wiki.cpantesters.org/ for more information or email
questions to cpan-testers-discuss@perl.org


--
Dear Yuki Kimoto,

This is a computer-generated report for SPVM-Go-0.007
on perl 5.32.0, created by CPAN-Reporter-1.2018.

Thank you for uploading your work to CPAN.  However, there was a problem
testing your distribution.

If you think this report is invalid, please consult the CPAN Testers Wiki
for suggestions on how to avoid getting FAIL reports for missing library
or binary dependencies, unsupported operating systems, and so on:

http://wiki.cpantesters.org/wiki/CPANAuthorNotes

Sections of this report:

    * Tester comments
    * Program output
    * Prerequisites
    * Environment and other context

------------------------------
TESTER COMMENTS
------------------------------

Additional comments from tester:

this report is from an automated smoke testing program
and was not reviewed by a human for accuracy

------------------------------
PROGRAM OUTPUT
------------------------------

Output from '/usr/bin/make test':

PERL_DL_NONLAZY=1 "/home/david/cpantesting/perl-5.32.0-longdouble-int64/bin/perl" "-MExtUtils::Command::MM" "-MTest::Harness" "-e" "undef *Test::Harness::Switches; test_harness(0, 'blib/lib', 'blib/arch')" t/*.t t/*/*.t t/*/*/*.t
t/Go-Channel.t ......... ok
[An exception thrown in a goroutine is converted to a warning]
Coroutine Error.
  TestCase::Go::Coroutine::anon::125::39-> at /home/david/cpantesting/perl-5.32.0-longdouble-int64/.cpan/build/SPVM-Go-0.007-0/t/lib/SPVM/TestCase/Go/Coroutine.spvm line 129
t/Go-Coroutine.t ....... ok
t/Go-OS-Signal.t ....... ok
t/Go-Poll.t ............ ok
[Test Output]Non-blocking select returns undef
  at /home/david/cpantesting/perl-5.32.0-longdouble-int64/.cpan/build/SPVM-Go-0.007-0/t/lib/SPVM/TestCase/Go/Select.spvm line 217
[Test Output]Non-blocking select returns undef
  at /home/david/cpantesting/perl-5.32.0-longdouble-int64/.cpan/build/SPVM-Go-0.007-0/t/lib/SPVM/TestCase/Go/Select.spvm line 217
[Test Output]Non-blocking select returns undef
  at /home/david/cpantesting/perl-5.32.0-longdouble-int64/.cpan/build/SPVM-Go-0.007-0/t/lib/SPVM/TestCase/Go/Select.spvm line 217
[Test Output]Non-blocking select returns undef
  at /home/david/cpantesting/perl-5.32.0-longdouble-int64/.cpan/build/SPVM-Go-0.007-0/t/lib/SPVM/TestCase/Go/Select.spvm line 217
[Test Output]Non-blocking select returns undef
  at /home/david/cpantesting/perl-5.32.0-longdouble-int64/.cpan/build/SPVM-Go-0.007-0/t/lib/SPVM/TestCase/Go/Select.spvm line 217
t/Go-Select.t .......... ok
t/Go-Sync-WaitGroup.t .. ok
[An exception thrown in a goroutine is converted to a warning]
Exception!.
  TestCase::Go::anon::66::11-> at /home/david/cpantesting/perl-5.32.0-longdouble-int64/.cpan/build/SPVM-Go-0.007-0/t/lib/SPVM/TestCase/Go.spvm line 67
[An exception thrown in a goroutine is converted to a warning]
Error Method
  TestCase::Go->error at /home/david/cpantesting/perl-5.32.0-longdouble-int64/.cpan/build/SPVM-Go-0.007-0/t/lib/SPVM/TestCase/Go.spvm line 102
  TestCase::Go::anon::82::11-> at /home/david/cpantesting/perl-5.32.0-longdouble-int64/.cpan/build/SPVM-Go-0.007-0/t/lib/SPVM/TestCase/Go.spvm line 83
[Test Output]Proc time:1.52028200007043779 at t/Go.t line 38.

#   Failed test at t/Go.t line 40.
# Looks like you failed 1 test of 9.
t/Go.t ................. 
Dubious, test returned 1 (wstat 256, 0x100)
Failed 1/9 subtests 

Test Summary Report
-------------------
t/Go.t               (Wstat: 256 (exited 1) Tests: 9 Failed: 1)
  Failed test:  6
  Non-zero exit status: 1
Files=7, Tests=38, 30 wallclock secs ( 0.07 usr  0.00 sys +  8.70 cusr  1.38 csys = 10.15 CPU)
Result: FAIL
Failed 1/7 test programs. 1/38 subtests failed.
make: *** [Makefile:932: test_dynamic] Error 1

------------------------------
PREREQUISITES
------------------------------

Prerequisite modules loaded:

requires:

    Module              Need     Have    
    ------------------- -------- --------
    SPVM                0.989063 0.989063
    SPVM::Sys           0.504    0.505   
    SPVM::Thread        0.001    0.001   
    SPVM::Time::HiRes   0.004    0.004   

build_requires:

    Module              Need     Have    
    ------------------- -------- --------
    ExtUtils::MakeMaker 0        7.70    

configure_requires:

    Module              Need     Have    
    ------------------- -------- --------
    SPVM                0.989063 0.989063


------------------------------
ENVIRONMENT AND OTHER CONTEXT
------------------------------

Environment variables:

    AUTOMATED_TESTING = 1
    LANG = en_GB.UTF-8
    LANGUAGE = en_GB:en
    LC_TERMINAL = iTerm2
    LC_TERMINAL_VERSION = 3.4.22
    NONINTERACTIVE_TESTING = 1
    PATH = /home/david/.cargo/bin:/home/david/perl5/perlbrew/bin:/home/david/perl5/perlbrew/perls/perl-5.32.0/bin:/home/david/bin:/usr/local/bin:/usr/bin:/bin:/usr/local/games:/usr/games
    PERL = 5.32.0-longdouble-int64
    PERL5LIB = 
    PERL5OPT = 
    PERL5_CPANPLUS_IS_RUNNING = 22474
    PERL5_CPAN_IS_RUNNING = 22474
    PERLBREW_HOME = /home/david/.perlbrew
    PERLBREW_MANPATH = /home/david/perl5/perlbrew/perls/perl-5.32.0/man
    PERLBREW_PATH = /home/david/perl5/perlbrew/bin:/home/david/perl5/perlbrew/perls/perl-5.32.0/bin
    PERLBREW_PERL = perl-5.32.0
    PERLBREW_ROOT = /home/david/perl5/perlbrew
    PERLBREW_SHELLRC_VERSION = 0.89
    PERLBREW_VERSION = 0.89
    PERLVER = 5.32.0-longdouble-int64
    PERL_INLINE_DIRECTORY = /home/david/.Inline-5.32.0-longdouble-int64
    PERL_MM_USE_DEFAULT = 1
    PERL_USE_UNSAFE_INC = 0
    SHELL = /bin/bash
    TERM = screen

Perl special variables (and OS-specific diagnostics, for MSWin32):

    $^X = /home/david/cpantesting/perl-5.32.0-longdouble-int64/bin/perl
    $UID/$EUID = 1000 / 1000
    $GID = 1000 24 25 27 29 30 44 46 109 1000
    $EGID = 1000 24 25 27 29 30 44 46 109 1000

Perl module toolchain versions installed:

    Module              Have    
    ------------------- --------
    CPAN                2.27    
    CPAN::Meta          2.150010
    Cwd                 3.75    
    ExtUtils::CBuilder  0.280236
    ExtUtils::Command   7.70    
    ExtUtils::Install   2.22    
    ExtUtils::MakeMaker 7.70    
    ExtUtils::Manifest  1.75    
    ExtUtils::ParseXS   3.44    
    File::Spec          3.75    
    JSON                4.10    
    JSON::PP            4.16    
    Module::Build       0.4234  
    Module::Signature   n/a     
    Parse::CPAN::Meta   2.150010
    Test::Harness       3.44    
    Test::More          1.302198
    YAML                1.30    
    YAML::Syck          n/a     
    version             0.9929  


--

Summary of my perl5 (revision 5 version 32 subversion 0) configuration:
   
  Platform:
    osname=linux
    osvers=5.10.0-11-686-pae
    archname=i686-linux-64int-ld
    uname='linux cpantesting-linux-32bit-utm 5.10.0-11-686-pae #1 smp debian 5.10.92-1 (2022-01-18) i686 gnulinux '
    config_args='-de -Dprefix=/home/david/cpantesting/perl-5.32.0-longdouble-int64 -Duselongdouble -Duse64bitint'
    hint=recommended
    useposix=true
    d_sigaction=define
    useithreads=undef
    usemultiplicity=undef
    use64bitint=define
    use64bitall=undef
    uselongdouble=define
    usemymalloc=n
    default_inc_excludes_dot=define
    bincompat5005=undef
  Compiler:
    cc='cc'
    ccflags ='-fwrapv -fno-strict-aliasing -pipe -fstack-protector-strong -I/usr/local/include -D_LARGEFILE_SOURCE -D_FILE_OFFSET_BITS=64 -D_FORTIFY_SOURCE=2'
    optimize='-O2'
    cppflags='-fwrapv -fno-strict-aliasing -pipe -fstack-protector-strong -I/usr/local/include'
    ccversion=''
    gccversion='10.2.1 20210110'
    gccosandvers=''
    intsize=4
    longsize=4
    ptrsize=4
    doublesize=8
    byteorder=12345678
    doublekind=3
    d_longlong=define
    longlongsize=8
    d_longdbl=define
    longdblsize=12
    longdblkind=3
    ivtype='long long'
    ivsize=8
    nvtype='long double'
    nvsize=12
    Off_t='off_t'
    lseeksize=8
    alignbytes=4
    prototype=define
  Linker and Libraries:
    ld='cc'
    ldflags =' -fstack-protector-strong -L/usr/local/lib'
    libpth=/usr/local/lib /usr/include/i386-linux-gnu /usr/lib /lib/i386-linux-gnu /lib/../lib /usr/lib/i386-linux-gnu /usr/lib/../lib /lib /lib64 /usr/lib64
    libs=-lpthread -lnsl -ldl -lm -lcrypt -lutil -lc
    perllibs=-lpthread -lnsl -ldl -lm -lcrypt -lutil -lc
    libc=libc-2.31.so
    so=so
    useshrplib=false
    libperl=libperl.a
    gnulibc_version='2.31'
  Dynamic Linking:
    dlsrc=dl_dlopen.xs
    dlext=so
    d_dlsymun=undef
    ccdlflags='-Wl,-E'
    cccdlflags='-fPIC'
    lddlflags='-shared -O2 -L/usr/local/lib -fstack-protector-strong'


Characteristics of this binary (from libperl): 
  Compile-time options:
    HAS_TIMES
    PERLIO_LAYERS
    PERL_COPY_ON_WRITE
    PERL_DONT_CREATE_GVSV
    PERL_MALLOC_WRAP
    PERL_OP_PARENT
    PERL_PRESERVE_IVUV
    USE_64_BIT_INT
    USE_LARGE_FILES
    USE_LOCALE
    USE_LOCALE_COLLATE
    USE_LOCALE_CTYPE
    USE_LOCALE_NUMERIC
    USE_LOCALE_TIME
    USE_LONG_DOUBLE
    USE_PERLIO
    USE_PERL_ATOF
  Built under linux
  Compiled at Feb  8 2022 00:09:35
  %ENV:
    PERL="5.32.0-longdouble-int64"
    PERL5LIB=""
    PERL5OPT=""
    PERL5_CPANPLUS_IS_RUNNING="22474"
    PERL5_CPAN_IS_RUNNING="22474"
    PERLBREW_HOME="/home/david/.perlbrew"
    PERLBREW_MANPATH="/home/david/perl5/perlbrew/perls/perl-5.32.0/man"
    PERLBREW_PATH="/home/david/perl5/perlbrew/bin:/home/david/perl5/perlbrew/perls/perl-5.32.0/bin"
    PERLBREW_PERL="perl-5.32.0"
    PERLBREW_ROOT="/home/david/perl5/perlbrew"
    PERLBREW_SHELLRC_VERSION="0.89"
    PERLBREW_VERSION="0.89"
    PERLVER="5.32.0-longdouble-int64"
    PERL_INLINE_DIRECTORY="/home/david/.Inline-5.32.0-longdouble-int64"
    PERL_MM_USE_DEFAULT="1"
    PERL_USE_UNSAFE_INC="0"
  @INC:
    /home/david/cpantesting/perl-5.32.0-longdouble-int64/lib/site_perl/5.32.0/i686-linux-64int-ld
    /home/david/cpantesting/perl-5.32.0-longdouble-int64/lib/site_perl/5.32.0
    /home/david/cpantesting/perl-5.32.0-longdouble-int64/lib/5.32.0/i686-linux-64int-ld
    /home/david/cpantesting/perl-5.32.0-longdouble-int64/lib/5.32.0