Back
From: metabase:user:30977d10-2aae-11df-837a-5e0a49663a4f
Subject: FAIL Test-WWW-Mechanize-Catalyst-0.45 v5.15.3 GNU/Linux
Date: 2011-12-17T23:33:36Z
This distribution has been tested as part of the CPAN Testers
project, supporting the Perl programming language. See
http://wiki.cpantesters.org/ for more information or email
questions to cpan-testers-discuss@perl.org
--
Dear Leon Brocard,
This is a computer-generated report for Test-WWW-Mechanize-Catalyst-0.45
on perl 5.15.3, created by CPAN-Reporter-1.2002.
Thank you for uploading your work to CPAN. However, there was a problem
testing your distribution.
If you think this report is invalid, please consult the CPAN Testers Wiki
for suggestions on how to avoid getting FAIL reports for missing library
or binary dependencies, unsupported operating systems, and so on:
http://wiki.cpantesters.org/wiki/CPANAuthorNotes
Sections of this report:
* Tester comments
* Program output
* Prerequisites
* Environment and other context
------------------------------
TESTER COMMENTS
------------------------------
Additional comments from tester:
this report is from an automated smoke testing program
and was not reviewed by a human for accuracy
------------------------------
PROGRAM OUTPUT
------------------------------
Output from '/usr/bin/make test':
PERL_DL_NONLAZY=1 /home/trushel/perl/perl5153/bin/perl "-MExtUtils::Command::MM" "-e" "test_harness(0, 'blib/lib', 'blib/arch')" t/*.t
[debug] Debug messages enabled
[debug] Statistics enabled
[debug] Loaded dispatcher "Catalyst::Dispatcher"
[debug] Loaded engine "Catalyst::Engine::CGI"
[debug] Couldn't find home
[warn] Action methods (default, hello, hi, greetings, bonjour, check_auth_basic, die, gzipped) found defined in your application class, Catty. This is deprecated, please move them into a Root controller.
[debug] Loaded Private actions:
.-------------------------------------------+------------------------------------------------------------------------------------+--------------------------------------------.
| Private | Class | Method |
+-------------------------------------------+------------------------------------------------------------------------------------+--------------------------------------------+
| /hi | Catty | hi |
| /gzipped | Catty | gzipped |
| /default | Catty | default |
| /die | Catty | die |
| /greetings | Catty | greetings |
| /hello | Catty | hello |
| /bonjour | Catty | bonjour |
| /check_auth_basic | Catty | check_auth_basic |
'-------------------------------------------+------------------------------------------------------------------------------------+--------------------------------------------'
[debug] Loaded Path actions:
.--------------------------------------------------------------------------------------+--------------------------------------------------------------------------------------.
| Path | Private |
+--------------------------------------------------------------------------------------+--------------------------------------------------------------------------------------+
| /bonjour/... | /bonjour |
| /check_auth_basic/... | /check_auth_basic |
| /die/... | /die |
| /greetings/... | /greetings |
| /gzipped/... | /gzipped |
| /hello/... | /hello |
| /hi/... | /hi |
'--------------------------------------------------------------------------------------+--------------------------------------------------------------------------------------'
[info] Catty powered by Catalyst 5.80033
Use of uninitialized value $auth in pattern match (m//) at t/lib/Catty.pm line 60.
Use of uninitialized value in subroutine entry at t/lib/Catty.pm line 61.
[info] *** Request 1 (1.000/s) [12491] [Sat Dec 17 01:52:07 2011] ***
[debug] "GET" request for "check_auth_basic/" from "127.0.0.1"
[debug] Path is "check_auth_basic"
[debug] Response Code: 401; Content-Type: text/html; Content-Length: 105
[info] Request took 0.014642s (68.297/s)
.-------------------------------------------------------------------------------------------------------------------------------------------------------------+-----------.
| Action | Time |
+-------------------------------------------------------------------------------------------------------------------------------------------------------------+-----------+
| /check_auth_basic | 0.012170s |
'-------------------------------------------------------------------------------------------------------------------------------------------------------------+-----------'
# Failed test 'GET http://localhost/check_auth_basic/'
# at t/auth-test.t line 14.
# 401
# Unauthorized
# Failed test at t/auth-test.t line 16.
# got: '401'
# expected: '200'
Use of uninitialized value $auth in pattern match (m//) at t/lib/Catty.pm line 60.
Use of uninitialized value in subroutine entry at t/lib/Catty.pm line 61.
[info] *** Request 2 (2.000/s) [12491] [Sat Dec 17 01:52:07 2011] ***
[debug] "GET" request for "check_auth_basic/" from "127.0.0.1"
[debug] Path is "check_auth_basic"
[debug] Response Code: 401; Content-Type: text/html; Content-Length: 105
[info] Request took 0.013755s (72.701/s)
.-------------------------------------------------------------------------------------------------------------------------------------------------------------+-----------.
| Action | Time |
+-------------------------------------------------------------------------------------------------------------------------------------------------------------+-----------+
| /check_auth_basic | 0.011723s |
'-------------------------------------------------------------------------------------------------------------------------------------------------------------+-----------'
# Looks like you failed 2 tests of 5.
t/auth-test.t ...........
Dubious, test returned 2 (wstat 512, 0x200)
Failed 2/5 subtests
[debug] Debug messages enabled
[debug] Statistics enabled
[debug] Loaded plugins:
.-----------------------------------------------------------------------------------------------------------------------------------------------------------------------------.
| Catalyst::Plugin::Session 0.32 |
| Catalyst::Plugin::Session::State::Cookie 0.17 |
| Catalyst::Plugin::Session::Store::Dummy |
'-----------------------------------------------------------------------------------------------------------------------------------------------------------------------------'
[debug] Loaded dispatcher "Catalyst::Dispatcher"
[debug] Loaded engine "Catalyst::Engine::CGI"
[debug] Couldn't find home
[warn] Action methods (auto, default) found defined in your application class, CattySession. This is deprecated, please move them into a Root controller.
[debug] Loaded Private actions:
.-------------------------------------------+------------------------------------------------------------------------------------+--------------------------------------------.
| Private | Class | Method |
+-------------------------------------------+------------------------------------------------------------------------------------+--------------------------------------------+
| /auto | CattySession | auto |
| /default | CattySession | default |
'-------------------------------------------+------------------------------------------------------------------------------------+--------------------------------------------'
[info] CattySession powered by Catalyst 5.80033
Use of uninitialized value $scheme in pattern match (m//) at /home/trushel/perl/perl5153/lib/site_perl/5.15.3/HTTP/Cookies.pm line 44.
[info] *** Request 1 (1.000/s) [12570] [Sat Dec 17 01:52:10 2011] ***
[debug] "GET" request for "/" from "127.0.0.1"
[debug] Created session "4366acb6ca6a982b1f17d21304f79a7895a08045"
[debug] Response Code: 200; Content-Type: text/html; Content-Length: 114
[info] Request took 0.026815s (37.293/s)
.-------------------------------------------------------------------------------------------------------------------------------------------------------------+-----------.
| Action | Time |
+-------------------------------------------------------------------------------------------------------------------------------------------------------------+-----------+
| /auto | 0.002645s |
| /default | 0.000122s |
'-------------------------------------------------------------------------------------------------------------------------------------------------------------+-----------'
t/cookies.t ............. ok
# ###################################################################
# Starting an external Catalyst HTTP server on port 7357
# To change the port, please set the TWMC_TEST_PORT env variable.
# (The server will be automatically shut-down right after the tests).
# ###################################################################
[warn] Action methods (default) found defined in your application class, ExternalCatty. This is deprecated, please move them into a Root controller.
Use of uninitialized value $scheme in pattern match (m//) at /home/trushel/perl/perl5153/lib/site_perl/5.15.3/HTTP/Cookies.pm line 44.
t/multi_content_type.t .. ok
t/pod.t ................. ok
t/pod_coverage.t ........ ok
[debug] Debug messages enabled
[debug] Statistics enabled
[debug] Loaded dispatcher "Catalyst::Dispatcher"
[debug] Loaded engine "Catalyst::Engine::CGI"
[debug] Couldn't find home
[warn] Action methods (default, hello, hi, greetings, bonjour, check_auth_basic, die, gzipped) found defined in your application class, Catty. This is deprecated, please move them into a Root controller.
[debug] Loaded Private actions:
.-------------------------------------------+------------------------------------------------------------------------------------+--------------------------------------------.
| Private | Class | Method |
+-------------------------------------------+------------------------------------------------------------------------------------+--------------------------------------------+
| /hi | Catty | hi |
| /gzipped | Catty | gzipped |
| /default | Catty | default |
| /die | Catty | die |
| /greetings | Catty | greetings |
| /hello | Catty | hello |
| /bonjour | Catty | bonjour |
| /check_auth_basic | Catty | check_auth_basic |
'-------------------------------------------+------------------------------------------------------------------------------------+--------------------------------------------'
[debug] Loaded Path actions:
.--------------------------------------------------------------------------------------+--------------------------------------------------------------------------------------.
| Path | Private |
+--------------------------------------------------------------------------------------+--------------------------------------------------------------------------------------+
| /bonjour/... | /bonjour |
| /check_auth_basic/... | /check_auth_basic |
| /die/... | /die |
| /greetings/... | /greetings |
| /gzipped/... | /gzipped |
| /hello/... | /hello |
| /hi/... | /hi |
'--------------------------------------------------------------------------------------+--------------------------------------------------------------------------------------'
[info] Catty powered by Catalyst 5.80033
[info] *** Request 1 (1.000/s) [12722] [Sat Dec 17 01:52:17 2011] ***
[debug] "GET" request for "hi" from "127.0.0.1"
[debug] Path is "hi"
[debug] Redirecting to "http://localhost/hello"
[debug] Response Code: 302; Content-Type: unknown; Content-Length: 95
[info] Request took 0.002374s (421.230/s)
.-------------------------------------------------------------------------------------------------------------------------------------------------------------+-----------.
| Action | Time |
+-------------------------------------------------------------------------------------------------------------------------------------------------------------+-----------+
| /hi | 0.000176s |
'-------------------------------------------------------------------------------------------------------------------------------------------------------------+-----------'
[info] *** Request 2 (2.000/s) [12722] [Sat Dec 17 01:52:17 2011] ***
[debug] "GET" request for "hello" from "127.0.0.1"
[debug] Path is "hello"
[debug] Response Code: 200; Content-Type: text/html; charset=utf-8; Content-Length: 107
[info] Request took 0.001952s (512.295/s)
.-------------------------------------------------------------------------------------------------------------------------------------------------------------+-----------.
| Action | Time |
+-------------------------------------------------------------------------------------------------------------------------------------------------------------+-----------+
| /hello | 0.000137s |
'-------------------------------------------------------------------------------------------------------------------------------------------------------------+-----------'
[info] *** Request 3 (3.000/s) [12722] [Sat Dec 17 01:52:17 2011] ***
[debug] "GET" request for "greetings" from "127.0.0.1"
[debug] Path is "greetings"
[debug] Redirecting to "hello"
[debug] Response Code: 302; Content-Type: unknown; Content-Length: 78
[info] Request took 0.001863s (536.769/s)
.-------------------------------------------------------------------------------------------------------------------------------------------------------------+-----------.
| Action | Time |
+-------------------------------------------------------------------------------------------------------------------------------------------------------------+-----------+
| /greetings | 0.000114s |
'-------------------------------------------------------------------------------------------------------------------------------------------------------------+-----------'
[info] *** Request 4 (4.000/s) [12722] [Sat Dec 17 01:52:17 2011] ***
[debug] "GET" request for "hello" from "127.0.0.1"
[debug] Path is "hello"
[debug] Response Code: 200; Content-Type: text/html; charset=utf-8; Content-Length: 107
[info] Request took 0.002063s (484.731/s)
.-------------------------------------------------------------------------------------------------------------------------------------------------------------+-----------.
| Action | Time |
+-------------------------------------------------------------------------------------------------------------------------------------------------------------+-----------+
| /hello | 0.000172s |
'-------------------------------------------------------------------------------------------------------------------------------------------------------------+-----------'
[info] *** Request 5 (5.000/s) [12722] [Sat Dec 17 01:52:17 2011] ***
[debug] "GET" request for "bonjour" from "127.0.0.1"
[debug] Path is "bonjour"
[debug] Redirecting to "http://localhost/hi"
[debug] Response Code: 302; Content-Type: unknown; Content-Length: 92
[info] Request took 0.001914s (522.466/s)
.-------------------------------------------------------------------------------------------------------------------------------------------------------------+-----------.
| Action | Time |
+-------------------------------------------------------------------------------------------------------------------------------------------------------------+-----------+
| /bonjour | 0.000147s |
'-------------------------------------------------------------------------------------------------------------------------------------------------------------+-----------'
[info] *** Request 6 (6.000/s) [12722] [Sat Dec 17 01:52:17 2011] ***
[debug] "GET" request for "hi" from "127.0.0.1"
[debug] Path is "hi"
[debug] Redirecting to "http://localhost/hello"
[debug] Response Code: 302; Content-Type: unknown; Content-Length: 95
[info] Request took 0.018544s (53.926/s)
.-------------------------------------------------------------------------------------------------------------------------------------------------------------+-----------.
| Action | Time |
+-------------------------------------------------------------------------------------------------------------------------------------------------------------+-----------+
| /hi | 0.000200s |
'-------------------------------------------------------------------------------------------------------------------------------------------------------------+-----------'
[info] *** Request 7 (7.000/s) [12722] [Sat Dec 17 01:52:17 2011] ***
[debug] "GET" request for "hello" from "127.0.0.1"
[debug] Path is "hello"
[debug] Response Code: 200; Content-Type: text/html; charset=utf-8; Content-Length: 107
[info] Request took 0.001822s (548.847/s)
.-------------------------------------------------------------------------------------------------------------------------------------------------------------+-----------.
| Action | Time |
+-------------------------------------------------------------------------------------------------------------------------------------------------------------+-----------+
| /hello | 0.000127s |
'-------------------------------------------------------------------------------------------------------------------------------------------------------------+-----------'
t/redirect.t ............ ok
[debug] Debug messages enabled
[debug] Statistics enabled
[debug] Loaded dispatcher "Catalyst::Dispatcher"
[debug] Loaded engine "Catalyst::Engine::CGI"
[debug] Couldn't find home
[warn] Action methods (default, hello, hi, greetings, bonjour, check_auth_basic, die, gzipped) found defined in your application class, Catty. This is deprecated, please move them into a Root controller.
[debug] Loaded Private actions:
.-------------------------------------------+------------------------------------------------------------------------------------+--------------------------------------------.
| Private | Class | Method |
+-------------------------------------------+------------------------------------------------------------------------------------+--------------------------------------------+
| /hi | Catty | hi |
| /gzipped | Catty | gzipped |
| /default | Catty | default |
| /die | Catty | die |
| /greetings | Catty | greetings |
| /hello | Catty | hello |
| /bonjour | Catty | bonjour |
| /check_auth_basic | Catty | check_auth_basic |
'-------------------------------------------+------------------------------------------------------------------------------------+--------------------------------------------'
[debug] Loaded Path actions:
.--------------------------------------------------------------------------------------+--------------------------------------------------------------------------------------.
| Path | Private |
+--------------------------------------------------------------------------------------+--------------------------------------------------------------------------------------+
| /bonjour/... | /bonjour |
| /check_auth_basic/... | /check_auth_basic |
| /die/... | /die |
| /greetings/... | /greetings |
| /gzipped/... | /gzipped |
| /hello/... | /hello |
| /hi/... | /hi |
'--------------------------------------------------------------------------------------+--------------------------------------------------------------------------------------'
[info] Catty powered by Catalyst 5.80033
[info] *** Request 1 (1.000/s) [12815] [Sat Dec 17 01:52:20 2011] ***
[debug] "GET" request for "/" from "127.0.0.1"
[debug] Response Code: 200; Content-Type: text/html; Content-Length: 114
[info] Request took 0.002458s (406.835/s)
.-------------------------------------------------------------------------------------------------------------------------------------------------------------+-----------.
| Action | Time |
+-------------------------------------------------------------------------------------------------------------------------------------------------------------+-----------+
| /default | 0.000162s |
'-------------------------------------------------------------------------------------------------------------------------------------------------------------+-----------'
[info] *** Request 2 (2.000/s) [12815] [Sat Dec 17 01:52:20 2011] ***
[debug] "GET" request for "hello/" from "127.0.0.1"
[debug] Path is "hello"
[debug] Response Code: 200; Content-Type: text/html; charset=utf-8; Content-Length: 107
[info] Request took 0.001910s (523.560/s)
.-------------------------------------------------------------------------------------------------------------------------------------------------------------+-----------.
| Action | Time |
+-------------------------------------------------------------------------------------------------------------------------------------------------------------+-----------+
| /hello | 0.000134s |
'-------------------------------------------------------------------------------------------------------------------------------------------------------------+-----------'
Wide character in print at /home/trushel/perl/perl5153/lib/5.15.3/Test/Builder.pm line 1759.
[info] *** Request 3 (3.000/s) [12815] [Sat Dec 17 01:52:20 2011] ***
[debug] "GET" request for "/" from "127.0.0.1"
[debug] Response Code: 200; Content-Type: text/html; Content-Length: 114
[info] Request took 0.001858s (538.213/s)
.-------------------------------------------------------------------------------------------------------------------------------------------------------------+-----------.
| Action | Time |
+-------------------------------------------------------------------------------------------------------------------------------------------------------------+-----------+
| /default | 0.000130s |
'-------------------------------------------------------------------------------------------------------------------------------------------------------------+-----------'
[info] *** Request 4 (4.000/s) [12815] [Sat Dec 17 01:52:20 2011] ***
[debug] "GET" request for "/" from "127.0.0.1"
[debug] Response Code: 200; Content-Type: text/html; Content-Length: 114
[info] Request took 0.012216s (81.860/s)
.-------------------------------------------------------------------------------------------------------------------------------------------------------------+-----------.
| Action | Time |
+-------------------------------------------------------------------------------------------------------------------------------------------------------------+-----------+
| /default | 0.000163s |
'-------------------------------------------------------------------------------------------------------------------------------------------------------------+-----------'
[info] *** Request 5 (5.000/s) [12815] [Sat Dec 17 01:52:20 2011] ***
[debug] "GET" request for "hello/" from "127.0.0.1"
[debug] Path is "hello"
[debug] Response Code: 200; Content-Type: text/html; charset=utf-8; Content-Length: 107
[info] Request took 0.002047s (488.520/s)
.-------------------------------------------------------------------------------------------------------------------------------------------------------------+-----------.
| Action | Time |
+-------------------------------------------------------------------------------------------------------------------------------------------------------------+-----------+
| /hello | 0.000149s |
'-------------------------------------------------------------------------------------------------------------------------------------------------------------+-----------'
Wide character in print at /home/trushel/perl/perl5153/lib/5.15.3/Test/Builder.pm line 1759.
[info] *** Request 6 (6.000/s) [12815] [Sat Dec 17 01:52:20 2011] ***
[debug] "GET" request for "gzipped/" from "127.0.0.1"
[debug] Path is "gzipped"
[debug] Response Code: 200; Content-Type: text/html; charset=utf-8; Content-Length: 105
[info] Request took 0.016562s (60.379/s)
.-------------------------------------------------------------------------------------------------------------------------------------------------------------+-----------.
| Action | Time |
+-------------------------------------------------------------------------------------------------------------------------------------------------------------+-----------+
| /gzipped | 0.014553s |
'-------------------------------------------------------------------------------------------------------------------------------------------------------------+-----------'
Wide character in print at /home/trushel/perl/perl5153/lib/5.15.3/Test/Builder.pm line 1759.
[info] *** Request 7 (7.000/s) [12815] [Sat Dec 17 01:52:20 2011] ***
[debug] "GET" request for "die/" from "127.0.0.1"
[debug] Path is "die"
[error] Caught exception in Catty->die "erk! at t/lib/Catty.pm line 82."
[debug] Response Code: 500; Content-Type: text/html; charset=utf-8; Content-Length: 6066
[info] Request took 0.043955s (22.751/s)
.-------------------------------------------------------------------------------------------------------------------------------------------------------------+-----------.
| Action | Time |
+-------------------------------------------------------------------------------------------------------------------------------------------------------------+-----------+
| /die | 0.000129s |
'-------------------------------------------------------------------------------------------------------------------------------------------------------------+-----------'
# Catalyst error screen: Caught exception in Catty->die "erk! at t/lib/Catty.pm line 82."
Use of uninitialized value $str in concatenation (.) or string at /home/trushel/perl/perl5153/lib/site_perl/5.15.3/Test/WWW/Mechanize.pm line 521.
[info] *** Request 8 (8.000/s) [12815] [Sat Dec 17 01:52:20 2011] ***
[debug] "GET" request for "die/" from "127.0.0.1"
[debug] Path is "die"
[error] Caught exception in Catty->die "erk! at t/lib/Catty.pm line 82."
[debug] Response Code: 500; Content-Type: text/html; charset=utf-8; Content-Length: 6066
[info] Request took 0.003675s (272.109/s)
.-------------------------------------------------------------------------------------------------------------------------------------------------------------+-----------.
| Action | Time |
+-------------------------------------------------------------------------------------------------------------------------------------------------------------+-----------+
| /die | 0.000132s |
'-------------------------------------------------------------------------------------------------------------------------------------------------------------+-----------'
# Catalyst error screen: Caught exception in Catty->die "erk! at t/lib/Catty.pm line 82."
Use of uninitialized value $str in concatenation (.) or string at /home/trushel/perl/perl5153/lib/site_perl/5.15.3/Test/WWW/Mechanize.pm line 521.
[info] *** Request 9 (9.000/s) [12815] [Sat Dec 17 01:52:21 2011] ***
[debug] "GET" request for "die/" from "127.0.0.1"
[debug] Path is "die"
[error] Caught exception in Catty->die "erk! at t/lib/Catty.pm line 82."
[debug] Response Code: 500; Content-Type: text/html; charset=utf-8; Content-Length: 6066
[info] Request took 0.021522s (46.464/s)
.-------------------------------------------------------------------------------------------------------------------------------------------------------------+-----------.
| Action | Time |
+-------------------------------------------------------------------------------------------------------------------------------------------------------------+-----------+
| /die | 0.000138s |
'-------------------------------------------------------------------------------------------------------------------------------------------------------------+-----------'
t/simple.t .............. ok
Test Summary Report
-------------------
t/auth-test.t (Wstat: 512 Tests: 5 Failed: 2)
Failed tests: 1, 3
Non-zero exit status: 2
Files=7, Tests=82, 20 wallclock secs ( 0.03 usr 0.02 sys + 4.21 cusr 0.45 csys = 4.71 CPU)
Result: FAIL
Failed 1/7 test programs. 2/82 subtests failed.
make: *** [test_dynamic] Error 255
------------------------------
PREREQUISITES
------------------------------
Prerequisite modules loaded:
requires:
Module Need Have
---------------------------------------- ----- -------
Catalyst 5.00 5.80033
Catalyst::Plugin::Session::State::Cookie 0 0.17
Catalyst::Plugin::Session::Store::Dummy 0 0
LWP 5.816 6.02
Test::Exception 0 0.31
Test::More 0 0.98
Test::WWW::Mechanize 1.14 1.34
WWW::Mechanize 1.50 1.70
build_requires:
Module Need Have
---------------------------------------- ----- -------
ExtUtils::MakeMaker 0 6.58
------------------------------
ENVIRONMENT AND OTHER CONTEXT
------------------------------
Environment variables:
AUTOMATED_TESTING = 1
LANG = en_US.UTF-8
PATH = /usr/local/sbin:/usr/local/bin:/usr/sbin:/usr/bin:/sbin:/bin
PERL5LIB =
PERL5OPT =
PERL5_CPANPLUS_IS_RUNNING = 12119
PERL5_CPAN_IS_RUNNING = 12119
PERL5_CPAN_IS_RUNNING_IN_RECURSION = 9693,12119
PERL_CR_SMOKER_CURRENT = Test-WWW-Mechanize-Catalyst-0.45
PERL_EXTUTILS_AUTOINSTALL = --defaultdeps
PERL_MM_USE_DEFAULT = 1
SHELL = /bin/bash
TERM = xterm
Perl special variables (and OS-specific diagnostics, for MSWin32):
$^X = /home/trushel/perl/perl5153/bin/perl
$UID/$EUID = 138375 / 138375
$GID = 5762 4 20 21 24 25 26 30 44 46 104 105 119 122 431 5762
$EGID = 5762 4 20 21 24 25 26 30 44 46 104 105 119 122 431 5762
Perl module toolchain versions installed:
Module Have
------------------- --------
CPAN 1.9800
CPAN::Meta 2.112621
Cwd 3.33
ExtUtils::CBuilder 0.280202
ExtUtils::Command 1.17
ExtUtils::Install 1.54
ExtUtils::MakeMaker 6.58
ExtUtils::Manifest 1.60
ExtUtils::ParseXS 3.04_04
File::Spec 3.33
JSON 2.53
JSON::PP 2.27200
Module::Build 0.39_01
Module::Signature n/a
Parse::CPAN::Meta 1.4401
Test::Harness 3.23
Test::More 0.98
YAML 0.73
YAML::Syck 1.19
version 0.93
--
Summary of my perl5 (revision 5 version 15 subversion 3) configuration:
Platform:
osname=linux, osvers=2.6.32-33-generic, archname=x86_64-linux
uname='linux trushel-glaptop 2.6.32-33-generic #72-ubuntu smp fri jul 29 21:07:13 utc 2011 x86_64 gnulinux '
config_args=''
hint=recommended, useposix=true, d_sigaction=define
useithreads=undef, usemultiplicity=undef
useperlio=define, d_sfio=undef, uselargefiles=define, usesocks=undef
use64bitint=define, use64bitall=define, uselongdouble=undef
usemymalloc=n, bincompat5005=undef
Compiler:
cc='cc', ccflags ='-fno-strict-aliasing -pipe -fstack-protector -I/usr/local/include -D_LARGEFILE_SOURCE -D_FILE_OFFSET_BITS=64',
optimize='-O2',
cppflags='-fno-strict-aliasing -pipe -fstack-protector -I/usr/local/include'
ccversion='', gccversion='4.4.3', gccosandvers=''
intsize=4, longsize=8, ptrsize=8, doublesize=8, byteorder=12345678
d_longlong=define, longlongsize=8, d_longdbl=define, longdblsize=16
ivtype='long', ivsize=8, nvtype='double', nvsize=8, Off_t='off_t', lseeksize=8
alignbytes=8, prototype=define
Linker and Libraries:
ld='cc', ldflags =' -fstack-protector -L/usr/local/lib'
libpth=/usr/local/lib /lib/../lib /usr/lib/../lib /lib /usr/lib /usr/lib/x86_64-linux-gnu /lib64 /usr/lib64
libs=-lnsl -ldb -ldl -lm -lcrypt -lutil -lc
perllibs=-lnsl -ldl -lm -lcrypt -lutil -lc
libc=/lib/libc-2.11.1.so, so=so, useshrplib=false, libperl=libperl.a
gnulibc_version='2.11.1'
Dynamic Linking:
dlsrc=dl_dlopen.xs, dlext=so, d_dlsymun=undef, ccdlflags='-Wl,-E'
cccdlflags='-fPIC', lddlflags='-shared -O2 -L/usr/local/lib -fstack-protector'
Characteristics of this binary (from libperl):
Compile-time options: HAS_TIMES PERLIO_LAYERS PERL_DONT_CREATE_GVSV
PERL_MALLOC_WRAP PERL_PRESERVE_IVUV USE_64_BIT_ALL
USE_64_BIT_INT USE_LARGE_FILES USE_LOCALE
USE_LOCALE_COLLATE USE_LOCALE_CTYPE
USE_LOCALE_NUMERIC USE_PERLIO USE_PERL_ATOF
Built under linux
Compiled at Sep 25 2011 17:24:08
%ENV:
PERL5LIB=""
PERL5OPT=""
PERL5_CPANPLUS_IS_RUNNING="12119"
PERL5_CPAN_IS_RUNNING="12119"
PERL5_CPAN_IS_RUNNING_IN_RECURSION="9693,12119"
PERL_CR_SMOKER_CURRENT="Test-WWW-Mechanize-Catalyst-0.45"
PERL_EXTUTILS_AUTOINSTALL="--defaultdeps"
PERL_MM_USE_DEFAULT="1"
@INC:
/home/trushel/perl/perl5153/lib/site_perl/5.15.3/x86_64-linux
/home/trushel/perl/perl5153/lib/site_perl/5.15.3
/home/trushel/perl/perl5153/lib/5.15.3/x86_64-linux
/home/trushel/perl/perl5153/lib/5.15.3
.