GHCN vv0.22.257 Perl 5 v5.32.1 x86_64-linux-thread-multi-ld
- Status
- Fail
- From
- Andreas J. König (ANDK)
- Dist
-
GHCN vv0.22.257
- Platform
- Perl 5 v5.32.1 x86_64-linux-thread-multi-ld
- Date
- 2022-09-14 11:22:44
- ID
- 8d830ce6-341f-11ed-91db-74cec5d25608
This distribution has been tested as part of the CPAN Testers
project, supporting the Perl programming language. See
http://wiki.cpantesters.org/ for more information or email
questions to cpan-testers-discuss@perl.org
--
Dear Gary Puckering,
This is a computer-generated report for GHCN-v0.22.257
on perl 5.32.1, created by CPAN-Reporter-1.2018.
Thank you for uploading your work to CPAN. However, there was a problem
testing your distribution.
If you think this report is invalid, please consult the CPAN Testers Wiki
for suggestions on how to avoid getting FAIL reports for missing library
or binary dependencies, unsupported operating systems, and so on:
http://wiki.cpantesters.org/wiki/CPANAuthorNotes
Sections of this report:
* Tester comments
* Program output
* Prerequisites
* Environment and other context
------------------------------
TESTER COMMENTS
------------------------------
Additional comments from tester:
this report is from an automated smoke testing program
and was not reviewed by a human for accuracy
------------------------------
PROGRAM OUTPUT
------------------------------
Output from '/usr/bin/make test':
PERL_DL_NONLAZY=1 "/home/sand/src/perl/repoperls/installed-perls/host/k93stretch/v5.32.1/4a88/bin/perl" "-MExtUtils::Command::MM" "-MTest::Harness" "-e" "undef *Test::Harness::Switches; test_harness(0, 'blib/lib', 'blib/arch')" t/*.t
#
# Versions for all modules listed in MYMETA.json (including optional ones):
#
# === Configure Requires ===
#
# Module Want Have
# ------------------- ---- ----
# ExtUtils::MakeMaker any 7.64
#
# === Build Requires ===
#
# Module Want Have
# ------------------- ---- ----
# ExtUtils::MakeMaker any 7.64
#
# === Test Requires ===
#
# Module Want Have
# ------------------- ---- --------
# Capture::Tiny any 0.48
# ExtUtils::MakeMaker any 7.64
# File::Path any 2.18
# File::Spec any 3.78
# File::Temp any 0.2311
# Test::Exception any 0.43
# Test::More any 1.302190
# lib any 0.65
#
# === Test Recommends ===
#
# Module Want Have
# ---------- -------- --------
# CPAN::Meta 2.120900 2.150010
#
# === Runtime Requires ===
#
# Module Want Have
# ------------------------- ---- ---------
# Cache::FileCache any undef
# Carp any 1.50
# Const::Fast any 0.014
# ControlBreak any v0.22.244
# Devel::Size any 0.83
# English any 1.11
# Exporter any 5.74
# File::HomeDir any 1.006
# File::Spec any 3.78
# FindBin any 1.51
# GIS::Distance any 0.19
# Getopt::Long any 2.52
# HTML::Entities any 3.78
# Hash::Wrap any 0.22
# List::Util any 1.62
# Module::Load::Conditional any 0.70
# Object::Pad 0.66 0.68
# Pod::Usage any 1.69
# Set::IntSpan::Fast any 1.15
# Syntax::Keyword::Try any 0.27
# Text::Abbrev any 1.02
# Time::HiRes any 1.9764
# Try::Tiny any 0.31
# URI::Fetch any 0.15
# YAML::Tiny any 1.73
# base any 2.27
# feature any 1.58
# if any 0.0608
# parent any 0.238
# strict any 1.11
# warnings any 1.47
#
t/00-report-prereqs.t ........... ok
t/00_initialize_test_env.t ...... ok
t/11_common.t ................... ok
t/12_country_codes.t ............ ok
t/13_measures.t ................. ok
t/14_options.t .................. ok
t/21_station.t .................. ok
*E* unreadable config file: /home/sand/.ghcn_fetch.yaml at /home/sand/src/perl/repoperls/installed-perls/host/k93stretch/v5.32.1/4a88/lib/site_perl/5.32.1/Test/Builder.pm line 374.
# Looks like your test exited with 255 just after 3.
t/22_station_table_subs.t .......
Dubious, test returned 255 (wstat 65280, 0xff00)
Failed 7/10 subtests
creating or refreshing cache: /tmp/loop_over_bdir-30477-MLC4jC/GHCN-v0.22.257-0/t/ghcn_cache/ghcn
# Failed test '2017-02-02 A_Tavg correct anomaly calc'
# at t/31_station_table_synthesis.t line 669.
# got: '-3.07'
# expected: '-3.08'
# Failed test '2019-02-02 A_Tavg correct anomaly calc'
# at t/31_station_table_synthesis.t line 669.
# got: '-6.57'
# expected: '-6.58'
# Looks like you failed 2 tests of 30.
# Failed test 'station-level data (-report id)'
# at t/31_station_table_synthesis.t line 671.
# Looks like you failed 1 test of 16.
t/31_station_table_synthesis.t ..
Dubious, test returned 1 (wstat 256, 0x100)
Failed 1/16 subtests
t/81_timing_stats.t ............. ok
*E* invalid report option:
# Looks like your test exited with 255 before it could output anything.
t/91_ghcn_fetch.t ...............
Dubious, test returned 255 (wstat 65280, 0xff00)
Failed 7/7 subtests
t/92_ghcn_extremes.t ............ ok
t/93_ghcn_station_counts.t ...... ok
Test Summary Report
-------------------
t/22_station_table_subs.t (Wstat: 65280 (exited 255) Tests: 3 Failed: 0)
Non-zero exit status: 255
Parse errors: Bad plan. You planned 10 tests but ran 3.
t/31_station_table_synthesis.t (Wstat: 256 (exited 1) Tests: 16 Failed: 1)
Failed test: 15
Non-zero exit status: 1
t/91_ghcn_fetch.t (Wstat: 65280 (exited 255) Tests: 0 Failed: 0)
Non-zero exit status: 255
Parse errors: Bad plan. You planned 7 tests but ran 0.
Files=13, Tests=120, 217 wallclock secs ( 0.11 usr 0.02 sys + 42.24 cusr 2.60 csys = 44.97 CPU)
Result: FAIL
Failed 3/13 test programs. 1/120 subtests failed.
Makefile:1001: recipe for target 'test_dynamic' failed
make: *** [test_dynamic] Error 255
------------------------------
PREREQUISITES
------------------------------
Prerequisite modules loaded:
requires:
Module Need Have
------------------------- -------- ---------
base 0 2.27
Cache::FileCache 0 0
Carp 0 1.50
Const::Fast 0 0.014
ControlBreak 0 v0.22.244
Devel::Size 0 0.83
English 0 1.11
Exporter 0 5.74
feature 0 1.58
File::HomeDir 0 1.006
File::Spec 0 3.78
FindBin 0 1.51
Getopt::Long 0 2.52
GIS::Distance 0 0.19
Hash::Wrap 0 0.22
HTML::Entities 0 3.78
if 0 0.0608
List::Util 0 1.62
Module::Load::Conditional 0 0.70
Object::Pad 0.66 0.68
parent 0 0.238
perl 5.018000 5.032001
Pod::Usage 0 1.69
Set::IntSpan::Fast 0 1.15
strict 0 1.11
Syntax::Keyword::Try 0 0.27
Text::Abbrev 0 1.02
Time::HiRes 0 1.9764
Try::Tiny 0 0.31
URI::Fetch 0 0.15
warnings 0 1.47
YAML::Tiny 0 1.73
build_requires:
Module Need Have
------------------------- -------- ---------
Capture::Tiny 0 0.48
ExtUtils::MakeMaker 0 7.64
File::Path 0 2.18
File::Spec 0 3.78
File::Temp 0 0.2311
lib 0 0.65
Test::Exception 0 0.43
Test::More 0 1.302190
configure_requires:
Module Need Have
------------------------- -------- ---------
ExtUtils::MakeMaker 0 7.64
------------------------------
ENVIRONMENT AND OTHER CONTEXT
------------------------------
Environment variables:
AUTOMATED_TESTING = 1
LANG = en_US.UTF-8
LANGUAGE = en_US:en
PATH = /home/sand/bin:/usr/local/bin:/usr/bin:/bin:/usr/games:/usr/local/perl/bin:/usr/X11/bin:/sbin:/usr/sbin
PERL5LIB = /tmp/loop_over_bdir-30477-MLC4jC/Set-IntSpan-Fast-1.15-0/blib/arch:/tmp/loop_over_bdir-30477-MLC4jC/Set-IntSpan-Fast-1.15-0/blib/lib:/tmp/loop_over_bdir-30477-MLC4jC/Hash-Wrap-0.22-0/blib/arch:/tmp/loop_over_bdir-30477-MLC4jC/Hash-Wrap-0.22-0/blib/lib:/tmp/loop_over_bdir-30477-MLC4jC/ControlBreak-v0.22.244-0/blib/arch:/tmp/loop_over_bdir-30477-MLC4jC/ControlBreak-v0.22.244-0/blib/lib:/tmp/loop_over_bdir-30477-MLC4jC/Object-Pad-0.68-0/blib/arch:/tmp/loop_over_bdir-30477-MLC4jC/Object-Pad-0.68-0/blib/lib:/tmp/loop_over_bdir-30477-MLC4jC/Data-Table-1.78-0/blib/arch:/tmp/loop_over_bdir-30477-MLC4jC/Data-Table-1.78-0/blib/lib
PERL5OPT =
PERL5_CPANPLUS_IS_RUNNING = 19255
PERL5_CPAN_IS_RUNNING = 19255
PERL_CANARY_STABILITY_NOPROMPT = 1
PERL_MM_USE_DEFAULT = 1
PERL_USE_UNSAFE_INC = 1
SHELL = /usr/bin/zsh
TERM = screen
Perl special variables (and OS-specific diagnostics, for MSWin32):
$^X = /home/sand/src/perl/repoperls/installed-perls/host/k93stretch/v5.32.1/4a88/bin/perl
$UID/$EUID = 1005 / 1005
$GID = 1005 1005
$EGID = 1005 1005
Perl module toolchain versions installed:
Module Have
------------------- --------
CPAN 2.34
CPAN::Meta 2.150010
Cwd 3.78
ExtUtils::CBuilder 0.280236
ExtUtils::Command 7.64
ExtUtils::Install 2.20
ExtUtils::MakeMaker 7.64
ExtUtils::Manifest 1.72
ExtUtils::ParseXS 3.40
File::Spec 3.78
JSON 4.05
JSON::PP 4.08
Module::Build 0.4231
Module::Signature 0.88
Parse::CPAN::Meta 2.150010
Test::Harness 3.44
Test::More 1.302190
YAML 1.30
YAML::Syck 1.34
version 0.9929
--
Summary of my perl5 (revision 5 version 32 subversion 1) configuration:
Commit id: df9d952d734ef94233ed84af97ca318d7972eed0
Platform:
osname=linux
osvers=4.9.0-18-amd64
archname=x86_64-linux-thread-multi-ld
uname='linux k93stretch 4.9.0-18-amd64 #1 smp debian 4.9.303-1 (2022-03-07) x86_64 gnulinux '
config_args='-Dprefix=/home/sand/src/perl/repoperls/installed-perls/host/k93stretch/v5.32.1/4a88 -Dmyhostname=k93stretch -Dinstallusrbinperl=n -Uversiononly -Dusedevel -des -Ui_db -Dlibswanted=cl pthread socket inet nsl gdbm dbm malloc dl ld sun m crypt sec util c cposix posix ucb BSD gdbm_compat -Duseithreads -Duselongdouble -DEBUGGING=both'
hint=recommended
useposix=true
d_sigaction=define
useithreads=define
usemultiplicity=define
use64bitint=define
use64bitall=define
uselongdouble=define
usemymalloc=n
default_inc_excludes_dot=define
bincompat5005=undef
Compiler:
cc='cc'
ccflags ='-D_REENTRANT -D_GNU_SOURCE -fwrapv -DDEBUGGING -fno-strict-aliasing -pipe -fstack-protector-strong -I/usr/local/include -D_LARGEFILE_SOURCE -D_FILE_OFFSET_BITS=64 -D_FORTIFY_SOURCE=2'
optimize='-O2 -g'
cppflags='-D_REENTRANT -D_GNU_SOURCE -fwrapv -DDEBUGGING -fno-strict-aliasing -pipe -fstack-protector-strong -I/usr/local/include'
ccversion=''
gccversion='6.3.0 20170516'
gccosandvers=''
intsize=4
longsize=8
ptrsize=8
doublesize=8
byteorder=12345678
doublekind=3
d_longlong=define
longlongsize=8
d_longdbl=define
longdblsize=16
longdblkind=3
ivtype='long'
ivsize=8
nvtype='long double'
nvsize=16
Off_t='off_t'
lseeksize=8
alignbytes=16
prototype=define
Linker and Libraries:
ld='cc'
ldflags =' -fstack-protector-strong -L/usr/local/lib'
libpth=/usr/local/lib /usr/lib/gcc/x86_64-linux-gnu/6/include-fixed /usr/include/x86_64-linux-gnu /usr/lib /lib/x86_64-linux-gnu /lib/../lib /usr/lib/x86_64-linux-gnu /usr/lib/../lib /lib
libs=-lpthread -lnsl -ldl -lm -lcrypt -lutil -lc
perllibs=-lpthread -lnsl -ldl -lm -lcrypt -lutil -lc
libc=libc-2.24.so
so=so
useshrplib=false
libperl=libperl.a
gnulibc_version='2.24'
Dynamic Linking:
dlsrc=dl_dlopen.xs
dlext=so
d_dlsymun=undef
ccdlflags='-Wl,-E'
cccdlflags='-fPIC'
lddlflags='-shared -O2 -g -L/usr/local/lib -fstack-protector-strong'
Characteristics of this binary (from libperl):
Compile-time options:
DEBUGGING
HAS_TIMES
MULTIPLICITY
PERLIO_LAYERS
PERL_COPY_ON_WRITE
PERL_DONT_CREATE_GVSV
PERL_IMPLICIT_CONTEXT
PERL_MALLOC_WRAP
PERL_OP_PARENT
PERL_PRESERVE_IVUV
PERL_TRACK_MEMPOOL
PERL_USE_DEVEL
USE_64_BIT_ALL
USE_64_BIT_INT
USE_ITHREADS
USE_LARGE_FILES
USE_LOCALE
USE_LOCALE_COLLATE
USE_LOCALE_CTYPE
USE_LOCALE_NUMERIC
USE_LOCALE_TIME
USE_LONG_DOUBLE
USE_PERLIO
USE_PERL_ATOF
USE_REENTRANT_API
USE_THREAD_SAFE_LOCALE
Built under linux
Compiled at May 4 2022 03:29:57
%ENV:
PERL5LIB="/tmp/loop_over_bdir-30477-MLC4jC/Set-IntSpan-Fast-1.15-0/blib/arch:/tmp/loop_over_bdir-30477-MLC4jC/Set-IntSpan-Fast-1.15-0/blib/lib:/tmp/loop_over_bdir-30477-MLC4jC/Hash-Wrap-0.22-0/blib/arch:/tmp/loop_over_bdir-30477-MLC4jC/Hash-Wrap-0.22-0/blib/lib:/tmp/loop_over_bdir-30477-MLC4jC/ControlBreak-v0.22.244-0/blib/arch:/tmp/loop_over_bdir-30477-MLC4jC/ControlBreak-v0.22.244-0/blib/lib:/tmp/loop_over_bdir-30477-MLC4jC/Object-Pad-0.68-0/blib/arch:/tmp/loop_over_bdir-30477-MLC4jC/Object-Pad-0.68-0/blib/lib:/tmp/loop_over_bdir-30477-MLC4jC/Data-Table-1.78-0/blib/arch:/tmp/loop_over_bdir-30477-MLC4jC/Data-Table-1.78-0/blib/lib"
PERL5OPT=""
PERL5_CPANPLUS_IS_RUNNING="19255"
PERL5_CPAN_IS_RUNNING="19255"
PERL_CANARY_STABILITY_NOPROMPT="1"
PERL_MM_USE_DEFAULT="1"
PERL_USE_UNSAFE_INC="1"
@INC:
/tmp/loop_over_bdir-30477-MLC4jC/Set-IntSpan-Fast-1.15-0/blib/arch
/tmp/loop_over_bdir-30477-MLC4jC/Set-IntSpan-Fast-1.15-0/blib/lib
/tmp/loop_over_bdir-30477-MLC4jC/Hash-Wrap-0.22-0/blib/arch
/tmp/loop_over_bdir-30477-MLC4jC/Hash-Wrap-0.22-0/blib/lib
/tmp/loop_over_bdir-30477-MLC4jC/ControlBreak-v0.22.244-0/blib/arch
/tmp/loop_over_bdir-30477-MLC4jC/ControlBreak-v0.22.244-0/blib/lib
/tmp/loop_over_bdir-30477-MLC4jC/Object-Pad-0.68-0/blib/arch
/tmp/loop_over_bdir-30477-MLC4jC/Object-Pad-0.68-0/blib/lib
/tmp/loop_over_bdir-30477-MLC4jC/Data-Table-1.78-0/blib/arch
/tmp/loop_over_bdir-30477-MLC4jC/Data-Table-1.78-0/blib/lib
/home/sand/src/perl/repoperls/installed-perls/host/k93stretch/v5.32.1/4a88/lib/site_perl/5.32.1/x86_64-linux-thread-multi-ld
/home/sand/src/perl/repoperls/installed-perls/host/k93stretch/v5.32.1/4a88/lib/site_perl/5.32.1
/home/sand/src/perl/repoperls/installed-perls/host/k93stretch/v5.32.1/4a88/lib/5.32.1/x86_64-linux-thread-multi-ld
/home/sand/src/perl/repoperls/installed-perls/host/k93stretch/v5.32.1/4a88/lib/5.32.1
.