Report for POE-Component-Server-JSONRPC-0.04

Back
From: metabase:user:314402c4-2aae-11df-837a-5e0a49663a4f
Subject: FAIL POE-Component-Server-JSONRPC-0.04 v5.10.1 FreeBSD
Date: 2011-09-11T15:34:38Z

This distribution has been tested as part of the CPAN Testers
project, supporting the Perl programming language.  See
http://wiki.cpantesters.org/ for more information or email
questions to cpan-testers-discuss@perl.org


--
Dear Come BERNIGAUD,

This is a computer-generated report for POE-Component-Server-JSONRPC-0.04
on perl 5.10.1, created by CPAN-Reporter-1.1902.

Thank you for uploading your work to CPAN.  However, there was a problem
testing your distribution.

If you think this report is invalid, please consult the CPAN Testers Wiki
for suggestions on how to avoid getting FAIL reports for missing library
or binary dependencies, unsupported operating systems, and so on:

http://wiki.cpantesters.org/wiki/CPANAuthorNotes

Sections of this report:

    * Tester comments
    * Program output
    * Prerequisites
    * Environment and other context

------------------------------
TESTER COMMENTS
------------------------------

Additional comments from tester:

none provided

------------------------------
PROGRAM OUTPUT
------------------------------

Output from '/usr/bin/make test':

PERL_DL_NONLAZY=1 /usr/perl5.10.1/bin/perl5.10.1 "-MExtUtils::Command::MM" "-e" "test_harness(0, 'inc', 'blib/lib', 'blib/arch')" t/*.t
The method '_generate_instance' was not found in the inheritance hierarchy for Moose::Meta::Class::__ANON__::SERIAL::4 at /usr/perl5.10.1/lib/site_perl/5.10.1/i386-freebsd/Class/MOP/Class.pm line 1048
	Class::MOP::Class::__ANON__('Moose::Meta::Class=HASH(0x283e8b50)', '_generate_instance') called at /usr/perl5.10.1/lib/site_perl/5.10.1/i386-freebsd/Class/MOP/Class.pm line 1093
	Class::MOP::Class::add_around_method_modifier('Moose::Meta::Class=HASH(0x283e8b50)', '_generate_instance', 'CODE(0x28343a40)') called at /usr/perl5.10.1/lib/site_perl/5.10.1/i386-freebsd/Moose/Meta/Role/Application/ToClass.pm line 224
	Moose::Meta::Role::Application::ToClass::apply_method_modifiers('Moose::Meta::Role::Application::ToClass=HASH(0x2839c6b0)', 'around', 'Moose::Meta::Role=HASH(0x283f0760)', 'Moose::Meta::Class=HASH(0x283e8b50)') called at /usr/perl5.10.1/lib/site_perl/5.10.1/i386-freebsd/Moose/Meta/Role/Application.pm line 78
	Moose::Meta::Role::Application::apply_around_method_modifiers('Moose::Meta::Role::Application::ToClass=HASH(0x2839c6b0)', 'Moose::Meta::Role=HASH(0x283f0760)', 'Moose::Meta::Class=HASH(0x283e8b50)') called at /usr/perl5.10.1/lib/site_perl/5.10.1/i386-freebsd/Moose/Meta/Role/Application.pm line 64
	Moose::Meta::Role::Application::apply('Moose::Meta::Role::Application::ToClass=HASH(0x2839c6b0)', 'Moose::Meta::Role=HASH(0x283f0760)', 'Moose::Meta::Class=HASH(0x283e8b50)') called at /usr/perl5.10.1/lib/site_perl/5.10.1/i386-freebsd/Moose/Meta/Role/Application/ToClass.pm line 35
	Moose::Meta::Role::Application::ToClass::apply('Moose::Meta::Role::Application::ToClass=HASH(0x2839c6b0)', 'Moose::Meta::Role=HASH(0x283f0760)', 'Moose::Meta::Class=HASH(0x283e8b50)', 'HASH(0x27b9ab80)') called at /usr/perl5.10.1/lib/site_perl/5.10.1/i386-freebsd/Moose/Meta/Role.pm line 470
	Moose::Meta::Role::apply('Moose::Meta::Role=HASH(0x283f0760)', 'Moose::Meta::Class=HASH(0x283e8b50)') called at /usr/perl5.10.1/lib/site_perl/5.10.1/i386-freebsd/Moose/Util.pm line 159
	Moose::Util::_apply_all_roles('Moose::Meta::Class=HASH(0x283e8b50)', undef, 'MooseX::POE::Meta::Trait::Constructor') called at /usr/perl5.10.1/lib/site_perl/5.10.1/i386-freebsd/Moose/Util.pm line 98
	Moose::Util::apply_all_roles('Moose::Meta::Class=HASH(0x283e8b50)', 'MooseX::POE::Meta::Trait::Constructor') called at /usr/perl5.10.1/lib/site_perl/5.10.1/i386-freebsd/Moose/Meta/Class.pm line 104
	Moose::Meta::Class::create('Moose::Meta::Class', 'Moose::Meta::Class::__ANON__::SERIAL::4', 'roles', 'ARRAY(0x2831ba40)', 'weaken', '', 'superclasses', 'ARRAY(0x28343800)') called at /usr/perl5.10.1/lib/site_perl/5.10.1/i386-freebsd/Class/MOP/Package.pm line 121
	Class::MOP::Package::create_anon('Moose::Meta::Class', 'superclasses', 'ARRAY(0x28343800)', 'roles', 'ARRAY(0x2831ba40)', 'cache', 1) called at /usr/perl5.10.1/lib/site_perl/5.10.1/i386-freebsd/Class/MOP/Class.pm line 473
	Class::MOP::Class::create_anon_class('Moose::Meta::Class', 'superclasses', 'ARRAY(0x28343800)', 'roles', 'ARRAY(0x2831ba40)', 'cache', 1) called at /usr/perl5.10.1/lib/site_perl/5.10.1/i386-freebsd/Moose/Util/MetaRole.pm line 134
	Moose::Util::MetaRole::_make_new_class('Moose::Meta::Method::Constructor', 'ARRAY(0x2831ba40)') called at /usr/perl5.10.1/lib/site_perl/5.10.1/i386-freebsd/Moose/Util/MetaRole.pm line 95
	Moose::Util::MetaRole::_make_new_metaclass('Moose::Meta::Class=HASH(0x28342ea0)', 'HASH(0x2831b970)', 'class') called at /usr/perl5.10.1/lib/site_perl/5.10.1/i386-freebsd/Moose/Util/MetaRole.pm line 28
	Moose::Util::MetaRole::apply_metaroles('for', 'POE::Component::Server::SimpleHTTP', 'class_metaroles', 'HASH(0x2831b970)') called at /usr/perl5.10.1/lib/site_perl/5.10.1/i386-freebsd/Moose/Exporter.pm line 624
	Moose::Exporter::__ANON__('MooseX::POE', 'for_class', 'MooseX::POE::Meta::Trait::Constructor', 'metaclass', undef, 'meta_name', 'meta') called at /usr/perl5.10.1/lib/site_perl/5.10.1/i386-freebsd/Moose/Exporter.pm line 420
	Moose::Exporter::__ANON__('MooseX::POE') called at /usr/perl5.10.1/lib/site_perl/5.10.1/POE/Component/Server/SimpleHTTP.pm line 38
	POE::Component::Server::SimpleHTTP::BEGIN() called at /usr/perl5.10.1/lib/site_perl/5.10.1/MooseX/POE.pm line 38
	eval {...} called at /usr/perl5.10.1/lib/site_perl/5.10.1/MooseX/POE.pm line 38
	require POE/Component/Server/SimpleHTTP.pm called at (eval 77) line 1
	POE::Component::Server::JSONRPC::Http::BEGIN() called at /usr/perl5.10.1/lib/site_perl/5.10.1/MooseX/POE.pm line 38
	eval {...} called at /usr/perl5.10.1/lib/site_perl/5.10.1/MooseX/POE.pm line 38
	eval 'package POE::Component::Server::JSONRPC::Http; use POE::Component::Server::SimpleHTTP;' called at /usr/perl5.10.1/lib/site_perl/5.10.1/POE.pm line 57
	POE::import('POE', 'Component::Server::SimpleHTTP', 'Filter::Line') called at /var/tmp/CPAN-build/POE-Component-Server-JSONRPC-0.04-Pkbd5c/blib/lib/POE/Component/Server/JSONRPC/Http.pm line 28
	POE::Component::Server::JSONRPC::Http::BEGIN() called at /usr/perl5.10.1/lib/site_perl/5.10.1/MooseX/POE.pm line 38
	eval {...} called at /usr/perl5.10.1/lib/site_perl/5.10.1/MooseX/POE.pm line 38
	require POE/Component/Server/JSONRPC/Http.pm called at (eval 74) line 2
	main::BEGIN() called at /usr/perl5.10.1/lib/site_perl/5.10.1/MooseX/POE.pm line 38
	eval {...} called at /usr/perl5.10.1/lib/site_perl/5.10.1/MooseX/POE.pm line 38
	eval 'package main;
use POE::Component::Server::JSONRPC::Http @imports;

;' called at /var/tmp/CPAN-build/POE-Component-Server-JSONRPC-0.04-Pkbd5c/inc/Test/More.pm line 672
	Test::More::use_ok('POE::Component::Server::JSONRPC::Http') called at t/00_compile.t line 6
	main::BEGIN() called at /usr/perl5.10.1/lib/site_perl/5.10.1/MooseX/POE.pm line 38
	eval {...} called at /usr/perl5.10.1/lib/site_perl/5.10.1/MooseX/POE.pm line 38
BEGIN failed--compilation aborted at /usr/perl5.10.1/lib/site_perl/5.10.1/POE/Component/Server/SimpleHTTP.pm line 38.
Compilation failed in require at (eval 77) line 1.
BEGIN failed--compilation aborted at (eval 77) line 1.

#   Failed test 'use POE::Component::Server::JSONRPC::Http;'
#   at t/00_compile.t line 6.
#     Tried to use 'POE::Component::Server::JSONRPC::Http'.
#     Error:  could not import qw(Component::Server::SimpleHTTP) at /var/tmp/CPAN-build/POE-Component-Server-JSONRPC-0.04-Pkbd5c/blib/lib/POE/Component/Server/JSONRPC/Http.pm line 28
# BEGIN failed--compilation aborted at t/00_compile.t line 6.
# Compilation failed in require at (eval 74) line 2.
# BEGIN failed--compilation aborted at (eval 74) line 2.
# Looks like you failed 1 test of 3.
t/00_compile.t .... 
Dubious, test returned 1 (wstat 256, 0x100)
Failed 1/3 subtests 
t/pod.t ........... ok
The method '_generate_instance' was not found in the inheritance hierarchy for Moose::Meta::Class::__ANON__::SERIAL::4 at /usr/perl5.10.1/lib/site_perl/5.10.1/i386-freebsd/Class/MOP/Class.pm line 1048
	Class::MOP::Class::__ANON__('Moose::Meta::Class=HASH(0x284d52d0)', '_generate_instance') called at /usr/perl5.10.1/lib/site_perl/5.10.1/i386-freebsd/Class/MOP/Class.pm line 1093
	Class::MOP::Class::add_around_method_modifier('Moose::Meta::Class=HASH(0x284d52d0)', '_generate_instance', 'CODE(0x27a989c0)') called at /usr/perl5.10.1/lib/site_perl/5.10.1/i386-freebsd/Moose/Meta/Role/Application/ToClass.pm line 224
	Moose::Meta::Role::Application::ToClass::apply_method_modifiers('Moose::Meta::Role::Application::ToClass=HASH(0x2847de10)', 'around', 'Moose::Meta::Role=HASH(0x284d5ec0)', 'Moose::Meta::Class=HASH(0x284d52d0)') called at /usr/perl5.10.1/lib/site_perl/5.10.1/i386-freebsd/Moose/Meta/Role/Application.pm line 78
	Moose::Meta::Role::Application::apply_around_method_modifiers('Moose::Meta::Role::Application::ToClass=HASH(0x2847de10)', 'Moose::Meta::Role=HASH(0x284d5ec0)', 'Moose::Meta::Class=HASH(0x284d52d0)') called at /usr/perl5.10.1/lib/site_perl/5.10.1/i386-freebsd/Moose/Meta/Role/Application.pm line 64
	Moose::Meta::Role::Application::apply('Moose::Meta::Role::Application::ToClass=HASH(0x2847de10)', 'Moose::Meta::Role=HASH(0x284d5ec0)', 'Moose::Meta::Class=HASH(0x284d52d0)') called at /usr/perl5.10.1/lib/site_perl/5.10.1/i386-freebsd/Moose/Meta/Role/Application/ToClass.pm line 35
	Moose::Meta::Role::Application::ToClass::apply('Moose::Meta::Role::Application::ToClass=HASH(0x2847de10)', 'Moose::Meta::Role=HASH(0x284d5ec0)', 'Moose::Meta::Class=HASH(0x284d52d0)', 'HASH(0x2843e700)') called at /usr/perl5.10.1/lib/site_perl/5.10.1/i386-freebsd/Moose/Meta/Role.pm line 470
	Moose::Meta::Role::apply('Moose::Meta::Role=HASH(0x284d5ec0)', 'Moose::Meta::Class=HASH(0x284d52d0)') called at /usr/perl5.10.1/lib/site_perl/5.10.1/i386-freebsd/Moose/Util.pm line 159
	Moose::Util::_apply_all_roles('Moose::Meta::Class=HASH(0x284d52d0)', undef, 'MooseX::POE::Meta::Trait::Constructor') called at /usr/perl5.10.1/lib/site_perl/5.10.1/i386-freebsd/Moose/Util.pm line 98
	Moose::Util::apply_all_roles('Moose::Meta::Class=HASH(0x284d52d0)', 'MooseX::POE::Meta::Trait::Constructor') called at /usr/perl5.10.1/lib/site_perl/5.10.1/i386-freebsd/Moose/Meta/Class.pm line 104
	Moose::Meta::Class::create('Moose::Meta::Class', 'Moose::Meta::Class::__ANON__::SERIAL::4', 'roles', 'ARRAY(0x283ff1c0)', 'weaken', '', 'superclasses', 'ARRAY(0x28440f60)') called at /usr/perl5.10.1/lib/site_perl/5.10.1/i386-freebsd/Class/MOP/Package.pm line 121
	Class::MOP::Package::create_anon('Moose::Meta::Class', 'superclasses', 'ARRAY(0x28440f60)', 'roles', 'ARRAY(0x283ff1c0)', 'cache', 1) called at /usr/perl5.10.1/lib/site_perl/5.10.1/i386-freebsd/Class/MOP/Class.pm line 473
	Class::MOP::Class::create_anon_class('Moose::Meta::Class', 'superclasses', 'ARRAY(0x28440f60)', 'roles', 'ARRAY(0x283ff1c0)', 'cache', 1) called at /usr/perl5.10.1/lib/site_perl/5.10.1/i386-freebsd/Moose/Util/MetaRole.pm line 134
	Moose::Util::MetaRole::_make_new_class('Moose::Meta::Method::Constructor', 'ARRAY(0x283ff1c0)') called at /usr/perl5.10.1/lib/site_perl/5.10.1/i386-freebsd/Moose/Util/MetaRole.pm line 95
	Moose::Util::MetaRole::_make_new_metaclass('Moose::Meta::Class=HASH(0x28440620)', 'HASH(0x283ff0f0)', 'class') called at /usr/perl5.10.1/lib/site_perl/5.10.1/i386-freebsd/Moose/Util/MetaRole.pm line 28
	Moose::Util::MetaRole::apply_metaroles('for', 'POE::Component::Server::SimpleHTTP', 'class_metaroles', 'HASH(0x283ff0f0)') called at /usr/perl5.10.1/lib/site_perl/5.10.1/i386-freebsd/Moose/Exporter.pm line 624
	Moose::Exporter::__ANON__('MooseX::POE', 'for_class', 'MooseX::POE::Meta::Trait::Constructor', 'metaclass', undef, 'meta_name', 'meta') called at /usr/perl5.10.1/lib/site_perl/5.10.1/i386-freebsd/Moose/Exporter.pm line 420
	Moose::Exporter::__ANON__('MooseX::POE') called at /usr/perl5.10.1/lib/site_perl/5.10.1/POE/Component/Server/SimpleHTTP.pm line 38
	POE::Component::Server::SimpleHTTP::BEGIN() called at /usr/perl5.10.1/lib/site_perl/5.10.1/MooseX/POE.pm line 38
	eval {...} called at /usr/perl5.10.1/lib/site_perl/5.10.1/MooseX/POE.pm line 38
	require POE/Component/Server/SimpleHTTP.pm called at (eval 85) line 1
	POE::Component::Server::JSONRPC::Http::BEGIN() called at /usr/perl5.10.1/lib/site_perl/5.10.1/MooseX/POE.pm line 38
	eval {...} called at /usr/perl5.10.1/lib/site_perl/5.10.1/MooseX/POE.pm line 38
	eval 'package POE::Component::Server::JSONRPC::Http; use POE::Component::Server::SimpleHTTP;' called at /usr/perl5.10.1/lib/site_perl/5.10.1/POE.pm line 57
	POE::import('POE', 'Component::Server::SimpleHTTP', 'Filter::Line') called at /var/tmp/CPAN-build/POE-Component-Server-JSONRPC-0.04-Pkbd5c/blib/lib/POE/Component/Server/JSONRPC/Http.pm line 28
	POE::Component::Server::JSONRPC::Http::BEGIN() called at /usr/perl5.10.1/lib/site_perl/5.10.1/MooseX/POE.pm line 38
	eval {...} called at /usr/perl5.10.1/lib/site_perl/5.10.1/MooseX/POE.pm line 38
	require POE/Component/Server/JSONRPC/Http.pm called at (eval 82) line 3
	eval ' require POE::Component::Server::JSONRPC::Http 
;' called at /usr/perl5.10.1/lib/site_perl/5.10.1/Pod/Coverage.pm line 303
	Pod::Coverage::_get_syms('Pod::Coverage=HASH(0x27809b40)', 'POE::Component::Server::JSONRPC::Http') called at /usr/perl5.10.1/lib/site_perl/5.10.1/Pod/Coverage.pm line 152
	Pod::Coverage::coverage('Pod::Coverage=HASH(0x27809b40)') called at /usr/perl5.10.1/lib/site_perl/5.10.1/Test/Pod/Coverage.pm line 162
	Test::Pod::Coverage::pod_coverage_ok('POE::Component::Server::JSONRPC::Http', 'HASH(0x27752430)', 'Pod coverage on POE::Component::Server::JSONRPC::Http') called at /usr/perl5.10.1/lib/site_perl/5.10.1/Test/Pod/Coverage.pm line 126
	Test::Pod::Coverage::all_pod_coverage_ok() called at t/pod_coverage.t line 5
BEGIN failed--compilation aborted at /usr/perl5.10.1/lib/site_perl/5.10.1/POE/Component/Server/SimpleHTTP.pm line 38.
Compilation failed in require at (eval 85) line 1.
BEGIN failed--compilation aborted at (eval 85) line 1.
t/pod_coverage.t .. ok

Test Summary Report
-------------------
t/00_compile.t  (Wstat: 256 Tests: 3 Failed: 1)
  Failed test:  2
  Non-zero exit status: 1
Files=3, Tests=9,  1 wallclock secs ( 0.03 usr  0.00 sys +  1.11 cusr  0.13 csys =  1.27 CPU)
Result: FAIL
Failed 1/3 test programs. 1/9 subtests failed.
*** Error code 255

Stop in /var/tmp/CPAN-build/POE-Component-Server-JSONRPC-0.04-Pkbd5c.

------------------------------
PREREQUISITES
------------------------------

Prerequisite modules loaded:

requires:

    Module                      Need Have 
    --------------------------- ---- -----
    Class::Accessor::Fast       0    0.34 
    JSON::Any                   0    1.28 
    POE                         0    1.311
    POE::Component::Server::TCP 0    1.311
    POE::Filter::Line           0    1.311
    Test::More                  0    0.98 

build_requires:

    Module                      Need Have 
    --------------------------- ---- -----
    ExtUtils::MakeMaker         0    6.58 


------------------------------
ENVIRONMENT AND OTHER CONTEXT
------------------------------

Environment variables:

    DBIC_NO_WARN_BAD_PERL = 1
    PATH = /usr/local/bin:/usr/X11R6/bin:/usr/X11/bin:/usr/perl5.8.0/bin:/usr/bin:/bin:/usr/local/sbin:/usr/sbin:/sbin:/usr/local/pilot/bin:/home/cpansand/bin/freebsd8.0:/home/cpansand/bin/sh:/home/cpansand/bin:/usr/X386/bin:/usr/games:/home/cpansand/devel:/usr/home/e/eserte/work/srezic-misc/scripts
    PERL5LIB = 
    PERL5OPT = 
    PERL5_CPANPLUS_IS_RUNNING = 9140
    PERL5_CPAN_IS_RUNNING = 9140
    PERL5_CPAN_IS_RUNNING_IN_RECURSION = 87142,9140
    PERL_BATCH = yes
    PERL_CPAN_REPORTER_CONFIG = /var/tmp/cpansmoker-1023/SauIt_IAam_config.ini
    PERL_EXTUTILS_AUTOINSTALL = --defaultdeps
    PERL_HTML_DISPLAY_CLASS = HTML::Display::Mozilla
    SHELL = /usr/local/bin/zsh
    TERM = screen
    TMPDIR = /var/tmp/cpansmoker-1023

Perl special variables (and OS-specific diagnostics, for MSWin32):

    $^X = /usr/perl5.10.1/bin/perl5.10.1
    $UID/$EUID = 1023 / 1023
    $GID = 1023 1023
    $EGID = 1023 1023

Perl module toolchain versions installed:

    Module              Have    
    ------------------- --------
    CPAN                1.9800  
    Cwd                 3.33    
    ExtUtils::CBuilder  0.280201
    ExtUtils::Command   1.17    
    ExtUtils::Install   1.54    
    ExtUtils::MakeMaker 6.58    
    ExtUtils::Manifest  1.60    
    ExtUtils::ParseXS   2.2206  
    File::Spec          3.33    
    Module::Build       0.3800  
    Module::Signature   0.68    
    Test::Harness       3.22    
    Test::More          0.98    
    YAML                0.73    
    YAML::Syck          1.17    
    version             0.93    


--

Summary of my perl5 (revision 5 version 10 subversion 1) configuration:
   
  Platform:
    osname=freebsd, osvers=8.0-release, archname=i386-freebsd
    uname='freebsd biokovo.herceg.de 8.0-release freebsd 8.0-release #0: sat nov 21 15:48:17 utc 2009 root@almeida.cse.buffalo.edu:usrobjusrsrcsysgeneric i386 '
    config_args='-Dprefix=/usr/perl5.10.1 -Dusemymalloc=n -D cc=ccache cc -Dgccansipedantic -Duse64bit -de -D hintfile=myfreebsd'
    hint=recommended, useposix=true, d_sigaction=define
    useithreads=undef, usemultiplicity=undef
    useperlio=define, d_sfio=undef, uselargefiles=define, usesocks=undef
    use64bitint=undef, use64bitall=undef, uselongdouble=undef
    usemymalloc=n, bincompat5005=undef
  Compiler:
    cc='ccache cc', ccflags ='-DHAS_FPSETMASK -DHAS_FLOATINGPOINT_H -fno-strict-aliasing -pipe -fstack-protector -I/usr/local/include',
    optimize='-O2 -mtune=athlon64 -pipe',
    cppflags='-DHAS_FPSETMASK -DHAS_FLOATINGPOINT_H -fno-strict-aliasing -pipe -fstack-protector -I/usr/local/include'
    ccversion='', gccversion='4.2.1 20070719  [FreeBSD]', gccosandvers=''
    intsize=4, longsize=4, ptrsize=4, doublesize=8, byteorder=1234
    d_longlong=define, longlongsize=8, d_longdbl=define, longdblsize=12
    ivtype='long', ivsize=4, nvtype='double', nvsize=8, Off_t='off_t', lseeksize=8
    alignbytes=4, prototype=define
  Linker and Libraries:
    ld='ccache cc', ldflags ='-Wl,-E  -fstack-protector -L/usr/local/lib'
    libpth=/usr/lib /usr/local/lib
    libs=-lgdbm -lm -lcrypt -lutil -lc
    perllibs=-lm -lcrypt -lutil -lc
    libc=, so=so, useshrplib=false, libperl=libperl.a
    gnulibc_version=''
  Dynamic Linking:
    dlsrc=dl_dlopen.xs, dlext=so, d_dlsymun=undef, ccdlflags=' '
    cccdlflags='-DPIC -fPIC', lddlflags='-shared  -L/usr/local/lib -fstack-protector'


Characteristics of this binary (from libperl): 
  Compile-time options: PERL_DONT_CREATE_GVSV PERL_MALLOC_WRAP PERL_USE_DEVEL
                        USE_LARGE_FILES USE_PERLIO
  Built under freebsd
  Compiled at Feb  6 2010 13:47:51
  %ENV:
    PERL5LIB=""
    PERL5OPT=""
    PERL5_CPANPLUS_IS_RUNNING="9140"
    PERL5_CPAN_IS_RUNNING="9140"
    PERL5_CPAN_IS_RUNNING_IN_RECURSION="87142,9140"
    PERL_BATCH="yes"
    PERL_CPAN_REPORTER_CONFIG="/var/tmp/cpansmoker-1023/SauIt_IAam_config.ini"
    PERL_EXTUTILS_AUTOINSTALL="--defaultdeps"
    PERL_HTML_DISPLAY_CLASS="HTML::Display::Mozilla"
  @INC:
    /usr/perl5.10.1/lib/5.10.1/i386-freebsd
    /usr/perl5.10.1/lib/5.10.1
    /usr/perl5.10.1/lib/site_perl/5.10.1/i386-freebsd
    /usr/perl5.10.1/lib/site_perl/5.10.1
    .