Back
From: metabase:user:322078bc-2aae-11df-837a-5e0a49663a4f
Subject: NA HTML-Widget-SideBar-1.02 v5.13.2 GNU/Linux
Date: 2011-05-12T07:15:13Z
This distribution has been tested as part of the CPAN Testers
project, supporting the Perl programming language. See
http://wiki.cpantesters.org/ for more information or email
questions to cpan-testers-discuss@perl.org
--
Dear YOSEFM,
This is a computer-generated error report created automatically by
CPANPLUS, version 0.9105. Testers personal comments may appear
at the end of this report.
Thank you for uploading your work to CPAN. However, it appears that
there were some problems testing your distribution.
TEST RESULTS:
Below is the error stack from stage 'make test':
[MSG] [Thu May 12 08:14:21 2011] cp DB.pm blib/lib/Tree/Numbered/DB.pm
Manifying blib/man3/Tree::Numbered::DB.3
[MSG] [Thu May 12 08:14:21 2011] MAKE TEST passed: PERL_DL_NONLAZY=1 /home/cpan/pit/bare/perl-5.13.2/bin/perl5.13.2 "-MExtUtils::Command::MM" "-e" "test_harness(0, 'blib/lib', 'blib/arch')" t/*.t
t/1.t .. ok
t/2.t .. ok
t/3.t .. ok
All tests successful.
Files=3, Tests=29, 0 wallclock secs ( 0.02 usr 0.01 sys + 0.05 cusr 0.01 csys = 0.09 CPU)
Result: PASS
[MSG] [Thu May 12 08:14:21 2011] Sending test report for 'Tree-Numbered-DB-1.02.2'
[MSG] [Thu May 12 08:14:21 2011] Successfully sent 'pass' report for 'Tree-Numbered-DB-1.02.2'
[MSG] [Thu May 12 08:14:22 2011] cp SideBar.pm blib/lib/HTML/Widget/SideBar.pm
Manifying blib/man3/HTML::Widget::SideBar.3
[ERROR] [Thu May 12 08:14:22 2011] MAKE TEST failed: PERL_DL_NONLAZY=1 /home/cpan/pit/bare/perl-5.13.2/bin/perl5.13.2 "-MExtUtils::Command::MM" "-e" "test_harness(0, 'blib/lib', 'blib/arch')" t/*.t
t/1.t .. ok
t/2.t .. ok
# Failed test 'use HTML::Widget::SideBar;'
# at t/3.t line 5.
# Tried to use 'HTML::Widget::SideBar'.
# Error: syntax error at /home/cpan/pit/bare/conf/perl-5.13.2/.cpanplus/5.13.2/build/HTML-Widget-SideBar-1.02/blib/lib/HTML/Widget/SideBar.pm line 157, near "require Tree::Numbered::DB 1.01"
# Compilation failed in require at (eval 5) line 2.
# BEGIN failed--compilation aborted at (eval 5) line 2.
Name "main::second" used only once: possible typo at t/3.t line 44.
Use of inherited AUTOLOAD for non-method HTML::Widget::SideBar::setField() is deprecated at /home/cpan/pit/bare/conf/perl-5.13.2/.cpanplus/5.13.2/build/Javascript-Menu-Full-2.02/blib/lib/Tree/Numbered.pm line 65.
No such field (Field) in tree at /home/cpan/pit/bare/conf/perl-5.13.2/.cpanplus/5.13.2/build/Javascript-Menu-Full-2.02/blib/lib/Tree/Numbered.pm line 365.
# Looks like you planned 12 tests but ran 3.
# Looks like you failed 1 test of 3 run.
# Looks like your test exited with 255 just after 3.
t/3.t ..
Dubious, test returned 255 (wstat 65280, 0xff00)
Failed 10/12 subtests
Test Summary Report
-------------------
t/3.t (Wstat: 65280 Tests: 3 Failed: 1)
Failed test: 2
Non-zero exit status: 255
Parse errors: Bad plan. You planned 12 tests but ran 3.
Files=3, Tests=31, 0 wallclock secs ( 0.02 usr 0.01 sys + 0.06 cusr 0.00 csys = 0.09 CPU)
Result: FAIL
Failed 1/3 test programs. 1/31 subtests failed.
make: *** [test_dynamic] Error 255
[MSG] [Thu May 12 08:14:22 2011] DEFAULT 'proceed_on_test_failure' HANDLER RETURNING 'sub return value'
******************************** NOTE ********************************
The comments above are created mechanically, possibly without manual
checking by the sender. As there are many people performing automatic
tests on each upload to CPAN, it is likely that you will receive
identical messages about the same problem.
If you believe that the message is mistaken, please reply to the first
one with correction and/or additional informations, and do not take
it personally. We appreciate your patience. :)
**********************************************************************
Additional comments:
This report was machine-generated by CPANPLUS::Dist::YACSmoke 0.62.
Powered by minismokebox version 0.44
------------------------------
ENVIRONMENT AND OTHER CONTEXT
------------------------------
Environment variables:
AUTOMATED_TESTING = 1
LANG = en_US
LC_COLLATE = C
PATH = /usr/local/bin:/usr/bin:/bin:/usr/games:/usr/lib64/java/bin:/usr/lib64/qt/bin:/usr/share/texmf/bin:.
PERL5LIB = :/home/cpan/pit/bare/conf/perl-5.13.2/.cpanplus/5.13.2/build/Javascript-Menu-Full-2.02/blib/lib:/home/cpan/pit/bare/conf/perl-5.13.2/.cpanplus/5.13.2/build/Javascript-Menu-Full-2.02/blib/arch:/home/cpan/pit/bare/conf/perl-5.13.2/.cpanplus/5.13.2/build/Tree-Numbered-DB-1.02.2/blib/lib:/home/cpan/pit/bare/conf/perl-5.13.2/.cpanplus/5.13.2/build/Tree-Numbered-DB-1.02.2/blib/arch:/home/cpan/pit/bare/conf/perl-5.13.2/.cpanplus/5.13.2/build/HTML-Widget-SideBar-1.02/blib/lib:/home/cpan/pit/bare/conf/perl-5.13.2/.cpanplus/5.13.2/build/HTML-Widget-SideBar-1.02/blib/arch
PERL5_CPANPLUS_IS_RUNNING = 947
PERL5_CPANPLUS_IS_VERSION = 0.9105
PERL5_MINISMOKEBOX = 0.44
PERL5_YACSMOKE_BASE = /home/cpan/pit/bare/conf/perl-5.13.2
PERL_EXTUTILS_AUTOINSTALL = --defaultdeps
PERL_MM_USE_DEFAULT = 1
SHELL = /bin/bash
TERM = screen
Perl special variables (and OS-specific diagnostics, for MSWin32):
Perl: $^X = /home/cpan/pit/bare/perl-5.13.2/bin/perl5.13.2
UID: $< = 1001
EUID: $> = 1001
GID: $( = 100 100
EGID: $) = 100 100
-------------------------------
--
Summary of my perl5 (revision 5 version 13 subversion 2) configuration:
Platform:
osname=linux, osvers=2.6.33.4, archname=x86_64-linux
uname='linux slack64 2.6.33.4 #3 smp wed may 12 23:13:09 cdt 2010 x86_64 intel(r) xeon(r) cpu e5520 @ 2.27ghz genuineintel gnulinux '
config_args='-des -Dprefix=/home/cpan/pit/bare/perl-5.13.2 -Dusedevel'
hint=recommended, useposix=true, d_sigaction=define
useithreads=undef, usemultiplicity=undef
useperlio=define, d_sfio=undef, uselargefiles=define, usesocks=undef
use64bitint=define, use64bitall=define, uselongdouble=undef
usemymalloc=n, bincompat5005=undef
Compiler:
cc='cc', ccflags ='-fno-strict-aliasing -pipe -fstack-protector -I/usr/local/include -D_LARGEFILE_SOURCE -D_FILE_OFFSET_BITS=64',
optimize='-O2',
cppflags='-fno-strict-aliasing -pipe -fstack-protector -I/usr/local/include'
ccversion='', gccversion='4.4.4', gccosandvers=''
intsize=4, longsize=8, ptrsize=8, doublesize=8, byteorder=12345678
d_longlong=define, longlongsize=8, d_longdbl=define, longdblsize=16
ivtype='long', ivsize=8, nvtype='double', nvsize=8, Off_t='off_t', lseeksize=8
alignbytes=8, prototype=define
Linker and Libraries:
ld='cc', ldflags =' -fstack-protector -L/usr/local/lib'
libpth=/usr/local/lib /lib /usr/lib /lib64 /usr/lib64 /usr/local/lib64
libs=-lnsl -lgdbm -ldb -ldl -lm -lcrypt -lutil -lc
perllibs=-lnsl -ldl -lm -lcrypt -lutil -lc
libc=, so=so, useshrplib=false, libperl=libperl.a
gnulibc_version='2.11.1'
Dynamic Linking:
dlsrc=dl_dlopen.xs, dlext=so, d_dlsymun=undef, ccdlflags='-Wl,-E'
cccdlflags='-fPIC', lddlflags='-shared -O2 -L/usr/local/lib -fstack-protector'
Characteristics of this binary (from libperl):
Compile-time options: PERL_DONT_CREATE_GVSV PERL_MALLOC_WRAP PERL_USE_DEVEL
USE_64_BIT_ALL USE_64_BIT_INT USE_LARGE_FILES
USE_PERLIO USE_PERL_ATOF
Built under linux
Compiled at Feb 18 2011 10:21:30
%ENV:
PERL5LIB=":/home/cpan/pit/bare/conf/perl-5.13.2/.cpanplus/5.13.2/build/Javascript-Menu-Full-2.02/blib/lib:/home/cpan/pit/bare/conf/perl-5.13.2/.cpanplus/5.13.2/build/Javascript-Menu-Full-2.02/blib/arch:/home/cpan/pit/bare/conf/perl-5.13.2/.cpanplus/5.13.2/build/Tree-Numbered-DB-1.02.2/blib/lib:/home/cpan/pit/bare/conf/perl-5.13.2/.cpanplus/5.13.2/build/Tree-Numbered-DB-1.02.2/blib/arch:/home/cpan/pit/bare/conf/perl-5.13.2/.cpanplus/5.13.2/build/HTML-Widget-SideBar-1.02/blib/lib:/home/cpan/pit/bare/conf/perl-5.13.2/.cpanplus/5.13.2/build/HTML-Widget-SideBar-1.02/blib/arch"
PERL5_CPANPLUS_IS_RUNNING="947"
PERL5_CPANPLUS_IS_VERSION="0.9105"
PERL5_MINISMOKEBOX="0.44"
PERL5_YACSMOKE_BASE="/home/cpan/pit/bare/conf/perl-5.13.2"
PERL_EXTUTILS_AUTOINSTALL="--defaultdeps"
PERL_MM_USE_DEFAULT="1"
@INC:
/home/cpan/pit/bare/conf/perl-5.13.2/.cpanplus/5.13.2/build/Javascript-Menu-Full-2.02/blib/lib
/home/cpan/pit/bare/conf/perl-5.13.2/.cpanplus/5.13.2/build/Javascript-Menu-Full-2.02/blib/arch
/home/cpan/pit/bare/conf/perl-5.13.2/.cpanplus/5.13.2/build/Tree-Numbered-DB-1.02.2/blib/lib
/home/cpan/pit/bare/conf/perl-5.13.2/.cpanplus/5.13.2/build/Tree-Numbered-DB-1.02.2/blib/arch
/home/cpan/pit/bare/conf/perl-5.13.2/.cpanplus/5.13.2/build/HTML-Widget-SideBar-1.02/blib/lib
/home/cpan/pit/bare/conf/perl-5.13.2/.cpanplus/5.13.2/build/HTML-Widget-SideBar-1.02/blib/arch
/home/cpan/pit/bare/perl-5.13.2/lib/site_perl/5.13.2/x86_64-linux
/home/cpan/pit/bare/perl-5.13.2/lib/site_perl/5.13.2
/home/cpan/pit/bare/perl-5.13.2/lib/5.13.2/x86_64-linux
/home/cpan/pit/bare/perl-5.13.2/lib/5.13.2
.