Report for POE-Component-EasyDBI-1.23

Back
From: metabase:user:320bfe00-2aae-11df-837a-5e0a49663a4f
Subject: FAIL POE-Component-EasyDBI-1.23 v5.15.1 GNU/Linux
Date: 2011-11-10T15:56:41Z

This distribution has been tested as part of the CPAN Testers
project, supporting the Perl programming language.  See
http://wiki.cpantesters.org/ for more information or email
questions to cpan-testers-discuss@perl.org


--
Dear David Davis,

This is a computer-generated report for POE-Component-EasyDBI-1.23
on perl 5.15.1, created by CPAN-Reporter-1.1902.

Thank you for uploading your work to CPAN.  However, there was a problem
testing your distribution.

If you think this report is invalid, please consult the CPAN Testers Wiki
for suggestions on how to avoid getting FAIL reports for missing library
or binary dependencies, unsupported operating systems, and so on:

http://wiki.cpantesters.org/wiki/CPANAuthorNotes

Sections of this report:

    * Tester comments
    * Program output
    * Prerequisites
    * Environment and other context

------------------------------
TESTER COMMENTS
------------------------------

Additional comments from tester:

this report is from an automated smoke testing program
and was not reviewed by a human for accuracy

------------------------------
PROGRAM OUTPUT
------------------------------

Output from '/usr/bin/make test':

PERL_DL_NONLAZY=1 /home/sand/src/perl/repoperls/installed-perls/perl/v5.15.1/2b65/bin/perl "-MExtUtils::Command::MM" "-e" "test_harness(0, 'blib/lib', 'blib/arch')" t/*.t
Global symbol "$r" requires explicit package name at t/1.t line 241.
Global symbol "$r" requires explicit package name at t/1.t line 242.
Global symbol "$r" requires explicit package name at t/1.t line 243.
Execution of t/1.t aborted due to compilation errors.
# Looks like you planned 16 tests but ran 3.
# Looks like your test exited with 255 just after 3.
t/1.t .. 
Dubious, test returned 255 (wstat 65280, 0xff00)
Failed 13/16 subtests 
Global symbol "$r" requires explicit package name at t/2.t line 265.
Global symbol "$r" requires explicit package name at t/2.t line 266.
Global symbol "$r" requires explicit package name at t/2.t line 267.
Execution of t/2.t aborted due to compilation errors.
# Looks like you planned 18 tests but ran 3.
# Looks like your test exited with 255 just after 3.
t/2.t .. 
Dubious, test returned 255 (wstat 65280, 0xff00)
Failed 15/18 subtests 
Global symbol "$r" requires explicit package name at t/3.t line 267.
Global symbol "$r" requires explicit package name at t/3.t line 268.
Global symbol "$r" requires explicit package name at t/3.t line 269.
Execution of t/3.t aborted due to compilation errors.
# Looks like you planned 17 tests but ran 3.
# Looks like your test exited with 255 just after 3.
t/3.t .. 
Dubious, test returned 255 (wstat 65280, 0xff00)
Failed 14/17 subtests 

Test Summary Report
-------------------
t/1.t (Wstat: 65280 Tests: 3 Failed: 0)
  Non-zero exit status: 255
  Parse errors: Bad plan.  You planned 16 tests but ran 3.
t/2.t (Wstat: 65280 Tests: 3 Failed: 0)
  Non-zero exit status: 255
  Parse errors: Bad plan.  You planned 18 tests but ran 3.
t/3.t (Wstat: 65280 Tests: 3 Failed: 0)
  Non-zero exit status: 255
  Parse errors: Bad plan.  You planned 17 tests but ran 3.
Files=3, Tests=9,  0 wallclock secs ( 0.02 usr  0.00 sys +  0.24 cusr  0.01 csys =  0.27 CPU)
Result: FAIL
Failed 3/3 test programs. 0/9 subtests failed.
make: *** [test_dynamic] Error 255

------------------------------
PREREQUISITES
------------------------------

Prerequisite modules loaded:

requires:

    Module              Need Have   
    ------------------- ---- -------
    Carp                0    1.23   
    DBI                 1.38 1.616  
    Error               0.15 0.17016
    Params::Util        0    1.04   
    POE                 0.20 1.312  
    Scalar::Util        0    1.23   

build_requires:

    Module              Need Have   
    ------------------- ---- -------
    ExtUtils::MakeMaker 0    6.63_02


------------------------------
ENVIRONMENT AND OTHER CONTEXT
------------------------------

Environment variables:

    AUTOMATED_TESTING = 1
    LANG = en_US.UTF-8
    LANGUAGE = en_US:en
    PATH = /home/sand/bin:/usr/local/bin:/usr/bin:/bin:/usr/bin/X11:/usr/games:/usr/local/perl/bin:/usr/X11/bin:/sbin:/usr/sbin
    PERL5LIB = 
    PERL5OPT = 
    PERL5_CPANPLUS_IS_RUNNING = 3018
    PERL5_CPAN_IS_RUNNING = 3018
    PERL_MM_USE_DEFAULT = 1
    SHELL = /usr/bin/zsh
    TERM = screen

Perl special variables (and OS-specific diagnostics, for MSWin32):

    $^X = /home/sand/src/perl/repoperls/installed-perls/perl/v5.15.1/2b65/bin/perl
    $UID/$EUID = 1005 / 1005
    $GID = 1005 1005
    $EGID = 1005 1005

Perl module toolchain versions installed:

    Module              Have    
    ------------------- --------
    CPAN                1.9800  
    Cwd                 3.37    
    ExtUtils::CBuilder  0.280204
    ExtUtils::Command   1.17    
    ExtUtils::Install   1.56    
    ExtUtils::MakeMaker 6.63_02 
    ExtUtils::Manifest  1.58    
    ExtUtils::ParseXS   3.04_04 
    File::Spec          3.33    
    Module::Build       0.3800  
    Module::Signature   0.68    
    Test::Harness       3.23    
    Test::More          0.98_01 
    YAML                0.77    
    YAML::Syck          1.19    
    version             0.94    


--

Summary of my perl5 (revision 5 version 15 subversion 1) configuration:
  Commit id: ed4161079665cc0e28ebe176e4d8812a36448d20
  Platform:
    osname=linux, osvers=2.6.39-1-amd64, archname=x86_64-linux-ld
    uname='linux k81 2.6.39-1-amd64 #1 smp tue may 24 14:34:19 utc 2011 x86_64 gnulinux '
    config_args='-Dprefix=/home/src/perl/repoperls/installed-perls/perl/v5.15.1/2b65 -Dinstallusrbinperl=n -Uversiononly -Dusedevel -des -Ui_db -Uuseithreads -Duselongdouble -DDEBUGGING=-g'
    hint=recommended, useposix=true, d_sigaction=define
    useithreads=undef, usemultiplicity=undef
    useperlio=define, d_sfio=undef, uselargefiles=define, usesocks=undef
    use64bitint=define, use64bitall=define, uselongdouble=define
    usemymalloc=n, bincompat5005=undef
  Compiler:
    cc='cc', ccflags ='-fno-strict-aliasing -pipe -fstack-protector -I/usr/local/include -D_LARGEFILE_SOURCE -D_FILE_OFFSET_BITS=64',
    optimize='-O2 -g',
    cppflags='-fno-strict-aliasing -pipe -fstack-protector -I/usr/local/include'
    ccversion='', gccversion='4.6.1', gccosandvers=''
    intsize=4, longsize=8, ptrsize=8, doublesize=8, byteorder=12345678
    d_longlong=define, longlongsize=8, d_longdbl=define, longdblsize=16
    ivtype='long', ivsize=8, nvtype='long double', nvsize=16, Off_t='off_t', lseeksize=8
    alignbytes=16, prototype=define
  Linker and Libraries:
    ld='cc', ldflags =' -fstack-protector -L/usr/local/lib'
    libpth=/usr/local/lib /lib/x86_64-linux-gnu /usr/lib/x86_64-linux-gnu /lib /usr/lib /lib64 /usr/lib64
    libs=-lnsl -ldb -ldl -lm -lcrypt -lutil -lc
    perllibs=-lnsl -ldl -lm -lcrypt -lutil -lc
    libc=, so=so, useshrplib=false, libperl=libperl.a
    gnulibc_version='2.13'
  Dynamic Linking:
    dlsrc=dl_dlopen.xs, dlext=so, d_dlsymun=undef, ccdlflags='-Wl,-E'
    cccdlflags='-fPIC', lddlflags='-shared -O2 -g -L/usr/local/lib -fstack-protector'


Characteristics of this binary (from libperl): 
  Compile-time options: HAS_TIMES PERLIO_LAYERS PERL_DONT_CREATE_GVSV
                        PERL_MALLOC_WRAP PERL_PRESERVE_IVUV PERL_USE_DEVEL
                        USE_64_BIT_ALL USE_64_BIT_INT USE_LARGE_FILES
                        USE_LOCALE USE_LOCALE_COLLATE USE_LOCALE_CTYPE
                        USE_LOCALE_NUMERIC USE_LONG_DOUBLE USE_PERLIO
                        USE_PERL_ATOF
  Built under linux
  Compiled at Aug 11 2011 09:00:16
  %ENV:
    PERL5LIB=""
    PERL5OPT=""
    PERL5_CPANPLUS_IS_RUNNING="3018"
    PERL5_CPAN_IS_RUNNING="3018"
    PERL_MM_USE_DEFAULT="1"
  @INC:
    /home/src/perl/repoperls/installed-perls/perl/v5.15.1/2b65/lib/site_perl/5.15.1/x86_64-linux-ld
    /home/src/perl/repoperls/installed-perls/perl/v5.15.1/2b65/lib/site_perl/5.15.1
    /home/src/perl/repoperls/installed-perls/perl/v5.15.1/2b65/lib/5.15.1/x86_64-linux-ld
    /home/src/perl/repoperls/installed-perls/perl/v5.15.1/2b65/lib/5.15.1
    .