Tcl-pTk v1.11 Perl 5 v5.32.1 x86_64-cygwin-threads-multi

Status
Fail
From
David Solimano
Dist
Tcl-pTk v1.11
Platform
Perl 5 v5.32.1 x86_64-cygwin-threads-multi
Date
2023-08-14T19:29:18
ID
96da1cbf-84f2-1014-a815-814e06f7812f
This distribution has been tested as part of the CPAN Testers
project, supporting the Perl programming language.  See
http://wiki.cpantesters.org/ for more information or email
questions to cpan-testers-discuss@perl.org


--
Dear Christopher Alexander Chavez,

This is a computer-generated report for Tcl-pTk-1.11
on perl 5.32.1, created by CPAN-Reporter-1.2018.

Thank you for uploading your work to CPAN.  However, there was a problem
testing your distribution.

If you think this report is invalid, please consult the CPAN Testers Wiki
for suggestions on how to avoid getting FAIL reports for missing library
or binary dependencies, unsupported operating systems, and so on:

http://wiki.cpantesters.org/wiki/CPANAuthorNotes

Sections of this report:

    * Tester comments
    * Program output
    * Prerequisites
    * Environment and other context

------------------------------
TESTER COMMENTS
------------------------------

Additional comments from tester:

this report is from an automated smoke testing program
and was not reviewed by a human for accuracy

------------------------------
PROGRAM OUTPUT
------------------------------

Output from 'make test':

PERL_DL_NONLAZY=1 "/usr/bin/perl.exe" "-MExtUtils::Command::MM" "-MTest::Harness" "-e" "undef *Test::Harness::Switches; test_harness(0, 'blib/lib', 'blib/arch')" t/*.t
couldn't connect to display "" at /home/solimanod/.cpan/build/Tcl-pTk-1.11-0/blib/lib/Tcl/pTk.pm line 1206.
couldn't connect to display "" at /home/solimanod/.cpan/build/Tcl-pTk-1.11-0/blib/lib/Tcl/pTk.pm line 1206.
t/after.t ..................... 
Dubious, test returned 3 (wstat 768, 0x300)
Failed 8/8 subtests 
couldn't connect to display "" at /home/solimanod/.cpan/build/Tcl-pTk-1.11-0/blib/lib/Tcl/pTk.pm line 1206.
couldn't connect to display "" at /home/solimanod/.cpan/build/Tcl-pTk-1.11-0/blib/lib/Tcl/pTk.pm line 1206.
t/afterDestroy.t .............. 
Dubious, test returned 3 (wstat 768, 0x300)
Failed 1/1 subtests 
couldn't connect to display "" at /home/solimanod/.cpan/build/Tcl-pTk-1.11-0/blib/lib/Tcl/pTk.pm line 1206.
couldn't connect to display "" at /home/solimanod/.cpan/build/Tcl-pTk-1.11-0/blib/lib/Tcl/pTk.pm line 1206.
t/afterIdle.t ................. 
Dubious, test returned 3 (wstat 768, 0x300)
Failed 1/1 subtests 
couldn't connect to display "" at /home/solimanod/.cpan/build/Tcl-pTk-1.11-0/blib/lib/Tcl/pTk.pm line 1206.
couldn't connect to display "" at /home/solimanod/.cpan/build/Tcl-pTk-1.11-0/blib/lib/Tcl/pTk.pm line 1206.
t/balloon.t ................... 
Dubious, test returned 3 (wstat 768, 0x300)
Failed 2/2 subtests 
couldn't connect to display "" at /home/solimanod/.cpan/build/Tcl-pTk-1.11-0/blib/lib/Tcl/pTk.pm line 1206.
couldn't connect to display "" at /home/solimanod/.cpan/build/Tcl-pTk-1.11-0/blib/lib/Tcl/pTk.pm line 1206.
t/balloon2.t .................. 
Dubious, test returned 3 (wstat 768, 0x300)
Failed 1/1 subtests 
couldn't connect to display "" at /home/solimanod/.cpan/build/Tcl-pTk-1.11-0/blib/lib/Tcl/pTk.pm line 1206.
couldn't connect to display "" at /home/solimanod/.cpan/build/Tcl-pTk-1.11-0/blib/lib/Tcl/pTk.pm line 1206.
t/bgerror1.t .................. 
Dubious, test returned 3 (wstat 768, 0x300)
Failed 3/3 subtests 
t/bgerror2.t .................. 
Dubious, test returned 3 (wstat 768, 0x300)
Failed 4/4 subtests 
Error Dialog Should Show. This is expected
couldn't connect to display "" at /home/solimanod/.cpan/build/Tcl-pTk-1.11-0/blib/lib/Tcl/pTk.pm line 1206.
couldn't connect to display "" at /home/solimanod/.cpan/build/Tcl-pTk-1.11-0/blib/lib/Tcl/pTk.pm line 1206.
t/bgerror3.t .................. 
Dubious, test returned 3 (wstat 768, 0x300)
Failed 1/1 subtests 
couldn't connect to display "" at /home/solimanod/.cpan/build/Tcl-pTk-1.11-0/blib/lib/Tcl/pTk.pm line 1206.
couldn't connect to display "" at /home/solimanod/.cpan/build/Tcl-pTk-1.11-0/blib/lib/Tcl/pTk.pm line 1206.
t/bind.t ...................... 
Dubious, test returned 3 (wstat 768, 0x300)
Failed 15/15 subtests 
couldn't connect to display "" at /home/solimanod/.cpan/build/Tcl-pTk-1.11-0/blib/lib/Tcl/pTk.pm line 1206.
couldn't connect to display "" at /home/solimanod/.cpan/build/Tcl-pTk-1.11-0/blib/lib/Tcl/pTk.pm line 1206.
t/bindBreak.t ................. 
Dubious, test returned 3 (wstat 768, 0x300)
Failed 2/2 subtests 
couldn't connect to display "" at /home/solimanod/.cpan/build/Tcl-pTk-1.11-0/blib/lib/Tcl/pTk.pm line 1206.
couldn't connect to display "" at /home/solimanod/.cpan/build/Tcl-pTk-1.11-0/blib/lib/Tcl/pTk.pm line 1206.
t/bitmapSubClass.t ............ 
Dubious, test returned 3 (wstat 768, 0x300)
No subtests run 
couldn't connect to display "" at /home/solimanod/.cpan/build/Tcl-pTk-1.11-0/blib/lib/Tcl/pTk.pm line 1206.
couldn't connect to display "" at /home/solimanod/.cpan/build/Tcl-pTk-1.11-0/blib/lib/Tcl/pTk.pm line 1206.
t/browseEntry.t ............... 
Dubious, test returned 3 (wstat 768, 0x300)
Failed 2/2 subtests 
couldn't connect to display "" at /home/solimanod/.cpan/build/Tcl-pTk-1.11-0/blib/lib/Tcl/pTk.pm line 1206.
couldn't connect to display "" at /home/solimanod/.cpan/build/Tcl-pTk-1.11-0/blib/lib/Tcl/pTk.pm line 1206.
# Looks like your test exited with 3 just after 1.
t/browseEntry2.t .............. 
Dubious, test returned 3 (wstat 768, 0x300)
Failed 21/22 subtests 
couldn't connect to display "" at /home/solimanod/.cpan/build/Tcl-pTk-1.11-0/blib/lib/Tcl/pTk.pm line 1206.
couldn't connect to display "" at /home/solimanod/.cpan/build/Tcl-pTk-1.11-0/blib/lib/Tcl/pTk.pm line 1206.
t/busy.t ...................... 
Dubious, test returned 3 (wstat 768, 0x300)
Failed 1/1 subtests 
couldn't connect to display "" at /home/solimanod/.cpan/build/Tcl-pTk-1.11-0/blib/lib/Tcl/pTk.pm line 1206.
couldn't connect to display "" at /home/solimanod/.cpan/build/Tcl-pTk-1.11-0/blib/lib/Tcl/pTk.pm line 1206.
# Looks like your test exited with 3 before it could output anything.
t/callback.t .................. 
Dubious, test returned 3 (wstat 768, 0x300)
Failed 16/16 subtests 
couldn't connect to display "" at /home/solimanod/.cpan/build/Tcl-pTk-1.11-0/blib/lib/Tcl/pTk.pm line 1206.
couldn't connect to display "" at /home/solimanod/.cpan/build/Tcl-pTk-1.11-0/blib/lib/Tcl/pTk.pm line 1206.
t/callbackSet.t ............... 
Dubious, test returned 3 (wstat 768, 0x300)
Failed 2/2 subtests 
couldn't connect to display "" at /home/solimanod/.cpan/build/Tcl-pTk-1.11-0/blib/lib/Tcl/pTk.pm line 1206.
couldn't connect to display "" at /home/solimanod/.cpan/build/Tcl-pTk-1.11-0/blib/lib/Tcl/pTk.pm line 1206.
t/canFind.t ................... 
Dubious, test returned 3 (wstat 768, 0x300)
Failed 1/1 subtests 
couldn't connect to display "" at /home/solimanod/.cpan/build/Tcl-pTk-1.11-0/blib/lib/Tcl/pTk.pm line 1206.
couldn't connect to display "" at /home/solimanod/.cpan/build/Tcl-pTk-1.11-0/blib/lib/Tcl/pTk.pm line 1206.
t/canIndex.t .................. 
Dubious, test returned 3 (wstat 768, 0x300)
Failed 9/9 subtests 
couldn't connect to display "" at /home/solimanod/.cpan/build/Tcl-pTk-1.11-0/blib/lib/Tcl/pTk.pm line 1206.
couldn't connect to display "" at /home/solimanod/.cpan/build/Tcl-pTk-1.11-0/blib/lib/Tcl/pTk.pm line 1206.
t/canScale.t .................. 
Dubious, test returned 3 (wstat 768, 0x300)
Failed 6/6 subtests 
couldn't connect to display "" at /home/solimanod/.cpan/build/Tcl-pTk-1.11-0/blib/lib/Tcl/pTk.pm line 1206.
couldn't connect to display "" at /home/solimanod/.cpan/build/Tcl-pTk-1.11-0/blib/lib/Tcl/pTk.pm line 1206.
t/canvasFocusBusy.t ........... 
Dubious, test returned 3 (wstat 768, 0x300)
Failed 1/1 subtests 
couldn't connect to display "" at /home/solimanod/.cpan/build/Tcl-pTk-1.11-0/blib/lib/Tcl/pTk.pm line 1206.
couldn't connect to display "" at /home/solimanod/.cpan/build/Tcl-pTk-1.11-0/blib/lib/Tcl/pTk.pm line 1206.
t/checkradio.t ................ 
Dubious, test returned 3 (wstat 768, 0x300)
Failed 1/1 subtests 
couldn't connect to display "" at /home/solimanod/.cpan/build/Tcl-pTk-1.11-0/blib/lib/Tcl/pTk.pm line 1206.
couldn't connect to display "" at /home/solimanod/.cpan/build/Tcl-pTk-1.11-0/blib/lib/Tcl/pTk.pm line 1206.
t/cleanupCrashTest.t .......... 
Dubious, test returned 3 (wstat 768, 0x300)
Failed 1/1 subtests 
couldn't connect to display "" at /home/solimanod/.cpan/build/Tcl-pTk-1.11-0/blib/lib/Tcl/pTk.pm line 1206.
couldn't connect to display "" at /home/solimanod/.cpan/build/Tcl-pTk-1.11-0/blib/lib/Tcl/pTk.pm line 1206.
t/command.t ................... 
Dubious, test returned 3 (wstat 768, 0x300)
Failed 3/3 subtests 
couldn't connect to display "" at /home/solimanod/.cpan/build/Tcl-pTk-1.11-0/blib/lib/Tcl/pTk.pm line 1206.
couldn't connect to display "" at /home/solimanod/.cpan/build/Tcl-pTk-1.11-0/blib/lib/Tcl/pTk.pm line 1206.
t/configureReturn.t ........... 
Dubious, test returned 3 (wstat 768, 0x300)
Failed 20/20 subtests 
couldn't connect to display "" at /home/solimanod/.cpan/build/Tcl-pTk-1.11-0/blib/lib/Tcl/pTk.pm line 1206.
couldn't connect to display "" at /home/solimanod/.cpan/build/Tcl-pTk-1.11-0/blib/lib/Tcl/pTk.pm line 1206.
t/dialog.t .................... 
Dubious, test returned 3 (wstat 768, 0x300)
Failed 1/1 subtests 
couldn't connect to display "" at /home/solimanod/.cpan/build/Tcl-pTk-1.11-0/blib/lib/Tcl/pTk.pm line 1206.
couldn't connect to display "" at /home/solimanod/.cpan/build/Tcl-pTk-1.11-0/blib/lib/Tcl/pTk.pm line 1206.
t/dialogBox.t ................. 
Dubious, test returned 3 (wstat 768, 0x300)
Failed 1/1 subtests 
couldn't connect to display "" at /home/solimanod/.cpan/build/Tcl-pTk-1.11-0/blib/lib/Tcl/pTk.pm line 1206.
couldn't connect to display "" at /home/solimanod/.cpan/build/Tcl-pTk-1.11-0/blib/lib/Tcl/pTk.pm line 1206.
t/dialogBoxGeom.t ............. 
Dubious, test returned 3 (wstat 768, 0x300)
Failed 2/2 subtests 
couldn't connect to display "" at /home/solimanod/.cpan/build/Tcl-pTk-1.11-0/blib/lib/Tcl/pTk.pm line 1206.
couldn't connect to display "" at /home/solimanod/.cpan/build/Tcl-pTk-1.11-0/blib/lib/Tcl/pTk.pm line 1206.
t/dirtree.t ................... 
Dubious, test returned 3 (wstat 768, 0x300)
No subtests run 
couldn't connect to display "" at /home/solimanod/.cpan/build/Tcl-pTk-1.11-0/blib/lib/Tcl/pTk.pm line 1206.
couldn't connect to display "" at /home/solimanod/.cpan/build/Tcl-pTk-1.11-0/blib/lib/Tcl/pTk.pm line 1206.
t/dndlocal.t .................. 
Dubious, test returned 3 (wstat 768, 0x300)
Failed 1/1 subtests 
couldn't connect to display "" at /home/solimanod/.cpan/build/Tcl-pTk-1.11-0/blib/lib/Tcl/pTk.pm line 1206.
# Test 1 got: "couldn't connect to display \"\" at /home/solimanod/.cpan/build/Tcl-pTk-1.11-0/blib/lib/Tcl/pTk.pm line 1206.\n" (t/emptyMenuButtonSubclass.t at line 19)
#   Expected: "" (can't create MainWindow)
#  t/emptyMenuButtonSubclass.t line 19 is: ok($@, "", "can't create MainWindow");
# Test 2 got: "0" (t/emptyMenuButtonSubclass.t at line 20)
#   Expected: "1" (MainWindow creation failed)
#  t/emptyMenuButtonSubclass.t line 20 is: ok(Tcl::pTk::Exists($mw), 1, "MainWindow creation failed");
Can't call method "Frame" on an undefined value at t/emptyMenuButtonSubclass.t line 23.
t/emptyMenuButtonSubclass.t ... 
Dubious, test returned 3 (wstat 768, 0x300)
Failed 8/8 subtests 
couldn't connect to display "" at /home/solimanod/.cpan/build/Tcl-pTk-1.11-0/blib/lib/Tcl/pTk.pm line 1206.
couldn't connect to display "" at /home/solimanod/.cpan/build/Tcl-pTk-1.11-0/blib/lib/Tcl/pTk.pm line 1206.
t/emptyMenuSubclass.t ......... 
Dubious, test returned 3 (wstat 768, 0x300)
Failed 2/2 subtests 
couldn't connect to display "" at /home/solimanod/.cpan/build/Tcl-pTk-1.11-0/blib/lib/Tcl/pTk.pm line 1206.
couldn't connect to display "" at /home/solimanod/.cpan/build/Tcl-pTk-1.11-0/blib/lib/Tcl/pTk.pm line 1206.
t/emptySubclass.t ............. 
Dubious, test returned 3 (wstat 768, 0x300)
Failed 1/1 subtests 
couldn't connect to display "" at /home/solimanod/.cpan/build/Tcl-pTk-1.11-0/blib/lib/Tcl/pTk.pm line 1206.
couldn't connect to display "" at /home/solimanod/.cpan/build/Tcl-pTk-1.11-0/blib/lib/Tcl/pTk.pm line 1206.
t/entry.t ..................... 
Dubious, test returned 3 (wstat 768, 0x300)
Failed 4/4 subtests 
couldn't connect to display "" at /home/solimanod/.cpan/build/Tcl-pTk-1.11-0/blib/lib/Tcl/pTk.pm line 1206.
couldn't connect to display "" at /home/solimanod/.cpan/build/Tcl-pTk-1.11-0/blib/lib/Tcl/pTk.pm line 1206.
t/entryPaste.t ................ 
Dubious, test returned 3 (wstat 768, 0x300)
Failed 1/1 subtests 
couldn't connect to display "" at /home/solimanod/.cpan/build/Tcl-pTk-1.11-0/blib/lib/Tcl/pTk.pm line 1206.
couldn't connect to display "" at /home/solimanod/.cpan/build/Tcl-pTk-1.11-0/blib/lib/Tcl/pTk.pm line 1206.
t/entryValidate.t ............. 
Dubious, test returned 3 (wstat 768, 0x300)
Failed 3/3 subtests 
t/fileevent.t ................. skipped: fileevent is unavailable, reason: Can't locate sys/ioctl.ph in @INC (did you run h2ph?) (@INC contains: /home/solimanod/.cpan/build/Tcl-pTk-1.11-0/blib/lib /home/solimanod/.cpan/build/Tcl-pTk-1.11-0/blib/arch /home/solimanod/.cpan/build/Tcl-1.27-0/blib/arch /home/solimanod/.cpan/build/Tcl-1.27-0/blib/lib /home/solimanod/.cpan/build/Class-ISA-0.36-1/blib/arch /home/solimanod/.cpan/build/Class-ISA-0.36-1/blib/lib /home/solimanod/perl5/lib/perl5/5.32.1/x86_64-cygwin-threads-multi /home/solimanod/perl5/lib/perl5/5.32.1/x86_64-cygwin-threads-multi /home/solimanod/perl5/lib/perl5/5.32.1 /home/solimanod/perl5/lib/perl5/x86_64-cygwin-threads-multi /home/solimanod/perl5/lib/perl5/5.32.1/x86_64-cygwin-threads-multi /home/solimanod/perl5/lib/perl5/5.32.1 /home/solimanod/perl5/lib/perl5/x86_64-cygwin-threads-multi /home/solimanod/perl5/lib/perl5 /home/solimanod/.cpan/build/Tcl-1.27-0/blib/arch /home/solimanod/.cpan/build/Tcl-1.27-0/blib/lib /home/solimanod/.cpan/build/Class-ISA-0.36-1/blib/arch /home/solimanod/.cpan/build/Class-ISA-0.36-1/blib/lib /home/solimanod/perl5/lib/perl5/5.32.1/x86_64-cygwin-threads-multi /home/solimanod/perl5/lib/perl5/5.32.1 /home/solimanod/perl5/lib/perl5/x86_64-cygwin-threads-multi /home/solimanod/perl5/lib/perl5 /usr/local/lib/perl5/site_perl/5.32/x86_64-cygwin-threads /usr/local/share/perl5/site_perl/5.32 /usr/lib/perl5/vendor_perl/5.32/x86_64-cygwin-threads /usr/share/perl5/vendor_perl/5.32 /usr/lib/perl5/5.32/x86_64-cygwin-threads /usr/share/perl5/5.32 .) at /home/solimanod/.cpan/build/Tcl-pTk-1.11-0/blib/lib/Tcl/pTk/Widget.pm line 2164.
t/fileevent2.t ................ skipped: fileevent is unavailable, reason: Can't locate sys/ioctl.ph in @INC (did you run h2ph?) (@INC contains: /home/solimanod/.cpan/build/Tcl-pTk-1.11-0/blib/lib /home/solimanod/.cpan/build/Tcl-pTk-1.11-0/blib/arch /home/solimanod/.cpan/build/Tcl-1.27-0/blib/arch /home/solimanod/.cpan/build/Tcl-1.27-0/blib/lib /home/solimanod/.cpan/build/Class-ISA-0.36-1/blib/arch /home/solimanod/.cpan/build/Class-ISA-0.36-1/blib/lib /home/solimanod/perl5/lib/perl5/5.32.1/x86_64-cygwin-threads-multi /home/solimanod/perl5/lib/perl5/5.32.1/x86_64-cygwin-threads-multi /home/solimanod/perl5/lib/perl5/5.32.1 /home/solimanod/perl5/lib/perl5/x86_64-cygwin-threads-multi /home/solimanod/perl5/lib/perl5/5.32.1/x86_64-cygwin-threads-multi /home/solimanod/perl5/lib/perl5/5.32.1 /home/solimanod/perl5/lib/perl5/x86_64-cygwin-threads-multi /home/solimanod/perl5/lib/perl5 /home/solimanod/.cpan/build/Tcl-1.27-0/blib/arch /home/solimanod/.cpan/build/Tcl-1.27-0/blib/lib /home/solimanod/.cpan/build/Class-ISA-0.36-1/blib/arch /home/solimanod/.cpan/build/Class-ISA-0.36-1/blib/lib /home/solimanod/perl5/lib/perl5/5.32.1/x86_64-cygwin-threads-multi /home/solimanod/perl5/lib/perl5/5.32.1 /home/solimanod/perl5/lib/perl5/x86_64-cygwin-threads-multi /home/solimanod/perl5/lib/perl5 /usr/local/lib/perl5/site_perl/5.32/x86_64-cygwin-threads /usr/local/share/perl5/site_perl/5.32 /usr/lib/perl5/vendor_perl/5.32/x86_64-cygwin-threads /usr/share/perl5/vendor_perl/5.32 /usr/lib/perl5/5.32/x86_64-cygwin-threads /usr/share/perl5/5.32 .) at /home/solimanod/.cpan/build/Tcl-pTk-1.11-0/blib/lib/Tcl/pTk/Widget.pm line 2164.
couldn't connect to display "" at /home/solimanod/.cpan/build/Tcl-pTk-1.11-0/blib/lib/Tcl/pTk.pm line 1206.
couldn't connect to display "" at /home/solimanod/.cpan/build/Tcl-pTk-1.11-0/blib/lib/Tcl/pTk.pm line 1206.
t/focusMethods.t .............. 
Dubious, test returned 3 (wstat 768, 0x300)
Failed 7/7 subtests 
couldn't connect to display "" at /home/solimanod/.cpan/build/Tcl-pTk-1.11-0/blib/lib/Tcl/pTk.pm line 1206.
couldn't connect to display "" at /home/solimanod/.cpan/build/Tcl-pTk-1.11-0/blib/lib/Tcl/pTk.pm line 1206.
t/font.t ...................... 
Dubious, test returned 3 (wstat 768, 0x300)
Failed 13/13 subtests 
couldn't connect to display "" at /home/solimanod/.cpan/build/Tcl-pTk-1.11-0/blib/lib/Tcl/pTk.pm line 1206.
couldn't connect to display "" at /home/solimanod/.cpan/build/Tcl-pTk-1.11-0/blib/lib/Tcl/pTk.pm line 1206.
t/font2.t ..................... 
Dubious, test returned 3 (wstat 768, 0x300)
Failed 2/2 subtests 
couldn't connect to display "" at /home/solimanod/.cpan/build/Tcl-pTk-1.11-0/blib/lib/Tcl/pTk.pm line 1206.
couldn't connect to display "" at /home/solimanod/.cpan/build/Tcl-pTk-1.11-0/blib/lib/Tcl/pTk.pm line 1206.
t/fontAttr.t .................. 
Dubious, test returned 3 (wstat 768, 0x300)
Failed 8/8 subtests 
couldn't connect to display "" at /home/solimanod/.cpan/build/Tcl-pTk-1.11-0/blib/lib/Tcl/pTk.pm line 1206.
couldn't connect to display "" at /home/solimanod/.cpan/build/Tcl-pTk-1.11-0/blib/lib/Tcl/pTk.pm line 1206.
t/frameForeground.t ........... 
Dubious, test returned 3 (wstat 768, 0x300)
Failed 1/1 subtests 
couldn't connect to display "" at /home/solimanod/.cpan/build/Tcl-pTk-1.11-0/blib/lib/Tcl/pTk.pm line 1206.
couldn't connect to display "" at /home/solimanod/.cpan/build/Tcl-pTk-1.11-0/blib/lib/Tcl/pTk.pm line 1206.
t/geomgr.t .................... 
Dubious, test returned 3 (wstat 768, 0x300)
Failed 20/20 subtests 
couldn't connect to display "" at /home/solimanod/.cpan/build/Tcl-pTk-1.11-0/blib/lib/Tcl/pTk.pm line 1206.
couldn't connect to display "" at /home/solimanod/.cpan/build/Tcl-pTk-1.11-0/blib/lib/Tcl/pTk.pm line 1206.
t/hlist.t ..................... 
Dubious, test returned 3 (wstat 768, 0x300)
No subtests run 
couldn't connect to display "" at /home/solimanod/.cpan/build/Tcl-pTk-1.11-0/blib/lib/Tcl/pTk.pm line 1206.
couldn't connect to display "" at /home/solimanod/.cpan/build/Tcl-pTk-1.11-0/blib/lib/Tcl/pTk.pm line 1206.
t/iconimage.t ................. 
Dubious, test returned 3 (wstat 768, 0x300)
No subtests run 
couldn't connect to display "" at /home/solimanod/.cpan/build/Tcl-pTk-1.11-0/blib/lib/Tcl/pTk.pm line 1206.
couldn't connect to display "" at /home/solimanod/.cpan/build/Tcl-pTk-1.11-0/blib/lib/Tcl/pTk.pm line 1206.
t/imageLoad.t ................. 
Dubious, test returned 3 (wstat 768, 0x300)
No subtests run 
couldn't connect to display "" at /home/solimanod/.cpan/build/Tcl-pTk-1.11-0/blib/lib/Tcl/pTk.pm line 1206.
couldn't connect to display "" at /home/solimanod/.cpan/build/Tcl-pTk-1.11-0/blib/lib/Tcl/pTk.pm line 1206.
t/itemStyle.t ................. 
Dubious, test returned 3 (wstat 768, 0x300)
No subtests run 
couldn't connect to display "" at /home/solimanod/.cpan/build/Tcl-pTk-1.11-0/blib/lib/Tcl/pTk.pm line 1206.
couldn't connect to display "" at /home/solimanod/.cpan/build/Tcl-pTk-1.11-0/blib/lib/Tcl/pTk.pm line 1206.
t/labEntry.t .................. 
Dubious, test returned 3 (wstat 768, 0x300)
Failed 1/1 subtests 
couldn't connect to display "" at /home/solimanod/.cpan/build/Tcl-pTk-1.11-0/blib/lib/Tcl/pTk.pm line 1206.
couldn't connect to display "" at /home/solimanod/.cpan/build/Tcl-pTk-1.11-0/blib/lib/Tcl/pTk.pm line 1206.
t/labEntryFacelift.t .......... 
Dubious, test returned 3 (wstat 768, 0x300)
No subtests run 
couldn't connect to display "" at /home/solimanod/.cpan/build/Tcl-pTk-1.11-0/blib/lib/Tcl/pTk.pm line 1206.
couldn't connect to display "" at /home/solimanod/.cpan/build/Tcl-pTk-1.11-0/blib/lib/Tcl/pTk.pm line 1206.
t/labEntryParentChild.t ....... 
Dubious, test returned 3 (wstat 768, 0x300)
Failed 4/4 subtests 
couldn't connect to display "" at /home/solimanod/.cpan/build/Tcl-pTk-1.11-0/blib/lib/Tcl/pTk.pm line 1206.
couldn't connect to display "" at /home/solimanod/.cpan/build/Tcl-pTk-1.11-0/blib/lib/Tcl/pTk.pm line 1206.
t/libLoad.t ................... 
Dubious, test returned 3 (wstat 768, 0x300)
No subtests run 
couldn't connect to display "" at /home/solimanod/.cpan/build/Tcl-pTk-1.11-0/blib/lib/Tcl/pTk.pm line 1206.
couldn't connect to display "" at /home/solimanod/.cpan/build/Tcl-pTk-1.11-0/blib/lib/Tcl/pTk.pm line 1206.
t/listbox.t ................... 
Dubious, test returned 3 (wstat 768, 0x300)
Failed 7/7 subtests 
couldn't connect to display "" at /home/solimanod/.cpan/build/Tcl-pTk-1.11-0/blib/lib/Tcl/pTk.pm line 1206.
couldn't connect to display "" at /home/solimanod/.cpan/build/Tcl-pTk-1.11-0/blib/lib/Tcl/pTk.pm line 1206.
t/mainloopMult.t .............. 
Dubious, test returned 3 (wstat 768, 0x300)
Failed 1/1 subtests 
couldn't connect to display "" at /home/solimanod/.cpan/build/Tcl-pTk-1.11-0/blib/lib/Tcl/pTk.pm line 1206.
couldn't connect to display "" at /home/solimanod/.cpan/build/Tcl-pTk-1.11-0/blib/lib/Tcl/pTk.pm line 1206.
t/menub-cascade.t ............. 
Dubious, test returned 3 (wstat 768, 0x300)
Failed 1/1 subtests 
couldn't connect to display "" at /home/solimanod/.cpan/build/Tcl-pTk-1.11-0/blib/lib/Tcl/pTk.pm line 1206.
couldn't connect to display "" at /home/solimanod/.cpan/build/Tcl-pTk-1.11-0/blib/lib/Tcl/pTk.pm line 1206.
t/menub_newMenu.t ............. 
Dubious, test returned 3 (wstat 768, 0x300)
Failed 2/2 subtests 
couldn't connect to display "" at /home/solimanod/.cpan/build/Tcl-pTk-1.11-0/blib/lib/Tcl/pTk.pm line 1206.
couldn't connect to display "" at /home/solimanod/.cpan/build/Tcl-pTk-1.11-0/blib/lib/Tcl/pTk.pm line 1206.
t/menubarpath.t ............... 
Dubious, test returned 3 (wstat 768, 0x300)
Failed 6/6 subtests 
couldn't connect to display "" at /home/solimanod/.cpan/build/Tcl-pTk-1.11-0/blib/lib/Tcl/pTk.pm line 1206.
couldn't connect to display "" at /home/solimanod/.cpan/build/Tcl-pTk-1.11-0/blib/lib/Tcl/pTk.pm line 1206.
t/menuitems.t ................. 
Dubious, test returned 3 (wstat 768, 0x300)
Failed 14/14 subtests 
couldn't connect to display "" at /home/solimanod/.cpan/build/Tcl-pTk-1.11-0/blib/lib/Tcl/pTk.pm line 1206.
couldn't connect to display "" at /home/solimanod/.cpan/build/Tcl-pTk-1.11-0/blib/lib/Tcl/pTk.pm line 1206.
t/messageBox.t ................ 
Dubious, test returned 3 (wstat 768, 0x300)
Failed 1/1 subtests 
couldn't connect to display "" at /home/solimanod/.cpan/build/Tcl-pTk-1.11-0/blib/lib/Tcl/pTk.pm line 1206.
couldn't connect to display "" at /home/solimanod/.cpan/build/Tcl-pTk-1.11-0/blib/lib/Tcl/pTk.pm line 1206.
t/moveResizeWindow.t .......... 
Dubious, test returned 3 (wstat 768, 0x300)
Failed 1/1 subtests 
couldn't connect to display "" at /home/solimanod/.cpan/build/Tcl-pTk-1.11-0/blib/lib/Tcl/pTk.pm line 1206.
couldn't connect to display "" at /home/solimanod/.cpan/build/Tcl-pTk-1.11-0/blib/lib/Tcl/pTk.pm line 1206.
t/moveToplevelWindow.t ........ 
Dubious, test returned 3 (wstat 768, 0x300)
Failed 1/1 subtests 
couldn't connect to display "" at /home/solimanod/.cpan/build/Tcl-pTk-1.11-0/blib/lib/Tcl/pTk.pm line 1206.
couldn't connect to display "" at /home/solimanod/.cpan/build/Tcl-pTk-1.11-0/blib/lib/Tcl/pTk.pm line 1206.
t/multMainWindow1.t ........... 
Dubious, test returned 3 (wstat 768, 0x300)
Failed 2/2 subtests 
couldn't connect to display "" at /home/solimanod/.cpan/build/Tcl-pTk-1.11-0/blib/lib/Tcl/pTk.pm line 1206.
couldn't connect to display "" at /home/solimanod/.cpan/build/Tcl-pTk-1.11-0/blib/lib/Tcl/pTk.pm line 1206.
t/multMainWindow2.t ........... 
Dubious, test returned 3 (wstat 768, 0x300)
Failed 2/2 subtests 
couldn't connect to display "" at /home/solimanod/.cpan/build/Tcl-pTk-1.11-0/blib/lib/Tcl/pTk.pm line 1206.
couldn't connect to display "" at /home/solimanod/.cpan/build/Tcl-pTk-1.11-0/blib/lib/Tcl/pTk.pm line 1206.
t/notebook.t .................. 
Dubious, test returned 3 (wstat 768, 0x300)
No subtests run 
couldn't connect to display "" at /home/solimanod/.cpan/build/Tcl-pTk-1.11-0/blib/lib/Tcl/pTk.pm line 1206.
couldn't connect to display "" at /home/solimanod/.cpan/build/Tcl-pTk-1.11-0/blib/lib/Tcl/pTk.pm line 1206.
t/notebook2.t ................. 
Dubious, test returned 3 (wstat 768, 0x300)
No subtests run 
couldn't connect to display "" at /home/solimanod/.cpan/build/Tcl-pTk-1.11-0/blib/lib/Tcl/pTk.pm line 1206.
couldn't connect to display "" at /home/solimanod/.cpan/build/Tcl-pTk-1.11-0/blib/lib/Tcl/pTk.pm line 1206.
t/onDestroy.t ................. 
Dubious, test returned 3 (wstat 768, 0x300)
Failed 1/1 subtests 
couldn't connect to display "" at /home/solimanod/.cpan/build/Tcl-pTk-1.11-0/blib/lib/Tcl/pTk.pm line 1206.
# Test 1 got: "couldn't connect to display \"\" at /home/solimanod/.cpan/build/Tcl-pTk-1.11-0/blib/lib/Tcl/pTk.pm line 1206.\n" (t/optmenu.t at line 16)
#   Expected: "" (can't create MainWindow)
#  t/optmenu.t line 16 is: ok($@, "", "can't create MainWindow");
# Test 2 got: "0" (t/optmenu.t at line 17)
#   Expected: "1" (MainWindow creation failed)
#  t/optmenu.t line 17 is: ok(Tcl::pTk::Exists($mw), 1, "MainWindow creation failed");
Can't call method "Optionmenu" on an undefined value at t/optmenu.t line 23.
t/optmenu.t ................... 
Dubious, test returned 3 (wstat 768, 0x300)
Failed 20/20 subtests 
couldn't connect to display "" at /home/solimanod/.cpan/build/Tcl-pTk-1.11-0/blib/lib/Tcl/pTk.pm line 1206.
couldn't connect to display "" at /home/solimanod/.cpan/build/Tcl-pTk-1.11-0/blib/lib/Tcl/pTk.pm line 1206.
t/palette.t ................... 
Dubious, test returned 3 (wstat 768, 0x300)
Failed 1/1 subtests 
couldn't connect to display "" at /home/solimanod/.cpan/build/Tcl-pTk-1.11-0/blib/lib/Tcl/pTk.pm line 1206.
couldn't connect to display "" at /home/solimanod/.cpan/build/Tcl-pTk-1.11-0/blib/lib/Tcl/pTk.pm line 1206.
t/pane.t ...................... 
Dubious, test returned 3 (wstat 768, 0x300)
No subtests run 
t/patchTk.t ................... skipped: Not using Aqua Tk
couldn't connect to display "" at /home/solimanod/.cpan/build/Tcl-pTk-1.11-0/blib/lib/Tcl/pTk.pm line 1206.
couldn't connect to display "" at /home/solimanod/.cpan/build/Tcl-pTk-1.11-0/blib/lib/Tcl/pTk.pm line 1206.
t/photoGetImage.t ............. 
Dubious, test returned 3 (wstat 768, 0x300)
No subtests run 
couldn't connect to display "" at /home/solimanod/.cpan/build/Tcl-pTk-1.11-0/blib/lib/Tcl/pTk.pm line 1206.
couldn't connect to display "" at /home/solimanod/.cpan/build/Tcl-pTk-1.11-0/blib/lib/Tcl/pTk.pm line 1206.
t/photoImg.t .................. 
Dubious, test returned 3 (wstat 768, 0x300)
No subtests run 
couldn't connect to display "" at /home/solimanod/.cpan/build/Tcl-pTk-1.11-0/blib/lib/Tcl/pTk.pm line 1206.
couldn't connect to display "" at /home/solimanod/.cpan/build/Tcl-pTk-1.11-0/blib/lib/Tcl/pTk.pm line 1206.
t/photoSubClass.t ............. 
Dubious, test returned 3 (wstat 768, 0x300)
No subtests run 
couldn't connect to display "" at /home/solimanod/.cpan/build/Tcl-pTk-1.11-0/blib/lib/Tcl/pTk.pm line 1206.
couldn't connect to display "" at /home/solimanod/.cpan/build/Tcl-pTk-1.11-0/blib/lib/Tcl/pTk.pm line 1206.
t/photoTk.t ................... 
Dubious, test returned 3 (wstat 768, 0x300)
Failed 18/18 subtests 
couldn't connect to display "" at /home/solimanod/.cpan/build/Tcl-pTk-1.11-0/blib/lib/Tcl/pTk.pm line 1206.
couldn't connect to display "" at /home/solimanod/.cpan/build/Tcl-pTk-1.11-0/blib/lib/Tcl/pTk.pm line 1206.
t/progBar.t ................... 
Dubious, test returned 3 (wstat 768, 0x300)
Failed 1/1 subtests 
couldn't connect to display "" at /home/solimanod/.cpan/build/Tcl-pTk-1.11-0/blib/lib/Tcl/pTk.pm line 1206.
couldn't connect to display "" at /home/solimanod/.cpan/build/Tcl-pTk-1.11-0/blib/lib/Tcl/pTk.pm line 1206.
t/protocol.t .................. 
Dubious, test returned 3 (wstat 768, 0x300)
Failed 4/4 subtests 
couldn't connect to display "" at /home/solimanod/.cpan/build/Tcl-pTk-1.11-0/blib/lib/Tcl/pTk.pm line 1206.
# Test 1 got: "couldn't connect to display \"\" at /home/solimanod/.cpan/build/Tcl-pTk-1.11-0/blib/lib/Tcl/pTk.pm line 1206.\n" (t/ptk-compat.t at line 16)
#   Expected: "" (can't create MainWindow)
#  t/ptk-compat.t line 16 is: ok($@, "", "can't create MainWindow");
# Test 2 got: "0" (t/ptk-compat.t at line 17)
#   Expected: "1" (MainWindow creation failed)
#  t/ptk-compat.t line 17 is: ok(Tcl::pTk::Exists($mw), 1, "MainWindow creation failed");
Can't call method "Frame" on an undefined value at t/ptk-compat.t line 20.
t/ptk-compat.t ................ 
Dubious, test returned 3 (wstat 768, 0x300)
Failed 9/9 subtests 
couldn't connect to display "" at /home/solimanod/.cpan/build/Tcl-pTk-1.11-0/blib/lib/Tcl/pTk.pm line 1206.
couldn't connect to display "" at /home/solimanod/.cpan/build/Tcl-pTk-1.11-0/blib/lib/Tcl/pTk.pm line 1206.
t/ptk-compat2.t ............... 
Dubious, test returned 3 (wstat 768, 0x300)
Failed 4/4 subtests 
couldn't connect to display "" at /home/solimanod/.cpan/build/Tcl-pTk-1.11-0/blib/lib/Tcl/pTk.pm line 1206.
couldn't connect to display "" at /home/solimanod/.cpan/build/Tcl-pTk-1.11-0/blib/lib/Tcl/pTk.pm line 1206.
t/repeat.t .................... 
Dubious, test returned 3 (wstat 768, 0x300)
Failed 1/1 subtests 
couldn't connect to display "" at /home/solimanod/.cpan/build/Tcl-pTk-1.11-0/blib/lib/Tcl/pTk.pm line 1206.
couldn't connect to display "" at /home/solimanod/.cpan/build/Tcl-pTk-1.11-0/blib/lib/Tcl/pTk.pm line 1206.
t/repeatSubReuse.t ............ 
Dubious, test returned 3 (wstat 768, 0x300)
Failed 1/1 subtests 
couldn't connect to display "" at /home/solimanod/.cpan/build/Tcl-pTk-1.11-0/blib/lib/Tcl/pTk.pm line 1206.
couldn't connect to display "" at /home/solimanod/.cpan/build/Tcl-pTk-1.11-0/blib/lib/Tcl/pTk.pm line 1206.
# Looks like your test exited with 3 before it could output anything.
t/rt125058.t .................. 
Dubious, test returned 3 (wstat 768, 0x300)
Failed 1/1 subtests 
couldn't connect to display "" at /home/solimanod/.cpan/build/Tcl-pTk-1.11-0/blib/lib/Tcl/pTk.pm line 1206.
couldn't connect to display "" at /home/solimanod/.cpan/build/Tcl-pTk-1.11-0/blib/lib/Tcl/pTk.pm line 1206.
t/scrolled.t .................. 
Dubious, test returned 3 (wstat 768, 0x300)
Failed 2/2 subtests 
couldn't connect to display "" at /home/solimanod/.cpan/build/Tcl-pTk-1.11-0/blib/lib/Tcl/pTk.pm line 1206.
couldn't connect to display "" at /home/solimanod/.cpan/build/Tcl-pTk-1.11-0/blib/lib/Tcl/pTk.pm line 1206.
t/scrolledOptional.t .......... 
Dubious, test returned 3 (wstat 768, 0x300)
Failed 4/4 subtests 
couldn't connect to display "" at /home/solimanod/.cpan/build/Tcl-pTk-1.11-0/blib/lib/Tcl/pTk.pm line 1206.
couldn't connect to display "" at /home/solimanod/.cpan/build/Tcl-pTk-1.11-0/blib/lib/Tcl/pTk.pm line 1206.
t/selection.t ................. 
Dubious, test returned 3 (wstat 768, 0x300)
Failed 9/9 subtests 
couldn't connect to display "" at /home/solimanod/.cpan/build/Tcl-pTk-1.11-0/blib/lib/Tcl/pTk.pm line 1206.
couldn't connect to display "" at /home/solimanod/.cpan/build/Tcl-pTk-1.11-0/blib/lib/Tcl/pTk.pm line 1206.
t/slideMegaWidget.t ........... 
Dubious, test returned 3 (wstat 768, 0x300)
Failed 2/2 subtests 
couldn't connect to display "" at /home/solimanod/.cpan/build/Tcl-pTk-1.11-0/blib/lib/Tcl/pTk.pm line 1206.
couldn't connect to display "" at /home/solimanod/.cpan/build/Tcl-pTk-1.11-0/blib/lib/Tcl/pTk.pm line 1206.
t/slideMegaWidget2.t .......... 
Dubious, test returned 3 (wstat 768, 0x300)
Failed 1/1 subtests 
couldn't connect to display "" at /home/solimanod/.cpan/build/Tcl-pTk-1.11-0/blib/lib/Tcl/pTk.pm line 1206.
couldn't connect to display "" at /home/solimanod/.cpan/build/Tcl-pTk-1.11-0/blib/lib/Tcl/pTk.pm line 1206.
t/spreadsheetHideRows.t ....... 
Dubious, test returned 3 (wstat 768, 0x300)
No subtests run 
couldn't connect to display "" at /home/solimanod/.cpan/build/Tcl-pTk-1.11-0/blib/lib/Tcl/pTk.pm line 1206.
couldn't connect to display "" at /home/solimanod/.cpan/build/Tcl-pTk-1.11-0/blib/lib/Tcl/pTk.pm line 1206.
t/table.t ..................... 
Dubious, test returned 3 (wstat 768, 0x300)
No subtests run 
couldn't connect to display "" at /home/solimanod/.cpan/build/Tcl-pTk-1.11-0/blib/lib/Tcl/pTk.pm line 1206.
couldn't connect to display "" at /home/solimanod/.cpan/build/Tcl-pTk-1.11-0/blib/lib/Tcl/pTk.pm line 1206.
t/tableFacelift.t ............. 
Dubious, test returned 3 (wstat 768, 0x300)
No subtests run 
couldn't connect to display "" at /home/solimanod/.cpan/build/Tcl-pTk-1.11-0/blib/lib/Tcl/pTk.pm line 1206.
couldn't connect to display "" at /home/solimanod/.cpan/build/Tcl-pTk-1.11-0/blib/lib/Tcl/pTk.pm line 1206.
t/tableMatrixCallbacks.t ...... 
Dubious, test returned 3 (wstat 768, 0x300)
No subtests run 
couldn't connect to display "" at /home/solimanod/.cpan/build/Tcl-pTk-1.11-0/blib/lib/Tcl/pTk.pm line 1206.
couldn't connect to display "" at /home/solimanod/.cpan/build/Tcl-pTk-1.11-0/blib/lib/Tcl/pTk.pm line 1206.
t/tableMatrixCleanup.t ........ 
Dubious, test returned 3 (wstat 768, 0x300)
No subtests run 
couldn't connect to display "" at /home/solimanod/.cpan/build/Tcl-pTk-1.11-0/blib/lib/Tcl/pTk.pm line 1206.
couldn't connect to display "" at /home/solimanod/.cpan/build/Tcl-pTk-1.11-0/blib/lib/Tcl/pTk.pm line 1206.
t/tableMatrixDebug.t .......... 
Dubious, test returned 3 (wstat 768, 0x300)
No subtests run 
couldn't connect to display "" at /home/solimanod/.cpan/build/Tcl-pTk-1.11-0/blib/lib/Tcl/pTk.pm line 1206.
couldn't connect to display "" at /home/solimanod/.cpan/build/Tcl-pTk-1.11-0/blib/lib/Tcl/pTk.pm line 1206.
t/tableMatrixSpreadsheet.t .... 
Dubious, test returned 3 (wstat 768, 0x300)
No subtests run 
couldn't connect to display "" at /home/solimanod/.cpan/build/Tcl-pTk-1.11-0/blib/lib/Tcl/pTk.pm line 1206.
couldn't connect to display "" at /home/solimanod/.cpan/build/Tcl-pTk-1.11-0/blib/lib/Tcl/pTk.pm line 1206.
t/tclVersion.t ................ 
Dubious, test returned 3 (wstat 768, 0x300)
Failed 2/2 subtests 
couldn't connect to display "" at /home/solimanod/.cpan/build/Tcl-pTk-1.11-0/blib/lib/Tcl/pTk.pm line 1206.
couldn't connect to display "" at /home/solimanod/.cpan/build/Tcl-pTk-1.11-0/blib/lib/Tcl/pTk.pm line 1206.
t/text.t ...................... 
Dubious, test returned 3 (wstat 768, 0x300)
Failed 1/1 subtests 
couldn't connect to display "" at /home/solimanod/.cpan/build/Tcl-pTk-1.11-0/blib/lib/Tcl/pTk.pm line 1206.
couldn't connect to display "" at /home/solimanod/.cpan/build/Tcl-pTk-1.11-0/blib/lib/Tcl/pTk.pm line 1206.
t/text2-old.t ................. 
Dubious, test returned 3 (wstat 768, 0x300)
Failed 5/5 subtests 
couldn't connect to display "" at /home/solimanod/.cpan/build/Tcl-pTk-1.11-0/blib/lib/Tcl/pTk.pm line 1206.
couldn't connect to display "" at /home/solimanod/.cpan/build/Tcl-pTk-1.11-0/blib/lib/Tcl/pTk.pm line 1206.
# Looks like your test exited with 3 before it could output anything.
t/text2.t ..................... 
Dubious, test returned 3 (wstat 768, 0x300)
Failed 9/9 subtests 
couldn't connect to display "" at /home/solimanod/.cpan/build/Tcl-pTk-1.11-0/blib/lib/Tcl/pTk.pm line 1206.
couldn't connect to display "" at /home/solimanod/.cpan/build/Tcl-pTk-1.11-0/blib/lib/Tcl/pTk.pm line 1206.
t/text3.t ..................... 
Dubious, test returned 3 (wstat 768, 0x300)
Failed 12/12 subtests 
couldn't connect to display "" at /home/solimanod/.cpan/build/Tcl-pTk-1.11-0/blib/lib/Tcl/pTk.pm line 1206.
couldn't connect to display "" at /home/solimanod/.cpan/build/Tcl-pTk-1.11-0/blib/lib/Tcl/pTk.pm line 1206.
t/textEdit.t .................. 
Dubious, test returned 3 (wstat 768, 0x300)
Failed 1/1 subtests 
couldn't connect to display "" at /home/solimanod/.cpan/build/Tcl-pTk-1.11-0/blib/lib/Tcl/pTk.pm line 1206.
couldn't connect to display "" at /home/solimanod/.cpan/build/Tcl-pTk-1.11-0/blib/lib/Tcl/pTk.pm line 1206.
t/textRO.t .................... 
Dubious, test returned 3 (wstat 768, 0x300)
Failed 4/4 subtests 
couldn't connect to display "" at /home/solimanod/.cpan/build/Tcl-pTk-1.11-0/blib/lib/Tcl/pTk.pm line 1206.
couldn't connect to display "" at /home/solimanod/.cpan/build/Tcl-pTk-1.11-0/blib/lib/Tcl/pTk.pm line 1206.
t/textSubwidget.t ............. 
Dubious, test returned 3 (wstat 768, 0x300)
Failed 1/1 subtests 
couldn't connect to display "" at /home/solimanod/.cpan/build/Tcl-pTk-1.11-0/blib/lib/Tcl/pTk.pm line 1206.
couldn't connect to display "" at /home/solimanod/.cpan/build/Tcl-pTk-1.11-0/blib/lib/Tcl/pTk.pm line 1206.
t/textUndo.t .................. 
Dubious, test returned 3 (wstat 768, 0x300)
Failed 3/3 subtests 
couldn't connect to display "" at /home/solimanod/.cpan/build/Tcl-pTk-1.11-0/blib/lib/Tcl/pTk.pm line 1206.
couldn't connect to display "" at /home/solimanod/.cpan/build/Tcl-pTk-1.11-0/blib/lib/Tcl/pTk.pm line 1206.
t/tileLabelFont.t ............. 
Dubious, test returned 3 (wstat 768, 0x300)
No subtests run 
couldn't connect to display "" at /home/solimanod/.cpan/build/Tcl-pTk-1.11-0/blib/lib/Tcl/pTk.pm line 1206.
couldn't connect to display "" at /home/solimanod/.cpan/build/Tcl-pTk-1.11-0/blib/lib/Tcl/pTk.pm line 1206.
t/tileTree.t .................. 
Dubious, test returned 3 (wstat 768, 0x300)
No subtests run 
couldn't connect to display "" at /home/solimanod/.cpan/build/Tcl-pTk-1.11-0/blib/lib/Tcl/pTk.pm line 1206.
couldn't connect to display "" at /home/solimanod/.cpan/build/Tcl-pTk-1.11-0/blib/lib/Tcl/pTk.pm line 1206.
t/tileWidget.t ................ 
Dubious, test returned 3 (wstat 768, 0x300)
No subtests run 
couldn't connect to display "" at /home/solimanod/.cpan/build/Tcl-pTk-1.11-0/blib/lib/Tcl/pTk.pm line 1206.
couldn't connect to display "" at /home/solimanod/.cpan/build/Tcl-pTk-1.11-0/blib/lib/Tcl/pTk.pm line 1206.
t/tixTree.t ................... 
Dubious, test returned 3 (wstat 768, 0x300)
No subtests run 
couldn't connect to display "" at /home/solimanod/.cpan/build/Tcl-pTk-1.11-0/blib/lib/Tcl/pTk.pm line 1206.
# Test 1 got: "couldn't connect to display \"\" at /home/solimanod/.cpan/build/Tcl-pTk-1.11-0/blib/lib/Tcl/pTk.pm line 1206.\n" (t/tk-mw.t at line 16)
#   Expected: "" (can't create MainWindow)
#  t/tk-mw.t line 16 is: ok($@, "", "can't create MainWindow");
# Test 2 got: "0" (t/tk-mw.t at line 17)
#   Expected: "1" (MainWindow creation failed)
#  t/tk-mw.t line 17 is: ok(Tcl::pTk::Exists($mw), 1, "MainWindow creation failed");
Can't call method "LabelFrame" on an undefined value at t/tk-mw.t line 19.
t/tk-mw.t ..................... 
Dubious, test returned 3 (wstat 768, 0x300)
Failed 7/7 subtests 
couldn't connect to display "" at /home/solimanod/.cpan/build/Tcl-pTk-1.11-0/blib/lib/Tcl/pTk.pm line 1206.
couldn't connect to display "" at /home/solimanod/.cpan/build/Tcl-pTk-1.11-0/blib/lib/Tcl/pTk.pm line 1206.
t/tkFacelift_BEsubclass.t ..... 
Dubious, test returned 3 (wstat 768, 0x300)
No subtests run 
couldn't connect to display "" at /home/solimanod/.cpan/build/Tcl-pTk-1.11-0/blib/lib/Tcl/pTk.pm line 1206.
couldn't connect to display "" at /home/solimanod/.cpan/build/Tcl-pTk-1.11-0/blib/lib/Tcl/pTk.pm line 1206.
t/tkFacelift_browseEntry.t .... 
Dubious, test returned 3 (wstat 768, 0x300)
No subtests run 
couldn't connect to display "" at /home/solimanod/.cpan/build/Tcl-pTk-1.11-0/blib/lib/Tcl/pTk.pm line 1206.
couldn't connect to display "" at /home/solimanod/.cpan/build/Tcl-pTk-1.11-0/blib/lib/Tcl/pTk.pm line 1206.
t/tkFacelift_frameSubclass.t .. 
Dubious, test returned 3 (wstat 768, 0x300)
No subtests run 
couldn't connect to display "" at /home/solimanod/.cpan/build/Tcl-pTk-1.11-0/blib/lib/Tcl/pTk.pm line 1206.
couldn't connect to display "" at /home/solimanod/.cpan/build/Tcl-pTk-1.11-0/blib/lib/Tcl/pTk.pm line 1206.
t/tkFacelift_mega1.t .......... 
Dubious, test returned 3 (wstat 768, 0x300)
No subtests run 
couldn't connect to display "" at /home/solimanod/.cpan/build/Tcl-pTk-1.11-0/blib/lib/Tcl/pTk.pm line 1206.
couldn't connect to display "" at /home/solimanod/.cpan/build/Tcl-pTk-1.11-0/blib/lib/Tcl/pTk.pm line 1206.
t/tkFacelift_notebook.t ....... 
Dubious, test returned 3 (wstat 768, 0x300)
No subtests run 
couldn't connect to display "" at /home/solimanod/.cpan/build/Tcl-pTk-1.11-0/blib/lib/Tcl/pTk.pm line 1206.
couldn't connect to display "" at /home/solimanod/.cpan/build/Tcl-pTk-1.11-0/blib/lib/Tcl/pTk.pm line 1206.
t/tkFacelift_simple.t ......... 
Dubious, test returned 3 (wstat 768, 0x300)
No subtests run 
couldn't connect to display "" at /home/solimanod/.cpan/build/Tcl-pTk-1.11-0/blib/lib/Tcl/pTk.pm line 1206.
couldn't connect to display "" at /home/solimanod/.cpan/build/Tcl-pTk-1.11-0/blib/lib/Tcl/pTk.pm line 1206.
t/tkHijack_BEsubclass.t ....... 
Dubious, test returned 3 (wstat 768, 0x300)
No subtests run 
couldn't connect to display "" at /home/solimanod/.cpan/build/Tcl-pTk-1.11-0/blib/lib/Tcl/pTk.pm line 1206.
couldn't connect to display "" at /home/solimanod/.cpan/build/Tcl-pTk-1.11-0/blib/lib/Tcl/pTk.pm line 1206.
t/tkHijack_bgerror1.t ......... 
Dubious, test returned 3 (wstat 768, 0x300)
Failed 3/3 subtests 
t/tkHijack_bgerror2.t ......... 
Dubious, test returned 3 (wstat 768, 0x300)
Failed 4/4 subtests 
couldn't connect to display "" at /home/solimanod/.cpan/build/Tcl-pTk-1.11-0/blib/lib/Tcl/pTk.pm line 1206.
couldn't connect to display "" at /home/solimanod/.cpan/build/Tcl-pTk-1.11-0/blib/lib/Tcl/pTk.pm line 1206.
t/tkHijack_bgerror3.t ......... 
Dubious, test returned 3 (wstat 768, 0x300)
Failed 1/1 subtests 
couldn't connect to display "" at /home/solimanod/.cpan/build/Tcl-pTk-1.11-0/blib/lib/Tcl/pTk.pm line 1206.
couldn't connect to display "" at /home/solimanod/.cpan/build/Tcl-pTk-1.11-0/blib/lib/Tcl/pTk.pm line 1206.
t/tkHijack_mega1.t ............ 
Dubious, test returned 3 (wstat 768, 0x300)
Failed 1/1 subtests 
couldn't connect to display "" at /home/solimanod/.cpan/build/Tcl-pTk-1.11-0/blib/lib/Tcl/pTk.pm line 1206.
couldn't connect to display "" at /home/solimanod/.cpan/build/Tcl-pTk-1.11-0/blib/lib/Tcl/pTk.pm line 1206.
t/tkHijack_simple.t ........... 
Dubious, test returned 3 (wstat 768, 0x300)
No subtests run 
couldn't connect to display "" at /home/solimanod/.cpan/build/Tcl-pTk-1.11-0/blib/lib/Tcl/pTk.pm line 1206.
couldn't connect to display "" at /home/solimanod/.cpan/build/Tcl-pTk-1.11-0/blib/lib/Tcl/pTk.pm line 1206.
t/tkHijack_spreadsheet.t ...... 
Dubious, test returned 3 (wstat 768, 0x300)
No subtests run 
couldn't connect to display "" at /home/solimanod/.cpan/build/Tcl-pTk-1.11-0/blib/lib/Tcl/pTk.pm line 1206.
couldn't connect to display "" at /home/solimanod/.cpan/build/Tcl-pTk-1.11-0/blib/lib/Tcl/pTk.pm line 1206.
t/trace.t ..................... 
Dubious, test returned 3 (wstat 768, 0x300)
Failed 6/6 subtests 
couldn't connect to display "" at /home/solimanod/.cpan/build/Tcl-pTk-1.11-0/blib/lib/Tcl/pTk.pm line 1206.
couldn't connect to display "" at /home/solimanod/.cpan/build/Tcl-pTk-1.11-0/blib/lib/Tcl/pTk.pm line 1206.
t/tree.t ...................... 
Dubious, test returned 3 (wstat 768, 0x300)
No subtests run 
couldn't connect to display "" at /home/solimanod/.cpan/build/Tcl-pTk-1.11-0/blib/lib/Tcl/pTk.pm line 1206.
couldn't connect to display "" at /home/solimanod/.cpan/build/Tcl-pTk-1.11-0/blib/lib/Tcl/pTk.pm line 1206.
t/ttkBrowseEntry.t ............ 
Dubious, test returned 3 (wstat 768, 0x300)
No subtests run 
couldn't connect to display "" at /home/solimanod/.cpan/build/Tcl-pTk-1.11-0/blib/lib/Tcl/pTk.pm line 1206.
couldn't connect to display "" at /home/solimanod/.cpan/build/Tcl-pTk-1.11-0/blib/lib/Tcl/pTk.pm line 1206.
t/ttkEntryValidate.t .......... 
Dubious, test returned 3 (wstat 768, 0x300)
No subtests run 
couldn't connect to display "" at /home/solimanod/.cpan/build/Tcl-pTk-1.11-0/blib/lib/Tcl/pTk.pm line 1206.
couldn't connect to display "" at /home/solimanod/.cpan/build/Tcl-pTk-1.11-0/blib/lib/Tcl/pTk.pm line 1206.
t/ttkTixNoteBook.t ............ 
Dubious, test returned 3 (wstat 768, 0x300)
No subtests run 
couldn't connect to display "" at /home/solimanod/.cpan/build/Tcl-pTk-1.11-0/blib/lib/Tcl/pTk.pm line 1206.
couldn't connect to display "" at /home/solimanod/.cpan/build/Tcl-pTk-1.11-0/blib/lib/Tcl/pTk.pm line 1206.
t/unicode.t ................... 
Dubious, test returned 3 (wstat 768, 0x300)
Failed 1/1 subtests 
t/usewidgets.t ................ ok
couldn't connect to display "" at /home/solimanod/.cpan/build/Tcl-pTk-1.11-0/blib/lib/Tcl/pTk.pm line 1206.
couldn't connect to display "" at /home/solimanod/.cpan/build/Tcl-pTk-1.11-0/blib/lib/Tcl/pTk.pm line 1206.
t/virtualEv.t ................. 
Dubious, test returned 3 (wstat 768, 0x300)
Failed 3/3 subtests 
couldn't connect to display "" at /home/solimanod/.cpan/build/Tcl-pTk-1.11-0/blib/lib/Tcl/pTk.pm line 1206.
couldn't connect to display "" at /home/solimanod/.cpan/build/Tcl-pTk-1.11-0/blib/lib/Tcl/pTk.pm line 1206.
t/widgetDelete.t .............. 
Dubious, test returned 3 (wstat 768, 0x300)
Failed 1/1 subtests 
couldn't connect to display "" at /home/solimanod/.cpan/build/Tcl-pTk-1.11-0/blib/lib/Tcl/pTk.pm line 1206.
couldn't connect to display "" at /home/solimanod/.cpan/build/Tcl-pTk-1.11-0/blib/lib/Tcl/pTk.pm line 1206.
t/widgetMethod.t .............. 
Dubious, test returned 3 (wstat 768, 0x300)
Failed 6/6 subtests 
couldn't connect to display "" at /home/solimanod/.cpan/build/Tcl-pTk-1.11-0/blib/lib/Tcl/pTk.pm line 1206.
couldn't connect to display "" at /home/solimanod/.cpan/build/Tcl-pTk-1.11-0/blib/lib/Tcl/pTk.pm line 1206.
t/widgetName.t ................ 
Dubious, test returned 3 (wstat 768, 0x300)
Failed 2/2 subtests 
couldn't connect to display "" at /home/solimanod/.cpan/build/Tcl-pTk-1.11-0/blib/lib/Tcl/pTk.pm line 1206.
couldn't connect to display "" at /home/solimanod/.cpan/build/Tcl-pTk-1.11-0/blib/lib/Tcl/pTk.pm line 1206.
t/wmForget.t .................. 
Dubious, test returned 3 (wstat 768, 0x300)
No subtests run 
couldn't connect to display "" at /home/solimanod/.cpan/build/Tcl-pTk-1.11-0/blib/lib/Tcl/pTk.pm line 1206.
couldn't connect to display "" at /home/solimanod/.cpan/build/Tcl-pTk-1.11-0/blib/lib/Tcl/pTk.pm line 1206.
# Looks like your test exited with 3 before it could output anything.
t/wmStackorder.t .............. 
Dubious, test returned 3 (wstat 768, 0x300)
Failed 10/10 subtests 
couldn't connect to display "" at /home/solimanod/.cpan/build/Tcl-pTk-1.11-0/blib/lib/Tcl/pTk.pm line 1206.
couldn't connect to display "" at /home/solimanod/.cpan/build/Tcl-pTk-1.11-0/blib/lib/Tcl/pTk.pm line 1206.
t/xevent.t .................... 
Dubious, test returned 3 (wstat 768, 0x300)
Failed 1/1 subtests 
couldn't connect to display "" at /home/solimanod/.cpan/build/Tcl-pTk-1.11-0/blib/lib/Tcl/pTk.pm line 1206.
couldn't connect to display "" at /home/solimanod/.cpan/build/Tcl-pTk-1.11-0/blib/lib/Tcl/pTk.pm line 1206.
t/zzPhoto.t ................... 
Dubious, test returned 3 (wstat 768, 0x300)
No subtests run 

Test Summary Report
-------------------
t/after.t                   (Wstat: 768 (exited 3) Tests: 0 Failed: 0)
  Non-zero exit status: 3
  Parse errors: Bad plan.  You planned 8 tests but ran 0.
t/afterDestroy.t            (Wstat: 768 (exited 3) Tests: 0 Failed: 0)
  Non-zero exit status: 3
  Parse errors: Bad plan.  You planned 1 tests but ran 0.
t/afterIdle.t               (Wstat: 768 (exited 3) Tests: 0 Failed: 0)
  Non-zero exit status: 3
  Parse errors: Bad plan.  You planned 1 tests but ran 0.
t/balloon.t                 (Wstat: 768 (exited 3) Tests: 0 Failed: 0)
  Non-zero exit status: 3
  Parse errors: Bad plan.  You planned 2 tests but ran 0.
t/balloon2.t                (Wstat: 768 (exited 3) Tests: 0 Failed: 0)
  Non-zero exit status: 3
  Parse errors: Bad plan.  You planned 1 tests but ran 0.
t/bgerror1.t                (Wstat: 768 (exited 3) Tests: 0 Failed: 0)
  Non-zero exit status: 3
  Parse errors: Bad plan.  You planned 3 tests but ran 0.
t/bgerror2.t                (Wstat: 768 (exited 3) Tests: 0 Failed: 0)
  Non-zero exit status: 3
  Parse errors: Bad plan.  You planned 4 tests but ran 0.
t/bgerror3.t                (Wstat: 768 (exited 3) Tests: 0 Failed: 0)
  Non-zero exit status: 3
  Parse errors: Bad plan.  You planned 1 tests but ran 0.
t/bind.t                    (Wstat: 768 (exited 3) Tests: 0 Failed: 0)
  Non-zero exit status: 3
  Parse errors: Bad plan.  You planned 15 tests but ran 0.
t/bindBreak.t               (Wstat: 768 (exited 3) Tests: 0 Failed: 0)
  Non-zero exit status: 3
  Parse errors: Bad plan.  You planned 2 tests but ran 0.
t/bitmapSubClass.t          (Wstat: 768 (exited 3) Tests: 0 Failed: 0)
  Non-zero exit status: 3
  Parse errors: No plan found in TAP output
t/browseEntry.t             (Wstat: 768 (exited 3) Tests: 0 Failed: 0)
  Non-zero exit status: 3
  Parse errors: Bad plan.  You planned 2 tests but ran 0.
t/browseEntry2.t            (Wstat: 768 (exited 3) Tests: 1 Failed: 0)
  Non-zero exit status: 3
  Parse errors: Bad plan.  You planned 22 tests but ran 1.
t/busy.t                    (Wstat: 768 (exited 3) Tests: 0 Failed: 0)
  Non-zero exit status: 3
  Parse errors: Bad plan.  You planned 1 tests but ran 0.
t/callback.t                (Wstat: 768 (exited 3) Tests: 0 Failed: 0)
  Non-zero exit status: 3
  Parse errors: Bad plan.  You planned 16 tests but ran 0.
t/callbackSet.t             (Wstat: 768 (exited 3) Tests: 0 Failed: 0)
  Non-zero exit status: 3
  Parse errors: Bad plan.  You planned 2 tests but ran 0.
t/canFind.t                 (Wstat: 768 (exited 3) Tests: 0 Failed: 0)
  Non-zero exit status: 3
  Parse errors: Bad plan.  You planned 1 tests but ran 0.
t/canIndex.t                (Wstat: 768 (exited 3) Tests: 0 Failed: 0)
  Non-zero exit status: 3
  Parse errors: Bad plan.  You planned 9 tests but ran 0.
t/canScale.t                (Wstat: 768 (exited 3) Tests: 0 Failed: 0)
  Non-zero exit status: 3
  Parse errors: Bad plan.  You planned 6 tests but ran 0.
t/canvasFocusBusy.t         (Wstat: 768 (exited 3) Tests: 0 Failed: 0)
  Non-zero exit status: 3
  Parse errors: Bad plan.  You planned 1 tests but ran 0.
t/checkradio.t              (Wstat: 768 (exited 3) Tests: 0 Failed: 0)
  Non-zero exit status: 3
  Parse errors: Bad plan.  You planned 1 tests but ran 0.
t/cleanupCrashTest.t        (Wstat: 768 (exited 3) Tests: 0 Failed: 0)
  Non-zero exit status: 3
  Parse errors: Bad plan.  You planned 1 tests but ran 0.
t/command.t                 (Wstat: 768 (exited 3) Tests: 0 Failed: 0)
  Non-zero exit status: 3
  Parse errors: Bad plan.  You planned 3 tests but ran 0.
t/configureReturn.t         (Wstat: 768 (exited 3) Tests: 0 Failed: 0)
  Non-zero exit status: 3
  Parse errors: Bad plan.  You planned 20 tests but ran 0.
t/dialog.t                  (Wstat: 768 (exited 3) Tests: 0 Failed: 0)
  Non-zero exit status: 3
  Parse errors: Bad plan.  You planned 1 tests but ran 0.
t/dialogBox.t               (Wstat: 768 (exited 3) Tests: 0 Failed: 0)
  Non-zero exit status: 3
  Parse errors: Bad plan.  You planned 1 tests but ran 0.
t/dialogBoxGeom.t           (Wstat: 768 (exited 3) Tests: 0 Failed: 0)
  Non-zero exit status: 3
  Parse errors: Bad plan.  You planned 2 tests but ran 0.
t/dirtree.t                 (Wstat: 768 (exited 3) Tests: 0 Failed: 0)
  Non-zero exit status: 3
  Parse errors: No plan found in TAP output
t/dndlocal.t                (Wstat: 768 (exited 3) Tests: 0 Failed: 0)
  Non-zero exit status: 3
  Parse errors: Bad plan.  You planned 1 tests but ran 0.
t/emptyMenuButtonSubclass.t (Wstat: 768 (exited 3) Tests: 2 Failed: 2)
  Failed tests:  1-2
  Non-zero exit status: 3
  Parse errors: Bad plan.  You planned 8 tests but ran 2.
t/emptyMenuSubclass.t       (Wstat: 768 (exited 3) Tests: 0 Failed: 0)
  Non-zero exit status: 3
  Parse errors: Bad plan.  You planned 2 tests but ran 0.
t/emptySubclass.t           (Wstat: 768 (exited 3) Tests: 0 Failed: 0)
  Non-zero exit status: 3
  Parse errors: Bad plan.  You planned 1 tests but ran 0.
t/entry.t                   (Wstat: 768 (exited 3) Tests: 0 Failed: 0)
  Non-zero exit status: 3
  Parse errors: Bad plan.  You planned 4 tests but ran 0.
t/entryPaste.t              (Wstat: 768 (exited 3) Tests: 0 Failed: 0)
  Non-zero exit status: 3
  Parse errors: Bad plan.  You planned 1 tests but ran 0.
t/entryValidate.t           (Wstat: 768 (exited 3) Tests: 0 Failed: 0)
  Non-zero exit status: 3
  Parse errors: Bad plan.  You planned 3 tests but ran 0.
t/focusMethods.t            (Wstat: 768 (exited 3) Tests: 0 Failed: 0)
  Non-zero exit status: 3
  Parse errors: Bad plan.  You planned 7 tests but ran 0.
t/font.t                    (Wstat: 768 (exited 3) Tests: 0 Failed: 0)
  Non-zero exit status: 3
  Parse errors: Bad plan.  You planned 13 tests but ran 0.
t/font2.t                   (Wstat: 768 (exited 3) Tests: 0 Failed: 0)
  Non-zero exit status: 3
  Parse errors: Bad plan.  You planned 2 tests but ran 0.
t/fontAttr.t                (Wstat: 768 (exited 3) Tests: 0 Failed: 0)
  Non-zero exit status: 3
  Parse errors: Bad plan.  You planned 8 tests but ran 0.
t/frameForeground.t         (Wstat: 768 (exited 3) Tests: 0 Failed: 0)
  Non-zero exit status: 3
  Parse errors: Bad plan.  You planned 1 tests but ran 0.
t/geomgr.t                  (Wstat: 768 (exited 3) Tests: 0 Failed: 0)
  Non-zero exit status: 3
  Parse errors: Bad plan.  You planned 20 tests but ran 0.
t/hlist.t                   (Wstat: 768 (exited 3) Tests: 0 Failed: 0)
  Non-zero exit status: 3
  Parse errors: No plan found in TAP output
t/iconimage.t               (Wstat: 768 (exited 3) Tests: 0 Failed: 0)
  Non-zero exit status: 3
  Parse errors: No plan found in TAP output
t/imageLoad.t               (Wstat: 768 (exited 3) Tests: 0 Failed: 0)
  Non-zero exit status: 3
  Parse errors: No plan found in TAP output
t/itemStyle.t               (Wstat: 768 (exited 3) Tests: 0 Failed: 0)
  Non-zero exit status: 3
  Parse errors: No plan found in TAP output
t/labEntry.t                (Wstat: 768 (exited 3) Tests: 0 Failed: 0)
  Non-zero exit status: 3
  Parse errors: Bad plan.  You planned 1 tests but ran 0.
t/labEntryFacelift.t        (Wstat: 768 (exited 3) Tests: 0 Failed: 0)
  Non-zero exit status: 3
  Parse errors: No plan found in TAP output
t/labEntryParentChild.t     (Wstat: 768 (exited 3) Tests: 0 Failed: 0)
  Non-zero exit status: 3
  Parse errors: Bad plan.  You planned 4 tests but ran 0.
t/libLoad.t                 (Wstat: 768 (exited 3) Tests: 0 Failed: 0)
  Non-zero exit status: 3
  Parse errors: No plan found in TAP output
t/listbox.t                 (Wstat: 768 (exited 3) Tests: 0 Failed: 0)
  Non-zero exit status: 3
  Parse errors: Bad plan.  You planned 7 tests but ran 0.
t/mainloopMult.t            (Wstat: 768 (exited 3) Tests: 0 Failed: 0)
  Non-zero exit status: 3
  Parse errors: Bad plan.  You planned 1 tests but ran 0.
t/menub-cascade.t           (Wstat: 768 (exited 3) Tests: 0 Failed: 0)
  Non-zero exit status: 3
  Parse errors: Bad plan.  You planned 1 tests but ran 0.
t/menub_newMenu.t           (Wstat: 768 (exited 3) Tests: 0 Failed: 0)
  Non-zero exit status: 3
  Parse errors: Bad plan.  You planned 2 tests but ran 0.
t/menubarpath.t             (Wstat: 768 (exited 3) Tests: 0 Failed: 0)
  Non-zero exit status: 3
  Parse errors: Bad plan.  You planned 6 tests but ran 0.
t/menuitems.t               (Wstat: 768 (exited 3) Tests: 0 Failed: 0)
  Non-zero exit status: 3
  Parse errors: Bad plan.  You planned 14 tests but ran 0.
t/messageBox.t              (Wstat: 768 (exited 3) Tests: 0 Failed: 0)
  Non-zero exit status: 3
  Parse errors: Bad plan.  You planned 1 tests but ran 0.
t/moveResizeWindow.t        (Wstat: 768 (exited 3) Tests: 0 Failed: 0)
  Non-zero exit status: 3
  Parse errors: Bad plan.  You planned 1 tests but ran 0.
t/moveToplevelWindow.t      (Wstat: 768 (exited 3) Tests: 0 Failed: 0)
  Non-zero exit status: 3
  Parse errors: Bad plan.  You planned 1 tests but ran 0.
t/multMainWindow1.t         (Wstat: 768 (exited 3) Tests: 0 Failed: 0)
  Non-zero exit status: 3
  Parse errors: Bad plan.  You planned 2 tests but ran 0.
t/multMainWindow2.t         (Wstat: 768 (exited 3) Tests: 0 Failed: 0)
  Non-zero exit status: 3
  Parse errors: Bad plan.  You planned 2 tests but ran 0.
t/notebook.t                (Wstat: 768 (exited 3) Tests: 0 Failed: 0)
  Non-zero exit status: 3
  Parse errors: No plan found in TAP output
t/notebook2.t               (Wstat: 768 (exited 3) Tests: 0 Failed: 0)
  Non-zero exit status: 3
  Parse errors: No plan found in TAP output
t/onDestroy.t               (Wstat: 768 (exited 3) Tests: 0 Failed: 0)
  Non-zero exit status: 3
  Parse errors: Bad plan.  You planned 1 tests but ran 0.
t/optmenu.t                 (Wstat: 768 (exited 3) Tests: 2 Failed: 2)
  Failed tests:  1-2
  Non-zero exit status: 3
  Parse errors: Bad plan.  You planned 20 tests but ran 2.
t/palette.t                 (Wstat: 768 (exited 3) Tests: 0 Failed: 0)
  Non-zero exit status: 3
  Parse errors: Bad plan.  You planned 1 tests but ran 0.
t/pane.t                    (Wstat: 768 (exited 3) Tests: 0 Failed: 0)
  Non-zero exit status: 3
  Parse errors: No plan found in TAP output
t/photoGetImage.t           (Wstat: 768 (exited 3) Tests: 0 Failed: 0)
  Non-zero exit status: 3
  Parse errors: No plan found in TAP output
t/photoImg.t                (Wstat: 768 (exited 3) Tests: 0 Failed: 0)
  Non-zero exit status: 3
  Parse errors: No plan found in TAP output
t/photoSubClass.t           (Wstat: 768 (exited 3) Tests: 0 Failed: 0)
  Non-zero exit status: 3
  Parse errors: No plan found in TAP output
t/photoTk.t                 (Wstat: 768 (exited 3) Tests: 0 Failed: 0)
  Non-zero exit status: 3
  Parse errors: Bad plan.  You planned 18 tests but ran 0.
t/progBar.t                 (Wstat: 768 (exited 3) Tests: 0 Failed: 0)
  Non-zero exit status: 3
  Parse errors: Bad plan.  You planned 1 tests but ran 0.
t/protocol.t                (Wstat: 768 (exited 3) Tests: 0 Failed: 0)
  Non-zero exit status: 3
  Parse errors: Bad plan.  You planned 4 tests but ran 0.
t/ptk-compat.t              (Wstat: 768 (exited 3) Tests: 2 Failed: 2)
  Failed tests:  1-2
  Non-zero exit status: 3
  Parse errors: Bad plan.  You planned 9 tests but ran 2.
t/ptk-compat2.t             (Wstat: 768 (exited 3) Tests: 0 Failed: 0)
  Non-zero exit status: 3
  Parse errors: Bad plan.  You planned 4 tests but ran 0.
t/repeat.t                  (Wstat: 768 (exited 3) Tests: 0 Failed: 0)
  Non-zero exit status: 3
  Parse errors: Bad plan.  You planned 1 tests but ran 0.
t/repeatSubReuse.t          (Wstat: 768 (exited 3) Tests: 0 Failed: 0)
  Non-zero exit status: 3
  Parse errors: Bad plan.  You planned 1 tests but ran 0.
t/rt125058.t                (Wstat: 768 (exited 3) Tests: 0 Failed: 0)
  Non-zero exit status: 3
  Parse errors: Bad plan.  You planned 1 tests but ran 0.
t/scrolled.t                (Wstat: 768 (exited 3) Tests: 0 Failed: 0)
  Non-zero exit status: 3
  Parse errors: Bad plan.  You planned 2 tests but ran 0.
t/scrolledOptional.t        (Wstat: 768 (exited 3) Tests: 0 Failed: 0)
  Non-zero exit status: 3
  Parse errors: Bad plan.  You planned 4 tests but ran 0.
t/selection.t               (Wstat: 768 (exited 3) Tests: 0 Failed: 0)
  Non-zero exit status: 3
  Parse errors: Bad plan.  You planned 9 tests but ran 0.
t/slideMegaWidget.t         (Wstat: 768 (exited 3) Tests: 0 Failed: 0)
  Non-zero exit status: 3
  Parse errors: Bad plan.  You planned 2 tests but ran 0.
t/slideMegaWidget2.t        (Wstat: 768 (exited 3) Tests: 0 Failed: 0)
  Non-zero exit status: 3
  Parse errors: Bad plan.  You planned 1 tests but ran 0.
t/spreadsheetHideRows.t     (Wstat: 768 (exited 3) Tests: 0 Failed: 0)
  Non-zero exit status: 3
  Parse errors: No plan found in TAP output
t/table.t                   (Wstat: 768 (exited 3) Tests: 0 Failed: 0)
  Non-zero exit status: 3
  Parse errors: No plan found in TAP output
t/tableFacelift.t           (Wstat: 768 (exited 3) Tests: 0 Failed: 0)
  Non-zero exit status: 3
  Parse errors: No plan found in TAP output
t/tableMatrixCallbacks.t    (Wstat: 768 (exited 3) Tests: 0 Failed: 0)
  Non-zero exit status: 3
  Parse errors: No plan found in TAP output
t/tableMatrixCleanup.t      (Wstat: 768 (exited 3) Tests: 0 Failed: 0)
  Non-zero exit status: 3
  Parse errors: No plan found in TAP output
t/tableMatrixDebug.t        (Wstat: 768 (exited 3) Tests: 0 Failed: 0)
  Non-zero exit status: 3
  Parse errors: No plan found in TAP output
t/tableMatrixSpreadsheet.t  (Wstat: 768 (exited 3) Tests: 0 Failed: 0)
  Non-zero exit status: 3
  Parse errors: No plan found in TAP output
t/tclVersion.t              (Wstat: 768 (exited 3) Tests: 0 Failed: 0)
  Non-zero exit status: 3
  Parse errors: Bad plan.  You planned 2 tests but ran 0.
t/text.t                    (Wstat: 768 (exited 3) Tests: 0 Failed: 0)
  Non-zero exit status: 3
  Parse errors: Bad plan.  You planned 1 tests but ran 0.
t/text2-old.t               (Wstat: 768 (exited 3) Tests: 0 Failed: 0)
  Non-zero exit status: 3
  Parse errors: Bad plan.  You planned 5 tests but ran 0.
t/text2.t                   (Wstat: 768 (exited 3) Tests: 0 Failed: 0)
  Non-zero exit status: 3
  Parse errors: Bad plan.  You planned 9 tests but ran 0.
t/text3.t                   (Wstat: 768 (exited 3) Tests: 0 Failed: 0)
  Non-zero exit status: 3
  Parse errors: Bad plan.  You planned 12 tests but ran 0.
t/textEdit.t                (Wstat: 768 (exited 3) Tests: 0 Failed: 0)
  Non-zero exit status: 3
  Parse errors: Bad plan.  You planned 1 tests but ran 0.
t/textRO.t                  (Wstat: 768 (exited 3) Tests: 0 Failed: 0)
  Non-zero exit status: 3
  Parse errors: Bad plan.  You planned 4 tests but ran 0.
t/textSubwidget.t           (Wstat: 768 (exited 3) Tests: 0 Failed: 0)
  Non-zero exit status: 3
  Parse errors: Bad plan.  You planned 1 tests but ran 0.
t/textUndo.t                (Wstat: 768 (exited 3) Tests: 0 Failed: 0)
  Non-zero exit status: 3
  Parse errors: Bad plan.  You planned 3 tests but ran 0.
t/tileLabelFont.t           (Wstat: 768 (exited 3) Tests: 0 Failed: 0)
  Non-zero exit status: 3
  Parse errors: No plan found in TAP output
t/tileTree.t                (Wstat: 768 (exited 3) Tests: 0 Failed: 0)
  Non-zero exit status: 3
  Parse errors: No plan found in TAP output
t/tileWidget.t              (Wstat: 768 (exited 3) Tests: 0 Failed: 0)
  Non-zero exit status: 3
  Parse errors: No plan found in TAP output
t/tixTree.t                 (Wstat: 768 (exited 3) Tests: 0 Failed: 0)
  Non-zero exit status: 3
  Parse errors: No plan found in TAP output
t/tk-mw.t                   (Wstat: 768 (exited 3) Tests: 2 Failed: 2)
  Failed tests:  1-2
  Non-zero exit status: 3
  Parse errors: Bad plan.  You planned 7 tests but ran 2.
t/tkFacelift_BEsubclass.t   (Wstat: 768 (exited 3) Tests: 0 Failed: 0)
  Non-zero exit status: 3
  Parse errors: No plan found in TAP output
t/tkFacelift_browseEntry.t  (Wstat: 768 (exited 3) Tests: 0 Failed: 0)
  Non-zero exit status: 3
  Parse errors: No plan found in TAP output
t/tkFacelift_frameSubclass.t (Wstat: 768 (exited 3) Tests: 0 Failed: 0)
  Non-zero exit status: 3
  Parse errors: No plan found in TAP output
t/tkFacelift_mega1.t        (Wstat: 768 (exited 3) Tests: 0 Failed: 0)
  Non-zero exit status: 3
  Parse errors: No plan found in TAP output
t/tkFacelift_notebook.t     (Wstat: 768 (exited 3) Tests: 0 Failed: 0)
  Non-zero exit status: 3
  Parse errors: No plan found in TAP output
t/tkFacelift_simple.t       (Wstat: 768 (exited 3) Tests: 0 Failed: 0)
  Non-zero exit status: 3
  Parse errors: No plan found in TAP output
t/tkHijack_BEsubclass.t     (Wstat: 768 (exited 3) Tests: 0 Failed: 0)
  Non-zero exit status: 3
  Parse errors: No plan found in TAP output
t/tkHijack_bgerror1.t       (Wstat: 768 (exited 3) Tests: 0 Failed: 0)
  Non-zero exit status: 3
  Parse errors: Bad plan.  You planned 3 tests but ran 0.
t/tkHijack_bgerror2.t       (Wstat: 768 (exited 3) Tests: 0 Failed: 0)
  Non-zero exit status: 3
  Parse errors: Bad plan.  You planned 4 tests but ran 0.
t/tkHijack_bgerror3.t       (Wstat: 768 (exited 3) Tests: 0 Failed: 0)
  Non-zero exit status: 3
  Parse errors: Bad plan.  You planned 1 tests but ran 0.
t/tkHijack_mega1.t          (Wstat: 768 (exited 3) Tests: 0 Failed: 0)
  Non-zero exit status: 3
  Parse errors: Bad plan.  You planned 1 tests but ran 0.
t/tkHijack_simple.t         (Wstat: 768 (exited 3) Tests: 0 Failed: 0)
  Non-zero exit status: 3
  Parse errors: No plan found in TAP output
t/tkHijack_spreadsheet.t    (Wstat: 768 (exited 3) Tests: 0 Failed: 0)
  Non-zero exit status: 3
  Parse errors: No plan found in TAP output
t/trace.t                   (Wstat: 768 (exited 3) Tests: 0 Failed: 0)
  Non-zero exit status: 3
  Parse errors: Bad plan.  You planned 6 tests but ran 0.
t/tree.t                    (Wstat: 768 (exited 3) Tests: 0 Failed: 0)
  Non-zero exit status: 3
  Parse errors: No plan found in TAP output
t/ttkBrowseEntry.t          (Wstat: 768 (exited 3) Tests: 0 Failed: 0)
  Non-zero exit status: 3
  Parse errors: No plan found in TAP output
t/ttkEntryValidate.t        (Wstat: 768 (exited 3) Tests: 0 Failed: 0)
  Non-zero exit status: 3
  Parse errors: No plan found in TAP output
t/ttkTixNoteBook.t          (Wstat: 768 (exited 3) Tests: 0 Failed: 0)
  Non-zero exit status: 3
  Parse errors: No plan found in TAP output
t/unicode.t                 (Wstat: 768 (exited 3) Tests: 0 Failed: 0)
  Non-zero exit status: 3
  Parse errors: Bad plan.  You planned 1 tests but ran 0.
t/virtualEv.t               (Wstat: 768 (exited 3) Tests: 0 Failed: 0)
  Non-zero exit status: 3
  Parse errors: Bad plan.  You planned 3 tests but ran 0.
t/widgetDelete.t            (Wstat: 768 (exited 3) Tests: 0 Failed: 0)
  Non-zero exit status: 3
  Parse errors: Bad plan.  You planned 1 tests but ran 0.
t/widgetMethod.t            (Wstat: 768 (exited 3) Tests: 0 Failed: 0)
  Non-zero exit status: 3
  Parse errors: Bad plan.  You planned 6 tests but ran 0.
t/widgetName.t              (Wstat: 768 (exited 3) Tests: 0 Failed: 0)
  Non-zero exit status: 3
  Parse errors: Bad plan.  You planned 2 tests but ran 0.
t/wmForget.t                (Wstat: 768 (exited 3) Tests: 0 Failed: 0)
  Non-zero exit status: 3
  Parse errors: No plan found in TAP output
t/wmStackorder.t            (Wstat: 768 (exited 3) Tests: 0 Failed: 0)
  Non-zero exit status: 3
  Parse errors: Bad plan.  You planned 10 tests but ran 0.
t/xevent.t                  (Wstat: 768 (exited 3) Tests: 0 Failed: 0)
  Non-zero exit status: 3
  Parse errors: Bad plan.  You planned 1 tests but ran 0.
t/zzPhoto.t                 (Wstat: 768 (exited 3) Tests: 0 Failed: 0)
  Non-zero exit status: 3
  Parse errors: No plan found in TAP output
Files=134, Tests=18, 59 wallclock secs ( 0.47 usr  1.20 sys + 12.35 cusr 39.05 csys = 53.08 CPU)
Result: FAIL
Failed 130/134 test programs. 8/18 subtests failed.
make: *** [Makefile:1210: test_dynamic] Error 3

------------------------------
PREREQUISITES
------------------------------

Prerequisite modules loaded:

requires:

    Module              Need  Have    
    ------------------- ----- --------
    Class::ISA          0.36  0.36    
    perl                5.008 5.032001
    Sub::Name           0.05  0.27    
    Tcl                 0.90  1.27    
    Time::HiRes         0     1.9764  

build_requires:

    Module              Need  Have    
    ------------------- ----- --------
    ExtUtils::MakeMaker 0     7.70    
    Test::Deep          0     1.204   
    Test::More          0     1.302195

configure_requires:

    Module              Need  Have    
    ------------------- ----- --------
    ExtUtils::MakeMaker 0     7.70    


------------------------------
ENVIRONMENT AND OTHER CONTEXT
------------------------------

Environment variables:

    AUTOMATED_TESTING = 1
    COMSPEC = C:\WINDOWS\system32\cmd.exe
    LC_CTYPE = en_US.UTF-8
    NUMBER_OF_PROCESSORS = 8
    PATH = /home/solimanod/perl5/bin:/usr/local/bin:/usr/bin:/cygdrive/c/Program Files/Eclipse Foundation/jdk-8.0.302.8-hotspot/bin:/cygdrive/c/Program Files/Microsoft/jdk-11.0.12.7-hotspot/bin:/cygdrive/c/WINDOWS/system32:/cygdrive/c/WINDOWS:/cygdrive/c/WINDOWS/System32/Wbem:/cygdrive/c/WINDOWS/System32/WindowsPowerShell/v1.0:/cygdrive/c/WINDOWS/System32/OpenSSH:/cygdrive/c/Program Files/TortoiseSVN/bin:/cygdrive/c/RV/BIN:/cygdrive/c/Program Files/Microsoft SQL Server/130/Tools/Binn:/cygdrive/c/Program Files/Microsoft SQL Server/Client SDK/ODBC/170/Tools/Binn:/cygdrive/c/Program Files (x86)/Microsoft SQL Server/150/DTS/Binn:/cygdrive/c/Program Files/SlikSvn/bin:/cygdrive/c/Program Files/dotnet:/cygdrive/c/Program Files/Microsoft SQL Server/150/Tools/Binn:/cygdrive/c/Program Files/Git/cmd:/cygdrive/c/Program Files/Azure Data Studio/bin:/cygdrive/c/Program Files/MIT/Kerberos/bin:/cygdrive/c/Program Files/TortoiseGit/bin:/cygdrive/c/Strawberry/c/bin:/cygdrive/c/Strawberry/perl/site/bin:/cygdrive/c/Strawberry/perl/bin:/cygdrive/c/Users/solimanod/AppData/Local/Microsoft/WindowsApps
    PERL5LIB = /home/solimanod/.cpan/build/Tcl-1.27-0/blib/arch:/home/solimanod/.cpan/build/Tcl-1.27-0/blib/lib:/home/solimanod/.cpan/build/Class-ISA-0.36-1/blib/arch:/home/solimanod/.cpan/build/Class-ISA-0.36-1/blib/lib:/home/solimanod/perl5/lib/perl5
    PERL5OPT = 
    PERL5_CPANPLUS_IS_RUNNING = 13510
    PERL5_CPAN_IS_RUNNING = 13510
    PERL5_CPAN_IS_RUNNING_IN_RECURSION = 43675,13510
    PERL_CR_SMOKER_CURRENT = Tcl-pTk-1.11
    PERL_EXTUTILS_AUTOINSTALL = --defaultdeps
    PERL_LOCAL_LIB_ROOT = /home/solimanod/perl5
    PERL_MB_OPT = --install_base "/home/solimanod/perl5"
    PERL_MM_OPT = INSTALL_BASE=/home/solimanod/perl5
    PERL_MM_USE_DEFAULT = 1
    PERL_USE_UNSAFE_INC = 1
    PROCESSOR_IDENTIFIER = Intel64 Family 6 Model 158 Stepping 13, GenuineIntel
    SHELL = /bin/bash
    TEMP = /tmp
    TERM = xterm

Perl special variables (and OS-specific diagnostics, for MSWin32):

    $^X = /usr/bin/perl
    $UID/$EUID = 1222856 / 1222856
    $GID = 1049089 1049089 555 545 559 14 4 11 15 4095 66048 1442607 1395145 1445950 1231332 1425386 1445955 1391115 1413001 1411909 1412494 1389702 1110237 1417682 1391333 1392133 1461501 1445942 1446043 1425217 1406572 1413600 1425390 1389528 1404926 1438665 1407957 1390371 1442777 1425384 1413376 1389547 1395162 1433132 1394012 1417205 1395231 1432903 1417681 1405122 1440263 1392391 1462048 1392334 1449512 1440279 1440135 1417368 1391057 1321713 1395423 1389592 1399936 1464134 1445956 1433745 1433017 1440082 1411964 1449625 1389176 1425082 1445951 1230946 1390011 1442589 1449871 1389527 1391236 1395210 1413378 1389747 1412518 1442553 1291952 1446063 1438721 1425382 1321739 1413351 1391275 1391014 1438720 1462117 1448155 1440100 1406893 1275909 1404927 1449443 1439627 1110272 1464123 1433010 1433135 1100291 1394449 1448223 1394915 1389439 1395569 1222766 1222819 1417887 1222732 1114690 1231058 1275974 1292197 1222743 1222741 1389953 1233131 1054841 1300831 1052870 1050371 1049701 1049741 1049748 1049779 1049783 1058315 1051691 1049994 1050059 1052837 1235940 70145 1049735 1053718 1074460 1082199 1069023 1058356 1236080 1236107 1448072 1449693 1393994 1462255 1448088 1054462 1321972 1404982 1291964 1291449 1448276 1388773 1448090 1395282 1291954 1291893 1403164 1276307 1425681 1292037 1462256 1158631 1448094 1448086 1425178 1292385 1291940 1054217 1403700 1448074 1417070 1448080 1389585 1292046 1231333 1448084 1222696 1413320 1462258 1448078 1404984 1448082 1291966 1291957 1063805 1289842 1388864 1399756 1388423 1291953 1448092 1462259 1448076 1462257 1276165 401408
    $EGID = 1049089 1049089 555 545 559 14 4 11 15 4095 66048 1442607 1395145 1445950 1231332 1425386 1445955 1391115 1413001 1411909 1412494 1389702 1110237 1417682 1391333 1392133 1461501 1445942 1446043 1425217 1406572 1413600 1425390 1389528 1404926 1438665 1407957 1390371 1442777 1425384 1413376 1389547 1395162 1433132 1394012 1417205 1395231 1432903 1417681 1405122 1440263 1392391 1462048 1392334 1449512 1440279 1440135 1417368 1391057 1321713 1395423 1389592 1399936 1464134 1445956 1433745 1433017 1440082 1411964 1449625 1389176 1425082 1445951 1230946 1390011 1442589 1449871 1389527 1391236 1395210 1413378 1389747 1412518 1442553 1291952 1446063 1438721 1425382 1321739 1413351 1391275 1391014 1438720 1462117 1448155 1440100 1406893 1275909 1404927 1449443 1439627 1110272 1464123 1433010 1433135 1100291 1394449 1448223 1394915 1389439 1395569 1222766 1222819 1417887 1222732 1114690 1231058 1275974 1292197 1222743 1222741 1389953 1233131 1054841 1300831 1052870 1050371 1049701 1049741 1049748 1049779 1049783 1058315 1051691 1049994 1050059 1052837 1235940 70145 1049735 1053718 1074460 1082199 1069023 1058356 1236080 1236107 1448072 1449693 1393994 1462255 1448088 1054462 1321972 1404982 1291964 1291449 1448276 1388773 1448090 1395282 1291954 1291893 1403164 1276307 1425681 1292037 1462256 1158631 1448094 1448086 1425178 1292385 1291940 1054217 1403700 1448074 1417070 1448080 1389585 1292046 1231333 1448084 1222696 1413320 1462258 1448078 1404984 1448082 1291966 1291957 1063805 1289842 1388864 1399756 1388423 1291953 1448092 1462259 1448076 1462257 1276165 401408

Perl module toolchain versions installed:

    Module              Have    
    ------------------- --------
    CPAN                2.34    
    CPAN::Meta          2.150010
    Cwd                 3.78    
    ExtUtils::CBuilder  0.280236
    ExtUtils::Command   7.70    
    ExtUtils::Install   2.22    
    ExtUtils::MakeMaker 7.70    
    ExtUtils::Manifest  1.75    
    ExtUtils::ParseXS   3.44    
    File::Spec          3.78    
    JSON                4.10    
    JSON::PP            4.16    
    Module::Build       0.4234  
    Module::Signature   0.88    
    Parse::CPAN::Meta   2.150010
    Test::Harness       3.44    
    Test::More          1.302195
    YAML                1.30    
    YAML::Syck          n/a     
    version             0.9929  


--

Summary of my perl5 (revision 5 version 32 subversion 1) configuration:
   
  Platform:
    osname=cygwin
    osvers=3.2.0(0.34053)
    archname=x86_64-cygwin-threads-multi
    uname='cygwin_nt-10.0 cygwinpro 3.2.0(0.34053) 2021-03-29 08:42 x86_64 cygwin '
    config_args='-des -Dprefix=/usr -Dmksymlinks -Darchname=x86_64-cygwin-threads -Dlibperl=cygperl5_32.dll -Dcc=gcc -Dld=g++ -Accflags=-ggdb -O2 -pipe -Wall -Werror=format-security -D_FORTIFY_SOURCE=2 -fstack-protector-strong --param=ssp-buffer-size=4 -fdebug-prefix-map=/mnt/share/cygpkgs/perl/perl.x86_64/build=/usr/src/debug/perl-5.32.1-2 -fdebug-prefix-map=/mnt/share/cygpkgs/perl/perl.x86_64/src/perl-5.32.1=/usr/src/debug/perl-5.32.1-2 -fwrapv'
    hint=recommended
    useposix=true
    d_sigaction=define
    useithreads=define
    usemultiplicity=define
    use64bitint=define
    use64bitall=define
    uselongdouble=undef
    usemymalloc=n
    default_inc_excludes_dot=define
    bincompat5005=undef
  Compiler:
    cc='gcc'
    ccflags ='-DPERL_USE_SAFE_PUTENV -U__STRICT_ANSI__ -D_GNU_SOURCE -ggdb -O2 -pipe -Wall -Werror=format-security -D_FORTIFY_SOURCE=2 -fstack-protector-strong --param=ssp-buffer-size=4 -fdebug-prefix-map=/mnt/share/cygpkgs/perl/perl.x86_64/build=/usr/src/debug/perl-5.32.1-2 -fdebug-prefix-map=/mnt/share/cygpkgs/perl/perl.x86_64/src/perl-5.32.1=/usr/src/debug/perl-5.32.1-2 -fwrapv -fno-strict-aliasing'
    optimize='-O3'
    cppflags='-DPERL_USE_SAFE_PUTENV -U__STRICT_ANSI__ -D_GNU_SOURCE -ggdb -O2 -pipe -Wall -Werror=format-security -D_FORTIFY_SOURCE=2 -fstack-protector-strong --param=ssp-buffer-size=4 -fdebug-prefix-map=/mnt/share/cygpkgs/perl/perl.x86_64/build=/usr/src/debug/perl-5.32.1-2 -fdebug-prefix-map=/mnt/share/cygpkgs/perl/perl.x86_64/src/perl-5.32.1=/usr/src/debug/perl-5.32.1-2 -fwrapv -fno-strict-aliasing'
    ccversion=''
    gccversion='10.2.0'
    gccosandvers=''
    intsize=4
    longsize=8
    ptrsize=8
    doublesize=8
    byteorder=12345678
    doublekind=3
    d_longlong=define
    longlongsize=8
    d_longdbl=define
    longdblsize=16
    longdblkind=3
    ivtype='long'
    ivsize=8
    nvtype='double'
    nvsize=8
    Off_t='off_t'
    lseeksize=8
    alignbytes=8
    prototype=define
  Linker and Libraries:
    ld='g++'
    ldflags =' -Wl,--enable-auto-import -Wl,--export-all-symbols -Wl,--enable-auto-image-base -fstack-protector-strong'
    libpth=/usr/lib
    libs=-lpthread -lnsl -lgdbm -ldb -ldl -lcrypt -lgdbm_compat
    perllibs=-lpthread -lnsl -ldl -lcrypt
    libc=/usr/lib/libcygwin.a
    so=dll
    useshrplib=true
    libperl=cygperl5_32.dll
    gnulibc_version=''
  Dynamic Linking:
    dlsrc=dl_dlopen.xs
    dlext=dll
    d_dlsymun=undef
    ccdlflags=' '
    cccdlflags=' '
    lddlflags=' --shared  -Wl,--enable-auto-import -Wl,--export-all-symbols -Wl,--enable-auto-image-base -fstack-protector-strong'


Characteristics of this binary (from libperl): 
  Compile-time options:
    HAS_TIMES
    MULTIPLICITY
    PERLIO_LAYERS
    PERL_COPY_ON_WRITE
    PERL_DONT_CREATE_GVSV
    PERL_IMPLICIT_CONTEXT
    PERL_OP_PARENT
    PERL_PRESERVE_IVUV
    PERL_USE_SAFE_PUTENV
    USE_64_BIT_ALL
    USE_64_BIT_INT
    USE_ITHREADS
    USE_LARGE_FILES
    USE_LOCALE
    USE_LOCALE_COLLATE
    USE_LOCALE_CTYPE
    USE_LOCALE_NUMERIC
    USE_LOCALE_TIME
    USE_PERLIO
    USE_PERL_ATOF
    USE_REENTRANT_API
    USE_THREAD_SAFE_LOCALE
  Locally applied patches:
    Cygwin: README
    Cygwin: use auto-image-base instead of fixed DLL base address
    Cygwin: modify hints
    Cygwin: Configure correct libsearch
    Cygwin: Configure correct libpth
    Cygwin: Encode fix for CVE-2021-36770
    Cygwin: Win32 correct UTF8 handling
  Built under cygwin
  Compiled at Aug 14 2021 09:07:12
  %ENV:
    PERL5LIB="/home/solimanod/.cpan/build/Tcl-1.27-0/blib/arch:/home/solimanod/.cpan/build/Tcl-1.27-0/blib/lib:/home/solimanod/.cpan/build/Class-ISA-0.36-1/blib/arch:/home/solimanod/.cpan/build/Class-ISA-0.36-1/blib/lib:/home/solimanod/perl5/lib/perl5"
    PERL5OPT=""
    PERL5_CPANPLUS_IS_RUNNING="13510"
    PERL5_CPAN_IS_RUNNING="13510"
    PERL5_CPAN_IS_RUNNING_IN_RECURSION="43675,13510"
    PERL_CR_SMOKER_CURRENT="Tcl-pTk-1.11"
    PERL_EXTUTILS_AUTOINSTALL="--defaultdeps"
    PERL_LOCAL_LIB_ROOT="/home/solimanod/perl5"
    PERL_MB_OPT="--install_base "/home/solimanod/perl5""
    PERL_MM_OPT="INSTALL_BASE=/home/solimanod/perl5"
    PERL_MM_USE_DEFAULT="1"
    PERL_USE_UNSAFE_INC="1"
  @INC:
    /home/solimanod/.cpan/build/Tcl-1.27-0/blib/arch
    /home/solimanod/.cpan/build/Tcl-1.27-0/blib/lib
    /home/solimanod/.cpan/build/Class-ISA-0.36-1/blib/arch
    /home/solimanod/.cpan/build/Class-ISA-0.36-1/blib/lib
    /home/solimanod/perl5/lib/perl5/5.32.1/x86_64-cygwin-threads-multi
    /home/solimanod/perl5/lib/perl5/5.32.1
    /home/solimanod/perl5/lib/perl5/x86_64-cygwin-threads-multi
    /home/solimanod/perl5/lib/perl5
    /usr/local/lib/perl5/site_perl/5.32/x86_64-cygwin-threads
    /usr/local/share/perl5/site_perl/5.32
    /usr/lib/perl5/vendor_perl/5.32/x86_64-cygwin-threads
    /usr/share/perl5/vendor_perl/5.32
    /usr/lib/perl5/5.32/x86_64-cygwin-threads
    /usr/share/perl5/5.32
    .