UniEvent v1.2.10 Perl 5 v5.35.9 x86_64-linux

Status
Fail
From
Slaven Rezić
Dist
UniEvent v1.2.10
Platform
Perl 5 v5.35.9 x86_64-linux
Date
2022-02-22T20:04:07
ID
9784a07e-941a-11ec-8b13-5c331f24ea8f
This distribution has been tested as part of the CPAN Testers
project, supporting the Perl programming language.  See
http://wiki.cpantesters.org/ for more information or email
questions to cpan-testers-discuss@perl.org


--
Dear Oleg Pronin,

This is a computer-generated report for UniEvent-1.2.10
on perl 5.35.9, created by CPAN-Reporter-1.2018.

Thank you for uploading your work to CPAN.  However, there was a problem
testing your distribution.

If you think this report is invalid, please consult the CPAN Testers Wiki
for suggestions on how to avoid getting FAIL reports for missing library
or binary dependencies, unsupported operating systems, and so on:

http://wiki.cpantesters.org/wiki/CPANAuthorNotes

Sections of this report:

    * Tester comments
    * Program output
    * Prerequisites
    * Environment and other context

------------------------------
TESTER COMMENTS
------------------------------

Additional comments from tester:

none provided

------------------------------
PROGRAM OUTPUT
------------------------------

Output from '/usr/bin/make test':

"/opt/perl-5.35.9/bin/perl5.35.9" -MExtUtils::Command::MM -e 'cp_nonempty' -- UniEvent.bs blib/arch/auto/UniEvent/UniEvent.bs 644
cd clib/build && cd ../cmake_props && make  unievent
make[1]: Entering directory '/home/cpansand/.cpan/build/2022022219/UniEvent-1.2.10-0/clib/cmake_props'
make[2]: Entering directory '/home/cpansand/.cpan/build/2022022219/UniEvent-1.2.10-0/clib/cmake_props'
make[3]: Entering directory '/home/cpansand/.cpan/build/2022022219/UniEvent-1.2.10-0/clib/cmake_props'
make[4]: Entering directory '/home/cpansand/.cpan/build/2022022219/UniEvent-1.2.10-0/clib/cmake_props'
make[4]: Leaving directory '/home/cpansand/.cpan/build/2022022219/UniEvent-1.2.10-0/clib/cmake_props'
[100%] Built target unievent
make[3]: Leaving directory '/home/cpansand/.cpan/build/2022022219/UniEvent-1.2.10-0/clib/cmake_props'
make[2]: Leaving directory '/home/cpansand/.cpan/build/2022022219/UniEvent-1.2.10-0/clib/cmake_props'
make[1]: Leaving directory '/home/cpansand/.cpan/build/2022022219/UniEvent-1.2.10-0/clib/cmake_props'
cd clib/build && make install > /dev/null 2>&1
/home/cpansand/.local/share/.cpan/build/2022022219/Alien-cmake3-0.08-0/blib/lib/auto/share/dist/Alien-cmake3/bin/cmake -E copy_directory clib/build/cmake_prefix/include blib/arch/UniEvent.x/i/
Skip blib/arch/UniEvent/Prepare.pod (unchanged)
Skip blib/arch/UniEvent/Handle.pm (unchanged)
Skip blib/arch/UniEvent/Check.pm (unchanged)
Skip blib/arch/UniEvent/Backend/UV.pm (unchanged)
Skip blib/arch/UniEvent/FsEvent.pod (unchanged)
Skip blib/arch/UniEvent/Error.pm (unchanged)
Skip blib/arch/UniEvent.pod (unchanged)
Skip blib/arch/UniEvent/Resolver.pod (unchanged)
Skip blib/arch/UniEvent/Fs.pm (unchanged)
Skip blib/arch/UniEvent/Idle.pm (unchanged)
Skip blib/arch/UniEvent/Resolver/Request.pm (unchanged)
Skip blib/arch/UniEvent/ResolveError.pod (unchanged)
Skip blib/arch/UniEvent/Request/Connect.pod (unchanged)
Skip blib/arch/UE.pm (unchanged)
Skip blib/arch/UniEvent/Request/Write.pod (unchanged)
Skip blib/arch/UniEvent/Pipe.pod (unchanged)
Skip blib/arch/UniEvent/Request/Shutdown.pod (unchanged)
Skip blib/arch/UniEvent/Poll.pm (unchanged)
Skip blib/arch/UE.pod (unchanged)
Skip blib/arch/UniEvent/Resolver.pm (unchanged)
Skip blib/arch/UniEvent/Backend.pm (unchanged)
Skip blib/arch/UniEvent/FsPoll.pm (unchanged)
Skip blib/arch/UniEvent/Loop.pod (unchanged)
Skip blib/arch/UniEvent/Request.pm (unchanged)
Skip blib/arch/UniEvent/Idle.pod (unchanged)
Skip blib/arch/UniEvent/Backend.pod (unchanged)
Skip blib/arch/UniEvent/FsPoll.pod (unchanged)
Skip blib/arch/UniEvent/Request/Send.pod (unchanged)
Skip blib/arch/UniEvent/Backend/UV.pod (unchanged)
Skip blib/arch/UniEvent.pm (unchanged)
Skip blib/arch/UniEvent/Error.pod (unchanged)
Skip blib/arch/UniEvent.x/info (unchanged)
Skip blib/arch/UniEvent/Loop.pm (unchanged)
Skip blib/arch/UniEvent/Check.pod (unchanged)
Skip blib/arch/UniEvent/Pipe.pm (unchanged)
Skip blib/arch/UniEvent/FsEvent.pm (unchanged)
Skip blib/arch/UniEvent/Poll.pod (unchanged)
Skip blib/arch/UniEvent/Prepare.pm (unchanged)
Skip blib/arch/UniEvent/Handle.pod (unchanged)
Skip blib/arch/UniEvent/Fs.pod (unchanged)
Skip blib/arch/UniEvent/SystemError.pod (unchanged)
Skip blib/arch/UniEvent/Udp.pod (unchanged)
Skip blib/arch/UniEvent/Streamer/StreamInput.pod (unchanged)
Skip blib/arch/UniEvent/Timer.pm (unchanged)
Skip blib/arch/UniEvent/Streamer/StreamOutput.pod (unchanged)
Skip blib/arch/UniEvent/StreamerError.pod (unchanged)
Skip blib/arch/UniEvent/Tcp.pod (unchanged)
Skip blib/arch/UniEvent/Tty.pm (unchanged)
Skip blib/arch/UniEvent/Streamer/IInput.pm (unchanged)
Skip blib/arch/UniEvent/Streamer/IInput.pod (unchanged)
Skip blib/arch/UniEvent/Signal.pod (unchanged)
Skip blib/arch/UniEvent/SystemError.pm (unchanged)
Skip blib/arch/UniEvent/Streamer/Output.pod (unchanged)
Skip blib/arch/UniEvent/Streamer.pod (unchanged)
Skip blib/arch/UniEvent/Streamer/FileInput.pm (unchanged)
Skip blib/arch/UniEvent/Stream.pm (unchanged)
Skip blib/arch/UniEvent/Test/Async.pm (unchanged)
Skip blib/arch/UniEvent/Streamer/StreamOutput.pm (unchanged)
Skip blib/arch/UniEvent/Streamer/IOutput.pm (unchanged)
Skip blib/arch/UniEvent/Streamer/FileOutput.pod (unchanged)
Skip blib/arch/UniEvent/Streamer/FileOutput.pm (unchanged)
Skip blib/arch/UniEvent/Streamer.pm (unchanged)
Skip blib/arch/UniEvent/Streamer/Input.pod (unchanged)
Skip blib/arch/UniEvent/Stream.pod (unchanged)
Skip blib/arch/UniEvent/Streamer/StreamInput.pm (unchanged)
Skip blib/arch/UniEvent/Signal.pm (unchanged)
Skip blib/arch/UniEvent/Streamer/Output.pm (unchanged)
Skip blib/arch/UniEvent/Streamer/Input.pm (unchanged)
Skip blib/arch/UniEvent/Udp.pm (unchanged)
Skip blib/arch/UniEvent/Timer.pod (unchanged)
Skip blib/arch/UniEvent/Streamer/IOutput.pod (unchanged)
Skip blib/arch/UniEvent/Tty.pod (unchanged)
Skip blib/arch/UniEvent/Tcp.pm (unchanged)
Skip blib/arch/UniEvent/Streamer/FileInput.pod (unchanged)
Skip blib/arch/UniEvent/Resolver/Request.pod (unchanged)
Skip blib/arch/UniEvent.x/i/xs/unievent/Resolver.h (unchanged)
Skip blib/arch/UniEvent.x/i/xs/unievent/Check.h (unchanged)
Skip blib/arch/UniEvent.x/i/xs/unievent/FsPoll.h (unchanged)
Skip blib/arch/UniEvent.x/i/xs/unievent/AddrInfo.h (unchanged)
Skip blib/arch/UniEvent.x/i/xs/unievent/Signal.h (unchanged)
Skip blib/arch/UniEvent/Work.pm (unchanged)
Skip blib/arch/UniEvent.x/i/xs/unievent/util.h (unchanged)
Skip blib/arch/UniEvent.x/i/xs/unievent/Pipe.h (unchanged)
Skip blib/arch/UniEvent.x/i/xs/unievent/FsEvent.h (unchanged)
Skip blib/arch/UniEvent.x/i/xs/unievent/Poll.h (unchanged)
Skip blib/arch/UniEvent.x/i/xs/unievent/Timer.h (unchanged)
Skip blib/arch/UniEvent.x/i/xs/unievent/Streamer.h (unchanged)
Skip blib/arch/UniEvent.x/i/xs/unievent/Listener.h (unchanged)
Skip blib/arch/UniEvent.x/i/xs/unievent/Request.h (unchanged)
Skip blib/arch/UniEvent.x/i/xs/unievent/Fs.h (unchanged)
Skip blib/arch/UniEvent.x/i/xs/unievent/Ssl.h (unchanged)
Skip blib/arch/UniEvent.x/i/xs/unievent/Udp.h (unchanged)
Skip blib/arch/UniEvent.x/i/xs/unievent/Tcp.h (unchanged)
Skip blib/arch/UniEvent.x/i/xs/unievent/Handle.h (unchanged)
Skip blib/arch/UniEvent.x/i/xs/unievent.h (unchanged)
Skip blib/arch/UniEvent.x/i/xs/unievent/Backend.h (unchanged)
Skip blib/arch/UniEvent.x/i/xs/unievent/Tty.h (unchanged)
Skip blib/arch/UniEvent.x/i/xs/unievent/Idle.h (unchanged)
Skip blib/arch/UniEvent.x/i/xs/unievent/Stream.h (unchanged)
Skip blib/arch/UniEvent.x/i/xs/unievent/Loop.h (unchanged)
Skip blib/arch/UniEvent.x/i/xs/unievent/Work.h (unchanged)
Skip blib/arch/UniEvent.x/i/xs/unievent/Prepare.h (unchanged)
Skip blib/arch/UniEvent.x/i/xs/unievent/error.h (unchanged)
"/opt/perl-5.35.9/bin/perl5.35.9" -Ilib -MXS::Install::ParseXS -MXS::Framework::ParseXS "/opt/perl-5.35.9/lib/5.35.9/ExtUtils/xsubpp"  -hiertype -C++ -hiertype -C++ -typemap '/opt/perl-5.35.9/lib/5.35.9/ExtUtils/typemap' -typemap '/home/cpansand/.cpan/build/2022022219/XS-Install-1.3.5-0/blib/lib/XS/Install.x/tm/typemap' -typemap '/home/cpansand/.cpan/build/2022022219/XS-Framework-1.5.2-0/blib/arch/XS/Framework.x/tm/typemap64' -typemap '/home/cpansand/.cpan/build/2022022219/XS-Framework-1.5.2-0/blib/arch/XS/Framework.x/tm/typemap' -typemap '/home/cpansand/.cpan/build/2022022219/XS-Install-1.3.5-0/blib/lib/XS/Install.x/tm/typemap' -typemap '/home/cpansand/.cpan/build/2022022219/XS-Framework-1.5.2-0/blib/arch/XS/Framework.x/tm/typemap64' -typemap '/home/cpansand/.cpan/build/2022022219/XS-Framework-1.5.2-0/blib/arch/XS/Framework.x/tm/typemap' -csuffix _xsgen.cc  t/lib/MyTest.xs > t/lib/MyTest.xsc
mv t/lib/MyTest.xsc t/lib/MyTest_xsgen.cc
c++ -c  -Isrc -I/home/cpansand/.cpan/build/2022022219/UniEvent-1.2.10-0/clib/src -I/home/cpansand/.cpan/build/2022022219/UniEvent-1.2.10-0/clib/backend-uv/src -I/home/cpansand/.cpan/build/2022022219/UniEvent-1.2.10-0/clib/backend-uv/include -I/usr/include -I/home/cpansand/.cpan/build/2022022219/UniEvent-1.2.10-0/clib/src -I/home/cpansand/.cpan/build/2022022219/UniEvent-1.2.10-0/clib/backend-uv/src -I/home/cpansand/.cpan/build/2022022219/UniEvent-1.2.10-0/clib/backend-uv/include -I/usr/include -I/home/cpansand/.cpan/build/2022022219/XS-libuv-1.41.0.0-0/blib/arch/XS/libuv.x/i -I/home/cpansand/.cpan/build/2022022219/XS-Install-1.3.5-0/blib/lib/XS/Install.x/i -I/home/cpansand/.cpan/build/2022022219/XS-libcares-1.17.1.2-0/blib/arch/XS/libcares.x/i -I/home/cpansand/.cpan/build/2022022219/Net-SockAddr-1.1.2-0/blib/arch/Net/SockAddr.x/i -I/home/cpansand/.cpan/build/2022022219/XS-Framework-1.5.2-0/blib/arch/XS/Framework.x/i -I/home/cpansand/.cpan/build/2022022219/XS-libpanda-1.5.8-0/blib/arch/XS/libpanda.x/i -I/home/cpansand/.cpan/build/2022022219/next-XS-1.0.7-0/blib/arch/next/XS.x/i -I/home/cpansand/.cpan/build/2022022219/Export-XS-3.0.5-0/blib/arch/Export/XS.x/i -I/home/cpansand/.cpan/build/2022022219/XLog-1.1.2-0/blib/arch/XLog.x/i -I/home/cpansand/.cpan/build/2022022219/XS-libcatch-3.0.0.4-0/blib/arch/XS/libcatch.x/i -I/usr/include -Wall -Wextra -std=c++14 -fwrapv -fno-strict-aliasing -pipe -fstack-protector-strong -I/usr/local/include -D_LARGEFILE_SOURCE -D_FILE_OFFSET_BITS=64 -o t/lib/MyTest_xsgen.o -O0   -DVERSION=\"0.0.0\" -DXS_VERSION=\"0.0.0\" -fPIC "-I/opt/perl-5.35.9/lib/5.35.9/x86_64-linux/CORE"  -DCARES_STATICLIB -DCARES_STATICLIB t/lib/MyTest_xsgen.cc
In file included from /home/cpansand/.cpan/build/2022022219/XS-Framework-1.5.2-0/blib/arch/XS/Framework.x/i/xs.h:2,
                 from src/xs/unievent/Ssl.h:2,
                 from src/xs/unievent.h:2,
                 from t/lib/MyTest.xs:3:
/home/cpansand/.cpan/build/2022022219/XS-Framework-1.5.2-0/blib/arch/XS/Framework.x/i/xs/basic.h:8: warning: "PERL_THREAD_LOCAL" redefined
    8 |     #define PERL_THREAD_LOCAL
      | 
In file included from /opt/perl-5.35.9/lib/5.35.9/x86_64-linux/CORE/perl.h:28,
                 from /home/cpansand/.cpan/build/2022022219/XS-Install-1.3.5-0/blib/lib/XS/Install.x/i/xsheader.h:20,
                 from /home/cpansand/.cpan/build/2022022219/XS-Framework-1.5.2-0/blib/arch/XS/Framework.x/i/xs/basic.h:2,
                 from /home/cpansand/.cpan/build/2022022219/XS-Framework-1.5.2-0/blib/arch/XS/Framework.x/i/xs.h:2,
                 from src/xs/unievent/Ssl.h:2,
                 from src/xs/unievent.h:2,
                 from t/lib/MyTest.xs:3:
/opt/perl-5.35.9/lib/5.35.9/x86_64-linux/CORE/config.h:5154: note: this is the location of the previous definition
 5154 | #define PERL_THREAD_LOCAL _Thread_local /**/
      | 
Running Mkbootstrap for MyTest ()
chmod 644 "MyTest.bs"
"/opt/perl-5.35.9/bin/perl5.35.9" -MExtUtils::Command::MM -e 'cp_nonempty' -- MyTest.bs blib/arch/auto/MyTest/MyTest.bs 644
cd clib/build && cd ../cmake_props && make  unievent-tests
[ 55%] Built target unievent
[ 57%] Building CXX object ../build/CMakeFiles/unievent-tests.dir/tests/async.cc.o
In file included from /home/cpansand/.cpan/build/2022022219/XS-libcatch-3.0.0.4-0/blib/arch/XS/libcatch.x/i/catch2/catch_test_macros.hpp:11,
                 from /home/cpansand/.cpan/build/2022022219/XS-libpanda-1.5.8-0/blib/arch/XS/libpanda.x/i/panda/test/catch.h:3,
                 from /home/cpansand/.cpan/build/2022022219/UniEvent-1.2.10-0/clib/tests/lib/test.h:5,
                 from /home/cpansand/.cpan/build/2022022219/UniEvent-1.2.10-0/clib/tests/async.cc:1:
/home/cpansand/.cpan/build/2022022219/UniEvent-1.2.10-0/clib/tests/async.cc: In instantiation of ‘CATCH2_INTERNAL_TEST_10()::<lambda(auto:31)> [with auto:31 = CATCH2_INTERNAL_TEST_10()::Lst]’:
/home/cpansand/.cpan/build/2022022219/UniEvent-1.2.10-0/clib/tests/async.cc:70:16:   required from here
/home/cpansand/.cpan/build/2022022219/XS-libcatch-3.0.0.4-0/blib/arch/XS/libcatch.x/i/catch2/internal/catch_test_macro_impl.hpp:56:67: warning: suggest parentheses around comparison in operand of ‘==’ [-Wparentheses]
   56 |             catchAssertionHandler.handleExpr( Catch::Decomposer() <= __VA_ARGS__ ); \
/home/cpansand/.cpan/build/2022022219/XS-libcatch-3.0.0.4-0/blib/arch/XS/libcatch.x/i/catch2/catch_test_macros.hpp:130:24: note: in expansion of macro ‘INTERNAL_CATCH_TEST’
  130 |   #define CHECK( ... ) INTERNAL_CATCH_TEST( "CHECK", Catch::ResultDisposition::ContinueOnFailure, __VA_ARGS__ )
      |                        ^~~~~~~~~~~~~~~~~~~
/home/cpansand/.cpan/build/2022022219/UniEvent-1.2.10-0/clib/tests/async.cc:62:9: note: in expansion of macro ‘CHECK’
   62 |         CHECK(lst.cnt == 11);
      |         ^~~~~
/home/cpansand/.cpan/build/2022022219/UniEvent-1.2.10-0/clib/tests/async.cc: In instantiation of ‘CATCH2_INTERNAL_TEST_10()::<lambda(auto:31)> [with auto:31 = CATCH2_INTERNAL_TEST_10()::Lst]’:
/home/cpansand/.cpan/build/2022022219/UniEvent-1.2.10-0/clib/tests/async.cc:77:16:   required from here
/home/cpansand/.cpan/build/2022022219/XS-libcatch-3.0.0.4-0/blib/arch/XS/libcatch.x/i/catch2/internal/catch_test_macro_impl.hpp:56:67: warning: suggest parentheses around comparison in operand of ‘==’ [-Wparentheses]
   56 |             catchAssertionHandler.handleExpr( Catch::Decomposer() <= __VA_ARGS__ ); \
/home/cpansand/.cpan/build/2022022219/XS-libcatch-3.0.0.4-0/blib/arch/XS/libcatch.x/i/catch2/catch_test_macros.hpp:130:24: note: in expansion of macro ‘INTERNAL_CATCH_TEST’
  130 |   #define CHECK( ... ) INTERNAL_CATCH_TEST( "CHECK", Catch::ResultDisposition::ContinueOnFailure, __VA_ARGS__ )
      |                        ^~~~~~~~~~~~~~~~~~~
/home/cpansand/.cpan/build/2022022219/UniEvent-1.2.10-0/clib/tests/async.cc:62:9: note: in expansion of macro ‘CHECK’
   62 |         CHECK(lst.cnt == 11);
      |         ^~~~~
[ 57%] Building CXX object ../build/CMakeFiles/unievent-tests.dir/tests/async_test.cc.o
[ 59%] Building CXX object ../build/CMakeFiles/unievent-tests.dir/tests/backend.cc.o
[ 61%] Building CXX object ../build/CMakeFiles/unievent-tests.dir/tests/bench.cc.o
[ 62%] Building CXX object ../build/CMakeFiles/unievent-tests.dir/tests/check.cc.o
In file included from /home/cpansand/.cpan/build/2022022219/XS-libcatch-3.0.0.4-0/blib/arch/XS/libcatch.x/i/catch2/catch_test_macros.hpp:11,
                 from /home/cpansand/.cpan/build/2022022219/XS-libpanda-1.5.8-0/blib/arch/XS/libpanda.x/i/panda/test/catch.h:3,
                 from /home/cpansand/.cpan/build/2022022219/UniEvent-1.2.10-0/clib/tests/lib/test.h:5,
                 from /home/cpansand/.cpan/build/2022022219/UniEvent-1.2.10-0/clib/tests/check.cc:1:
/home/cpansand/.cpan/build/2022022219/UniEvent-1.2.10-0/clib/tests/check.cc: In instantiation of ‘CATCH2_INTERNAL_TEST_6()::<lambda(auto:32)> [with auto:32 = CATCH2_INTERNAL_TEST_6()::Lst]’:
/home/cpansand/.cpan/build/2022022219/UniEvent-1.2.10-0/clib/tests/check.cc:59:16:   required from here
/home/cpansand/.cpan/build/2022022219/XS-libcatch-3.0.0.4-0/blib/arch/XS/libcatch.x/i/catch2/internal/catch_test_macro_impl.hpp:56:67: warning: suggest parentheses around comparison in operand of ‘==’ [-Wparentheses]
   56 |             catchAssertionHandler.handleExpr( Catch::Decomposer() <= __VA_ARGS__ ); \
/home/cpansand/.cpan/build/2022022219/XS-libcatch-3.0.0.4-0/blib/arch/XS/libcatch.x/i/catch2/catch_test_macros.hpp:130:24: note: in expansion of macro ‘INTERNAL_CATCH_TEST’
  130 |   #define CHECK( ... ) INTERNAL_CATCH_TEST( "CHECK", Catch::ResultDisposition::ContinueOnFailure, __VA_ARGS__ )
      |                        ^~~~~~~~~~~~~~~~~~~
/home/cpansand/.cpan/build/2022022219/UniEvent-1.2.10-0/clib/tests/check.cc:52:9: note: in expansion of macro ‘CHECK’
   52 |         CHECK(lst.cnt == 11);
      |         ^~~~~
/home/cpansand/.cpan/build/2022022219/UniEvent-1.2.10-0/clib/tests/check.cc: In instantiation of ‘CATCH2_INTERNAL_TEST_6()::<lambda(auto:32)> [with auto:32 = CATCH2_INTERNAL_TEST_6()::Lst]’:
/home/cpansand/.cpan/build/2022022219/UniEvent-1.2.10-0/clib/tests/check.cc:66:16:   required from here
/home/cpansand/.cpan/build/2022022219/XS-libcatch-3.0.0.4-0/blib/arch/XS/libcatch.x/i/catch2/internal/catch_test_macro_impl.hpp:56:67: warning: suggest parentheses around comparison in operand of ‘==’ [-Wparentheses]
   56 |             catchAssertionHandler.handleExpr( Catch::Decomposer() <= __VA_ARGS__ ); \
/home/cpansand/.cpan/build/2022022219/XS-libcatch-3.0.0.4-0/blib/arch/XS/libcatch.x/i/catch2/catch_test_macros.hpp:130:24: note: in expansion of macro ‘INTERNAL_CATCH_TEST’
  130 |   #define CHECK( ... ) INTERNAL_CATCH_TEST( "CHECK", Catch::ResultDisposition::ContinueOnFailure, __VA_ARGS__ )
      |                        ^~~~~~~~~~~~~~~~~~~
/home/cpansand/.cpan/build/2022022219/UniEvent-1.2.10-0/clib/tests/check.cc:52:9: note: in expansion of macro ‘CHECK’
   52 |         CHECK(lst.cnt == 11);
      |         ^~~~~
[ 64%] Building CXX object ../build/CMakeFiles/unievent-tests.dir/tests/fs.cc.o
In file included from /home/cpansand/.cpan/build/2022022219/XS-libcatch-3.0.0.4-0/blib/arch/XS/libcatch.x/i/catch2/catch_test_macros.hpp:11,
                 from /home/cpansand/.cpan/build/2022022219/XS-libpanda-1.5.8-0/blib/arch/XS/libpanda.x/i/panda/test/catch.h:3,
                 from /home/cpansand/.cpan/build/2022022219/UniEvent-1.2.10-0/clib/tests/lib/test.h:5,
                 from /home/cpansand/.cpan/build/2022022219/UniEvent-1.2.10-0/clib/tests/fs.cc:1:
/home/cpansand/.cpan/build/2022022219/UniEvent-1.2.10-0/clib/tests/fs.cc: In instantiation of ‘async::CATCH2_INTERNAL_TEST_82()::<lambda(auto:35&, auto:36)> [with auto:35 = const std::error_code; auto:36 = panda::iptr<panda::unievent::Fs::Request>]’:
/home/cpansand/.cpan/build/2022022219/XS-libpanda-1.5.8-0/blib/arch/XS/libpanda.x/i/panda/log/../traits.h:44:77:   required by substitution of ‘template<class U> static decltype ((declval<U>()(declval<const std::error_code&>(), declval<const panda::iptr<panda::unievent::Fs::Request>&>()), panda::has_call_operator<async::CATCH2_INTERNAL_TEST_82()::<lambda(auto:35&, auto:36)>, const std::error_code&, const panda::iptr<panda::unievent::Fs::Request>&>::yes())) panda::has_call_operator<async::CATCH2_INTERNAL_TEST_82()::<lambda(auto:35&, auto:36)>, const std::error_code&, const panda::iptr<panda::unievent::Fs::Request>&>::test<U>(int) [with U = async::CATCH2_INTERNAL_TEST_82()::<lambda(auto:35&, auto:36)>]’
/home/cpansand/.cpan/build/2022022219/XS-libpanda-1.5.8-0/blib/arch/XS/libpanda.x/i/panda/log/../traits.h:48:64:   required from ‘constexpr const bool panda::has_call_operator<async::CATCH2_INTERNAL_TEST_82()::<lambda(auto:35&, auto:36)>, const std::error_code&, const panda::iptr<panda::unievent::Fs::Request>&>::value’
/home/cpansand/.cpan/build/2022022219/XS-libpanda-1.5.8-0/blib/arch/XS/libpanda.x/i/panda/log/../function_utils.h:184:108:   required by substitution of ‘template<class Ret, class ... Args, class Functor, bool IsComp, class DeFunctor, class, class, class> panda::iptr<panda::function_details::abstract_function<DeFunctor, Ret, IsComp, Args ...> > panda::function_details::make_abstract_function(Functor&&) [with Ret = void; Args = {const std::error_code&, const panda::iptr<panda::unievent::Fs::Request>&}; Functor = async::CATCH2_INTERNAL_TEST_82()::<lambda(auto:35&, auto:36)>; bool IsComp = false; DeFunctor = async::CATCH2_INTERNAL_TEST_82()::<lambda(auto:35&, auto:36)>; <template-parameter-1-6> = <missing>; <template-parameter-1-7> = <missing>; <template-parameter-1-8> = <missing>]’
/home/cpansand/.cpan/build/2022022219/XS-libpanda-1.5.8-0/blib/arch/XS/libpanda.x/i/panda/log/../function.h:25:88:   required by substitution of ‘template<class ... F, class, class> panda::function<void, const std::error_code&, const panda::iptr<panda::unievent::Fs::Request>&>::function<F ..., <template-parameter-1-2>, <template-parameter-1-3> >(F&& ...) [with F = {async::CATCH2_INTERNAL_TEST_82()::<lambda(auto:35&, auto:36)>}; <template-parameter-1-2> = <missing>; <template-parameter-1-3> = <missing>]’
/home/cpansand/.cpan/build/2022022219/UniEvent-1.2.10-0/clib/tests/fs.cc:465:18:   required from here
/home/cpansand/.cpan/build/2022022219/XS-libcatch-3.0.0.4-0/blib/arch/XS/libcatch.x/i/catch2/internal/catch_test_macro_impl.hpp:56:67: warning: suggest parentheses around comparison in operand of ‘==’ [-Wparentheses]
   56 |             catchAssertionHandler.handleExpr( Catch::Decomposer() <= __VA_ARGS__ ); \
/home/cpansand/.cpan/build/2022022219/XS-libcatch-3.0.0.4-0/blib/arch/XS/libcatch.x/i/catch2/catch_test_macros.hpp:130:24: note: in expansion of macro ‘INTERNAL_CATCH_TEST’
  130 |   #define CHECK( ... ) INTERNAL_CATCH_TEST( "CHECK", Catch::ResultDisposition::ContinueOnFailure, __VA_ARGS__ )
      |                        ^~~~~~~~~~~~~~~~~~~
/home/cpansand/.cpan/build/2022022219/UniEvent-1.2.10-0/clib/tests/fs.cc:464:13: note: in expansion of macro ‘CHECK’
  464 |             CHECK(err == std::errc::file_exists);
      |             ^~~~~
/home/cpansand/.cpan/build/2022022219/UniEvent-1.2.10-0/clib/tests/fs.cc: In instantiation of ‘async::CATCH2_INTERNAL_TEST_86()::<lambda(auto:37&, auto:38)> [with auto:37 = const std::error_code; auto:38 = panda::iptr<panda::unievent::Fs::Request>]’:
/home/cpansand/.cpan/build/2022022219/XS-libpanda-1.5.8-0/blib/arch/XS/libpanda.x/i/panda/log/../traits.h:44:77:   required by substitution of ‘template<class U> static decltype ((declval<U>()(declval<const std::error_code&>(), declval<const panda::iptr<panda::unievent::Fs::Request>&>()), panda::has_call_operator<async::CATCH2_INTERNAL_TEST_86()::<lambda(auto:37&, auto:38)>, const std::error_code&, const panda::iptr<panda::unievent::Fs::Request>&>::yes())) panda::has_call_operator<async::CATCH2_INTERNAL_TEST_86()::<lambda(auto:37&, auto:38)>, const std::error_code&, const panda::iptr<panda::unievent::Fs::Request>&>::test<U>(int) [with U = async::CATCH2_INTERNAL_TEST_86()::<lambda(auto:37&, auto:38)>]’
/home/cpansand/.cpan/build/2022022219/XS-libpanda-1.5.8-0/blib/arch/XS/libpanda.x/i/panda/log/../traits.h:48:64:   required from ‘constexpr const bool panda::has_call_operator<async::CATCH2_INTERNAL_TEST_86()::<lambda(auto:37&, auto:38)>, const std::error_code&, const panda::iptr<panda::unievent::Fs::Request>&>::value’
/home/cpansand/.cpan/build/2022022219/XS-libpanda-1.5.8-0/blib/arch/XS/libpanda.x/i/panda/log/../function_utils.h:184:108:   required by substitution of ‘template<class Ret, class ... Args, class Functor, bool IsComp, class DeFunctor, class, class, class> panda::iptr<panda::function_details::abstract_function<DeFunctor, Ret, IsComp, Args ...> > panda::function_details::make_abstract_function(Functor&&) [with Ret = void; Args = {const std::error_code&, const panda::iptr<panda::unievent::Fs::Request>&}; Functor = async::CATCH2_INTERNAL_TEST_86()::<lambda(auto:37&, auto:38)>; bool IsComp = false; DeFunctor = async::CATCH2_INTERNAL_TEST_86()::<lambda(auto:37&, auto:38)>; <template-parameter-1-6> = <missing>; <template-parameter-1-7> = <missing>; <template-parameter-1-8> = <missing>]’
/home/cpansand/.cpan/build/2022022219/XS-libpanda-1.5.8-0/blib/arch/XS/libpanda.x/i/panda/log/../function.h:25:88:   required by substitution of ‘template<class ... F, class, class> panda::function<void, const std::error_code&, const panda::iptr<panda::unievent::Fs::Request>&>::function<F ..., <template-parameter-1-2>, <template-parameter-1-3> >(F&& ...) [with F = {async::CATCH2_INTERNAL_TEST_86()::<lambda(auto:37&, auto:38)>}; <template-parameter-1-2> = <missing>; <template-parameter-1-3> = <missing>]’
/home/cpansand/.cpan/build/2022022219/UniEvent-1.2.10-0/clib/tests/fs.cc:476:18:   required from here
/home/cpansand/.cpan/build/2022022219/XS-libcatch-3.0.0.4-0/blib/arch/XS/libcatch.x/i/catch2/internal/catch_test_macro_impl.hpp:56:67: warning: suggest parentheses around comparison in operand of ‘==’ [-Wparentheses]
   56 |             catchAssertionHandler.handleExpr( Catch::Decomposer() <= __VA_ARGS__ ); \
/home/cpansand/.cpan/build/2022022219/XS-libcatch-3.0.0.4-0/blib/arch/XS/libcatch.x/i/catch2/catch_test_macros.hpp:130:24: note: in expansion of macro ‘INTERNAL_CATCH_TEST’
  130 |   #define CHECK( ... ) INTERNAL_CATCH_TEST( "CHECK", Catch::ResultDisposition::ContinueOnFailure, __VA_ARGS__ )
      |                        ^~~~~~~~~~~~~~~~~~~
/home/cpansand/.cpan/build/2022022219/UniEvent-1.2.10-0/clib/tests/fs.cc:475:13: note: in expansion of macro ‘CHECK’
  475 |             CHECK(err == std::errc::no_such_file_or_directory);
      |             ^~~~~
/home/cpansand/.cpan/build/2022022219/UniEvent-1.2.10-0/clib/tests/fs.cc: In instantiation of ‘async::CATCH2_INTERNAL_TEST_92()::<lambda(auto:39&, auto:40&, auto:41)> [with auto:39 = const std::vector<panda::unievent::Fs::DirEntry>; auto:40 = const std::error_code; auto:41 = panda::iptr<panda::unievent::Fs::Request>]’:
/home/cpansand/.cpan/build/2022022219/XS-libpanda-1.5.8-0/blib/arch/XS/libpanda.x/i/panda/log/../traits.h:44:77:   required by substitution of ‘template<class U> static decltype ((declval<U>()(declval<const std::vector<panda::unievent::Fs::DirEntry, std::allocator<panda::unievent::Fs::DirEntry> >&>(), declval<const std::error_code&>(), declval<const panda::iptr<panda::unievent::Fs::Request>&>()), panda::has_call_operator<async::CATCH2_INTERNAL_TEST_92()::<lambda(auto:39&, auto:40&, auto:41)>, const std::vector<panda::unievent::Fs::DirEntry, std::allocator<panda::unievent::Fs::DirEntry> >&, const std::error_code&, const panda::iptr<panda::unievent::Fs::Request>&>::yes())) panda::has_call_operator<async::CATCH2_INTERNAL_TEST_92()::<lambda(auto:39&, auto:40&, auto:41)>, const std::vector<panda::unievent::Fs::DirEntry, std::allocator<panda::unievent::Fs::DirEntry> >&, const std::error_code&, const panda::iptr<panda::unievent::Fs::Request>&>::test<U>(int) [with U = async::CATCH2_INTERNAL_TEST_92()::<lambda(auto:39&, auto:40&, auto:41)>]’
/home/cpansand/.cpan/build/2022022219/XS-libpanda-1.5.8-0/blib/arch/XS/libpanda.x/i/panda/log/../traits.h:48:64:   required from ‘constexpr const bool panda::has_call_operator<async::CATCH2_INTERNAL_TEST_92()::<lambda(auto:39&, auto:40&, auto:41)>, const std::vector<panda::unievent::Fs::DirEntry, std::allocator<panda::unievent::Fs::DirEntry> >&, const std::error_code&, const panda::iptr<panda::unievent::Fs::Request>&>::value’
/home/cpansand/.cpan/build/2022022219/XS-libpanda-1.5.8-0/blib/arch/XS/libpanda.x/i/panda/log/../function_utils.h:184:108:   required by substitution of ‘template<class Ret, class ... Args, class Functor, bool IsComp, class DeFunctor, class, class, class> panda::iptr<panda::function_details::abstract_function<DeFunctor, Ret, IsComp, Args ...> > panda::function_details::make_abstract_function(Functor&&) [with Ret = void; Args = {const std::vector<panda::unievent::Fs::DirEntry, std::allocator<panda::unievent::Fs::DirEntry> >&, const std::error_code&, const panda::iptr<panda::unievent::Fs::Request>&}; Functor = async::CATCH2_INTERNAL_TEST_92()::<lambda(auto:39&, auto:40&, auto:41)>; bool IsComp = false; DeFunctor = async::CATCH2_INTERNAL_TEST_92()::<lambda(auto:39&, auto:40&, auto:41)>; <template-parameter-1-6> = <missing>; <template-parameter-1-7> = <missing>; <template-parameter-1-8> = <missing>]’
/home/cpansand/.cpan/build/2022022219/XS-libpanda-1.5.8-0/blib/arch/XS/libpanda.x/i/panda/log/../function.h:25:88:   required by substitution of ‘template<class ... F, class, class> panda::function<void, const std::vector<panda::unievent::Fs::DirEntry, std::allocator<panda::unievent::Fs::DirEntry> >&, const std::error_code&, const panda::iptr<panda::unievent::Fs::Request>&>::function<F ..., <template-parameter-1-2>, <template-parameter-1-3> >(F&& ...) [with F = {async::CATCH2_INTERNAL_TEST_92()::<lambda(auto:39&, auto:40&, auto:41)>}; <template-parameter-1-2> = <missing>; <template-parameter-1-3> = <missing>]’
/home/cpansand/.cpan/build/2022022219/UniEvent-1.2.10-0/clib/tests/fs.cc:514:14:   required from here
/home/cpansand/.cpan/build/2022022219/XS-libcatch-3.0.0.4-0/blib/arch/XS/libcatch.x/i/catch2/internal/catch_test_macro_impl.hpp:56:67: warning: suggest parentheses around comparison in operand of ‘==’ [-Wparentheses]
   56 |             catchAssertionHandler.handleExpr( Catch::Decomposer() <= __VA_ARGS__ ); \
/home/cpansand/.cpan/build/2022022219/XS-libcatch-3.0.0.4-0/blib/arch/XS/libcatch.x/i/catch2/catch_test_macros.hpp:123:26: note: in expansion of macro ‘INTERNAL_CATCH_TEST’
  123 |   #define REQUIRE( ... ) INTERNAL_CATCH_TEST( "REQUIRE", Catch::ResultDisposition::Normal, __VA_ARGS__  )
      |                          ^~~~~~~~~~~~~~~~~~~
/home/cpansand/.cpan/build/2022022219/UniEvent-1.2.10-0/clib/tests/fs.cc:505:9: note: in expansion of macro ‘REQUIRE’
  505 |         REQUIRE(list.size() == 4);
      |         ^~~~~~~
/home/cpansand/.cpan/build/2022022219/XS-libcatch-3.0.0.4-0/blib/arch/XS/libcatch.x/i/catch2/internal/catch_test_macro_impl.hpp:56:67: warning: suggest parentheses around comparison in operand of ‘==’ [-Wparentheses]
   56 |             catchAssertionHandler.handleExpr( Catch::Decomposer() <= __VA_ARGS__ ); \
/home/cpansand/.cpan/build/2022022219/XS-libcatch-3.0.0.4-0/blib/arch/XS/libcatch.x/i/catch2/catch_test_macros.hpp:130:24: note: in expansion of macro ‘INTERNAL_CATCH_TEST’
  130 |   #define CHECK( ... ) INTERNAL_CATCH_TEST( "CHECK", Catch::ResultDisposition::ContinueOnFailure, __VA_ARGS__ )
      |                        ^~~~~~~~~~~~~~~~~~~
/home/cpansand/.cpan/build/2022022219/UniEvent-1.2.10-0/clib/tests/fs.cc:506:9: note: in expansion of macro ‘CHECK’
  506 |         CHECK(list[0].name() == "adir");
      |         ^~~~~
/home/cpansand/.cpan/build/2022022219/XS-libcatch-3.0.0.4-0/blib/arch/XS/libcatch.x/i/catch2/internal/catch_test_macro_impl.hpp:56:67: warning: suggest parentheses around comparison in operand of ‘==’ [-Wparentheses]
   56 |             catchAssertionHandler.handleExpr( Catch::Decomposer() <= __VA_ARGS__ ); \
/home/cpansand/.cpan/build/2022022219/XS-libcatch-3.0.0.4-0/blib/arch/XS/libcatch.x/i/catch2/catch_test_macros.hpp:130:24: note: in expansion of macro ‘INTERNAL_CATCH_TEST’
  130 |   #define CHECK( ... ) INTERNAL_CATCH_TEST( "CHECK", Catch::ResultDisposition::ContinueOnFailure, __VA_ARGS__ )
      |                        ^~~~~~~~~~~~~~~~~~~
/home/cpansand/.cpan/build/2022022219/UniEvent-1.2.10-0/clib/tests/fs.cc:507:9: note: in expansion of macro ‘CHECK’
  507 |         CHECK(list[0].type() == Fs::FileType::DIR);
      |         ^~~~~
/home/cpansand/.cpan/build/2022022219/XS-libcatch-3.0.0.4-0/blib/arch/XS/libcatch.x/i/catch2/internal/catch_test_macro_impl.hpp:56:67: warning: suggest parentheses around comparison in operand of ‘==’ [-Wparentheses]
   56 |             catchAssertionHandler.handleExpr( Catch::Decomposer() <= __VA_ARGS__ ); \
/home/cpansand/.cpan/build/2022022219/XS-libcatch-3.0.0.4-0/blib/arch/XS/libcatch.x/i/catch2/catch_test_macros.hpp:130:24: note: in expansion of macro ‘INTERNAL_CATCH_TEST’
  130 |   #define CHECK( ... ) INTERNAL_CATCH_TEST( "CHECK", Catch::ResultDisposition::ContinueOnFailure, __VA_ARGS__ )
      |                        ^~~~~~~~~~~~~~~~~~~
/home/cpansand/.cpan/build/2022022219/UniEvent-1.2.10-0/clib/tests/fs.cc:508:9: note: in expansion of macro ‘CHECK’
  508 |         CHECK(list[1].name() == "afile");
      |         ^~~~~
/home/cpansand/.cpan/build/2022022219/XS-libcatch-3.0.0.4-0/blib/arch/XS/libcatch.x/i/catch2/internal/catch_test_macro_impl.hpp:56:67: warning: suggest parentheses around comparison in operand of ‘==’ [-Wparentheses]
   56 |             catchAssertionHandler.handleExpr( Catch::Decomposer() <= __VA_ARGS__ ); \
/home/cpansand/.cpan/build/2022022219/XS-libcatch-3.0.0.4-0/blib/arch/XS/libcatch.x/i/catch2/catch_test_macros.hpp:130:24: note: in expansion of macro ‘INTERNAL_CATCH_TEST’
  130 |   #define CHECK( ... ) INTERNAL_CATCH_TEST( "CHECK", Catch::ResultDisposition::ContinueOnFailure, __VA_ARGS__ )
      |                        ^~~~~~~~~~~~~~~~~~~
/home/cpansand/.cpan/build/2022022219/UniEvent-1.2.10-0/clib/tests/fs.cc:509:9: note: in expansion of macro ‘CHECK’
  509 |         CHECK(list[1].type() == Fs::FileType::FILE);
      |         ^~~~~
/home/cpansand/.cpan/build/2022022219/XS-libcatch-3.0.0.4-0/blib/arch/XS/libcatch.x/i/catch2/internal/catch_test_macro_impl.hpp:56:67: warning: suggest parentheses around comparison in operand of ‘==’ [-Wparentheses]
   56 |             catchAssertionHandler.handleExpr( Catch::Decomposer() <= __VA_ARGS__ ); \
/home/cpansand/.cpan/build/2022022219/XS-libcatch-3.0.0.4-0/blib/arch/XS/libcatch.x/i/catch2/catch_test_macros.hpp:130:24: note: in expansion of macro ‘INTERNAL_CATCH_TEST’
  130 |   #define CHECK( ... ) INTERNAL_CATCH_TEST( "CHECK", Catch::ResultDisposition::ContinueOnFailure, __VA_ARGS__ )
      |                        ^~~~~~~~~~~~~~~~~~~
/home/cpansand/.cpan/build/2022022219/UniEvent-1.2.10-0/clib/tests/fs.cc:510:9: note: in expansion of macro ‘CHECK’
  510 |         CHECK(list[2].name() == "bdir");
      |         ^~~~~
/home/cpansand/.cpan/build/2022022219/XS-libcatch-3.0.0.4-0/blib/arch/XS/libcatch.x/i/catch2/internal/catch_test_macro_impl.hpp:56:67: warning: suggest parentheses around comparison in operand of ‘==’ [-Wparentheses]
   56 |             catchAssertionHandler.handleExpr( Catch::Decomposer() <= __VA_ARGS__ ); \
/home/cpansand/.cpan/build/2022022219/XS-libcatch-3.0.0.4-0/blib/arch/XS/libcatch.x/i/catch2/catch_test_macros.hpp:130:24: note: in expansion of macro ‘INTERNAL_CATCH_TEST’
  130 |   #define CHECK( ... ) INTERNAL_CATCH_TEST( "CHECK", Catch::ResultDisposition::ContinueOnFailure, __VA_ARGS__ )
      |                        ^~~~~~~~~~~~~~~~~~~
/home/cpansand/.cpan/build/2022022219/UniEvent-1.2.10-0/clib/tests/fs.cc:511:9: note: in expansion of macro ‘CHECK’
  511 |         CHECK(list[2].type() == Fs::FileType::DIR);
      |         ^~~~~
/home/cpansand/.cpan/build/2022022219/XS-libcatch-3.0.0.4-0/blib/arch/XS/libcatch.x/i/catch2/internal/catch_test_macro_impl.hpp:56:67: warning: suggest parentheses around comparison in operand of ‘==’ [-Wparentheses]
   56 |             catchAssertionHandler.handleExpr( Catch::Decomposer() <= __VA_ARGS__ ); \
/home/cpansand/.cpan/build/2022022219/XS-libcatch-3.0.0.4-0/blib/arch/XS/libcatch.x/i/catch2/catch_test_macros.hpp:130:24: note: in expansion of macro ‘INTERNAL_CATCH_TEST’
  130 |   #define CHECK( ... ) INTERNAL_CATCH_TEST( "CHECK", Catch::ResultDisposition::ContinueOnFailure, __VA_ARGS__ )
      |                        ^~~~~~~~~~~~~~~~~~~
/home/cpansand/.cpan/build/2022022219/UniEvent-1.2.10-0/clib/tests/fs.cc:512:9: note: in expansion of macro ‘CHECK’
  512 |         CHECK(list[3].name() == "bfile");
      |         ^~~~~
/home/cpansand/.cpan/build/2022022219/XS-libcatch-3.0.0.4-0/blib/arch/XS/libcatch.x/i/catch2/internal/catch_test_macro_impl.hpp:56:67: warning: suggest parentheses around comparison in operand of ‘==’ [-Wparentheses]
   56 |             catchAssertionHandler.handleExpr( Catch::Decomposer() <= __VA_ARGS__ ); \
/home/cpansand/.cpan/build/2022022219/XS-libcatch-3.0.0.4-0/blib/arch/XS/libcatch.x/i/catch2/catch_test_macros.hpp:130:24: note: in expansion of macro ‘INTERNAL_CATCH_TEST’
  130 |   #define CHECK( ... ) INTERNAL_CATCH_TEST( "CHECK", Catch::ResultDisposition::ContinueOnFailure, __VA_ARGS__ )
      |                        ^~~~~~~~~~~~~~~~~~~
/home/cpansand/.cpan/build/2022022219/UniEvent-1.2.10-0/clib/tests/fs.cc:513:9: note: in expansion of macro ‘CHECK’
  513 |         CHECK(list[3].type() == Fs::FileType::FILE);
      |         ^~~~~
/home/cpansand/.cpan/build/2022022219/UniEvent-1.2.10-0/clib/tests/fs.cc: In instantiation of ‘async::CATCH2_INTERNAL_TEST_100()::<lambda(auto:45, auto:46, auto:47)> [with auto:45 = panda::unievent::Fs::FStat; auto:46 = std::error_code; auto:47 = panda::iptr<panda::unievent::Fs::Request>]’:
/home/cpansand/.cpan/build/2022022219/XS-libpanda-1.5.8-0/blib/arch/XS/libpanda.x/i/panda/log/../traits.h:44:77:   required by substitution of ‘template<class U> static decltype ((declval<U>()(declval<const panda::unievent::Fs::FStat&>(), declval<const std::error_code&>(), declval<const panda::iptr<panda::unievent::Fs::Request>&>()), panda::has_call_operator<async::CATCH2_INTERNAL_TEST_100()::<lambda(auto:45, auto:46, auto:47)>&, const panda::unievent::Fs::FStat&, const std::error_code&, const panda::iptr<panda::unievent::Fs::Request>&>::yes())) panda::has_call_operator<async::CATCH2_INTERNAL_TEST_100()::<lambda(auto:45, auto:46, auto:47)>&, const panda::unievent::Fs::FStat&, const std::error_code&, const panda::iptr<panda::unievent::Fs::Request>&>::test<U>(int) [with U = async::CATCH2_INTERNAL_TEST_100()::<lambda(auto:45, auto:46, auto:47)>&]’
/home/cpansand/.cpan/build/2022022219/XS-libpanda-1.5.8-0/blib/arch/XS/libpanda.x/i/panda/log/../traits.h:48:64:   required from ‘constexpr const bool panda::has_call_operator<async::CATCH2_INTERNAL_TEST_100()::<lambda(auto:45, auto:46, auto:47)>&, const panda::unievent::Fs::FStat&, const std::error_code&, const panda::iptr<panda::unievent::Fs::Request>&>::value’
/home/cpansand/.cpan/build/2022022219/XS-libpanda-1.5.8-0/blib/arch/XS/libpanda.x/i/panda/log/../function_utils.h:184:108:   required by substitution of ‘template<class Ret, class ... Args, class Functor, bool IsComp, class DeFunctor, class, class, class> panda::iptr<panda::function_details::abstract_function<DeFunctor, Ret, IsComp, Args ...> > panda::function_details::make_abstract_function(Functor&&) [with Ret = void; Args = {const panda::unievent::Fs::FStat&, const std::error_code&, const panda::iptr<panda::unievent::Fs::Request>&}; Functor = async::CATCH2_INTERNAL_TEST_100()::<lambda(auto:45, auto:46, auto:47)>&; bool IsComp = false; DeFunctor = async::CATCH2_INTERNAL_TEST_100()::<lambda(auto:45, auto:46, auto:47)>; <template-parameter-1-6> = <missing>; <template-parameter-1-7> = <missing>; <template-parameter-1-8> = <missing>]’
/home/cpansand/.cpan/build/2022022219/XS-libpanda-1.5.8-0/blib/arch/XS/libpanda.x/i/panda/log/../function.h:25:88:   required by substitution of ‘template<class ... F, class, class> panda::function<void, const panda::unievent::Fs::FStat&, const std::error_code&, const panda::iptr<panda::unievent::Fs::Request>&>::function<F ..., <template-parameter-1-2>, <template-parameter-1-3> >(F&& ...) [with F = {async::CATCH2_INTERNAL_TEST_100()::<lambda(auto:45, auto:46, auto:47)>&}; <template-parameter-1-2> = <missing>; <template-parameter-1-3> = <missing>]’
/home/cpansand/.cpan/build/2022022219/UniEvent-1.2.10-0/clib/tests/fs.cc:563:36:   required from here
/home/cpansand/.cpan/build/2022022219/XS-libcatch-3.0.0.4-0/blib/arch/XS/libcatch.x/i/catch2/internal/catch_test_macro_impl.hpp:56:67: warning: suggest parentheses around comparison in operand of ‘==’ [-Wparentheses]
   56 |             catchAssertionHandler.handleExpr( Catch::Decomposer() <= __VA_ARGS__ ); \
/home/cpansand/.cpan/build/2022022219/XS-libcatch-3.0.0.4-0/blib/arch/XS/libcatch.x/i/catch2/catch_test_macros.hpp:130:24: note: in expansion of macro ‘INTERNAL_CATCH_TEST’
  130 |   #define CHECK( ... ) INTERNAL_CATCH_TEST( "CHECK", Catch::ResultDisposition::ContinueOnFailure, __VA_ARGS__ )
      |                        ^~~~~~~~~~~~~~~~~~~
/home/cpansand/.cpan/build/2022022219/UniEvent-1.2.10-0/clib/tests/fs.cc:559:9: note: in expansion of macro ‘CHECK’
  559 |         CHECK(stat.type() == Fs::FileType::FILE);
      |         ^~~~~
/home/cpansand/.cpan/build/2022022219/UniEvent-1.2.10-0/clib/tests/fs.cc: In instantiation of ‘async::CATCH2_INTERNAL_TEST_112()::<lambda(auto:55, auto:56, auto:57)> [with auto:55 = panda::basic_string<char>; auto:56 = std::error_code; auto:57 = panda::iptr<panda::unievent::Fs::Request>]’:
/home/cpansand/.cpan/build/2022022219/XS-libpanda-1.5.8-0/blib/arch/XS/libpanda.x/i/panda/log/../traits.h:44:77:   required by substitution of ‘template<class U> static decltype ((declval<U>()(declval<panda::basic_string<char, std::char_traits<char>, panda::DefaultStaticAllocator<char> >&>(), declval<const std::error_code&>(), declval<const panda::iptr<panda::unievent::Fs::Request>&>()), panda::has_call_operator<async::CATCH2_INTERNAL_TEST_112()::<lambda(auto:55, auto:56, auto:57)>, panda::basic_string<char, std::char_traits<char>, panda::DefaultStaticAllocator<char> >&, const std::error_code&, const panda::iptr<panda::unievent::Fs::Request>&>::yes())) panda::has_call_operator<async::CATCH2_INTERNAL_TEST_112()::<lambda(auto:55, auto:56, auto:57)>, panda::basic_string<char, std::char_traits<char>, panda::DefaultStaticAllocator<char> >&, const std::error_code&, const panda::iptr<panda::unievent::Fs::Request>&>::test<U>(int) [with U = async::CATCH2_INTERNAL_TEST_112()::<lambda(auto:55, auto:56, auto:57)>]’
/home/cpansand/.cpan/build/2022022219/XS-libpanda-1.5.8-0/blib/arch/XS/libpanda.x/i/panda/log/../traits.h:48:64:   required from ‘constexpr const bool panda::has_call_operator<async::CATCH2_INTERNAL_TEST_112()::<lambda(auto:55, auto:56, auto:57)>, panda::basic_string<char, std::char_traits<char>, panda::DefaultStaticAllocator<char> >&, const std::error_code&, const panda::iptr<panda::unievent::Fs::Request>&>::value’
/home/cpansand/.cpan/build/2022022219/XS-libpanda-1.5.8-0/blib/arch/XS/libpanda.x/i/panda/log/../function_utils.h:184:108:   required by substitution of ‘template<class Ret, class ... Args, class Functor, bool IsComp, class DeFunctor, class, class, class> panda::iptr<panda::function_details::abstract_function<DeFunctor, Ret, IsComp, Args ...> > panda::function_details::make_abstract_function(Functor&&) [with Ret = void; Args = {panda::basic_string<char, std::char_traits<char>, panda::DefaultStaticAllocator<char> >&, const std::error_code&, const panda::iptr<panda::unievent::Fs::Request>&}; Functor = async::CATCH2_INTERNAL_TEST_112()::<lambda(auto:55, auto:56, auto:57)>; bool IsComp = false; DeFunctor = async::CATCH2_INTERNAL_TEST_112()::<lambda(auto:55, auto:56, auto:57)>; <template-parameter-1-6> = <missing>; <template-parameter-1-7> = <missing>; <template-parameter-1-8> = <missing>]’
/home/cpansand/.cpan/build/2022022219/XS-libpanda-1.5.8-0/blib/arch/XS/libpanda.x/i/panda/log/../function.h:25:88:   required by substitution of ‘template<class ... F, class, class> panda::function<void, panda::basic_string<char, std::char_traits<char>, panda::DefaultStaticAllocator<char> >&, const std::error_code&, const panda::iptr<panda::unievent::Fs::Request>&>::function<F ..., <template-parameter-1-2>, <template-parameter-1-3> >(F&& ...) [with F = {async::CATCH2_INTERNAL_TEST_112()::<lambda(auto:55, auto:56, auto:57)>}; <template-parameter-1-2> = <missing>; <template-parameter-1-3> = <missing>]’
/home/cpansand/.cpan/build/2022022219/UniEvent-1.2.10-0/clib/tests/fs.cc:655:14:   required from here
/home/cpansand/.cpan/build/2022022219/XS-libcatch-3.0.0.4-0/blib/arch/XS/libcatch.x/i/catch2/internal/catch_test_macro_impl.hpp:56:67: warning: suggest parentheses around comparison in operand of ‘==’ [-Wparentheses]
   56 |             catchAssertionHandler.handleExpr( Catch::Decomposer() <= __VA_ARGS__ ); \
/home/cpansand/.cpan/build/2022022219/XS-libcatch-3.0.0.4-0/blib/arch/XS/libcatch.x/i/catch2/catch_test_macros.hpp:130:24: note: in expansion of macro ‘INTERNAL_CATCH_TEST’
  130 |   #define CHECK( ... ) INTERNAL_CATCH_TEST( "CHECK", Catch::ResultDisposition::ContinueOnFailure, __VA_ARGS__ )
      |                        ^~~~~~~~~~~~~~~~~~~
/home/cpansand/.cpan/build/2022022219/UniEvent-1.2.10-0/clib/tests/fs.cc:654:9: note: in expansion of macro ‘CHECK’
  654 |         CHECK(s == "");
      |         ^~~~~
/home/cpansand/.cpan/build/2022022219/UniEvent-1.2.10-0/clib/tests/fs.cc: In instantiation of ‘async::CATCH2_INTERNAL_TEST_112()::<lambda(auto:58, auto:59, auto:60)> [with auto:58 = panda::basic_string<char>; auto:59 = std::error_code; auto:60 = panda::iptr<panda::unievent::Fs::Request>]’:
/home/cpansand/.cpan/build/2022022219/XS-libpanda-1.5.8-0/blib/arch/XS/libpanda.x/i/panda/log/../traits.h:44:77:   required by substitution of ‘template<class U> static decltype ((declval<U>()(declval<panda::basic_string<char, std::char_traits<char>, panda::DefaultStaticAllocator<char> >&>(), declval<const std::error_code&>(), declval<const panda::iptr<panda::unievent::Fs::Request>&>()), panda::has_call_operator<async::CATCH2_INTERNAL_TEST_112()::<lambda(auto:58, auto:59, auto:60)>, panda::basic_string<char, std::char_traits<char>, panda::DefaultStaticAllocator<char> >&, const std::error_code&, const panda::iptr<panda::unievent::Fs::Request>&>::yes())) panda::has_call_operator<async::CATCH2_INTERNAL_TEST_112()::<lambda(auto:58, auto:59, auto:60)>, panda::basic_string<char, std::char_traits<char>, panda::DefaultStaticAllocator<char> >&, const std::error_code&, const panda::iptr<panda::unievent::Fs::Request>&>::test<U>(int) [with U = async::CATCH2_INTERNAL_TEST_112()::<lambda(auto:58, auto:59, auto:60)>]’
/home/cpansand/.cpan/build/2022022219/XS-libpanda-1.5.8-0/blib/arch/XS/libpanda.x/i/panda/log/../traits.h:48:64:   required from ‘constexpr const bool panda::has_call_operator<async::CATCH2_INTERNAL_TEST_112()::<lambda(auto:58, auto:59, auto:60)>, panda::basic_string<char, std::char_traits<char>, panda::DefaultStaticAllocator<char> >&, const std::error_code&, const panda::iptr<panda::unievent::Fs::Request>&>::value’
/home/cpansand/.cpan/build/2022022219/XS-libpanda-1.5.8-0/blib/arch/XS/libpanda.x/i/panda/log/../function_utils.h:184:108:   required by substitution of ‘template<class Ret, class ... Args, class Functor, bool IsComp, class DeFunctor, class, class, class> panda::iptr<panda::function_details::abstract_function<DeFunctor, Ret, IsComp, Args ...> > panda::function_details::make_abstract_function(Functor&&) [with Ret = void; Args = {panda::basic_string<char, std::char_traits<char>, panda::DefaultStaticAllocator<char> >&, const std::error_code&, const panda::iptr<panda::unievent::Fs::Request>&}; Functor = async::CATCH2_INTERNAL_TEST_112()::<lambda(auto:58, auto:59, auto:60)>; bool IsComp = false; DeFunctor = async::CATCH2_INTERNAL_TEST_112()::<lambda(auto:58, auto:59, auto:60)>; <template-parameter-1-6> = <missing>; <template-parameter-1-7> = <missing>; <template-parameter-1-8> = <missing>]’
/home/cpansand/.cpan/build/2022022219/XS-libpanda-1.5.8-0/blib/arch/XS/libpanda.x/i/panda/log/../function.h:25:88:   required by substitution of ‘template<class ... F, class, class> panda::function<void, panda::basic_string<char, std::char_traits<char>, panda::DefaultStaticAllocator<char> >&, const std::error_code&, const panda::iptr<panda::unievent::Fs::Request>&>::function<F ..., <template-parameter-1-2>, <template-parameter-1-3> >(F&& ...) [with F = {async::CATCH2_INTERNAL_TEST_112()::<lambda(auto:58, auto:59, auto:60)>}; <template-parameter-1-2> = <missing>; <template-parameter-1-3> = <missing>]’
/home/cpansand/.cpan/build/2022022219/UniEvent-1.2.10-0/clib/tests/fs.cc:667:14:   required from here
/home/cpansand/.cpan/build/2022022219/XS-libcatch-3.0.0.4-0/blib/arch/XS/libcatch.x/i/catch2/internal/catch_test_macro_impl.hpp:56:67: warning: suggest parentheses around comparison in operand of ‘==’ [-Wparentheses]
   56 |             catchAssertionHandler.handleExpr( Catch::Decomposer() <= __VA_ARGS__ ); \
/home/cpansand/.cpan/build/2022022219/XS-libcatch-3.0.0.4-0/blib/arch/XS/libcatch.x/i/catch2/catch_test_macros.hpp:130:24: note: in expansion of macro ‘INTERNAL_CATCH_TEST’
  130 |   #define CHECK( ... ) INTERNAL_CATCH_TEST( "CHECK", Catch::ResultDisposition::ContinueOnFailure, __VA_ARGS__ )
      |                        ^~~~~~~~~~~~~~~~~~~
/home/cpansand/.cpan/build/2022022219/UniEvent-1.2.10-0/clib/tests/fs.cc:666:9: note: in expansion of macro ‘CHECK’
  666 |         CHECK(s == "hello world");
      |         ^~~~~
/home/cpansand/.cpan/build/2022022219/UniEvent-1.2.10-0/clib/tests/fs.cc: In instantiation of ‘async::CATCH2_INTERNAL_TEST_112()::<lambda(auto:61, auto:62, auto:63)> [with auto:61 = panda::basic_string<char>; auto:62 = std::error_code; auto:63 = panda::iptr<panda::unievent::Fs::Request>]’:
/home/cpansand/.cpan/build/2022022219/XS-libpanda-1.5.8-0/blib/arch/XS/libpanda.x/i/panda/log/../traits.h:44:77:   required by substitution of ‘template<class U> static decltype ((declval<U>()(declval<panda::basic_string<char, std::char_traits<char>, panda::DefaultStaticAllocator<char> >&>(), declval<const std::error_code&>(), declval<const panda::iptr<panda::unievent::Fs::Request>&>()), panda::has_call_operator<async::CATCH2_INTERNAL_TEST_112()::<lambda(auto:61, auto:62, auto:63)>, panda::basic_string<char, std::char_traits<char>, panda::DefaultStaticAllocator<char> >&, const std::error_code&, const panda::iptr<panda::unievent::Fs::Request>&>::yes())) panda::has_call_operator<async::CATCH2_INTERNAL_TEST_112()::<lambda(auto:61, auto:62, auto:63)>, panda::basic_string<char, std::char_traits<char>, panda::DefaultStaticAllocator<char> >&, const std::error_code&, const panda::iptr<panda::unievent::Fs::Request>&>::test<U>(int) [with U = async::CATCH2_INTERNAL_TEST_112()::<lambda(auto:61, auto:62, auto:63)>]’
/home/cpansand/.cpan/build/2022022219/XS-libpanda-1.5.8-0/blib/arch/XS/libpanda.x/i/panda/log/../traits.h:48:64:   required from ‘constexpr const bool panda::has_call_operator<async::CATCH2_INTERNAL_TEST_112()::<lambda(auto:61, auto:62, auto:63)>, panda::basic_string<char, std::char_traits<char>, panda::DefaultStaticAllocator<char> >&, const std::error_code&, const panda::iptr<panda::unievent::Fs::Request>&>::value’
/home/cpansand/.cpan/build/2022022219/XS-libpanda-1.5.8-0/blib/arch/XS/libpanda.x/i/panda/log/../function_utils.h:184:108:   required by substitution of ‘template<class Ret, class ... Args, class Functor, bool IsComp, class DeFunctor, class, class, class> panda::iptr<panda::function_details::abstract_function<DeFunctor, Ret, IsComp, Args ...> > panda::function_details::make_abstract_function(Functor&&) [with Ret = void; Args = {panda::basic_string<char, std::char_traits<char>, panda::DefaultStaticAllocator<char> >&, const std::error_code&, const panda::iptr<panda::unievent::Fs::Request>&}; Functor = async::CATCH2_INTERNAL_TEST_112()::<lambda(auto:61, auto:62, auto:63)>; bool IsComp = false; DeFunctor = async::CATCH2_INTERNAL_TEST_112()::<lambda(auto:61, auto:62, auto:63)>; <template-parameter-1-6> = <missing>; <template-parameter-1-7> = <missing>; <template-parameter-1-8> = <missing>]’
/home/cpansand/.cpan/build/2022022219/XS-libpanda-1.5.8-0/blib/arch/XS/libpanda.x/i/panda/log/../function.h:25:88:   required by substitution of ‘template<class ... F, class, class> panda::function<void, panda::basic_string<char, std::char_traits<char>, panda::DefaultStaticAllocator<char> >&, const std::error_code&, const panda::iptr<panda::unievent::Fs::Request>&>::function<F ..., <template-parameter-1-2>, <template-parameter-1-3> >(F&& ...) [with F = {async::CATCH2_INTERNAL_TEST_112()::<lambda(auto:61, auto:62, auto:63)>}; <template-parameter-1-2> = <missing>; <template-parameter-1-3> = <missing>]’
/home/cpansand/.cpan/build/2022022219/UniEvent-1.2.10-0/clib/tests/fs.cc:683:14:   required from here
/home/cpansand/.cpan/build/2022022219/XS-libcatch-3.0.0.4-0/blib/arch/XS/libcatch.x/i/catch2/internal/catch_test_macro_impl.hpp:56:67: warning: suggest parentheses around comparison in operand of ‘==’ [-Wparentheses]
   56 |             catchAssertionHandler.handleExpr( Catch::Decomposer() <= __VA_ARGS__ ); \
/home/cpansand/.cpan/build/2022022219/XS-libcatch-3.0.0.4-0/blib/arch/XS/libcatch.x/i/catch2/catch_test_macros.hpp:130:24: note: in expansion of macro ‘INTERNAL_CATCH_TEST’
  130 |   #define CHECK( ... ) INTERNAL_CATCH_TEST( "CHECK", Catch::ResultDisposition::ContinueOnFailure, __VA_ARGS__ )
      |                        ^~~~~~~~~~~~~~~~~~~
/home/cpansand/.cpan/build/2022022219/UniEvent-1.2.10-0/clib/tests/fs.cc:682:9: note: in expansion of macro ‘CHECK’
  682 |         CHECK(s == "hello duded");
      |         ^~~~~
/home/cpansand/.cpan/build/2022022219/UniEvent-1.2.10-0/clib/tests/fs.cc: In instantiation of ‘async::CATCH2_INTERNAL_TEST_128()::<lambda(auto:64&, auto:65&, auto:66&)> [with auto:64 = panda::basic_string<char>; auto:65 = const std::error_code; auto:66 = const panda::iptr<panda::unievent::Fs::Request>]’:
/home/cpansand/.cpan/build/2022022219/XS-libpanda-1.5.8-0/blib/arch/XS/libpanda.x/i/panda/log/../traits.h:44:77:   required by substitution of ‘template<class U> static decltype ((declval<U>()(declval<panda::basic_string<char, std::char_traits<char>, panda::DefaultStaticAllocator<char> >&>(), declval<const std::error_code&>(), declval<const panda::iptr<panda::unievent::Fs::Request>&>()), panda::has_call_operator<async::CATCH2_INTERNAL_TEST_128()::<lambda(auto:64&, auto:65&, auto:66&)>, panda::basic_string<char, std::char_traits<char>, panda::DefaultStaticAllocator<char> >&, const std::error_code&, const panda::iptr<panda::unievent::Fs::Request>&>::yes())) panda::has_call_operator<async::CATCH2_INTERNAL_TEST_128()::<lambda(auto:64&, auto:65&, auto:66&)>, panda::basic_string<char, std::char_traits<char>, panda::DefaultStaticAllocator<char> >&, const std::error_code&, const panda::iptr<panda::unievent::Fs::Request>&>::test<U>(int) [with U = async::CATCH2_INTERNAL_TEST_128()::<lambda(auto:64&, auto:65&, auto:66&)>]’
/home/cpansand/.cpan/build/2022022219/XS-libpanda-1.5.8-0/blib/arch/XS/libpanda.x/i/panda/log/../traits.h:48:64:   required from ‘constexpr const bool panda::has_call_operator<async::CATCH2_INTERNAL_TEST_128()::<lambda(auto:64&, auto:65&, auto:66&)>, panda::basic_string<char, std::char_traits<char>, panda::DefaultStaticAllocator<char> >&, const std::error_code&, const panda::iptr<panda::unievent::Fs::Request>&>::value’
/home/cpansand/.cpan/build/2022022219/XS-libpanda-1.5.8-0/blib/arch/XS/libpanda.x/i/panda/log/../function_utils.h:184:108:   required by substitution of ‘template<class Ret, class ... Args, class Functor, bool IsComp, class DeFunctor, class, class, class> panda::iptr<panda::function_details::abstract_function<DeFunctor, Ret, IsComp, Args ...> > panda::function_details::make_abstract_function(Functor&&) [with Ret = void; Args = {panda::basic_string<char, std::char_traits<char>, panda::DefaultStaticAllocator<char> >&, const std::error_code&, const panda::iptr<panda::unievent::Fs::Request>&}; Functor = async::CATCH2_INTERNAL_TEST_128()::<lambda(auto:64&, auto:65&, auto:66&)>; bool IsComp = false; DeFunctor = async::CATCH2_INTERNAL_TEST_128()::<lambda(auto:64&, auto:65&, auto:66&)>; <template-parameter-1-6> = <missing>; <template-parameter-1-7> = <missing>; <template-parameter-1-8> = <missing>]’
/home/cpansand/.cpan/build/2022022219/XS-libpanda-1.5.8-0/blib/arch/XS/libpanda.x/i/panda/log/../function.h:25:88:   required by substitution of ‘template<class ... F, class, class> panda::function<void, panda::basic_string<char, std::char_traits<char>, panda::DefaultStaticAllocator<char> >&, const std::error_code&, const panda::iptr<panda::unievent::Fs::Request>&>::function<F ..., <template-parameter-1-2>, <template-parameter-1-3> >(F&& ...) [with F = {async::CATCH2_INTERNAL_TEST_128()::<lambda(auto:64&, auto:65&, auto:66&)>}; <template-parameter-1-2> = <missing>; <template-parameter-1-3> = <missing>]’
/home/cpansand/.cpan/build/2022022219/UniEvent-1.2.10-0/clib/tests/fs.cc:781:14:   required from here
/home/cpansand/.cpan/build/2022022219/XS-libcatch-3.0.0.4-0/blib/arch/XS/libcatch.x/i/catch2/internal/catch_test_macro_impl.hpp:56:67: warning: suggest parentheses around comparison in operand of ‘!=’ [-Wparentheses]
   56 |             catchAssertionHandler.handleExpr( Catch::Decomposer() <= __VA_ARGS__ ); \
/home/cpansand/.cpan/build/2022022219/XS-libcatch-3.0.0.4-0/blib/arch/XS/libcatch.x/i/catch2/catch_test_macros.hpp:130:24: note: in expansion of macro ‘INTERNAL_CATCH_TEST’
  130 |   #define CHECK( ... ) INTERNAL_CATCH_TEST( "CHECK", Catch::ResultDisposition::ContinueOnFailure, __VA_ARGS__ )
      |                        ^~~~~~~~~~~~~~~~~~~
/home/cpansand/.cpan/build/2022022219/UniEvent-1.2.10-0/clib/tests/fs.cc:778:9: note: in expansion of macro ‘CHECK’
  778 |         CHECK(path != "");
      |         ^~~~~
/home/cpansand/.cpan/build/2022022219/UniEvent-1.2.10-0/clib/tests/fs.cc: In instantiation of ‘async::CATCH2_INTERNAL_TEST_130()::<lambda(auto:67&, auto:68, auto:69&, auto:70&)> [with auto:67 = panda::basic_string<char>; auto:68 = int; auto:69 = const std::error_code; auto:70 = const panda::iptr<panda::unievent::Fs::Request>]’:
/home/cpansand/.cpan/build/2022022219/XS-libpanda-1.5.8-0/blib/arch/XS/libpanda.x/i/panda/log/../traits.h:44:77:   required by substitution of ‘template<class U> static decltype ((declval<U>()(declval<panda::basic_string<char, std::char_traits<char>, panda::DefaultStaticAllocator<char> >&>(), declval<int>(), declval<const std::error_code&>(), declval<const panda::iptr<panda::unievent::Fs::Request>&>()), panda::has_call_operator<async::CATCH2_INTERNAL_TEST_130()::<lambda(auto:67&, auto:68, auto:69&, auto:70&)>, panda::basic_string<char, std::char_traits<char>, panda::DefaultStaticAllocator<char> >&, int, const std::error_code&, const panda::iptr<panda::unievent::Fs::Request>&>::yes())) panda::has_call_operator<async::CATCH2_INTERNAL_TEST_130()::<lambda(auto:67&, auto:68, auto:69&, auto:70&)>, panda::basic_string<char, std::char_traits<char>, panda::DefaultStaticAllocator<char> >&, int, const std::error_code&, const panda::iptr<panda::unievent::Fs::Request>&>::test<U>(int) [with U = async::CATCH2_INTERNAL_TEST_130()::<lambda(auto:67&, auto:68, auto:69&, auto:70&)>]’
/home/cpansand/.cpan/build/2022022219/XS-libpanda-1.5.8-0/blib/arch/XS/libpanda.x/i/panda/log/../traits.h:48:64:   required from ‘constexpr const bool panda::has_call_operator<async::CATCH2_INTERNAL_TEST_130()::<lambda(auto:67&, auto:68, auto:69&, auto:70&)>, panda::basic_string<char, std::char_traits<char>, panda::DefaultStaticAllocator<char> >&, int, const std::error_code&, const panda::iptr<panda::unievent::Fs::Request>&>::value’
/home/cpansand/.cpan/build/2022022219/XS-libpanda-1.5.8-0/blib/arch/XS/libpanda.x/i/panda/log/../function_utils.h:184:108:   required by substitution of ‘template<class Ret, class ... Args, class Functor, bool IsComp, class DeFunctor, class, class, class> panda::iptr<panda::function_details::abstract_function<DeFunctor, Ret, IsComp, Args ...> > panda::function_details::make_abstract_function(Functor&&) [with Ret = void; Args = {panda::basic_string<char, std::char_traits<char>, panda::DefaultStaticAllocator<char> >&, int, const std::error_code&, const panda::iptr<panda::unievent::Fs::Request>&}; Functor = async::CATCH2_INTERNAL_TEST_130()::<lambda(auto:67&, auto:68, auto:69&, auto:70&)>; bool IsComp = false; DeFunctor = async::CATCH2_INTERNAL_TEST_130()::<lambda(auto:67&, auto:68, auto:69&, auto:70&)>; <template-parameter-1-6> = <missing>; <template-parameter-1-7> = <missing>; <template-parameter-1-8> = <missing>]’
/home/cpansand/.cpan/build/2022022219/XS-libpanda-1.5.8-0/blib/arch/XS/libpanda.x/i/panda/log/../function.h:25:88:   required by substitution of ‘template<class ... F, class, class> panda::function<void, panda::basic_string<char, std::char_traits<char>, panda::DefaultStaticAllocator<char> >&, int, const std::error_code&, const panda::iptr<panda::unievent::Fs::Request>&>::function<F ..., <template-parameter-1-2>, <template-parameter-1-3> >(F&& ...) [with F = {async::CATCH2_INTERNAL_TEST_130()::<lambda(auto:67&, auto:68, auto:69&, auto:70&)>}; <template-parameter-1-2> = <missing>; <template-parameter-1-3> = <missing>]’
/home/cpansand/.cpan/build/2022022219/UniEvent-1.2.10-0/clib/tests/fs.cc:796:14:   required from here
/home/cpansand/.cpan/build/2022022219/XS-libcatch-3.0.0.4-0/blib/arch/XS/libcatch.x/i/catch2/internal/catch_test_macro_impl.hpp:56:67: warning: suggest parentheses around comparison in operand of ‘!=’ [-Wparentheses]
   56 |             catchAssertionHandler.handleExpr( Catch::Decomposer() <= __VA_ARGS__ ); \
/home/cpansand/.cpan/build/2022022219/XS-libcatch-3.0.0.4-0/blib/arch/XS/libcatch.x/i/catch2/catch_test_macros.hpp:130:24: note: in expansion of macro ‘INTERNAL_CATCH_TEST’
  130 |   #define CHECK( ... ) INTERNAL_CATCH_TEST( "CHECK", Catch::ResultDisposition::ContinueOnFailure, __VA_ARGS__ )
      |                        ^~~~~~~~~~~~~~~~~~~
/home/cpansand/.cpan/build/2022022219/UniEvent-1.2.10-0/clib/tests/fs.cc:789:9: note: in expansion of macro ‘CHECK’
  789 |         CHECK(path != "");
      |         ^~~~~
/home/cpansand/.cpan/build/2022022219/XS-libcatch-3.0.0.4-0/blib/arch/XS/libcatch.x/i/catch2/internal/catch_test_macro_impl.hpp:56:67: warning: suggest parentheses around comparison in operand of ‘==’ [-Wparentheses]
   56 |             catchAssertionHandler.handleExpr( Catch::Decomposer() <= __VA_ARGS__ ); \
/home/cpansand/.cpan/build/2022022219/XS-libcatch-3.0.0.4-0/blib/arch/XS/libcatch.x/i/catch2/catch_test_macros.hpp:130:24: note: in expansion of macro ‘INTERNAL_CATCH_TEST’
  130 |   #define CHECK( ... ) INTERNAL_CATCH_TEST( "CHECK", Catch::ResultDisposition::ContinueOnFailure, __VA_ARGS__ )
      |                        ^~~~~~~~~~~~~~~~~~~
/home/cpansand/.cpan/build/2022022219/UniEvent-1.2.10-0/clib/tests/fs.cc:795:9: note: in expansion of macro ‘CHECK’
  795 |         CHECK(Fs::stat(path).value().size == 11);
      |         ^~~~~
[ 66%] Building CXX object ../build/CMakeFiles/unievent-tests.dir/tests/handle.cc.o
[ 68%] Building CXX object ../build/CMakeFiles/unievent-tests.dir/tests/idle.cc.o
In file included from /home/cpansand/.cpan/build/2022022219/XS-libcatch-3.0.0.4-0/blib/arch/XS/libcatch.x/i/catch2/catch_test_macros.hpp:11,
                 from /home/cpansand/.cpan/build/2022022219/XS-libpanda-1.5.8-0/blib/arch/XS/libpanda.x/i/panda/test/catch.h:3,
                 from /home/cpansand/.cpan/build/2022022219/UniEvent-1.2.10-0/clib/tests/lib/test.h:5,
                 from /home/cpansand/.cpan/build/2022022219/UniEvent-1.2.10-0/clib/tests/idle.cc:1:
/home/cpansand/.cpan/build/2022022219/UniEvent-1.2.10-0/clib/tests/idle.cc: In instantiation of ‘CATCH2_INTERNAL_TEST_6()::<lambda(auto:32)> [with auto:32 = CATCH2_INTERNAL_TEST_6()::Lst]’:
/home/cpansand/.cpan/build/2022022219/UniEvent-1.2.10-0/clib/tests/idle.cc:83:16:   required from here
/home/cpansand/.cpan/build/2022022219/XS-libcatch-3.0.0.4-0/blib/arch/XS/libcatch.x/i/catch2/internal/catch_test_macro_impl.hpp:56:67: warning: suggest parentheses around comparison in operand of ‘==’ [-Wparentheses]
   56 |             catchAssertionHandler.handleExpr( Catch::Decomposer() <= __VA_ARGS__ ); \
/home/cpansand/.cpan/build/2022022219/XS-libcatch-3.0.0.4-0/blib/arch/XS/libcatch.x/i/catch2/catch_test_macros.hpp:130:24: note: in expansion of macro ‘INTERNAL_CATCH_TEST’
  130 |   #define CHECK( ... ) INTERNAL_CATCH_TEST( "CHECK", Catch::ResultDisposition::ContinueOnFailure, __VA_ARGS__ )
      |                        ^~~~~~~~~~~~~~~~~~~
/home/cpansand/.cpan/build/2022022219/UniEvent-1.2.10-0/clib/tests/idle.cc:76:9: note: in expansion of macro ‘CHECK’
   76 |         CHECK(lst.cnt == 11);
      |         ^~~~~
/home/cpansand/.cpan/build/2022022219/UniEvent-1.2.10-0/clib/tests/idle.cc: In instantiation of ‘CATCH2_INTERNAL_TEST_6()::<lambda(auto:32)> [with auto:32 = CATCH2_INTERNAL_TEST_6()::Lst]’:
/home/cpansand/.cpan/build/2022022219/UniEvent-1.2.10-0/clib/tests/idle.cc:90:16:   required from here
/home/cpansand/.cpan/build/2022022219/XS-libcatch-3.0.0.4-0/blib/arch/XS/libcatch.x/i/catch2/internal/catch_test_macro_impl.hpp:56:67: warning: suggest parentheses around comparison in operand of ‘==’ [-Wparentheses]
   56 |             catchAssertionHandler.handleExpr( Catch::Decomposer() <= __VA_ARGS__ ); \
/home/cpansand/.cpan/build/2022022219/XS-libcatch-3.0.0.4-0/blib/arch/XS/libcatch.x/i/catch2/catch_test_macros.hpp:130:24: note: in expansion of macro ‘INTERNAL_CATCH_TEST’
  130 |   #define CHECK( ... ) INTERNAL_CATCH_TEST( "CHECK", Catch::ResultDisposition::ContinueOnFailure, __VA_ARGS__ )
      |                        ^~~~~~~~~~~~~~~~~~~
/home/cpansand/.cpan/build/2022022219/UniEvent-1.2.10-0/clib/tests/idle.cc:76:9: note: in expansion of macro ‘CHECK’
   76 |         CHECK(lst.cnt == 11);
      |         ^~~~~
[ 70%] Building CXX object ../build/CMakeFiles/unievent-tests.dir/tests/lib/test.cc.o
[ 72%] Building CXX object ../build/CMakeFiles/unievent-tests.dir/tests/loop.cc.o
[ 74%] Building CXX object ../build/CMakeFiles/unievent-tests.dir/tests/pipe.cc.o
[ 75%] Building CXX object ../build/CMakeFiles/unievent-tests.dir/tests/prepare.cc.o
In file included from /home/cpansand/.cpan/build/2022022219/XS-libcatch-3.0.0.4-0/blib/arch/XS/libcatch.x/i/catch2/catch_test_macros.hpp:11,
                 from /home/cpansand/.cpan/build/2022022219/XS-libpanda-1.5.8-0/blib/arch/XS/libpanda.x/i/panda/test/catch.h:3,
                 from /home/cpansand/.cpan/build/2022022219/UniEvent-1.2.10-0/clib/tests/lib/test.h:5,
                 from /home/cpansand/.cpan/build/2022022219/UniEvent-1.2.10-0/clib/tests/prepare.cc:1:
/home/cpansand/.cpan/build/2022022219/UniEvent-1.2.10-0/clib/tests/prepare.cc: In instantiation of ‘CATCH2_INTERNAL_TEST_6()::<lambda(auto:31)> [with auto:31 = CATCH2_INTERNAL_TEST_6()::Lst]’:
/home/cpansand/.cpan/build/2022022219/UniEvent-1.2.10-0/clib/tests/prepare.cc:67:16:   required from here
/home/cpansand/.cpan/build/2022022219/XS-libcatch-3.0.0.4-0/blib/arch/XS/libcatch.x/i/catch2/internal/catch_test_macro_impl.hpp:56:67: warning: suggest parentheses around comparison in operand of ‘==’ [-Wparentheses]
   56 |             catchAssertionHandler.handleExpr( Catch::Decomposer() <= __VA_ARGS__ ); \
/home/cpansand/.cpan/build/2022022219/XS-libcatch-3.0.0.4-0/blib/arch/XS/libcatch.x/i/catch2/catch_test_macros.hpp:130:24: note: in expansion of macro ‘INTERNAL_CATCH_TEST’
  130 |   #define CHECK( ... ) INTERNAL_CATCH_TEST( "CHECK", Catch::ResultDisposition::ContinueOnFailure, __VA_ARGS__ )
      |                        ^~~~~~~~~~~~~~~~~~~
/home/cpansand/.cpan/build/2022022219/UniEvent-1.2.10-0/clib/tests/prepare.cc:60:9: note: in expansion of macro ‘CHECK’
   60 |         CHECK(lst.cnt == 11);
      |         ^~~~~
/home/cpansand/.cpan/build/2022022219/UniEvent-1.2.10-0/clib/tests/prepare.cc: In instantiation of ‘CATCH2_INTERNAL_TEST_6()::<lambda(auto:31)> [with auto:31 = CATCH2_INTERNAL_TEST_6()::Lst]’:
/home/cpansand/.cpan/build/2022022219/UniEvent-1.2.10-0/clib/tests/prepare.cc:74:16:   required from here
/home/cpansand/.cpan/build/2022022219/XS-libcatch-3.0.0.4-0/blib/arch/XS/libcatch.x/i/catch2/internal/catch_test_macro_impl.hpp:56:67: warning: suggest parentheses around comparison in operand of ‘==’ [-Wparentheses]
   56 |             catchAssertionHandler.handleExpr( Catch::Decomposer() <= __VA_ARGS__ ); \
/home/cpansand/.cpan/build/2022022219/XS-libcatch-3.0.0.4-0/blib/arch/XS/libcatch.x/i/catch2/catch_test_macros.hpp:130:24: note: in expansion of macro ‘INTERNAL_CATCH_TEST’
  130 |   #define CHECK( ... ) INTERNAL_CATCH_TEST( "CHECK", Catch::ResultDisposition::ContinueOnFailure, __VA_ARGS__ )
      |                        ^~~~~~~~~~~~~~~~~~~
/home/cpansand/.cpan/build/2022022219/UniEvent-1.2.10-0/clib/tests/prepare.cc:60:9: note: in expansion of macro ‘CHECK’
   60 |         CHECK(lst.cnt == 11);
      |         ^~~~~
[ 77%] Building CXX object ../build/CMakeFiles/unievent-tests.dir/tests/regression.cc.o
[ 77%] Building CXX object ../build/CMakeFiles/unievent-tests.dir/tests/resolver.cc.o
In file included from /home/cpansand/.cpan/build/2022022219/XS-libcatch-3.0.0.4-0/blib/arch/XS/libcatch.x/i/catch2/catch_test_macros.hpp:11,
                 from /home/cpansand/.cpan/build/2022022219/XS-libpanda-1.5.8-0/blib/arch/XS/libpanda.x/i/panda/test/catch.h:3,
                 from /home/cpansand/.cpan/build/2022022219/UniEvent-1.2.10-0/clib/tests/lib/test.h:5,
                 from /home/cpansand/.cpan/build/2022022219/UniEvent-1.2.10-0/clib/tests/resolver.cc:1:
/home/cpansand/.cpan/build/2022022219/UniEvent-1.2.10-0/clib/tests/resolver.cc: In instantiation of ‘{anonymous}::Vars::Vars(unsigned int)::<lambda(auto:34&, auto:35&, auto:36)> [with auto:34 = const panda::unievent::AddrInfo; auto:35 = const std::error_code; auto:36 = panda::iptr<panda::unievent::Resolver::Request>]’:
/home/cpansand/.cpan/build/2022022219/XS-libpanda-1.5.8-0/blib/arch/XS/libpanda.x/i/panda/log/../traits.h:44:77:   required by substitution of ‘template<class U> static decltype ((declval<U>()(declval<const panda::unievent::AddrInfo&>(), declval<const std::error_code&>(), declval<const panda::iptr<panda::unievent::Resolver::Request>&>()), panda::has_call_operator<{anonymous}::Vars::Vars(unsigned int)::<lambda(auto:34&, auto:35&, auto:36)>, const panda::unievent::AddrInfo&, const std::error_code&, const panda::iptr<panda::unievent::Resolver::Request>&>::yes())) panda::has_call_operator<{anonymous}::Vars::Vars(unsigned int)::<lambda(auto:34&, auto:35&, auto:36)>, const panda::unievent::AddrInfo&, const std::error_code&, const panda::iptr<panda::unievent::Resolver::Request>&>::test<U>(int) [with U = {anonymous}::Vars::Vars(unsigned int)::<lambda(auto:34&, auto:35&, auto:36)>]’
/home/cpansand/.cpan/build/2022022219/XS-libpanda-1.5.8-0/blib/arch/XS/libpanda.x/i/panda/log/../traits.h:48:64:   required from ‘constexpr const bool panda::has_call_operator<{anonymous}::Vars::Vars(unsigned int)::<lambda(auto:34&, auto:35&, auto:36)>, const panda::unievent::AddrInfo&, const std::error_code&, const panda::iptr<panda::unievent::Resolver::Request>&>::value’
/home/cpansand/.cpan/build/2022022219/XS-libpanda-1.5.8-0/blib/arch/XS/libpanda.x/i/panda/log/../function_utils.h:184:108:   required by substitution of ‘template<class Ret, class ... Args, class Functor, bool IsComp, class DeFunctor, class, class, class> panda::iptr<panda::function_details::abstract_function<DeFunctor, Ret, IsComp, Args ...> > panda::function_details::make_abstract_function(Functor&&) [with Ret = void; Args = {const panda::unievent::AddrInfo&, const std::error_code&, const panda::iptr<panda::unievent::Resolver::Request>&}; Functor = {anonymous}::Vars::Vars(unsigned int)::<lambda(auto:34&, auto:35&, auto:36)>; bool IsComp = false; DeFunctor = {anonymous}::Vars::Vars(unsigned int)::<lambda(auto:34&, auto:35&, auto:36)>; <template-parameter-1-6> = <missing>; <template-parameter-1-7> = <missing>; <template-parameter-1-8> = <missing>]’
/home/cpansand/.cpan/build/2022022219/XS-libpanda-1.5.8-0/blib/arch/XS/libpanda.x/i/panda/log/../function.h:25:88:   required by substitution of ‘template<class ... F, class, class> panda::function<void, const panda::unievent::AddrInfo&, const std::error_code&, const panda::iptr<panda::unievent::Resolver::Request>&>::function<F ..., <template-parameter-1-2>, <template-parameter-1-3> >(F&& ...) [with F = {{anonymous}::Vars::Vars(unsigned int)::<lambda(auto:34&, auto:35&, auto:36)>}; <template-parameter-1-2> = <missing>; <template-parameter-1-3> = <missing>]’
/home/cpansand/.cpan/build/2022022219/UniEvent-1.2.10-0/clib/tests/resolver.cc:35:13:   required from here
/home/cpansand/.cpan/build/2022022219/XS-libcatch-3.0.0.4-0/blib/arch/XS/libcatch.x/i/catch2/internal/catch_test_macro_impl.hpp:56:67: warning: suggest parentheses around comparison in operand of ‘==’ [-Wparentheses]
   56 |             catchAssertionHandler.handleExpr( Catch::Decomposer() <= __VA_ARGS__ ); \
/home/cpansand/.cpan/build/2022022219/XS-libcatch-3.0.0.4-0/blib/arch/XS/libcatch.x/i/catch2/catch_test_macros.hpp:130:24: note: in expansion of macro ‘INTERNAL_CATCH_TEST’
  130 |   #define CHECK( ... ) INTERNAL_CATCH_TEST( "CHECK", Catch::ResultDisposition::ContinueOnFailure, __VA_ARGS__ )
      |                        ^~~~~~~~~~~~~~~~~~~
/home/cpansand/.cpan/build/2022022219/UniEvent-1.2.10-0/clib/tests/resolver.cc:33:17: note: in expansion of macro ‘CHECK’
   33 |                 CHECK(err == std::errc::operation_canceled);
      |                 ^~~~~
/home/cpansand/.cpan/build/2022022219/UniEvent-1.2.10-0/clib/tests/resolver.cc: In instantiation of ‘CATCH2_INTERNAL_TEST_12()::<lambda(auto:37&, auto:38&, auto:39)> [with auto:37 = const panda::unievent::AddrInfo; auto:38 = const std::error_code; auto:39 = panda::iptr<panda::unievent::Resolver::Request>]’:
/home/cpansand/.cpan/build/2022022219/XS-libpanda-1.5.8-0/blib/arch/XS/libpanda.x/i/panda/log/../traits.h:44:77:   required by substitution of ‘template<class U> static decltype ((declval<U>()(declval<const panda::unievent::AddrInfo&>(), declval<const std::error_code&>(), declval<const panda::iptr<panda::unievent::Resolver::Request>&>()), panda::has_call_operator<CATCH2_INTERNAL_TEST_12()::<lambda(auto:37&, auto:38&, auto:39)>, const panda::unievent::AddrInfo&, const std::error_code&, const panda::iptr<panda::unievent::Resolver::Request>&>::yes())) panda::has_call_operator<CATCH2_INTERNAL_TEST_12()::<lambda(auto:37&, auto:38&, auto:39)>, const panda::unievent::AddrInfo&, const std::error_code&, const panda::iptr<panda::unievent::Resolver::Request>&>::test<U>(int) [with U = CATCH2_INTERNAL_TEST_12()::<lambda(auto:37&, auto:38&, auto:39)>]’
/home/cpansand/.cpan/build/2022022219/XS-libpanda-1.5.8-0/blib/arch/XS/libpanda.x/i/panda/log/../traits.h:48:64:   required from ‘constexpr const bool panda::has_call_operator<CATCH2_INTERNAL_TEST_12()::<lambda(auto:37&, auto:38&, auto:39)>, const panda::unievent::AddrInfo&, const std::error_code&, const panda::iptr<panda::unievent::Resolver::Request>&>::value’
/home/cpansand/.cpan/build/2022022219/XS-libpanda-1.5.8-0/blib/arch/XS/libpanda.x/i/panda/log/../function_utils.h:184:108:   required by substitution of ‘template<class Ret, class ... Args, class Functor, bool IsComp, class DeFunctor, class, class, class> panda::iptr<panda::function_details::abstract_function<DeFunctor, Ret, IsComp, Args ...> > panda::function_details::make_abstract_function(Functor&&) [with Ret = void; Args = {const panda::unievent::AddrInfo&, const std::error_code&, const panda::iptr<panda::unievent::Resolver::Request>&}; Functor = CATCH2_INTERNAL_TEST_12()::<lambda(auto:37&, auto:38&, auto:39)>; bool IsComp = false; DeFunctor = CATCH2_INTERNAL_TEST_12()::<lambda(auto:37&, auto:38&, auto:39)>; <template-parameter-1-6> = <missing>; <template-parameter-1-7> = <missing>; <template-parameter-1-8> = <missing>]’
/home/cpansand/.cpan/build/2022022219/XS-libpanda-1.5.8-0/blib/arch/XS/libpanda.x/i/panda/log/../function.h:25:88:   required by substitution of ‘template<class ... F, class, class> panda::function<void, const panda::unievent::AddrInfo&, const std::error_code&, const panda::iptr<panda::unievent::Resolver::Request>&>::function<F ..., <template-parameter-1-2>, <template-parameter-1-3> >(F&& ...) [with F = {CATCH2_INTERNAL_TEST_12()::<lambda(auto:37&, auto:38&, auto:39)>}; <template-parameter-1-2> = <missing>; <template-parameter-1-3> = <missing>]’
/home/cpansand/.cpan/build/2022022219/UniEvent-1.2.10-0/clib/tests/resolver.cc:173:9:   required from here
/home/cpansand/.cpan/build/2022022219/XS-libcatch-3.0.0.4-0/blib/arch/XS/libcatch.x/i/catch2/internal/catch_test_macro_impl.hpp:56:67: warning: suggest parentheses around comparison in operand of ‘==’ [-Wparentheses]
   56 |             catchAssertionHandler.handleExpr( Catch::Decomposer() <= __VA_ARGS__ ); \
/home/cpansand/.cpan/build/2022022219/XS-libcatch-3.0.0.4-0/blib/arch/XS/libcatch.x/i/catch2/catch_test_macros.hpp:130:24: note: in expansion of macro ‘INTERNAL_CATCH_TEST’
  130 |   #define CHECK( ... ) INTERNAL_CATCH_TEST( "CHECK", Catch::ResultDisposition::ContinueOnFailure, __VA_ARGS__ )
      |                        ^~~~~~~~~~~~~~~~~~~
/home/cpansand/.cpan/build/2022022219/UniEvent-1.2.10-0/clib/tests/resolver.cc:171:9: note: in expansion of macro ‘CHECK’
  171 |         CHECK(err == std::errc::timed_out);
      |         ^~~~~
[ 79%] Building CXX object ../build/CMakeFiles/unievent-tests.dir/tests/stream/establish.cc.o
In file included from /home/cpansand/.cpan/build/2022022219/XS-libcatch-3.0.0.4-0/blib/arch/XS/libcatch.x/i/catch2/catch_test_macros.hpp:11,
                 from /home/cpansand/.cpan/build/2022022219/XS-libpanda-1.5.8-0/blib/arch/XS/libpanda.x/i/panda/test/catch.h:3,
                 from /home/cpansand/.cpan/build/2022022219/UniEvent-1.2.10-0/clib/tests/stream/../lib/test.h:5,
                 from /home/cpansand/.cpan/build/2022022219/UniEvent-1.2.10-0/clib/tests/stream/establish.cc:1:
/home/cpansand/.cpan/build/2022022219/UniEvent-1.2.10-0/clib/tests/stream/establish.cc: In instantiation of ‘CATCH2_INTERNAL_TEST_0()::<lambda(const StreamSP&, const StreamSP&, const ErrorCode&)>::<lambda(auto:30&, auto:31&, auto:32&)> [with auto:30 = const panda::iptr<panda::unievent::Stream>; auto:31 = const panda::iptr<panda::unievent::Stream>; auto:32 = const panda::error::ErrorCode]’:
/home/cpansand/.cpan/build/2022022219/XS-libpanda-1.5.8-0/blib/arch/XS/libpanda.x/i/panda/log/../traits.h:44:77:   required by substitution of ‘template<class U> static decltype ((declval<U>()(declval<const panda::iptr<panda::unievent::Stream>&>(), declval<const panda::iptr<panda::unievent::Stream>&>(), declval<const panda::error::ErrorCode&>()), panda::has_call_operator<CATCH2_INTERNAL_TEST_0()::<lambda(const StreamSP&, const StreamSP&, const ErrorCode&)>::<lambda(auto:30&, auto:31&, auto:32&)>, const panda::iptr<panda::unievent::Stream>&, const panda::iptr<panda::unievent::Stream>&, const panda::error::ErrorCode&>::yes())) panda::has_call_operator<CATCH2_INTERNAL_TEST_0()::<lambda(const StreamSP&, const StreamSP&, const ErrorCode&)>::<lambda(auto:30&, auto:31&, auto:32&)>, const panda::iptr<panda::unievent::Stream>&, const panda::iptr<panda::unievent::Stream>&, const panda::error::ErrorCode&>::test<U>(int) [with U = CATCH2_INTERNAL_TEST_0()::<lambda(const StreamSP&, const StreamSP&, const ErrorCode&)>::<lambda(auto:30&, auto:31&, auto:32&)>]’
/home/cpansand/.cpan/build/2022022219/XS-libpanda-1.5.8-0/blib/arch/XS/libpanda.x/i/panda/log/../traits.h:48:64:   required from ‘constexpr const bool panda::has_call_operator<CATCH2_INTERNAL_TEST_0()::<lambda(const StreamSP&, const StreamSP&, const ErrorCode&)>::<lambda(auto:30&, auto:31&, auto:32&)>, const panda::iptr<panda::unievent::Stream>&, const panda::iptr<panda::unievent::Stream>&, const panda::error::ErrorCode&>::value’
/home/cpansand/.cpan/build/2022022219/XS-libpanda-1.5.8-0/blib/arch/XS/libpanda.x/i/panda/log/../function_utils.h:184:108:   required by substitution of ‘template<class Ret, class ... Args, class Functor, bool IsComp, class DeFunctor, class, class, class> panda::iptr<panda::function_details::abstract_function<DeFunctor, Ret, IsComp, Args ...> > panda::function_details::make_abstract_function(Functor&&) [with Ret = void; Args = {const panda::iptr<panda::unievent::Stream>&, const panda::iptr<panda::unievent::Stream>&, const panda::error::ErrorCode&}; Functor = CATCH2_INTERNAL_TEST_0()::<lambda(const StreamSP&, const StreamSP&, const ErrorCode&)>::<lambda(auto:30&, auto:31&, auto:32&)>; bool IsComp = false; DeFunctor = CATCH2_INTERNAL_TEST_0()::<lambda(const StreamSP&, const StreamSP&, const ErrorCode&)>::<lambda(auto:30&, auto:31&, auto:32&)>; <template-parameter-1-6> = <missing>; <template-parameter-1-7> = <missing>; <template-parameter-1-8> = <missing>]’
/home/cpansand/.cpan/build/2022022219/XS-libpanda-1.5.8-0/blib/arch/XS/libpanda.x/i/panda/log/../function.h:25:88:   required by substitution of ‘template<class ... F, class, class> panda::function<void, const panda::iptr<panda::unievent::Stream>&, const panda::iptr<panda::unievent::Stream>&, const panda::error::ErrorCode&>::function<F ..., <template-parameter-1-2>, <template-parameter-1-3> >(F&& ...) [with F = {CATCH2_INTERNAL_TEST_0()::<lambda(const StreamSP&, const StreamSP&, const ErrorCode&)>::<lambda(auto:30&, auto:31&, auto:32&)>}; <template-parameter-1-2> = <missing>; <template-parameter-1-3> = <missing>]’
/home/cpansand/.cpan/build/2022022219/UniEvent-1.2.10-0/clib/tests/stream/establish.cc:43:10:   required from here
/home/cpansand/.cpan/build/2022022219/XS-libcatch-3.0.0.4-0/blib/arch/XS/libcatch.x/i/catch2/internal/catch_test_macro_impl.hpp:56:67: warning: suggest parentheses around comparison in operand of ‘==’ [-Wparentheses]
   56 |             catchAssertionHandler.handleExpr( Catch::Decomposer() <= __VA_ARGS__ ); \
/home/cpansand/.cpan/build/2022022219/XS-libcatch-3.0.0.4-0/blib/arch/XS/libcatch.x/i/catch2/catch_test_macros.hpp:130:24: note: in expansion of macro ‘INTERNAL_CATCH_TEST’
  130 |   #define CHECK( ... ) INTERNAL_CATCH_TEST( "CHECK", Catch::ResultDisposition::ContinueOnFailure, __VA_ARGS__ )
      |                        ^~~~~~~~~~~~~~~~~~~
/home/cpansand/.cpan/build/2022022219/UniEvent-1.2.10-0/clib/tests/stream/establish.cc:40:13: note: in expansion of macro ‘CHECK’
   40 |             CHECK(srv == server);
      |             ^~~~~
/home/cpansand/.cpan/build/2022022219/UniEvent-1.2.10-0/clib/tests/stream/establish.cc: In instantiation of ‘CATCH2_INTERNAL_TEST_4()::<lambda(auto:38, auto:39&, auto:40)> [with auto:38 = panda::iptr<panda::unievent::Stream>; auto:39 = const panda::error::ErrorCode; auto:40 = panda::iptr<panda::unievent::ConnectRequest>]’:
/home/cpansand/.cpan/build/2022022219/XS-libpanda-1.5.8-0/blib/arch/XS/libpanda.x/i/panda/log/../traits.h:44:77:   required by substitution of ‘template<class U> static decltype ((declval<U>()(declval<const panda::iptr<panda::unievent::Stream>&>(), declval<const panda::error::ErrorCode&>(), declval<const panda::iptr<panda::unievent::ConnectRequest>&>()), panda::has_call_operator<CATCH2_INTERNAL_TEST_4()::<lambda(auto:38, auto:39&, auto:40)>, const panda::iptr<panda::unievent::Stream>&, const panda::error::ErrorCode&, const panda::iptr<panda::unievent::ConnectRequest>&>::yes())) panda::has_call_operator<CATCH2_INTERNAL_TEST_4()::<lambda(auto:38, auto:39&, auto:40)>, const panda::iptr<panda::unievent::Stream>&, const panda::error::ErrorCode&, const panda::iptr<panda::unievent::ConnectRequest>&>::test<U>(int) [with U = CATCH2_INTERNAL_TEST_4()::<lambda(auto:38, auto:39&, auto:40)>]’
/home/cpansand/.cpan/build/2022022219/XS-libpanda-1.5.8-0/blib/arch/XS/libpanda.x/i/panda/log/../traits.h:48:64:   required from ‘constexpr const bool panda::has_call_operator<CATCH2_INTERNAL_TEST_4()::<lambda(auto:38, auto:39&, auto:40)>, const panda::iptr<panda::unievent::Stream>&, const panda::error::ErrorCode&, const panda::iptr<panda::unievent::ConnectRequest>&>::value’
/home/cpansand/.cpan/build/2022022219/XS-libpanda-1.5.8-0/blib/arch/XS/libpanda.x/i/panda/log/../function_utils.h:184:108:   required by substitution of ‘template<class Ret, class ... Args, class Functor, bool IsComp, class DeFunctor, class, class, class> panda::iptr<panda::function_details::abstract_function<DeFunctor, Ret, IsComp, Args ...> > panda::function_details::make_abstract_function(Functor&&) [with Ret = void; Args = {const panda::iptr<panda::unievent::Stream>&, const panda::error::ErrorCode&, const panda::iptr<panda::unievent::ConnectRequest>&}; Functor = CATCH2_INTERNAL_TEST_4()::<lambda(auto:38, auto:39&, auto:40)>; bool IsComp = false; DeFunctor = CATCH2_INTERNAL_TEST_4()::<lambda(auto:38, auto:39&, auto:40)>; <template-parameter-1-6> = <missing>; <template-parameter-1-7> = <missing>; <template-parameter-1-8> = <missing>]’
/home/cpansand/.cpan/build/2022022219/XS-libpanda-1.5.8-0/blib/arch/XS/libpanda.x/i/panda/log/../function.h:25:88:   required by substitution of ‘template<class ... F, class, class> panda::function<void, const panda::iptr<panda::unievent::Stream>&, const panda::error::ErrorCode&, const panda::iptr<panda::unievent::ConnectRequest>&>::function<F ..., <template-parameter-1-2>, <template-parameter-1-3> >(F&& ...) [with F = {CATCH2_INTERNAL_TEST_4()::<lambda(auto:38, auto:39&, auto:40)>}; <template-parameter-1-2> = <missing>; <template-parameter-1-3> = <missing>]’
/home/cpansand/.cpan/build/2022022219/UniEvent-1.2.10-0/clib/tests/stream/establish.cc:98:6:   required from here
/home/cpansand/.cpan/build/2022022219/XS-libcatch-3.0.0.4-0/blib/arch/XS/libcatch.x/i/catch2/internal/catch_test_macro_impl.hpp:56:67: warning: suggest parentheses around comparison in operand of ‘==’ [-Wparentheses]
   56 |             catchAssertionHandler.handleExpr( Catch::Decomposer() <= __VA_ARGS__ ); \
/home/cpansand/.cpan/build/2022022219/XS-libcatch-3.0.0.4-0/blib/arch/XS/libcatch.x/i/catch2/catch_test_macros.hpp:130:24: note: in expansion of macro ‘INTERNAL_CATCH_TEST’
  130 |   #define CHECK( ... ) INTERNAL_CATCH_TEST( "CHECK", Catch::ResultDisposition::ContinueOnFailure, __VA_ARGS__ )
      |                        ^~~~~~~~~~~~~~~~~~~
/home/cpansand/.cpan/build/2022022219/UniEvent-1.2.10-0/clib/tests/stream/establish.cc:95:9: note: in expansion of macro ‘CHECK’
   95 |         CHECK(_err == err);
      |         ^~~~~
[ 81%] Building CXX object ../build/CMakeFiles/unievent-tests.dir/tests/stream/write.cc.o
In file included from /home/cpansand/.cpan/build/2022022219/XS-libcatch-3.0.0.4-0/blib/arch/XS/libcatch.x/i/catch2/catch_test_macros.hpp:11,
                 from /home/cpansand/.cpan/build/2022022219/XS-libpanda-1.5.8-0/blib/arch/XS/libpanda.x/i/panda/test/catch.h:3,
                 from /home/cpansand/.cpan/build/2022022219/UniEvent-1.2.10-0/clib/tests/stream/../lib/test.h:5,
                 from /home/cpansand/.cpan/build/2022022219/UniEvent-1.2.10-0/clib/tests/stream/write.cc:1:
/home/cpansand/.cpan/build/2022022219/UniEvent-1.2.10-0/clib/tests/stream/write.cc: In instantiation of ‘CATCH2_INTERNAL_TEST_0()::<lambda(auto:30, auto:31&, auto:32)> [with auto:30 = panda::iptr<panda::unievent::Stream>; auto:31 = const panda::error::ErrorCode; auto:32 = panda::iptr<panda::unievent::WriteRequest>]’:
/home/cpansand/.cpan/build/2022022219/XS-libpanda-1.5.8-0/blib/arch/XS/libpanda.x/i/panda/log/../traits.h:44:77:   required by substitution of ‘template<class U> static decltype ((declval<U>()(declval<const panda::iptr<panda::unievent::Stream>&>(), declval<const panda::error::ErrorCode&>(), declval<const panda::iptr<panda::unievent::WriteRequest>&>()), panda::has_call_operator<CATCH2_INTERNAL_TEST_0()::<lambda(auto:30, auto:31&, auto:32)>, const panda::iptr<panda::unievent::Stream>&, const panda::error::ErrorCode&, const panda::iptr<panda::unievent::WriteRequest>&>::yes())) panda::has_call_operator<CATCH2_INTERNAL_TEST_0()::<lambda(auto:30, auto:31&, auto:32)>, const panda::iptr<panda::unievent::Stream>&, const panda::error::ErrorCode&, const panda::iptr<panda::unievent::WriteRequest>&>::test<U>(int) [with U = CATCH2_INTERNAL_TEST_0()::<lambda(auto:30, auto:31&, auto:32)>]’
/home/cpansand/.cpan/build/2022022219/XS-libpanda-1.5.8-0/blib/arch/XS/libpanda.x/i/panda/log/../traits.h:48:64:   required from ‘constexpr const bool panda::has_call_operator<CATCH2_INTERNAL_TEST_0()::<lambda(auto:30, auto:31&, auto:32)>, const panda::iptr<panda::unievent::Stream>&, const panda::error::ErrorCode&, const panda::iptr<panda::unievent::WriteRequest>&>::value’
/home/cpansand/.cpan/build/2022022219/XS-libpanda-1.5.8-0/blib/arch/XS/libpanda.x/i/panda/log/../function_utils.h:184:108:   required by substitution of ‘template<class Ret, class ... Args, class Functor, bool IsComp, class DeFunctor, class, class, class> panda::iptr<panda::function_details::abstract_function<DeFunctor, Ret, IsComp, Args ...> > panda::function_details::make_abstract_function(Functor&&) [with Ret = void; Args = {const panda::iptr<panda::unievent::Stream>&, const panda::error::ErrorCode&, const panda::iptr<panda::unievent::WriteRequest>&}; Functor = CATCH2_INTERNAL_TEST_0()::<lambda(auto:30, auto:31&, auto:32)>; bool IsComp = false; DeFunctor = CATCH2_INTERNAL_TEST_0()::<lambda(auto:30, auto:31&, auto:32)>; <template-parameter-1-6> = <missing>; <template-parameter-1-7> = <missing>; <template-parameter-1-8> = <missing>]’
/home/cpansand/.cpan/build/2022022219/XS-libpanda-1.5.8-0/blib/arch/XS/libpanda.x/i/panda/log/../function.h:25:88:   required by substitution of ‘template<class ... F, class, class> panda::function<void, const panda::iptr<panda::unievent::Stream>&, const panda::error::ErrorCode&, const panda::iptr<panda::unievent::WriteRequest>&>::function<F ..., <template-parameter-1-2>, <template-parameter-1-3> >(F&& ...) [with F = {CATCH2_INTERNAL_TEST_0()::<lambda(auto:30, auto:31&, auto:32)>}; <template-parameter-1-2> = <missing>; <template-parameter-1-3> = <missing>]’
/home/cpansand/.cpan/build/2022022219/UniEvent-1.2.10-0/clib/tests/stream/write.cc:19:6:   required from here
/home/cpansand/.cpan/build/2022022219/XS-libcatch-3.0.0.4-0/blib/arch/XS/libcatch.x/i/catch2/internal/catch_test_macro_impl.hpp:56:67: warning: suggest parentheses around comparison in operand of ‘&’ [-Wparentheses]
   56 |             catchAssertionHandler.handleExpr( Catch::Decomposer() <= __VA_ARGS__ ); \
/home/cpansand/.cpan/build/2022022219/XS-libcatch-3.0.0.4-0/blib/arch/XS/libcatch.x/i/catch2/catch_test_macros.hpp:123:26: note: in expansion of macro ‘INTERNAL_CATCH_TEST’
  123 |   #define REQUIRE( ... ) INTERNAL_CATCH_TEST( "REQUIRE", Catch::ResultDisposition::Normal, __VA_ARGS__  )
      |                          ^~~~~~~~~~~~~~~~~~~
/home/cpansand/.cpan/build/2022022219/UniEvent-1.2.10-0/clib/tests/stream/write.cc:17:9: note: in expansion of macro ‘REQUIRE’
   17 |         REQUIRE(err & std::errc::not_connected);
      |         ^~~~~~~
/home/cpansand/.cpan/build/2022022219/UniEvent-1.2.10-0/clib/tests/stream/write.cc: In instantiation of ‘CATCH2_INTERNAL_TEST_3()::<lambda(auto:33, auto:34&, auto:35)> [with auto:33 = panda::iptr<panda::unievent::Stream>; auto:34 = const panda::error::ErrorCode; auto:35 = panda::iptr<panda::unievent::WriteRequest>]’:
/home/cpansand/.cpan/build/2022022219/XS-libpanda-1.5.8-0/blib/arch/XS/libpanda.x/i/panda/log/../traits.h:44:77:   required by substitution of ‘template<class U> static decltype ((declval<U>()(declval<const panda::iptr<panda::unievent::Stream>&>(), declval<const panda::error::ErrorCode&>(), declval<const panda::iptr<panda::unievent::WriteRequest>&>()), panda::has_call_operator<CATCH2_INTERNAL_TEST_3()::<lambda(auto:33, auto:34&, auto:35)>, const panda::iptr<panda::unievent::Stream>&, const panda::error::ErrorCode&, const panda::iptr<panda::unievent::WriteRequest>&>::yes())) panda::has_call_operator<CATCH2_INTERNAL_TEST_3()::<lambda(auto:33, auto:34&, auto:35)>, const panda::iptr<panda::unievent::Stream>&, const panda::error::ErrorCode&, const panda::iptr<panda::unievent::WriteRequest>&>::test<U>(int) [with U = CATCH2_INTERNAL_TEST_3()::<lambda(auto:33, auto:34&, auto:35)>]’
/home/cpansand/.cpan/build/2022022219/XS-libpanda-1.5.8-0/blib/arch/XS/libpanda.x/i/panda/log/../traits.h:48:64:   required from ‘constexpr const bool panda::has_call_operator<CATCH2_INTERNAL_TEST_3()::<lambda(auto:33, auto:34&, auto:35)>, const panda::iptr<panda::unievent::Stream>&, const panda::error::ErrorCode&, const panda::iptr<panda::unievent::WriteRequest>&>::value’
/home/cpansand/.cpan/build/2022022219/XS-libpanda-1.5.8-0/blib/arch/XS/libpanda.x/i/panda/log/../function_utils.h:184:108:   required by substitution of ‘template<class Ret, class ... Args, class Functor, bool IsComp, class DeFunctor, class, class, class> panda::iptr<panda::function_details::abstract_function<DeFunctor, Ret, IsComp, Args ...> > panda::function_details::make_abstract_function(Functor&&) [with Ret = void; Args = {const panda::iptr<panda::unievent::Stream>&, const panda::error::ErrorCode&, const panda::iptr<panda::unievent::WriteRequest>&}; Functor = CATCH2_INTERNAL_TEST_3()::<lambda(auto:33, auto:34&, auto:35)>; bool IsComp = false; DeFunctor = CATCH2_INTERNAL_TEST_3()::<lambda(auto:33, auto:34&, auto:35)>; <template-parameter-1-6> = <missing>; <template-parameter-1-7> = <missing>; <template-parameter-1-8> = <missing>]’
/home/cpansand/.cpan/build/2022022219/XS-libpanda-1.5.8-0/blib/arch/XS/libpanda.x/i/panda/log/../function.h:25:88:   required by substitution of ‘template<class ... F, class, class> panda::function<void, const panda::iptr<panda::unievent::Stream>&, const panda::error::ErrorCode&, const panda::iptr<panda::unievent::WriteRequest>&>::function<F ..., <template-parameter-1-2>, <template-parameter-1-3> >(F&& ...) [with F = {CATCH2_INTERNAL_TEST_3()::<lambda(auto:33, auto:34&, auto:35)>}; <template-parameter-1-2> = <missing>; <template-parameter-1-3> = <missing>]’
/home/cpansand/.cpan/build/2022022219/UniEvent-1.2.10-0/clib/tests/stream/write.cc:42:10:   required from here
/home/cpansand/.cpan/build/2022022219/XS-libcatch-3.0.0.4-0/blib/arch/XS/libcatch.x/i/catch2/internal/catch_test_macro_impl.hpp:56:67: warning: suggest parentheses around comparison in operand of ‘&’ [-Wparentheses]
   56 |             catchAssertionHandler.handleExpr( Catch::Decomposer() <= __VA_ARGS__ ); \
/home/cpansand/.cpan/build/2022022219/XS-libcatch-3.0.0.4-0/blib/arch/XS/libcatch.x/i/catch2/catch_test_macros.hpp:123:26: note: in expansion of macro ‘INTERNAL_CATCH_TEST’
  123 |   #define REQUIRE( ... ) INTERNAL_CATCH_TEST( "REQUIRE", Catch::ResultDisposition::Normal, __VA_ARGS__  )
      |                          ^~~~~~~~~~~~~~~~~~~
/home/cpansand/.cpan/build/2022022219/UniEvent-1.2.10-0/clib/tests/stream/write.cc:39:13: note: in expansion of macro ‘REQUIRE’
   39 |             REQUIRE(err & std::errc::not_connected);
      |             ^~~~~~~
/home/cpansand/.cpan/build/2022022219/UniEvent-1.2.10-0/clib/tests/stream/write.cc: In instantiation of ‘CATCH2_INTERNAL_TEST_3()::<lambda(auto:36, auto:37&, auto:38)> [with auto:36 = panda::iptr<panda::unievent::Stream>; auto:37 = const panda::error::ErrorCode; auto:38 = panda::iptr<panda::unievent::ShutdownRequest>]’:
/home/cpansand/.cpan/build/2022022219/XS-libpanda-1.5.8-0/blib/arch/XS/libpanda.x/i/panda/log/../traits.h:44:77:   required by substitution of ‘template<class U> static decltype ((declval<U>()(declval<const panda::iptr<panda::unievent::Stream>&>(), declval<const panda::error::ErrorCode&>(), declval<const panda::iptr<panda::unievent::ShutdownRequest>&>()), panda::has_call_operator<CATCH2_INTERNAL_TEST_3()::<lambda(auto:36, auto:37&, auto:38)>, const panda::iptr<panda::unievent::Stream>&, const panda::error::ErrorCode&, const panda::iptr<panda::unievent::ShutdownRequest>&>::yes())) panda::has_call_operator<CATCH2_INTERNAL_TEST_3()::<lambda(auto:36, auto:37&, auto:38)>, const panda::iptr<panda::unievent::Stream>&, const panda::error::ErrorCode&, const panda::iptr<panda::unievent::ShutdownRequest>&>::test<U>(int) [with U = CATCH2_INTERNAL_TEST_3()::<lambda(auto:36, auto:37&, auto:38)>]’
/home/cpansand/.cpan/build/2022022219/XS-libpanda-1.5.8-0/blib/arch/XS/libpanda.x/i/panda/log/../traits.h:48:64:   required from ‘constexpr const bool panda::has_call_operator<CATCH2_INTERNAL_TEST_3()::<lambda(auto:36, auto:37&, auto:38)>, const panda::iptr<panda::unievent::Stream>&, const panda::error::ErrorCode&, const panda::iptr<panda::unievent::ShutdownRequest>&>::value’
/home/cpansand/.cpan/build/2022022219/XS-libpanda-1.5.8-0/blib/arch/XS/libpanda.x/i/panda/log/../function_utils.h:184:108:   required by substitution of ‘template<class Ret, class ... Args, class Functor, bool IsComp, class DeFunctor, class, class, class> panda::iptr<panda::function_details::abstract_function<DeFunctor, Ret, IsComp, Args ...> > panda::function_details::make_abstract_function(Functor&&) [with Ret = void; Args = {const panda::iptr<panda::unievent::Stream>&, const panda::error::ErrorCode&, const panda::iptr<panda::unievent::ShutdownRequest>&}; Functor = CATCH2_INTERNAL_TEST_3()::<lambda(auto:36, auto:37&, auto:38)>; bool IsComp = false; DeFunctor = CATCH2_INTERNAL_TEST_3()::<lambda(auto:36, auto:37&, auto:38)>; <template-parameter-1-6> = <missing>; <template-parameter-1-7> = <missing>; <template-parameter-1-8> = <missing>]’
/home/cpansand/.cpan/build/2022022219/XS-libpanda-1.5.8-0/blib/arch/XS/libpanda.x/i/panda/log/../function.h:25:88:   required by substitution of ‘template<class ... F, class, class> panda::function<void, const panda::iptr<panda::unievent::Stream>&, const panda::error::ErrorCode&, const panda::iptr<panda::unievent::ShutdownRequest>&>::function<F ..., <template-parameter-1-2>, <template-parameter-1-3> >(F&& ...) [with F = {CATCH2_INTERNAL_TEST_3()::<lambda(auto:36, auto:37&, auto:38)>}; <template-parameter-1-2> = <missing>; <template-parameter-1-3> = <missing>]’
/home/cpansand/.cpan/build/2022022219/UniEvent-1.2.10-0/clib/tests/stream/write.cc:50:10:   required from here
/home/cpansand/.cpan/build/2022022219/XS-libcatch-3.0.0.4-0/blib/arch/XS/libcatch.x/i/catch2/internal/catch_test_macro_impl.hpp:56:67: warning: suggest parentheses around comparison in operand of ‘&’ [-Wparentheses]
   56 |             catchAssertionHandler.handleExpr( Catch::Decomposer() <= __VA_ARGS__ ); \
/home/cpansand/.cpan/build/2022022219/XS-libcatch-3.0.0.4-0/blib/arch/XS/libcatch.x/i/catch2/catch_test_macros.hpp:123:26: note: in expansion of macro ‘INTERNAL_CATCH_TEST’
  123 |   #define REQUIRE( ... ) INTERNAL_CATCH_TEST( "REQUIRE", Catch::ResultDisposition::Normal, __VA_ARGS__  )
      |                          ^~~~~~~~~~~~~~~~~~~
/home/cpansand/.cpan/build/2022022219/UniEvent-1.2.10-0/clib/tests/stream/write.cc:47:13: note: in expansion of macro ‘REQUIRE’
   47 |             REQUIRE(err & std::errc::not_connected);
      |             ^~~~~~~
/home/cpansand/.cpan/build/2022022219/UniEvent-1.2.10-0/clib/tests/stream/write.cc: In instantiation of ‘CATCH2_INTERNAL_TEST_14()::<lambda(auto:46, auto:47&, auto:48)> [with auto:46 = panda::iptr<panda::unievent::Stream>; auto:47 = const panda::error::ErrorCode; auto:48 = panda::iptr<panda::unievent::WriteRequest>]’:
/home/cpansand/.cpan/build/2022022219/XS-libpanda-1.5.8-0/blib/arch/XS/libpanda.x/i/panda/log/../traits.h:44:77:   required by substitution of ‘template<class U> static decltype ((declval<U>()(declval<const panda::iptr<panda::unievent::Stream>&>(), declval<const panda::error::ErrorCode&>(), declval<const panda::iptr<panda::unievent::WriteRequest>&>()), panda::has_call_operator<CATCH2_INTERNAL_TEST_14()::<lambda(auto:46, auto:47&, auto:48)>, const panda::iptr<panda::unievent::Stream>&, const panda::error::ErrorCode&, const panda::iptr<panda::unievent::WriteRequest>&>::yes())) panda::has_call_operator<CATCH2_INTERNAL_TEST_14()::<lambda(auto:46, auto:47&, auto:48)>, const panda::iptr<panda::unievent::Stream>&, const panda::error::ErrorCode&, const panda::iptr<panda::unievent::WriteRequest>&>::test<U>(int) [with U = CATCH2_INTERNAL_TEST_14()::<lambda(auto:46, auto:47&, auto:48)>]’
/home/cpansand/.cpan/build/2022022219/XS-libpanda-1.5.8-0/blib/arch/XS/libpanda.x/i/panda/log/../traits.h:48:64:   required from ‘constexpr const bool panda::has_call_operator<CATCH2_INTERNAL_TEST_14()::<lambda(auto:46, auto:47&, auto:48)>, const panda::iptr<panda::unievent::Stream>&, const panda::error::ErrorCode&, const panda::iptr<panda::unievent::WriteRequest>&>::value’
/home/cpansand/.cpan/build/2022022219/XS-libpanda-1.5.8-0/blib/arch/XS/libpanda.x/i/panda/log/../function_utils.h:184:108:   required by substitution of ‘template<class Ret, class ... Args, class Functor, bool IsComp, class DeFunctor, class, class, class> panda::iptr<panda::function_details::abstract_function<DeFunctor, Ret, IsComp, Args ...> > panda::function_details::make_abstract_function(Functor&&) [with Ret = void; Args = {const panda::iptr<panda::unievent::Stream>&, const panda::error::ErrorCode&, const panda::iptr<panda::unievent::WriteRequest>&}; Functor = CATCH2_INTERNAL_TEST_14()::<lambda(auto:46, auto:47&, auto:48)>; bool IsComp = false; DeFunctor = CATCH2_INTERNAL_TEST_14()::<lambda(auto:46, auto:47&, auto:48)>; <template-parameter-1-6> = <missing>; <template-parameter-1-7> = <missing>; <template-parameter-1-8> = <missing>]’
/home/cpansand/.cpan/build/2022022219/XS-libpanda-1.5.8-0/blib/arch/XS/libpanda.x/i/panda/log/../function.h:25:88:   required by substitution of ‘template<class ... F, class, class> panda::function<void, const panda::iptr<panda::unievent::Stream>&, const panda::error::ErrorCode&, const panda::iptr<panda::unievent::WriteRequest>&>::function<F ..., <template-parameter-1-2>, <template-parameter-1-3> >(F&& ...) [with F = {CATCH2_INTERNAL_TEST_14()::<lambda(auto:46, auto:47&, auto:48)>}; <template-parameter-1-2> = <missing>; <template-parameter-1-3> = <missing>]’
/home/cpansand/.cpan/build/2022022219/UniEvent-1.2.10-0/clib/tests/stream/write.cc:125:6:   required from here
/home/cpansand/.cpan/build/2022022219/XS-libcatch-3.0.0.4-0/blib/arch/XS/libcatch.x/i/catch2/internal/catch_test_macro_impl.hpp:56:67: warning: suggest parentheses around comparison in operand of ‘&’ [-Wparentheses]
   56 |             catchAssertionHandler.handleExpr( Catch::Decomposer() <= __VA_ARGS__ ); \
/home/cpansand/.cpan/build/2022022219/XS-libcatch-3.0.0.4-0/blib/arch/XS/libcatch.x/i/catch2/catch_test_macros.hpp:130:24: note: in expansion of macro ‘INTERNAL_CATCH_TEST’
  130 |   #define CHECK( ... ) INTERNAL_CATCH_TEST( "CHECK", Catch::ResultDisposition::ContinueOnFailure, __VA_ARGS__ )
      |                        ^~~~~~~~~~~~~~~~~~~
/home/cpansand/.cpan/build/2022022219/UniEvent-1.2.10-0/clib/tests/stream/write.cc:124:9: note: in expansion of macro ‘CHECK’
  124 |         CHECK(err & std::errc::operation_canceled);
      |         ^~~~~
[ 83%] Building CXX object ../build/CMakeFiles/unievent-tests.dir/tests/streamer/basic.cc.o
[ 85%] Building CXX object ../build/CMakeFiles/unievent-tests.dir/tests/streamer/file.cc.o
[ 87%] Building CXX object ../build/CMakeFiles/unievent-tests.dir/tests/streamer/stream.cc.o
[ 88%] Building CXX object ../build/CMakeFiles/unievent-tests.dir/tests/tcp/base.cc.o
In file included from /home/cpansand/.cpan/build/2022022219/XS-libcatch-3.0.0.4-0/blib/arch/XS/libcatch.x/i/catch2/catch_test_macros.hpp:11,
                 from /home/cpansand/.cpan/build/2022022219/XS-libpanda-1.5.8-0/blib/arch/XS/libpanda.x/i/panda/test/catch.h:3,
                 from /home/cpansand/.cpan/build/2022022219/UniEvent-1.2.10-0/clib/tests/tcp/../lib/test.h:5,
                 from /home/cpansand/.cpan/build/2022022219/UniEvent-1.2.10-0/clib/tests/tcp/base.cc:1:
/home/cpansand/.cpan/build/2022022219/UniEvent-1.2.10-0/clib/tests/tcp/base.cc: In instantiation of ‘CATCH2_INTERNAL_TEST_0()::<lambda(auto:30, auto:31&, auto:32)> [with auto:30 = panda::iptr<panda::unievent::Stream>; auto:31 = const panda::error::ErrorCode; auto:32 = panda::iptr<panda::unievent::ConnectRequest>]’:
/home/cpansand/.cpan/build/2022022219/XS-libpanda-1.5.8-0/blib/arch/XS/libpanda.x/i/panda/log/../traits.h:44:77:   required by substitution of ‘template<class U> static decltype ((declval<U>()(declval<const panda::iptr<panda::unievent::Stream>&>(), declval<const panda::error::ErrorCode&>(), declval<const panda::iptr<panda::unievent::ConnectRequest>&>()), panda::has_call_operator<CATCH2_INTERNAL_TEST_0()::<lambda(auto:30, auto:31&, auto:32)>, const panda::iptr<panda::unievent::Stream>&, const panda::error::ErrorCode&, const panda::iptr<panda::unievent::ConnectRequest>&>::yes())) panda::has_call_operator<CATCH2_INTERNAL_TEST_0()::<lambda(auto:30, auto:31&, auto:32)>, const panda::iptr<panda::unievent::Stream>&, const panda::error::ErrorCode&, const panda::iptr<panda::unievent::ConnectRequest>&>::test<U>(int) [with U = CATCH2_INTERNAL_TEST_0()::<lambda(auto:30, auto:31&, auto:32)>]’
/home/cpansand/.cpan/build/2022022219/XS-libpanda-1.5.8-0/blib/arch/XS/libpanda.x/i/panda/log/../traits.h:48:64:   required from ‘constexpr const bool panda::has_call_operator<CATCH2_INTERNAL_TEST_0()::<lambda(auto:30, auto:31&, auto:32)>, const panda::iptr<panda::unievent::Stream>&, const panda::error::ErrorCode&, const panda::iptr<panda::unievent::ConnectRequest>&>::value’
/home/cpansand/.cpan/build/2022022219/XS-libpanda-1.5.8-0/blib/arch/XS/libpanda.x/i/panda/log/../function_utils.h:184:108:   required by substitution of ‘template<class Ret, class ... Args, class Functor, bool IsComp, class DeFunctor, class, class, class> panda::iptr<panda::function_details::abstract_function<DeFunctor, Ret, IsComp, Args ...> > panda::function_details::make_abstract_function(Functor&&) [with Ret = void; Args = {const panda::iptr<panda::unievent::Stream>&, const panda::error::ErrorCode&, const panda::iptr<panda::unievent::ConnectRequest>&}; Functor = CATCH2_INTERNAL_TEST_0()::<lambda(auto:30, auto:31&, auto:32)>; bool IsComp = false; DeFunctor = CATCH2_INTERNAL_TEST_0()::<lambda(auto:30, auto:31&, auto:32)>; <template-parameter-1-6> = <missing>; <template-parameter-1-7> = <missing>; <template-parameter-1-8> = <missing>]’
/home/cpansand/.cpan/build/2022022219/XS-libpanda-1.5.8-0/blib/arch/XS/libpanda.x/i/panda/log/../function.h:25:88:   required by substitution of ‘template<class ... F, class, class> panda::function<void, const panda::iptr<panda::unievent::Stream>&, const panda::error::ErrorCode&, const panda::iptr<panda::unievent::ConnectRequest>&>::function<F ..., <template-parameter-1-2>, <template-parameter-1-3> >(F&& ...) [with F = {CATCH2_INTERNAL_TEST_0()::<lambda(auto:30, auto:31&, auto:32)>}; <template-parameter-1-2> = <missing>; <template-parameter-1-3> = <missing>]’
/home/cpansand/.cpan/build/2022022219/UniEvent-1.2.10-0/clib/tests/tcp/base.cc:32:6:   required from here
/home/cpansand/.cpan/build/2022022219/XS-libcatch-3.0.0.4-0/blib/arch/XS/libcatch.x/i/catch2/internal/catch_test_macro_impl.hpp:56:67: warning: suggest parentheses around comparison in operand of ‘&’ [-Wparentheses]
   56 |             catchAssertionHandler.handleExpr( Catch::Decomposer() <= __VA_ARGS__ ); \
/home/cpansand/.cpan/build/2022022219/XS-libcatch-3.0.0.4-0/blib/arch/XS/libcatch.x/i/catch2/catch_test_macros.hpp:130:24: note: in expansion of macro ‘INTERNAL_CATCH_TEST’
  130 |   #define CHECK( ... ) INTERNAL_CATCH_TEST( "CHECK", Catch::ResultDisposition::ContinueOnFailure, __VA_ARGS__ )
      |                        ^~~~~~~~~~~~~~~~~~~
/home/cpansand/.cpan/build/2022022219/UniEvent-1.2.10-0/clib/tests/tcp/base.cc:30:9: note: in expansion of macro ‘CHECK’
   30 |         CHECK(err & std::errc::operation_canceled);
      |         ^~~~~
/home/cpansand/.cpan/build/2022022219/UniEvent-1.2.10-0/clib/tests/tcp/base.cc: In instantiation of ‘CATCH2_INTERNAL_TEST_24()::<lambda(auto:62, auto:63&, auto:64)> [with auto:62 = panda::iptr<panda::unievent::Stream>; auto:63 = const panda::error::ErrorCode; auto:64 = panda::iptr<panda::unievent::ShutdownRequest>]’:
/home/cpansand/.cpan/build/2022022219/XS-libpanda-1.5.8-0/blib/arch/XS/libpanda.x/i/panda/log/../traits.h:44:77:   required by substitution of ‘template<class U> static decltype ((declval<U>()(declval<const panda::iptr<panda::unievent::Stream>&>(), declval<const panda::error::ErrorCode&>(), declval<const panda::iptr<panda::unievent::ShutdownRequest>&>()), panda::has_call_operator<CATCH2_INTERNAL_TEST_24()::<lambda(auto:62, auto:63&, auto:64)>, const panda::iptr<panda::unievent::Stream>&, const panda::error::ErrorCode&, const panda::iptr<panda::unievent::ShutdownRequest>&>::yes())) panda::has_call_operator<CATCH2_INTERNAL_TEST_24()::<lambda(auto:62, auto:63&, auto:64)>, const panda::iptr<panda::unievent::Stream>&, const panda::error::ErrorCode&, const panda::iptr<panda::unievent::ShutdownRequest>&>::test<U>(int) [with U = CATCH2_INTERNAL_TEST_24()::<lambda(auto:62, auto:63&, auto:64)>]’
/home/cpansand/.cpan/build/2022022219/XS-libpanda-1.5.8-0/blib/arch/XS/libpanda.x/i/panda/log/../traits.h:48:64:   required from ‘constexpr const bool panda::has_call_operator<CATCH2_INTERNAL_TEST_24()::<lambda(auto:62, auto:63&, auto:64)>, const panda::iptr<panda::unievent::Stream>&, const panda::error::ErrorCode&, const panda::iptr<panda::unievent::ShutdownRequest>&>::value’
/home/cpansand/.cpan/build/2022022219/XS-libpanda-1.5.8-0/blib/arch/XS/libpanda.x/i/panda/log/../function_utils.h:184:108:   required by substitution of ‘template<class Ret, class ... Args, class Functor, bool IsComp, class DeFunctor, class, class, class> panda::iptr<panda::function_details::abstract_function<DeFunctor, Ret, IsComp, Args ...> > panda::function_details::make_abstract_function(Functor&&) [with Ret = void; Args = {const panda::iptr<panda::unievent::Stream>&, const panda::error::ErrorCode&, const panda::iptr<panda::unievent::ShutdownRequest>&}; Functor = CATCH2_INTERNAL_TEST_24()::<lambda(auto:62, auto:63&, auto:64)>; bool IsComp = false; DeFunctor = CATCH2_INTERNAL_TEST_24()::<lambda(auto:62, auto:63&, auto:64)>; <template-parameter-1-6> = <missing>; <template-parameter-1-7> = <missing>; <template-parameter-1-8> = <missing>]’
/home/cpansand/.cpan/build/2022022219/XS-libpanda-1.5.8-0/blib/arch/XS/libpanda.x/i/panda/log/../function.h:25:88:   required by substitution of ‘template<class ... F, class, class> panda::function<void, const panda::iptr<panda::unievent::Stream>&, const panda::error::ErrorCode&, const panda::iptr<panda::unievent::ShutdownRequest>&>::function<F ..., <template-parameter-1-2>, <template-parameter-1-3> >(F&& ...) [with F = {CATCH2_INTERNAL_TEST_24()::<lambda(auto:62, auto:63&, auto:64)>}; <template-parameter-1-2> = <missing>; <template-parameter-1-3> = <missing>]’
/home/cpansand/.cpan/build/2022022219/UniEvent-1.2.10-0/clib/tests/tcp/base.cc:220:6:   required from here
/home/cpansand/.cpan/build/2022022219/XS-libcatch-3.0.0.4-0/blib/arch/XS/libcatch.x/i/catch2/internal/catch_test_macro_impl.hpp:56:67: warning: suggest parentheses around comparison in operand of ‘&’ [-Wparentheses]
   56 |             catchAssertionHandler.handleExpr( Catch::Decomposer() <= __VA_ARGS__ ); \
/home/cpansand/.cpan/build/2022022219/XS-libcatch-3.0.0.4-0/blib/arch/XS/libcatch.x/i/catch2/catch_test_macros.hpp:130:24: note: in expansion of macro ‘INTERNAL_CATCH_TEST’
  130 |   #define CHECK( ... ) INTERNAL_CATCH_TEST( "CHECK", Catch::ResultDisposition::ContinueOnFailure, __VA_ARGS__ )
      |                        ^~~~~~~~~~~~~~~~~~~
/home/cpansand/.cpan/build/2022022219/UniEvent-1.2.10-0/clib/tests/tcp/base.cc:219:9: note: in expansion of macro ‘CHECK’
  219 |         CHECK(err & std::errc::timed_out);
      |         ^~~~~
/home/cpansand/.cpan/build/2022022219/UniEvent-1.2.10-0/clib/tests/tcp/base.cc: In instantiation of ‘CATCH2_INTERNAL_TEST_26()::<lambda(auto:72, auto:73&, auto:74)> [with auto:72 = panda::iptr<panda::unievent::Stream>; auto:73 = const panda::error::ErrorCode; auto:74 = panda::iptr<panda::unievent::ShutdownRequest>]’:
/home/cpansand/.cpan/build/2022022219/XS-libpanda-1.5.8-0/blib/arch/XS/libpanda.x/i/panda/log/../traits.h:44:77:   required by substitution of ‘template<class U> static decltype ((declval<U>()(declval<const panda::iptr<panda::unievent::Stream>&>(), declval<const panda::error::ErrorCode&>(), declval<const panda::iptr<panda::unievent::ShutdownRequest>&>()), panda::has_call_operator<CATCH2_INTERNAL_TEST_26()::<lambda(auto:72, auto:73&, auto:74)>, const panda::iptr<panda::unievent::Stream>&, const panda::error::ErrorCode&, const panda::iptr<panda::unievent::ShutdownRequest>&>::yes())) panda::has_call_operator<CATCH2_INTERNAL_TEST_26()::<lambda(auto:72, auto:73&, auto:74)>, const panda::iptr<panda::unievent::Stream>&, const panda::error::ErrorCode&, const panda::iptr<panda::unievent::ShutdownRequest>&>::test<U>(int) [with U = CATCH2_INTERNAL_TEST_26()::<lambda(auto:72, auto:73&, auto:74)>]’
/home/cpansand/.cpan/build/2022022219/XS-libpanda-1.5.8-0/blib/arch/XS/libpanda.x/i/panda/log/../traits.h:48:64:   required from ‘constexpr const bool panda::has_call_operator<CATCH2_INTERNAL_TEST_26()::<lambda(auto:72, auto:73&, auto:74)>, const panda::iptr<panda::unievent::Stream>&, const panda::error::ErrorCode&, const panda::iptr<panda::unievent::ShutdownRequest>&>::value’
/home/cpansand/.cpan/build/2022022219/XS-libpanda-1.5.8-0/blib/arch/XS/libpanda.x/i/panda/log/../function_utils.h:184:108:   required by substitution of ‘template<class Ret, class ... Args, class Functor, bool IsComp, class DeFunctor, class, class, class> panda::iptr<panda::function_details::abstract_function<DeFunctor, Ret, IsComp, Args ...> > panda::function_details::make_abstract_function(Functor&&) [with Ret = void; Args = {const panda::iptr<panda::unievent::Stream>&, const panda::error::ErrorCode&, const panda::iptr<panda::unievent::ShutdownRequest>&}; Functor = CATCH2_INTERNAL_TEST_26()::<lambda(auto:72, auto:73&, auto:74)>; bool IsComp = false; DeFunctor = CATCH2_INTERNAL_TEST_26()::<lambda(auto:72, auto:73&, auto:74)>; <template-parameter-1-6> = <missing>; <template-parameter-1-7> = <missing>; <template-parameter-1-8> = <missing>]’
/home/cpansand/.cpan/build/2022022219/XS-libpanda-1.5.8-0/blib/arch/XS/libpanda.x/i/panda/log/../function.h:25:88:   required by substitution of ‘template<class ... F, class, class> panda::function<void, const panda::iptr<panda::unievent::Stream>&, const panda::error::ErrorCode&, const panda::iptr<panda::unievent::ShutdownRequest>&>::function<F ..., <template-parameter-1-2>, <template-parameter-1-3> >(F&& ...) [with F = {CATCH2_INTERNAL_TEST_26()::<lambda(auto:72, auto:73&, auto:74)>}; <template-parameter-1-2> = <missing>; <template-parameter-1-3> = <missing>]’
/home/cpansand/.cpan/build/2022022219/UniEvent-1.2.10-0/clib/tests/tcp/base.cc:250:6:   required from here
/home/cpansand/.cpan/build/2022022219/XS-libcatch-3.0.0.4-0/blib/arch/XS/libcatch.x/i/catch2/internal/catch_test_macro_impl.hpp:56:67: warning: suggest parentheses around comparison in operand of ‘&’ [-Wparentheses]
   56 |             catchAssertionHandler.handleExpr( Catch::Decomposer() <= __VA_ARGS__ ); \
/home/cpansand/.cpan/build/2022022219/XS-libcatch-3.0.0.4-0/blib/arch/XS/libcatch.x/i/catch2/catch_test_macros.hpp:130:24: note: in expansion of macro ‘INTERNAL_CATCH_TEST’
  130 |   #define CHECK( ... ) INTERNAL_CATCH_TEST( "CHECK", Catch::ResultDisposition::ContinueOnFailure, __VA_ARGS__ )
      |                        ^~~~~~~~~~~~~~~~~~~
/home/cpansand/.cpan/build/2022022219/UniEvent-1.2.10-0/clib/tests/tcp/base.cc:248:9: note: in expansion of macro ‘CHECK’
  248 |         CHECK(err & std::errc::timed_out);
      |         ^~~~~
[ 90%] Building CXX object ../build/CMakeFiles/unievent-tests.dir/tests/tcp/connect.cc.o
In file included from /home/cpansand/.cpan/build/2022022219/XS-libcatch-3.0.0.4-0/blib/arch/XS/libcatch.x/i/catch2/catch_test_macros.hpp:11,
                 from /home/cpansand/.cpan/build/2022022219/XS-libpanda-1.5.8-0/blib/arch/XS/libpanda.x/i/panda/test/catch.h:3,
                 from /home/cpansand/.cpan/build/2022022219/UniEvent-1.2.10-0/clib/tests/tcp/../lib/test.h:5,
                 from /home/cpansand/.cpan/build/2022022219/UniEvent-1.2.10-0/clib/tests/tcp/connect.cc:1:
/home/cpansand/.cpan/build/2022022219/UniEvent-1.2.10-0/clib/tests/tcp/connect.cc: In instantiation of ‘CATCH2_INTERNAL_TEST_36()::<lambda(auto:61, auto:62&, auto:63&)> [with auto:61 = panda::iptr<panda::unievent::Stream>; auto:62 = const panda::error::ErrorCode; auto:63 = const panda::iptr<panda::unievent::ConnectRequest>]’:
/home/cpansand/.cpan/build/2022022219/XS-libpanda-1.5.8-0/blib/arch/XS/libpanda.x/i/panda/log/../traits.h:44:77:   required by substitution of ‘template<class U> static decltype ((declval<U>()(declval<const panda::iptr<panda::unievent::Stream>&>(), declval<const panda::error::ErrorCode&>(), declval<const panda::iptr<panda::unievent::ConnectRequest>&>()), panda::has_call_operator<CATCH2_INTERNAL_TEST_36()::<lambda(auto:61, auto:62&, auto:63&)>, const panda::iptr<panda::unievent::Stream>&, const panda::error::ErrorCode&, const panda::iptr<panda::unievent::ConnectRequest>&>::yes())) panda::has_call_operator<CATCH2_INTERNAL_TEST_36()::<lambda(auto:61, auto:62&, auto:63&)>, const panda::iptr<panda::unievent::Stream>&, const panda::error::ErrorCode&, const panda::iptr<panda::unievent::ConnectRequest>&>::test<U>(int) [with U = CATCH2_INTERNAL_TEST_36()::<lambda(auto:61, auto:62&, auto:63&)>]’
/home/cpansand/.cpan/build/2022022219/XS-libpanda-1.5.8-0/blib/arch/XS/libpanda.x/i/panda/log/../traits.h:48:64:   required from ‘constexpr const bool panda::has_call_operator<CATCH2_INTERNAL_TEST_36()::<lambda(auto:61, auto:62&, auto:63&)>, const panda::iptr<panda::unievent::Stream>&, const panda::error::ErrorCode&, const panda::iptr<panda::unievent::ConnectRequest>&>::value’
/home/cpansand/.cpan/build/2022022219/XS-libpanda-1.5.8-0/blib/arch/XS/libpanda.x/i/panda/log/../function_utils.h:184:108:   required by substitution of ‘template<class Ret, class ... Args, class Functor, bool IsComp, class DeFunctor, class, class, class> panda::iptr<panda::function_details::abstract_function<DeFunctor, Ret, IsComp, Args ...> > panda::function_details::make_abstract_function(Functor&&) [with Ret = void; Args = {const panda::iptr<panda::unievent::Stream>&, const panda::error::ErrorCode&, const panda::iptr<panda::unievent::ConnectRequest>&}; Functor = CATCH2_INTERNAL_TEST_36()::<lambda(auto:61, auto:62&, auto:63&)>; bool IsComp = false; DeFunctor = CATCH2_INTERNAL_TEST_36()::<lambda(auto:61, auto:62&, auto:63&)>; <template-parameter-1-6> = <missing>; <template-parameter-1-7> = <missing>; <template-parameter-1-8> = <missing>]’
/home/cpansand/.cpan/build/2022022219/XS-libpanda-1.5.8-0/blib/arch/XS/libpanda.x/i/panda/log/../function.h:25:88:   required by substitution of ‘template<class ... F, class, class> panda::function<void, const panda::iptr<panda::unievent::Stream>&, const panda::error::ErrorCode&, const panda::iptr<panda::unievent::ConnectRequest>&>::function<F ..., <template-parameter-1-2>, <template-parameter-1-3> >(F&& ...) [with F = {CATCH2_INTERNAL_TEST_36()::<lambda(auto:61, auto:62&, auto:63&)>}; <template-parameter-1-2> = <missing>; <template-parameter-1-3> = <missing>]’
/home/cpansand/.cpan/build/2022022219/UniEvent-1.2.10-0/clib/tests/tcp/connect.cc:275:6:   required from here
/home/cpansand/.cpan/build/2022022219/XS-libcatch-3.0.0.4-0/blib/arch/XS/libcatch.x/i/catch2/internal/catch_test_macro_impl.hpp:56:67: warning: suggest parentheses around comparison in operand of ‘&’ [-Wparentheses]
   56 |             catchAssertionHandler.handleExpr( Catch::Decomposer() <= __VA_ARGS__ ); \
/home/cpansand/.cpan/build/2022022219/XS-libcatch-3.0.0.4-0/blib/arch/XS/libcatch.x/i/catch2/catch_test_macros.hpp:123:26: note: in expansion of macro ‘INTERNAL_CATCH_TEST’
  123 |   #define REQUIRE( ... ) INTERNAL_CATCH_TEST( "REQUIRE", Catch::ResultDisposition::Normal, __VA_ARGS__  )
      |                          ^~~~~~~~~~~~~~~~~~~
/home/cpansand/.cpan/build/2022022219/UniEvent-1.2.10-0/clib/tests/tcp/connect.cc:272:9: note: in expansion of macro ‘REQUIRE’
  272 |         REQUIRE(err & std::errc::timed_out);
      |         ^~~~~~~
[ 92%] Building CXX object ../build/CMakeFiles/unievent-tests.dir/tests/tcp/ssl.cc.o
In file included from /home/cpansand/.cpan/build/2022022219/XS-libcatch-3.0.0.4-0/blib/arch/XS/libcatch.x/i/catch2/catch_test_macros.hpp:11,
                 from /home/cpansand/.cpan/build/2022022219/XS-libpanda-1.5.8-0/blib/arch/XS/libpanda.x/i/panda/test/catch.h:3,
                 from /home/cpansand/.cpan/build/2022022219/UniEvent-1.2.10-0/clib/tests/tcp/../lib/test.h:5,
                 from /home/cpansand/.cpan/build/2022022219/UniEvent-1.2.10-0/clib/tests/tcp/ssl.cc:1:
/home/cpansand/.cpan/build/2022022219/UniEvent-1.2.10-0/clib/tests/tcp/ssl.cc: In instantiation of ‘CATCH2_INTERNAL_TEST_2()::<lambda(auto:35, auto:36, auto:37&)> [with auto:35 = panda::iptr<panda::unievent::Stream>; auto:36 = panda::iptr<panda::unievent::Stream>; auto:37 = const panda::error::ErrorCode]’:
/home/cpansand/.cpan/build/2022022219/XS-libpanda-1.5.8-0/blib/arch/XS/libpanda.x/i/panda/log/../traits.h:44:77:   required by substitution of ‘template<class U> static decltype ((declval<U>()(declval<const panda::iptr<panda::unievent::Stream>&>(), declval<const panda::iptr<panda::unievent::Stream>&>(), declval<const panda::error::ErrorCode&>()), panda::has_call_operator<CATCH2_INTERNAL_TEST_2()::<lambda(auto:35, auto:36, auto:37&)>, const panda::iptr<panda::unievent::Stream>&, const panda::iptr<panda::unievent::Stream>&, const panda::error::ErrorCode&>::yes())) panda::has_call_operator<CATCH2_INTERNAL_TEST_2()::<lambda(auto:35, auto:36, auto:37&)>, const panda::iptr<panda::unievent::Stream>&, const panda::iptr<panda::unievent::Stream>&, const panda::error::ErrorCode&>::test<U>(int) [with U = CATCH2_INTERNAL_TEST_2()::<lambda(auto:35, auto:36, auto:37&)>]’
/home/cpansand/.cpan/build/2022022219/XS-libpanda-1.5.8-0/blib/arch/XS/libpanda.x/i/panda/log/../traits.h:48:64:   required from ‘constexpr const bool panda::has_call_operator<CATCH2_INTERNAL_TEST_2()::<lambda(auto:35, auto:36, auto:37&)>, const panda::iptr<panda::unievent::Stream>&, const panda::iptr<panda::unievent::Stream>&, const panda::error::ErrorCode&>::value’
/home/cpansand/.cpan/build/2022022219/XS-libpanda-1.5.8-0/blib/arch/XS/libpanda.x/i/panda/log/../function_utils.h:184:108:   required by substitution of ‘template<class Ret, class ... Args, class Functor, bool IsComp, class DeFunctor, class, class, class> panda::iptr<panda::function_details::abstract_function<DeFunctor, Ret, IsComp, Args ...> > panda::function_details::make_abstract_function(Functor&&) [with Ret = void; Args = {const panda::iptr<panda::unievent::Stream>&, const panda::iptr<panda::unievent::Stream>&, const panda::error::ErrorCode&}; Functor = CATCH2_INTERNAL_TEST_2()::<lambda(auto:35, auto:36, auto:37&)>; bool IsComp = false; DeFunctor = CATCH2_INTERNAL_TEST_2()::<lambda(auto:35, auto:36, auto:37&)>; <template-parameter-1-6> = <missing>; <template-parameter-1-7> = <missing>; <template-parameter-1-8> = <missing>]’
/home/cpansand/.cpan/build/2022022219/XS-libpanda-1.5.8-0/blib/arch/XS/libpanda.x/i/panda/log/../function.h:25:88:   required by substitution of ‘template<class ... F, class, class> panda::function<void, const panda::iptr<panda::unievent::Stream>&, const panda::iptr<panda::unievent::Stream>&, const panda::error::ErrorCode&>::function<F ..., <template-parameter-1-2>, <template-parameter-1-3> >(F&& ...) [with F = {CATCH2_INTERNAL_TEST_2()::<lambda(auto:35, auto:36, auto:37&)>}; <template-parameter-1-2> = <missing>; <template-parameter-1-3> = <missing>]’
/home/cpansand/.cpan/build/2022022219/UniEvent-1.2.10-0/clib/tests/tcp/ssl.cc:117:6:   required from here
/home/cpansand/.cpan/build/2022022219/XS-libcatch-3.0.0.4-0/blib/arch/XS/libcatch.x/i/catch2/internal/catch_test_macro_impl.hpp:56:67: warning: suggest parentheses around comparison in operand of ‘&’ [-Wparentheses]
   56 |             catchAssertionHandler.handleExpr( Catch::Decomposer() <= __VA_ARGS__ ); \
/home/cpansand/.cpan/build/2022022219/XS-libcatch-3.0.0.4-0/blib/arch/XS/libcatch.x/i/catch2/catch_test_macros.hpp:123:26: note: in expansion of macro ‘INTERNAL_CATCH_TEST’
  123 |   #define REQUIRE( ... ) INTERNAL_CATCH_TEST( "REQUIRE", Catch::ResultDisposition::Normal, __VA_ARGS__  )
      |                          ^~~~~~~~~~~~~~~~~~~
/home/cpansand/.cpan/build/2022022219/UniEvent-1.2.10-0/clib/tests/tcp/ssl.cc:115:9: note: in expansion of macro ‘REQUIRE’
  115 |         REQUIRE(err & errc::ssl_error);
      |         ^~~~~~~
[ 94%] Building CXX object ../build/CMakeFiles/unievent-tests.dir/tests/timer.cc.o
In file included from /home/cpansand/.cpan/build/2022022219/XS-libcatch-3.0.0.4-0/blib/arch/XS/libcatch.x/i/catch2/catch_test_macros.hpp:11,
                 from /home/cpansand/.cpan/build/2022022219/XS-libpanda-1.5.8-0/blib/arch/XS/libpanda.x/i/panda/test/catch.h:3,
                 from /home/cpansand/.cpan/build/2022022219/UniEvent-1.2.10-0/clib/tests/lib/test.h:5,
                 from /home/cpansand/.cpan/build/2022022219/UniEvent-1.2.10-0/clib/tests/timer.cc:1:
/home/cpansand/.cpan/build/2022022219/UniEvent-1.2.10-0/clib/tests/timer.cc: In instantiation of ‘CATCH2_INTERNAL_TEST_4()::<lambda(auto:32)> [with auto:32 = CATCH2_INTERNAL_TEST_4()::Lst]’:
/home/cpansand/.cpan/build/2022022219/UniEvent-1.2.10-0/clib/tests/timer.cc:63:16:   required from here
/home/cpansand/.cpan/build/2022022219/XS-libcatch-3.0.0.4-0/blib/arch/XS/libcatch.x/i/catch2/internal/catch_test_macro_impl.hpp:56:67: warning: suggest parentheses around comparison in operand of ‘==’ [-Wparentheses]
   56 |             catchAssertionHandler.handleExpr( Catch::Decomposer() <= __VA_ARGS__ ); \
/home/cpansand/.cpan/build/2022022219/XS-libcatch-3.0.0.4-0/blib/arch/XS/libcatch.x/i/catch2/catch_test_macros.hpp:130:24: note: in expansion of macro ‘INTERNAL_CATCH_TEST’
  130 |   #define CHECK( ... ) INTERNAL_CATCH_TEST( "CHECK", Catch::ResultDisposition::ContinueOnFailure, __VA_ARGS__ )
      |                        ^~~~~~~~~~~~~~~~~~~
/home/cpansand/.cpan/build/2022022219/UniEvent-1.2.10-0/clib/tests/timer.cc:56:9: note: in expansion of macro ‘CHECK’
   56 |         CHECK(lst.cnt == 11);
      |         ^~~~~
/home/cpansand/.cpan/build/2022022219/UniEvent-1.2.10-0/clib/tests/timer.cc: In instantiation of ‘CATCH2_INTERNAL_TEST_4()::<lambda(auto:32)> [with auto:32 = CATCH2_INTERNAL_TEST_4()::Lst]’:
/home/cpansand/.cpan/build/2022022219/UniEvent-1.2.10-0/clib/tests/timer.cc:70:16:   required from here
/home/cpansand/.cpan/build/2022022219/XS-libcatch-3.0.0.4-0/blib/arch/XS/libcatch.x/i/catch2/internal/catch_test_macro_impl.hpp:56:67: warning: suggest parentheses around comparison in operand of ‘==’ [-Wparentheses]
   56 |             catchAssertionHandler.handleExpr( Catch::Decomposer() <= __VA_ARGS__ ); \
/home/cpansand/.cpan/build/2022022219/XS-libcatch-3.0.0.4-0/blib/arch/XS/libcatch.x/i/catch2/catch_test_macros.hpp:130:24: note: in expansion of macro ‘INTERNAL_CATCH_TEST’
  130 |   #define CHECK( ... ) INTERNAL_CATCH_TEST( "CHECK", Catch::ResultDisposition::ContinueOnFailure, __VA_ARGS__ )
      |                        ^~~~~~~~~~~~~~~~~~~
/home/cpansand/.cpan/build/2022022219/UniEvent-1.2.10-0/clib/tests/timer.cc:56:9: note: in expansion of macro ‘CHECK’
   56 |         CHECK(lst.cnt == 11);
      |         ^~~~~
[ 96%] Building CXX object ../build/CMakeFiles/unievent-tests.dir/tests/util.cc.o
In file included from /home/cpansand/.cpan/build/2022022219/XS-libcatch-3.0.0.4-0/blib/arch/XS/libcatch.x/i/catch2/catch_test_macros.hpp:11,
                 from /home/cpansand/.cpan/build/2022022219/XS-libpanda-1.5.8-0/blib/arch/XS/libpanda.x/i/panda/test/catch.h:3,
                 from /home/cpansand/.cpan/build/2022022219/UniEvent-1.2.10-0/clib/tests/lib/test.h:5,
                 from /home/cpansand/.cpan/build/2022022219/UniEvent-1.2.10-0/clib/tests/util.cc:1:
/home/cpansand/.cpan/build/2022022219/UniEvent-1.2.10-0/clib/tests/util.cc: In instantiation of ‘CATCH2_INTERNAL_TEST_23()::<lambda(auto:33&, auto:34&, auto:35)> [with auto:33 = panda::basic_string<char>; auto:34 = const std::error_code; auto:35 = panda::iptr<panda::unievent::RandomRequest>]’:
/home/cpansand/.cpan/build/2022022219/XS-libpanda-1.5.8-0/blib/arch/XS/libpanda.x/i/panda/log/../traits.h:44:77:   required by substitution of ‘template<class U> static decltype ((declval<U>()(declval<panda::basic_string<char, std::char_traits<char>, panda::DefaultStaticAllocator<char> >&>(), declval<const std::error_code&>(), declval<const panda::iptr<panda::unievent::RandomRequest>&>()), panda::has_call_operator<CATCH2_INTERNAL_TEST_23()::<lambda(auto:33&, auto:34&, auto:35)>, panda::basic_string<char, std::char_traits<char>, panda::DefaultStaticAllocator<char> >&, const std::error_code&, const panda::iptr<panda::unievent::RandomRequest>&>::yes())) panda::has_call_operator<CATCH2_INTERNAL_TEST_23()::<lambda(auto:33&, auto:34&, auto:35)>, panda::basic_string<char, std::char_traits<char>, panda::DefaultStaticAllocator<char> >&, const std::error_code&, const panda::iptr<panda::unievent::RandomRequest>&>::test<U>(int) [with U = CATCH2_INTERNAL_TEST_23()::<lambda(auto:33&, auto:34&, auto:35)>]’
/home/cpansand/.cpan/build/2022022219/XS-libpanda-1.5.8-0/blib/arch/XS/libpanda.x/i/panda/log/../traits.h:48:64:   required from ‘constexpr const bool panda::has_call_operator<CATCH2_INTERNAL_TEST_23()::<lambda(auto:33&, auto:34&, auto:35)>, panda::basic_string<char, std::char_traits<char>, panda::DefaultStaticAllocator<char> >&, const std::error_code&, const panda::iptr<panda::unievent::RandomRequest>&>::value’
/home/cpansand/.cpan/build/2022022219/XS-libpanda-1.5.8-0/blib/arch/XS/libpanda.x/i/panda/log/../function_utils.h:184:108:   required by substitution of ‘template<class Ret, class ... Args, class Functor, bool IsComp, class DeFunctor, class, class, class> panda::iptr<panda::function_details::abstract_function<DeFunctor, Ret, IsComp, Args ...> > panda::function_details::make_abstract_function(Functor&&) [with Ret = void; Args = {panda::basic_string<char, std::char_traits<char>, panda::DefaultStaticAllocator<char> >&, const std::error_code&, const panda::iptr<panda::unievent::RandomRequest>&}; Functor = CATCH2_INTERNAL_TEST_23()::<lambda(auto:33&, auto:34&, auto:35)>; bool IsComp = false; DeFunctor = CATCH2_INTERNAL_TEST_23()::<lambda(auto:33&, auto:34&, auto:35)>; <template-parameter-1-6> = <missing>; <template-parameter-1-7> = <missing>; <template-parameter-1-8> = <missing>]’
/home/cpansand/.cpan/build/2022022219/XS-libpanda-1.5.8-0/blib/arch/XS/libpanda.x/i/panda/log/../function.h:25:88:   required by substitution of ‘template<class ... F, class, class> panda::function<void, panda::basic_string<char, std::char_traits<char>, panda::DefaultStaticAllocator<char> >&, const std::error_code&, const panda::iptr<panda::unievent::RandomRequest>&>::function<F ..., <template-parameter-1-2>, <template-parameter-1-3> >(F&& ...) [with F = {CATCH2_INTERNAL_TEST_23()::<lambda(auto:33&, auto:34&, auto:35)>}; <template-parameter-1-2> = <missing>; <template-parameter-1-3> = <missing>]’
/home/cpansand/.cpan/build/2022022219/UniEvent-1.2.10-0/clib/tests/util.cc:156:17:   required from here
/home/cpansand/.cpan/build/2022022219/XS-libcatch-3.0.0.4-0/blib/arch/XS/libcatch.x/i/catch2/internal/catch_test_macro_impl.hpp:56:67: warning: suggest parentheses around comparison in operand of ‘==’ [-Wparentheses]
   56 |             catchAssertionHandler.handleExpr( Catch::Decomposer() <= __VA_ARGS__ ); \
/home/cpansand/.cpan/build/2022022219/XS-libcatch-3.0.0.4-0/blib/arch/XS/libcatch.x/i/catch2/catch_test_macros.hpp:130:24: note: in expansion of macro ‘INTERNAL_CATCH_TEST’
  130 |   #define CHECK( ... ) INTERNAL_CATCH_TEST( "CHECK", Catch::ResultDisposition::ContinueOnFailure, __VA_ARGS__ )
      |                        ^~~~~~~~~~~~~~~~~~~
/home/cpansand/.cpan/build/2022022219/UniEvent-1.2.10-0/clib/tests/util.cc:155:9: note: in expansion of macro ‘CHECK’
  155 |         CHECK(s.size() == 20);
      |         ^~~~~
[ 98%] Building CXX object ../build/CMakeFiles/unievent-tests.dir/tests/work.cc.o
In file included from /home/cpansand/.cpan/build/2022022219/XS-libcatch-3.0.0.4-0/blib/arch/XS/libcatch.x/i/catch2/catch_test_macros.hpp:11,
                 from /home/cpansand/.cpan/build/2022022219/XS-libpanda-1.5.8-0/blib/arch/XS/libpanda.x/i/panda/test/catch.h:3,
                 from /home/cpansand/.cpan/build/2022022219/UniEvent-1.2.10-0/clib/tests/lib/test.h:5,
                 from /home/cpansand/.cpan/build/2022022219/UniEvent-1.2.10-0/clib/tests/work.cc:1:
/home/cpansand/.cpan/build/2022022219/UniEvent-1.2.10-0/clib/tests/work.cc: In instantiation of ‘CATCH2_INTERNAL_TEST_6()::<lambda(auto:33)> [with auto:33 = CATCH2_INTERNAL_TEST_6()::Lst]’:
/home/cpansand/.cpan/build/2022022219/UniEvent-1.2.10-0/clib/tests/work.cc:67:16:   required from here
/home/cpansand/.cpan/build/2022022219/XS-libcatch-3.0.0.4-0/blib/arch/XS/libcatch.x/i/catch2/internal/catch_test_macro_impl.hpp:56:67: warning: suggest parentheses around comparison in operand of ‘==’ [-Wparentheses]
   56 |             catchAssertionHandler.handleExpr( Catch::Decomposer() <= __VA_ARGS__ ); \
/home/cpansand/.cpan/build/2022022219/XS-libcatch-3.0.0.4-0/blib/arch/XS/libcatch.x/i/catch2/catch_test_macros.hpp:130:24: note: in expansion of macro ‘INTERNAL_CATCH_TEST’
  130 |   #define CHECK( ... ) INTERNAL_CATCH_TEST( "CHECK", Catch::ResultDisposition::ContinueOnFailure, __VA_ARGS__ )
      |                        ^~~~~~~~~~~~~~~~~~~
/home/cpansand/.cpan/build/2022022219/UniEvent-1.2.10-0/clib/tests/work.cc:59:9: note: in expansion of macro ‘CHECK’
   59 |         CHECK(lst.cnt == 11);
      |         ^~~~~
/home/cpansand/.cpan/build/2022022219/UniEvent-1.2.10-0/clib/tests/work.cc: In instantiation of ‘CATCH2_INTERNAL_TEST_6()::<lambda(auto:33)> [with auto:33 = CATCH2_INTERNAL_TEST_6()::Lst]’:
/home/cpansand/.cpan/build/2022022219/UniEvent-1.2.10-0/clib/tests/work.cc:75:16:   required from here
/home/cpansand/.cpan/build/2022022219/XS-libcatch-3.0.0.4-0/blib/arch/XS/libcatch.x/i/catch2/internal/catch_test_macro_impl.hpp:56:67: warning: suggest parentheses around comparison in operand of ‘==’ [-Wparentheses]
   56 |             catchAssertionHandler.handleExpr( Catch::Decomposer() <= __VA_ARGS__ ); \
/home/cpansand/.cpan/build/2022022219/XS-libcatch-3.0.0.4-0/blib/arch/XS/libcatch.x/i/catch2/catch_test_macros.hpp:130:24: note: in expansion of macro ‘INTERNAL_CATCH_TEST’
  130 |   #define CHECK( ... ) INTERNAL_CATCH_TEST( "CHECK", Catch::ResultDisposition::ContinueOnFailure, __VA_ARGS__ )
      |                        ^~~~~~~~~~~~~~~~~~~
/home/cpansand/.cpan/build/2022022219/UniEvent-1.2.10-0/clib/tests/work.cc:59:9: note: in expansion of macro ‘CHECK’
   59 |         CHECK(lst.cnt == 11);
      |         ^~~~~
[100%] Linking CXX static library libunievent-tests.a
[100%] Built target unievent-tests
rm -f blib/arch/auto/MyTest/MyTest.so
c++  -shared -O2 -L/usr/local/lib -fstack-protector-strong  t/lib/MyTest_xsgen.o blib/arch/auto/UniEvent/UniEvent.so -Wl,--whole-archive clib/build/libunievent-tests.a  -Wl,--no-whole-archive -lpthread /usr/lib/x86_64-linux-gnu/libssl.so /usr/lib/x86_64-linux-gnu/libcrypto.so -o blib/arch/auto/MyTest/MyTest.so  \
      \
  
chmod 755 blib/arch/auto/MyTest/MyTest.so
cd clib/build && make install > /dev/null 2>&1
Skip blib/arch/UniEvent/FsEvent.pm (unchanged)
Skip blib/arch/UniEvent/Request/Write.pod (unchanged)
Skip blib/arch/UniEvent/FsPoll.pm (unchanged)
Skip blib/arch/UniEvent/Resolver/Request.pod (unchanged)
Skip blib/arch/UniEvent/Loop.pod (unchanged)
Skip blib/arch/UniEvent/Poll.pod (unchanged)
Skip blib/arch/UniEvent/Handle.pod (unchanged)
Skip blib/arch/UniEvent/Pipe.pod (unchanged)
Skip blib/arch/UniEvent/Idle.pm (unchanged)
Skip blib/arch/UniEvent.pod (unchanged)
Skip blib/arch/UniEvent/Backend/UV.pm (unchanged)
Skip blib/arch/UniEvent.pm (unchanged)
Skip blib/arch/UniEvent/FsEvent.pod (unchanged)
Skip blib/arch/UniEvent/Backend/UV.pod (unchanged)
Skip blib/arch/UniEvent/Request/Shutdown.pod (unchanged)
Skip blib/arch/UniEvent/ResolveError.pod (unchanged)
Skip blib/arch/UniEvent/Resolver.pm (unchanged)
Skip blib/arch/UniEvent/Fs.pod (unchanged)
Skip blib/arch/UniEvent/Handle.pm (unchanged)
Skip blib/arch/UniEvent/Resolver/Request.pm (unchanged)
Skip blib/arch/UniEvent/Prepare.pod (unchanged)
Skip blib/arch/UniEvent/Backend.pod (unchanged)
Skip blib/arch/UniEvent/Check.pod (unchanged)
Skip blib/arch/UniEvent/Check.pm (unchanged)
Skip blib/arch/UniEvent/Idle.pod (unchanged)
Skip blib/arch/UniEvent/Fs.pm (unchanged)
Skip blib/arch/UniEvent/FsPoll.pod (unchanged)
Skip blib/arch/UniEvent/Pipe.pm (unchanged)
Skip blib/arch/UE.pm (unchanged)
Skip blib/arch/UniEvent/Poll.pm (unchanged)
Skip blib/arch/UniEvent/Loop.pm (unchanged)
Skip blib/arch/UE.pod (unchanged)
Skip blib/arch/UniEvent/Backend.pm (unchanged)
Skip blib/arch/UniEvent/Prepare.pm (unchanged)
Skip blib/arch/UniEvent/Resolver.pod (unchanged)
Skip blib/arch/UniEvent/Request/Send.pod (unchanged)
Skip blib/arch/UniEvent/Request/Connect.pod (unchanged)
Skip blib/arch/UniEvent/Error.pm (unchanged)
Skip blib/arch/UniEvent/Request.pm (unchanged)
Skip blib/arch/UniEvent/Error.pod (unchanged)
Skip blib/arch/UniEvent/Streamer.pod (unchanged)
Skip blib/arch/UniEvent/Streamer/StreamOutput.pod (unchanged)
Skip blib/arch/UniEvent/Streamer/Output.pm (unchanged)
Skip blib/arch/UniEvent/SystemError.pm (unchanged)
Skip blib/arch/UniEvent/Stream.pm (unchanged)
Skip blib/arch/UniEvent/Streamer/FileInput.pm (unchanged)
Skip blib/arch/UniEvent/Stream.pod (unchanged)
Skip blib/arch/UniEvent/Streamer/StreamInput.pm (unchanged)
Skip blib/arch/UniEvent/Streamer/IInput.pod (unchanged)
Skip blib/arch/UniEvent/Udp.pm (unchanged)
Skip blib/arch/UniEvent/Tty.pm (unchanged)
Skip blib/arch/UniEvent/Streamer/FileOutput.pm (unchanged)
Skip blib/arch/UniEvent/Tcp.pm (unchanged)
Skip blib/arch/UniEvent/Streamer/FileOutput.pod (unchanged)
Skip blib/arch/UniEvent/Streamer/StreamInput.pod (unchanged)
Skip blib/arch/UniEvent/StreamerError.pod (unchanged)
Skip blib/arch/UniEvent/Signal.pm (unchanged)
Skip blib/arch/UniEvent/Streamer/IOutput.pod (unchanged)
Skip blib/arch/UniEvent/Timer.pod (unchanged)
Skip blib/arch/UniEvent/Signal.pod (unchanged)
Skip blib/arch/UniEvent/Test/Async.pm (unchanged)
Skip blib/arch/UniEvent/Streamer/Output.pod (unchanged)
Skip blib/arch/UniEvent/Timer.pm (unchanged)
Skip blib/arch/UniEvent/Streamer/IOutput.pm (unchanged)
Skip blib/arch/UniEvent/Udp.pod (unchanged)
Skip blib/arch/UniEvent/Tty.pod (unchanged)
Skip blib/arch/UniEvent/Streamer/StreamOutput.pm (unchanged)
Skip blib/arch/UniEvent/Streamer/Input.pod (unchanged)
Skip blib/arch/UniEvent/Streamer.pm (unchanged)
Skip blib/arch/UniEvent/Streamer/IInput.pm (unchanged)
Skip blib/arch/UniEvent/Work.pm (unchanged)
Skip blib/arch/UniEvent/SystemError.pod (unchanged)
Skip blib/arch/UniEvent/Tcp.pod (unchanged)
Skip blib/arch/UniEvent/Streamer/FileInput.pod (unchanged)
Skip blib/arch/UniEvent/Streamer/Input.pm (unchanged)
Manifying 35 pod documents
Manifying 4 pod documents
PERL_DL_NONLAZY=1 "/opt/perl-5.35.9/bin/perl5.35.9" "-MExtUtils::Command::MM" "-MTest::Harness" "-e" "undef *Test::Harness::Switches; test_harness(0, 'blib/lib', 'blib/arch')" t/*.t t/*/*.t
t/async.t ............. ok
t/async_test.t ........ ok
t/backend.t ........... ok
t/backend_pp.t ........ ok
t/check.t ............. ok
t/error.t ............. ok
t/fs.t ................ ok
t/fs_event.t .......... ok
t/fs_poll.t ........... ok
t/handle.t ............ ok
t/idle.t .............. ok
t/listener.t .......... ok
t/loop.t .............. ok
t/misc.t .............. ok
t/pipe/pair.t ......... ok
t/pipe/pipe.t ......... ok
t/poll.t .............. ok
t/prepare.t ........... ok
t/regression.t ........ ok
    not ok 1 - expected exception, got none; expression was: sync_resolve(v.test.loop->backend(), "sukanahblya", 12345) # at /home/cpansand/.cpan/build/2022022219/UniEvent-1.2.10-0/clib/tests/resolver.cc:365
    # Failed test in section [resolver: sync_resolve exception] at /home/cpansand/.cpan/build/2022022219/UniEvent-1.2.10-0/clib/tests/resolver.cc:365
    # Looks like you failed 1 test of 1 at [resolver: sync_resolve exception].
# Looks like you failed 1 test of 19.
t/resolver.t .......... 
Dubious, test returned 1 (wstat 256, 0x100)
Failed 1/19 subtests 
t/signal.t ............ ok
t/stream/establish.t .. ok
t/stream/write.t ...... ok
t/streamer/basic.t .... ok
t/streamer/file.t ..... ok
t/streamer/stream.t ... ok
t/tcp/base.t .......... ok
t/tcp/connect.t ....... ok
t/tcp/double-free.t ... ok
t/tcp/fork.t .......... ok
t/tcp/open.t .......... ok
t/tcp/pair.t .......... ok
t/tcp/ssl.t ........... ok
t/tcp/tcp.t ........... ok
t/timer.t ............. ok
t/tty.t ............... skipped: Need interactive stdin, stderr
t/udp/simple.t ........ ok
t/udp/udp.t ........... ok
t/util.t .............. ok
t/work.t .............. ok

Test Summary Report
-------------------
t/resolver.t        (Wstat: 256 Tests: 19 Failed: 1)
  Failed test:  13
  Non-zero exit status: 1
Files=40, Tests=300,  8 wallclock secs ( 0.16 usr  0.06 sys +  3.95 cusr  1.12 csys =  5.29 CPU)
Result: FAIL
Failed 1/40 test programs. 1/300 subtests failed.
make: *** [Makefile:1477: test_dynamic] Error 255

------------------------------
PREREQUISITES
------------------------------

Prerequisite modules loaded:

requires:

    Module          Need      Have    
    --------------- --------- --------
    Export::XS      v3.0.5    3.0.5   
    Net::SockAddr   v1.1.2    1.1.2   
    next::XS        v1.0.7    1.0.7   
    XLog            v1.1.2    1.1.2   
    XS::Framework   v1.5.2    1.5.2   
    XS::Install     v1.3.5    1.3.5   
    XS::libcares    v1.17.1.2 1.17.1.2
    XS::libpanda    v1.5.8    1.5.8   
    XS::libuv       v1.41.0.0 1.41.0.0

build_requires:

    Module          Need      Have    
    --------------- --------- --------
    Export::XS      v3.0.5    3.0.5   
    Net::SockAddr   v1.1.2    1.1.2   
    Net::SSLeay     0         1.92    
    next::XS        v1.0.7    1.0.7   
    Test::Catch     v2.0.0    2.0.0   
    Test::Deep      0         1.130   
    Test::Exception 0         0.43    
    Test::More      0         1.302188
    Test::Simple    0.96      1.302188
    XLog            v1.1.2    1.1.2   
    XS::Framework   v1.5.2    1.5.2   
    XS::libcares    v1.17.1.2 1.17.1.2
    XS::libcatch    v3.0.0.4  3.0.0.4 
    XS::libpanda    v1.5.8    1.5.8   
    XS::libuv       v1.41.0.0 1.41.0.0

configure_requires:

    Module          Need      Have    
    --------------- --------- --------
    Alien::cmake3   0         0.08    
    Export::XS      v3.0.5    3.0.5   
    Net::SockAddr   v1.1.2    1.1.2   
    next::XS        v1.0.7    1.0.7   
    Test::Catch     v2.0.0    2.0.0   
    XLog            v1.1.2    1.1.2   
    XS::Framework   v1.5.2    1.5.2   
    XS::Install     v1.3.5    1.3.5   
    XS::libcares    v1.17.1.2 1.17.1.2
    XS::libcatch    v3.0.0.4  3.0.0.4 
    XS::libpanda    v1.5.8    1.5.8   
    XS::libuv       v1.41.0.0 1.41.0.0


------------------------------
ENVIRONMENT AND OTHER CONTEXT
------------------------------

Environment variables:

    LANG = en_US.UTF-8
    PATH = /usr/local/bin:/usr/bin:/bin:/usr/local/sbin:/usr/sbin:/sbin:/home/cpansand/bin/linux-gnu:/home/cpansand/bin/sh:/home/cpansand/bin:/usr/games:/home/cpansand/devel:/home/eserte/src/srezic-misc/scripts
    PERL5LIB = /home/cpansand/.local/share/.cpan/build/2022022219/XS-libuv-1.41.0.0-0/blib/arch:/home/cpansand/.local/share/.cpan/build/2022022219/XS-libuv-1.41.0.0-0/blib/lib:/home/cpansand/.local/share/.cpan/build/2022022219/XS-libcares-1.17.1.2-0/blib/arch:/home/cpansand/.local/share/.cpan/build/2022022219/XS-libcares-1.17.1.2-0/blib/lib:/home/cpansand/.local/share/.cpan/build/2022022219/XLog-1.1.2-0/blib/arch:/home/cpansand/.local/share/.cpan/build/2022022219/XLog-1.1.2-0/blib/lib:/home/cpansand/.local/share/.cpan/build/2022022219/Net-SockAddr-1.1.2-0/blib/arch:/home/cpansand/.local/share/.cpan/build/2022022219/Net-SockAddr-1.1.2-0/blib/lib:/home/cpansand/.local/share/.cpan/build/2022022219/Export-XS-3.0.5-0/blib/arch:/home/cpansand/.local/share/.cpan/build/2022022219/Export-XS-3.0.5-0/blib/lib:/home/cpansand/.local/share/.cpan/build/2022022219/XS-Framework-1.5.2-0/blib/arch:/home/cpansand/.local/share/.cpan/build/2022022219/XS-Framework-1.5.2-0/blib/lib:/home/cpansand/.local/share/.cpan/build/2022022219/next-XS-1.0.7-0/blib/arch:/home/cpansand/.local/share/.cpan/build/2022022219/next-XS-1.0.7-0/blib/lib:/home/cpansand/.local/share/.cpan/build/2022022219/XS-libpanda-1.5.8-0/blib/arch:/home/cpansand/.local/share/.cpan/build/2022022219/XS-libpanda-1.5.8-0/blib/lib:/home/cpansand/.local/share/.cpan/build/2022022219/Test-Catch-2.0.0-0/blib/arch:/home/cpansand/.local/share/.cpan/build/2022022219/Test-Catch-2.0.0-0/blib/lib:/home/cpansand/.local/share/.cpan/build/2022022219/XS-libcatch-3.0.0.4-0/blib/arch:/home/cpansand/.local/share/.cpan/build/2022022219/XS-libcatch-3.0.0.4-0/blib/lib:/home/cpansand/.local/share/.cpan/build/2022022219/XS-Install-1.3.5-0/blib/arch:/home/cpansand/.local/share/.cpan/build/2022022219/XS-Install-1.3.5-0/blib/lib:/home/cpansand/.local/share/.cpan/build/2022022219/PkgConfig-0.25026-0/blib/arch:/home/cpansand/.local/share/.cpan/build/2022022219/PkgConfig-0.25026-0/blib/lib:/home/cpansand/.local/share/.cpan/build/2022022219/Alien-cmake3-0.08-0/blib/arch:/home/cpansand/.local/share/.cpan/build/2022022219/Alien-cmake3-0.08-0/blib/lib:/home/cpansand/.local/share/.cpan/build/2022022219/Sort-Versions-1.62-0/blib/arch:/home/cpansand/.local/share/.cpan/build/2022022219/Sort-Versions-1.62-0/blib/lib:/home/cpansand/.local/share/.cpan/build/2022022219/Finance-Currency-Convert-GMC-0.006-0/blib/arch:/home/cpansand/.local/share/.cpan/build/2022022219/Finance-Currency-Convert-GMC-0.006-0/blib/lib:/home/cpansand/.local/share/.cpan/build/2022022219/Perinci-Sub-Property-exit_on_error-0.03-0/blib/arch:/home/cpansand/.local/share/.cpan/build/2022022219/Perinci-Sub-Property-exit_on_error-0.03-0/blib/lib:/home/cpansand/.local/share/.cpan/build/2022022219/Perinci-Import-0.03-0/blib/arch:/home/cpansand/.local/share/.cpan/build/2022022219/Perinci-Import-0.03-0/blib/lib:/home/cpansand/.local/share/.cpan/build/2022022219/Parse-Date-Month-ID-0.001-0/blib/arch:/home/cpansand/.local/share/.cpan/build/2022022219/Parse-Date-Month-ID-0.001-0/blib/lib
    PERL5OPT = 
    PERL5_CPANPLUS_IS_RUNNING = 2549141
    PERL5_CPAN_IS_RUNNING = 2549141
    PERL5_CPAN_IS_RUNNING_IN_RECURSION = 2549123,2549141
    PERLDOC = -MPod::Perldoc::ToTextOverstrike
    PERL_BATCH = yes
    PERL_CANARY_STABILITY_NOPROMPT = 1
    PERL_CPAN_REPORTER_CONFIG = /var/tmp/cpansmoker-1023/2022022219/cpanreporter_001_config.ini
    PERL_EXTUTILS_AUTOINSTALL = --defaultdeps
    PERL_USE_UNSAFE_INC = 1
    SHELL = /usr/bin/zsh
    TERM = screen
    TMPDIR = /var/tmp/cpansmoker-1023/2022022219

Perl special variables (and OS-specific diagnostics, for MSWin32):

    $^X = /opt/perl-5.35.9/bin/perl5.35.9
    $UID/$EUID = 1023 / 1023
    $GID = 1023 1023
    $EGID = 1023 1023

Perl module toolchain versions installed:

    Module              Have    
    ------------------- --------
    CPAN                2.33    
    CPAN::Meta          2.150010
    Cwd                 3.83    
    ExtUtils::CBuilder  0.280236
    ExtUtils::Command   7.64    
    ExtUtils::Install   2.20    
    ExtUtils::MakeMaker 7.64    
    ExtUtils::Manifest  1.73    
    ExtUtils::ParseXS   3.44    
    File::Spec          3.83    
    JSON                4.05    
    JSON::PP            4.07    
    Module::Build       0.4231  
    Module::Signature   n/a     
    Parse::CPAN::Meta   2.150010
    Test::Harness       3.43    
    Test::More          1.302188
    YAML                1.30    
    YAML::Syck          1.34    
    version             0.9929  


--

Summary of my perl5 (revision 5 version 35 subversion 9) configuration:
   
  Platform:
    osname=linux
    osvers=5.4.0-100-generic
    archname=x86_64-linux
    uname='linux cloud8.bbbike.org 5.4.0-100-generic #113-ubuntu smp thu feb 3 18:43:29 utc 2022 x86_64 x86_64 x86_64 gnulinux '
    config_args='-ds -e -Dprefix=/opt/perl-5.35.9 -Dusedevel -Dusemallocwrap=no -Dcf_email=srezic@cpan.org'
    hint=recommended
    useposix=true
    d_sigaction=define
    useithreads=undef
    usemultiplicity=undef
    use64bitint=define
    use64bitall=define
    uselongdouble=undef
    usemymalloc=n
    default_inc_excludes_dot=define
  Compiler:
    cc='cc'
    ccflags ='-fwrapv -fno-strict-aliasing -pipe -fstack-protector-strong -I/usr/local/include -D_LARGEFILE_SOURCE -D_FILE_OFFSET_BITS=64'
    optimize='-O2'
    cppflags='-fwrapv -fno-strict-aliasing -pipe -fstack-protector-strong -I/usr/local/include'
    ccversion=''
    gccversion='9.3.0'
    gccosandvers=''
    intsize=4
    longsize=8
    ptrsize=8
    doublesize=8
    byteorder=12345678
    doublekind=3
    d_longlong=define
    longlongsize=8
    d_longdbl=define
    longdblsize=16
    longdblkind=3
    ivtype='long'
    ivsize=8
    nvtype='double'
    nvsize=8
    Off_t='off_t'
    lseeksize=8
    alignbytes=8
    prototype=define
  Linker and Libraries:
    ld='cc'
    ldflags =' -fstack-protector-strong -L/usr/local/lib'
    libpth=/usr/local/lib /usr/lib/x86_64-linux-gnu /usr/lib /lib/x86_64-linux-gnu /lib
    libs=-lpthread -lnsl -lgdbm -ldb -ldl -lm -lcrypt -lutil -lc
    perllibs=-lpthread -lnsl -ldl -lm -lcrypt -lutil -lc
    libc=libc-2.31.so
    so=so
    useshrplib=false
    libperl=libperl.a
    gnulibc_version='2.31'
  Dynamic Linking:
    dlsrc=dl_dlopen.xs
    dlext=so
    d_dlsymun=undef
    ccdlflags='-Wl,-E'
    cccdlflags='-fPIC'
    lddlflags='-shared -O2 -L/usr/local/lib -fstack-protector-strong'


Characteristics of this binary (from libperl): 
  Compile-time options:
    HAS_TIMES
    PERLIO_LAYERS
    PERL_COPY_ON_WRITE
    PERL_DONT_CREATE_GVSV
    PERL_OP_PARENT
    PERL_PRESERVE_IVUV
    PERL_USE_DEVEL
    USE_64_BIT_ALL
    USE_64_BIT_INT
    USE_LARGE_FILES
    USE_LOCALE
    USE_LOCALE_COLLATE
    USE_LOCALE_CTYPE
    USE_LOCALE_NUMERIC
    USE_LOCALE_TIME
    USE_PERLIO
    USE_PERL_ATOF
  Built under linux
  Compiled at Feb 21 2022 16:10:37
  %ENV:
    PERL5LIB="/home/cpansand/.local/share/.cpan/build/2022022219/XS-libuv-1.41.0.0-0/blib/arch:/home/cpansand/.local/share/.cpan/build/2022022219/XS-libuv-1.41.0.0-0/blib/lib:/home/cpansand/.local/share/.cpan/build/2022022219/XS-libcares-1.17.1.2-0/blib/arch:/home/cpansand/.local/share/.cpan/build/2022022219/XS-libcares-1.17.1.2-0/blib/lib:/home/cpansand/.local/share/.cpan/build/2022022219/XLog-1.1.2-0/blib/arch:/home/cpansand/.local/share/.cpan/build/2022022219/XLog-1.1.2-0/blib/lib:/home/cpansand/.local/share/.cpan/build/2022022219/Net-SockAddr-1.1.2-0/blib/arch:/home/cpansand/.local/share/.cpan/build/2022022219/Net-SockAddr-1.1.2-0/blib/lib:/home/cpansand/.local/share/.cpan/build/2022022219/Export-XS-3.0.5-0/blib/arch:/home/cpansand/.local/share/.cpan/build/2022022219/Export-XS-3.0.5-0/blib/lib:/home/cpansand/.local/share/.cpan/build/2022022219/XS-Framework-1.5.2-0/blib/arch:/home/cpansand/.local/share/.cpan/build/2022022219/XS-Framework-1.5.2-0/blib/lib:/home/cpansand/.local/share/.cpan/build/2022022219/next-XS-1.0.7-0/blib/arch:/home/cpansand/.local/share/.cpan/build/2022022219/next-XS-1.0.7-0/blib/lib:/home/cpansand/.local/share/.cpan/build/2022022219/XS-libpanda-1.5.8-0/blib/arch:/home/cpansand/.local/share/.cpan/build/2022022219/XS-libpanda-1.5.8-0/blib/lib:/home/cpansand/.local/share/.cpan/build/2022022219/Test-Catch-2.0.0-0/blib/arch:/home/cpansand/.local/share/.cpan/build/2022022219/Test-Catch-2.0.0-0/blib/lib:/home/cpansand/.local/share/.cpan/build/2022022219/XS-libcatch-3.0.0.4-0/blib/arch:/home/cpansand/.local/share/.cpan/build/2022022219/XS-libcatch-3.0.0.4-0/blib/lib:/home/cpansand/.local/share/.cpan/build/2022022219/XS-Install-1.3.5-0/blib/arch:/home/cpansand/.local/share/.cpan/build/2022022219/XS-Install-1.3.5-0/blib/lib:/home/cpansand/.local/share/.cpan/build/2022022219/PkgConfig-0.25026-0/blib/arch:/home/cpansand/.local/share/.cpan/build/2022022219/PkgConfig-0.25026-0/blib/lib:/home/cpansand/.local/share/.cpan/build/2022022219/Alien-cmake3-0.08-0/blib/arch:/home/cpansand/.local/share/.cpan/build/2022022219/Alien-cmake3-0.08-0/blib/lib:/home/cpansand/.local/share/.cpan/build/2022022219/Sort-Versions-1.62-0/blib/arch:/home/cpansand/.local/share/.cpan/build/2022022219/Sort-Versions-1.62-0/blib/lib:/home/cpansand/.local/share/.cpan/build/2022022219/Finance-Currency-Convert-GMC-0.006-0/blib/arch:/home/cpansand/.local/share/.cpan/build/2022022219/Finance-Currency-Convert-GMC-0.006-0/blib/lib:/home/cpansand/.local/share/.cpan/build/2022022219/Perinci-Sub-Property-exit_on_error-0.03-0/blib/arch:/home/cpansand/.local/share/.cpan/build/2022022219/Perinci-Sub-Property-exit_on_error-0.03-0/blib/lib:/home/cpansand/.local/share/.cpan/build/2022022219/Perinci-Import-0.03-0/blib/arch:/home/cpansand/.local/share/.cpan/build/2022022219/Perinci-Import-0.03-0/blib/lib:/home/cpansand/.local/share/.cpan/build/2022022219/Parse-Date-Month-ID-0.001-0/blib/arch:/home/cpansand/.local/share/.cpan/build/2022022219/Parse-Date-Month-ID-0.001-0/blib/lib"
    PERL5OPT=""
    PERL5_CPANPLUS_IS_RUNNING="2549141"
    PERL5_CPAN_IS_RUNNING="2549141"
    PERL5_CPAN_IS_RUNNING_IN_RECURSION="2549123,2549141"
    PERLDOC="-MPod::Perldoc::ToTextOverstrike"
    PERL_BATCH="yes"
    PERL_CANARY_STABILITY_NOPROMPT="1"
    PERL_CPAN_REPORTER_CONFIG="/var/tmp/cpansmoker-1023/2022022219/cpanreporter_001_config.ini"
    PERL_EXTUTILS_AUTOINSTALL="--defaultdeps"
    PERL_USE_UNSAFE_INC="1"
  @INC:
    /home/cpansand/.local/share/.cpan/build/2022022219/XS-libuv-1.41.0.0-0/blib/arch
    /home/cpansand/.local/share/.cpan/build/2022022219/XS-libuv-1.41.0.0-0/blib/lib
    /home/cpansand/.local/share/.cpan/build/2022022219/XS-libcares-1.17.1.2-0/blib/arch
    /home/cpansand/.local/share/.cpan/build/2022022219/XS-libcares-1.17.1.2-0/blib/lib
    /home/cpansand/.local/share/.cpan/build/2022022219/XLog-1.1.2-0/blib/arch
    /home/cpansand/.local/share/.cpan/build/2022022219/XLog-1.1.2-0/blib/lib
    /home/cpansand/.local/share/.cpan/build/2022022219/Net-SockAddr-1.1.2-0/blib/arch
    /home/cpansand/.local/share/.cpan/build/2022022219/Net-SockAddr-1.1.2-0/blib/lib
    /home/cpansand/.local/share/.cpan/build/2022022219/Export-XS-3.0.5-0/blib/arch
    /home/cpansand/.local/share/.cpan/build/2022022219/Export-XS-3.0.5-0/blib/lib
    /home/cpansand/.local/share/.cpan/build/2022022219/XS-Framework-1.5.2-0/blib/arch
    /home/cpansand/.local/share/.cpan/build/2022022219/XS-Framework-1.5.2-0/blib/lib
    /home/cpansand/.local/share/.cpan/build/2022022219/next-XS-1.0.7-0/blib/arch
    /home/cpansand/.local/share/.cpan/build/2022022219/next-XS-1.0.7-0/blib/lib
    /home/cpansand/.local/share/.cpan/build/2022022219/XS-libpanda-1.5.8-0/blib/arch
    /home/cpansand/.local/share/.cpan/build/2022022219/XS-libpanda-1.5.8-0/blib/lib
    /home/cpansand/.local/share/.cpan/build/2022022219/Test-Catch-2.0.0-0/blib/arch
    /home/cpansand/.local/share/.cpan/build/2022022219/Test-Catch-2.0.0-0/blib/lib
    /home/cpansand/.local/share/.cpan/build/2022022219/XS-libcatch-3.0.0.4-0/blib/arch
    /home/cpansand/.local/share/.cpan/build/2022022219/XS-libcatch-3.0.0.4-0/blib/lib
    /home/cpansand/.local/share/.cpan/build/2022022219/XS-Install-1.3.5-0/blib/arch
    /home/cpansand/.local/share/.cpan/build/2022022219/XS-Install-1.3.5-0/blib/lib
    /home/cpansand/.local/share/.cpan/build/2022022219/PkgConfig-0.25026-0/blib/arch
    /home/cpansand/.local/share/.cpan/build/2022022219/PkgConfig-0.25026-0/blib/lib
    /home/cpansand/.local/share/.cpan/build/2022022219/Alien-cmake3-0.08-0/blib/arch
    /home/cpansand/.local/share/.cpan/build/2022022219/Alien-cmake3-0.08-0/blib/lib
    /home/cpansand/.local/share/.cpan/build/2022022219/Sort-Versions-1.62-0/blib/arch
    /home/cpansand/.local/share/.cpan/build/2022022219/Sort-Versions-1.62-0/blib/lib
    /home/cpansand/.local/share/.cpan/build/2022022219/Finance-Currency-Convert-GMC-0.006-0/blib/arch
    /home/cpansand/.local/share/.cpan/build/2022022219/Finance-Currency-Convert-GMC-0.006-0/blib/lib
    /home/cpansand/.local/share/.cpan/build/2022022219/Perinci-Sub-Property-exit_on_error-0.03-0/blib/arch
    /home/cpansand/.local/share/.cpan/build/2022022219/Perinci-Sub-Property-exit_on_error-0.03-0/blib/lib
    /home/cpansand/.local/share/.cpan/build/2022022219/Perinci-Import-0.03-0/blib/arch
    /home/cpansand/.local/share/.cpan/build/2022022219/Perinci-Import-0.03-0/blib/lib
    /home/cpansand/.local/share/.cpan/build/2022022219/Parse-Date-Month-ID-0.001-0/blib/arch
    /home/cpansand/.local/share/.cpan/build/2022022219/Parse-Date-Month-ID-0.001-0/blib/lib
    /opt/perl-5.35.9/lib/site_perl/5.35.9/x86_64-linux
    /opt/perl-5.35.9/lib/site_perl/5.35.9
    /opt/perl-5.35.9/lib/5.35.9/x86_64-linux
    /opt/perl-5.35.9/lib/5.35.9
    .