CPAN-IndexPod v0.25 Perl 5 v5.12.0 i386-freebsd
- Status
- Fail
- From
- Chris Williams (BINGOS)
- Dist
-
CPAN-IndexPod v0.25
- Platform
- Perl 5 v5.12.0 i386-freebsd
- Date
- 2010-04-30 16:08:19
- ID
- 978d95e8-5472-11df-b9fc-021a90befd91
This distribution has been tested as part of the CPAN Testers
project, supporting the Perl programming language. See
http://wiki.cpantesters.org/ for more information or email
questions to cpan-testers-discuss@perl.org
--
Dear LBROCARD,
This is a computer-generated error report created automatically by
CPANPLUS, version 0.9003. Testers personal comments may appear
at the end of this report.
Thank you for uploading your work to CPAN. However, it appears that
there were some problems testing your distribution.
TEST RESULTS:
Below is the error stack from stage 'make test':
[MSG] [Fri Apr 30 17:08:00 2010] Building Lingua-Stem-Snowball
cc -Ilibstemmer_c -I/usr/home/cpan/pit/bare/perl-5.12.0/lib/5.12.0/i386-freebsd/CORE -DPIC -fPIC -c -DHAS_FPSETMASK -DHAS_FLOATINGPOINT_H -fno-strict-aliasing -pipe -fstack-protector -I/usr/local/include -O -o libstemmer_c/src_c/stem_ISO_8859_1_portuguese.o libstemmer_c/src_c/stem_ISO_8859_1_portuguese.c
cc -Ilibstemmer_c -I/usr/home/cpan/pit/bare/perl-5.12.0/lib/5.12.0/i386-freebsd/CORE -DPIC -fPIC -c -DHAS_FPSETMASK -DHAS_FLOATINGPOINT_H -fno-strict-aliasing -pipe -fstack-protector -I/usr/local/include -O -o libstemmer_c/src_c/stem_ISO_8859_1_danish.o libstemmer_c/src_c/stem_ISO_8859_1_danish.c
cc -Ilibstemmer_c -I/usr/home/cpan/pit/bare/perl-5.12.0/lib/5.12.0/i386-freebsd/CORE -DPIC -fPIC -c -DHAS_FPSETMASK -DHAS_FLOATINGPOINT_H -fno-strict-aliasing -pipe -fstack-protector -I/usr/local/include -O -o libstemmer_c/src_c/stem_ISO_8859_2_romanian.o libstemmer_c/src_c/stem_ISO_8859_2_romanian.c
cc -Ilibstemmer_c -I/usr/home/cpan/pit/bare/perl-5.12.0/lib/5.12.0/i386-freebsd/CORE -DPIC -fPIC -c -DHAS_FPSETMASK -DHAS_FLOATINGPOINT_H -fno-strict-aliasing -pipe -fstack-protector -I/usr/local/include -O -o libstemmer_c/src_c/stem_UTF_8_finnish.o libstemmer_c/src_c/stem_UTF_8_finnish.c
cc -Ilibstemmer_c -I/usr/home/cpan/pit/bare/perl-5.12.0/lib/5.12.0/i386-freebsd/CORE -DPIC -fPIC -c -DHAS_FPSETMASK -DHAS_FLOATINGPOINT_H -fno-strict-aliasing -pipe -fstack-protector -I/usr/local/include -O -o libstemmer_c/src_c/stem_ISO_8859_1_french.o libstemmer_c/src_c/stem_ISO_8859_1_french.c
cc -Ilibstemmer_c -I/usr/home/cpan/pit/bare/perl-5.12.0/lib/5.12.0/i386-freebsd/CORE -DPIC -fPIC -c -DHAS_FPSETMASK -DHAS_FLOATINGPOINT_H -fno-strict-aliasing -pipe -fstack-protector -I/usr/local/include -O -o libstemmer_c/src_c/stem_UTF_8_french.o libstemmer_c/src_c/stem_UTF_8_french.c
cc -Ilibstemmer_c -I/usr/home/cpan/pit/bare/perl-5.12.0/lib/5.12.0/i386-freebsd/CORE -DPIC -fPIC -c -DHAS_FPSETMASK -DHAS_FLOATINGPOINT_H -fno-strict-aliasing -pipe -fstack-protector -I/usr/local/include -O -o libstemmer_c/src_c/stem_UTF_8_danish.o libstemmer_c/src_c/stem_UTF_8_danish.c
cc -Ilibstemmer_c -I/usr/home/cpan/pit/bare/perl-5.12.0/lib/5.12.0/i386-freebsd/CORE -DPIC -fPIC -c -DHAS_FPSETMASK -DHAS_FLOATINGPOINT_H -fno-strict-aliasing -pipe -fstack-protector -I/usr/local/include -O -o libstemmer_c/src_c/stem_UTF_8_norwegian.o libstemmer_c/src_c/stem_UTF_8_norwegian.c
cc -Ilibstemmer_c -I/usr/home/cpan/pit/bare/perl-5.12.0/lib/5.12.0/i386-freebsd/CORE -DPIC -fPIC -c -DHAS_FPSETMASK -DHAS_FLOATINGPOINT_H -fno-strict-aliasing -pipe -fstack-protector -I/usr/local/include -O -o libstemmer_c/src_c/stem_UTF_8_russian.o libstemmer_c/src_c/stem_UTF_8_russian.c
cc -Ilibstemmer_c -I/usr/home/cpan/pit/bare/perl-5.12.0/lib/5.12.0/i386-freebsd/CORE -DPIC -fPIC -c -DHAS_FPSETMASK -DHAS_FLOATINGPOINT_H -fno-strict-aliasing -pipe -fstack-protector -I/usr/local/include -O -o libstemmer_c/src_c/stem_UTF_8_hungarian.o libstemmer_c/src_c/stem_UTF_8_hungarian.c
cc -Ilibstemmer_c -I/usr/home/cpan/pit/bare/perl-5.12.0/lib/5.12.0/i386-freebsd/CORE -DPIC -fPIC -c -DHAS_FPSETMASK -DHAS_FLOATINGPOINT_H -fno-strict-aliasing -pipe -fstack-protector -I/usr/local/include -O -o libstemmer_c/src_c/stem_UTF_8_german.o libstemmer_c/src_c/stem_UTF_8_german.c
cc -Ilibstemmer_c -I/usr/home/cpan/pit/bare/perl-5.12.0/lib/5.12.0/i386-freebsd/CORE -DPIC -fPIC -c -DHAS_FPSETMASK -DHAS_FLOATINGPOINT_H -fno-strict-aliasing -pipe -fstack-protector -I/usr/local/include -O -o libstemmer_c/src_c/stem_ISO_8859_1_porter.o libstemmer_c/src_c/stem_ISO_8859_1_porter.c
cc -Ilibstemmer_c -I/usr/home/cpan/pit/bare/perl-5.12.0/lib/5.12.0/i386-freebsd/CORE -DPIC -fPIC -c -DHAS_FPSETMASK -DHAS_FLOATINGPOINT_H -fno-strict-aliasing -pipe -fstack-protector -I/usr/local/include -O -o libstemmer_c/src_c/stem_UTF_8_dutch.o libstemmer_c/src_c/stem_UTF_8_dutch.c
cc -Ilibstemmer_c -I/usr/home/cpan/pit/bare/perl-5.12.0/lib/5.12.0/i386-freebsd/CORE -DPIC -fPIC -c -DHAS_FPSETMASK -DHAS_FLOATINGPOINT_H -fno-strict-aliasing -pipe -fstack-protector -I/usr/local/include -O -o libstemmer_c/src_c/stem_KOI8_R_russian.o libstemmer_c/src_c/stem_KOI8_R_russian.c
cc -Ilibstemmer_c -I/usr/home/cpan/pit/bare/perl-5.12.0/lib/5.12.0/i386-freebsd/CORE -DPIC -fPIC -c -DHAS_FPSETMASK -DHAS_FLOATINGPOINT_H -fno-strict-aliasing -pipe -fstack-protector -I/usr/local/include -O -o libstemmer_c/src_c/stem_ISO_8859_1_finnish.o libstemmer_c/src_c/stem_ISO_8859_1_finnish.c
cc -Ilibstemmer_c -I/usr/home/cpan/pit/bare/perl-5.12.0/lib/5.12.0/i386-freebsd/CORE -DPIC -fPIC -c -DHAS_FPSETMASK -DHAS_FLOATINGPOINT_H -fno-strict-aliasing -pipe -fstack-protector -I/usr/local/include -O -o libstemmer_c/src_c/stem_UTF_8_swedish.o libstemmer_c/src_c/stem_UTF_8_swedish.c
cc -Ilibstemmer_c -I/usr/home/cpan/pit/bare/perl-5.12.0/lib/5.12.0/i386-freebsd/CORE -DPIC -fPIC -c -DHAS_FPSETMASK -DHAS_FLOATINGPOINT_H -fno-strict-aliasing -pipe -fstack-protector -I/usr/local/include -O -o libstemmer_c/src_c/stem_ISO_8859_1_german.o libstemmer_c/src_c/stem_ISO_8859_1_german.c
cc -Ilibstemmer_c -I/usr/home/cpan/pit/bare/perl-5.12.0/lib/5.12.0/i386-freebsd/CORE -DPIC -fPIC -c -DHAS_FPSETMASK -DHAS_FLOATINGPOINT_H -fno-strict-aliasing -pipe -fstack-protector -I/usr/local/include -O -o libstemmer_c/src_c/stem_UTF_8_spanish.o libstemmer_c/src_c/stem_UTF_8_spanish.c
cc -Ilibstemmer_c -I/usr/home/cpan/pit/bare/perl-5.12.0/lib/5.12.0/i386-freebsd/CORE -DPIC -fPIC -c -DHAS_FPSETMASK -DHAS_FLOATINGPOINT_H -fno-strict-aliasing -pipe -fstack-protector -I/usr/local/include -O -o libstemmer_c/src_c/stem_ISO_8859_1_spanish.o libstemmer_c/src_c/stem_ISO_8859_1_spanish.c
cc -Ilibstemmer_c -I/usr/home/cpan/pit/bare/perl-5.12.0/lib/5.12.0/i386-freebsd/CORE -DPIC -fPIC -c -DHAS_FPSETMASK -DHAS_FLOATINGPOINT_H -fno-strict-aliasing -pipe -fstack-protector -I/usr/local/include -O -o libstemmer_c/src_c/stem_ISO_8859_1_swedish.o libstemmer_c/src_c/stem_ISO_8859_1_swedish.c
cc -Ilibstemmer_c -I/usr/home/cpan/pit/bare/perl-5.12.0/lib/5.12.0/i386-freebsd/CORE -DPIC -fPIC -c -DHAS_FPSETMASK -DHAS_FLOATINGPOINT_H -fno-strict-aliasing -pipe -fstack-protector -I/usr/local/include -O -o libstemmer_c/src_c/stem_UTF_8_romanian.o libstemmer_c/src_c/stem_UTF_8_romanian.c
cc -Ilibstemmer_c -I/usr/home/cpan/pit/bare/perl-5.12.0/lib/5.12.0/i386-freebsd/CORE -DPIC -fPIC -c -DHAS_FPSETMASK -DHAS_FLOATINGPOINT_H -fno-strict-aliasing -pipe -fstack-protector -I/usr/local/include -O -o libstemmer_c/src_c/stem_ISO_8859_1_english.o libstemmer_c/src_c/stem_ISO_8859_1_english.c
cc -Ilibstemmer_c -I/usr/home/cpan/pit/bare/perl-5.12.0/lib/5.12.0/i386-freebsd/CORE -DPIC -fPIC -c -DHAS_FPSETMASK -DHAS_FLOATINGPOINT_H -fno-strict-aliasing -pipe -fstack-protector -I/usr/local/include -O -o libstemmer_c/src_c/stem_ISO_8859_1_hungarian.o libstemmer_c/src_c/stem_ISO_8859_1_hungarian.c
cc -Ilibstemmer_c -I/usr/home/cpan/pit/bare/perl-5.12.0/lib/5.12.0/i386-freebsd/CORE -DPIC -fPIC -c -DHAS_FPSETMASK -DHAS_FLOATINGPOINT_H -fno-strict-aliasing -pipe -fstack-protector -I/usr/local/include -O -o libstemmer_c/src_c/stem_UTF_8_italian.o libstemmer_c/src_c/stem_UTF_8_italian.c
cc -Ilibstemmer_c -I/usr/home/cpan/pit/bare/perl-5.12.0/lib/5.12.0/i386-freebsd/CORE -DPIC -fPIC -c -DHAS_FPSETMASK -DHAS_FLOATINGPOINT_H -fno-strict-aliasing -pipe -fstack-protector -I/usr/local/include -O -o libstemmer_c/src_c/stem_ISO_8859_1_dutch.o libstemmer_c/src_c/stem_ISO_8859_1_dutch.c
cc -Ilibstemmer_c -I/usr/home/cpan/pit/bare/perl-5.12.0/lib/5.12.0/i386-freebsd/CORE -DPIC -fPIC -c -DHAS_FPSETMASK -DHAS_FLOATINGPOINT_H -fno-strict-aliasing -pipe -fstack-protector -I/usr/local/include -O -o libstemmer_c/src_c/stem_ISO_8859_1_italian.o libstemmer_c/src_c/stem_ISO_8859_1_italian.c
cc -Ilibstemmer_c -I/usr/home/cpan/pit/bare/perl-5.12.0/lib/5.12.0/i386-freebsd/CORE -DPIC -fPIC -c -DHAS_FPSETMASK -DHAS_FLOATINGPOINT_H -fno-strict-aliasing -pipe -fstack-protector -I/usr/local/include -O -o libstemmer_c/src_c/stem_UTF_8_turkish.o libstemmer_c/src_c/stem_UTF_8_turkish.c
cc -Ilibstemmer_c -I/usr/home/cpan/pit/bare/perl-5.12.0/lib/5.12.0/i386-freebsd/CORE -DPIC -fPIC -c -DHAS_FPSETMASK -DHAS_FLOATINGPOINT_H -fno-strict-aliasing -pipe -fstack-protector -I/usr/local/include -O -o libstemmer_c/src_c/stem_ISO_8859_1_norwegian.o libstemmer_c/src_c/stem_ISO_8859_1_norwegian.c
cc -Ilibstemmer_c -I/usr/home/cpan/pit/bare/perl-5.12.0/lib/5.12.0/i386-freebsd/CORE -DPIC -fPIC -c -DHAS_FPSETMASK -DHAS_FLOATINGPOINT_H -fno-strict-aliasing -pipe -fstack-protector -I/usr/local/include -O -o libstemmer_c/src_c/stem_UTF_8_porter.o libstemmer_c/src_c/stem_UTF_8_porter.c
cc -Ilibstemmer_c -I/usr/home/cpan/pit/bare/perl-5.12.0/lib/5.12.0/i386-freebsd/CORE -DPIC -fPIC -c -DHAS_FPSETMASK -DHAS_FLOATINGPOINT_H -fno-strict-aliasing -pipe -fstack-protector -I/usr/local/include -O -o libstemmer_c/src_c/stem_UTF_8_english.o libstemmer_c/src_c/stem_UTF_8_english.c
cc -Ilibstemmer_c -I/usr/home/cpan/pit/bare/perl-5.12.0/lib/5.12.0/i386-freebsd/CORE -DPIC -fPIC -c -DHAS_FPSETMASK -DHAS_FLOATINGPOINT_H -fno-strict-aliasing -pipe -fstack-protector -I/usr/local/include -O -o libstemmer_c/src_c/stem_UTF_8_portuguese.o libstemmer_c/src_c/stem_UTF_8_portuguese.c
cc -Ilibstemmer_c -I/usr/home/cpan/pit/bare/perl-5.12.0/lib/5.12.0/i386-freebsd/CORE -DPIC -fPIC -c -DHAS_FPSETMASK -DHAS_FLOATINGPOINT_H -fno-strict-aliasing -pipe -fstack-protector -I/usr/local/include -O -o libstemmer_c/libstemmer/libstemmer.o libstemmer_c/libstemmer/libstemmer.c
cc -Ilibstemmer_c -I/usr/home/cpan/pit/bare/perl-5.12.0/lib/5.12.0/i386-freebsd/CORE -DPIC -fPIC -c -DHAS_FPSETMASK -DHAS_FLOATINGPOINT_H -fno-strict-aliasing -pipe -fstack-protector -I/usr/local/include -O -o libstemmer_c/runtime/api.o libstemmer_c/runtime/api.c
cc -Ilibstemmer_c -I/usr/home/cpan/pit/bare/perl-5.12.0/lib/5.12.0/i386-freebsd/CORE -DPIC -fPIC -c -DHAS_FPSETMASK -DHAS_FLOATINGPOINT_H -fno-strict-aliasing -pipe -fstack-protector -I/usr/local/include -O -o libstemmer_c/runtime/utilities.o libstemmer_c/runtime/utilities.c
cc -Ilibstemmer_c -I/usr/home/cpan/pit/bare/perl-5.12.0/lib/5.12.0/i386-freebsd/CORE -DXS_VERSION="0.952" -DVERSION="0.952" -DPIC -fPIC -c -DHAS_FPSETMASK -DHAS_FLOATINGPOINT_H -fno-strict-aliasing -pipe -fstack-protector -I/usr/local/include -O -o lib/Lingua/Stem/Snowball.o lib/Lingua/Stem/Snowball.c
ExtUtils::Mkbootstrap::Mkbootstrap('blib/arch/auto/Lingua/Stem/Snowball/Snowball.bs')
cc -shared -L/usr/local/lib -fstack-protector -o blib/arch/auto/Lingua/Stem/Snowball/Snowball.so lib/Lingua/Stem/Snowball.o libstemmer_c/src_c/stem_ISO_8859_1_portuguese.o libstemmer_c/src_c/stem_ISO_8859_1_danish.o libstemmer_c/src_c/stem_ISO_8859_2_romanian.o libstemmer_c/src_c/stem_UTF_8_finnish.o libstemmer_c/src_c/stem_ISO_8859_1_french.o libstemmer_c/src_c/stem_UTF_8_french.o libstemmer_c/src_c/stem_UTF_8_danish.o libstemmer_c/src_c/stem_UTF_8_norwegian.o libstemmer_c/src_c/stem_UTF_8_russian.o libstemmer_c/src_c/stem_UTF_8_hungarian.o libstemmer_c/src_c/stem_UTF_8_german.o libstemmer_c/src_c/stem_ISO_8859_1_porter.o libstemmer_c/src_c/stem_UTF_8_dutch.o libstemmer_c/src_c/stem_KOI8_R_russian.o libstemmer_c/src_c/stem_ISO_8859_1_finnish.o libstemmer_c/src_c/stem_UTF_8_swedish.o libstemmer_c/src_c/stem_ISO_8859_1_german.o libstemmer_c/src_c/stem_UTF_8_spanish.o libstemmer_c/src_c/stem_ISO_8859_1_spanish.o libstemmer_c/src_c/stem_ISO_8859_1_swedish.o libstemmer_c/src_c/stem_UTF_8_romanian.o libstemmer_c/src_c/stem_ISO_8859_1_english.o libstemmer_c/src_c/stem_ISO_8859_1_hungarian.o libstemmer_c/src_c/stem_UTF_8_italian.o libstemmer_c/src_c/stem_ISO_8859_1_dutch.o libstemmer_c/src_c/stem_ISO_8859_1_italian.o libstemmer_c/src_c/stem_UTF_8_turkish.o libstemmer_c/src_c/stem_ISO_8859_1_norwegian.o libstemmer_c/src_c/stem_UTF_8_porter.o libstemmer_c/src_c/stem_UTF_8_english.o libstemmer_c/src_c/stem_UTF_8_portuguese.o libstemmer_c/libstemmer/libstemmer.o libstemmer_c/runtime/api.o libstemmer_c/runtime/utilities.o
[MSG] [Fri Apr 30 17:08:00 2010] Tests skipped
[MSG] [Fri Apr 30 17:08:00 2010] Sending test report for 'Lingua-Stem-Snowball-0.952'
[MSG] [Fri Apr 30 17:08:00 2010] Ok, not sending test report
[MSG] [Fri Apr 30 17:08:01 2010] Using cached file '/usr/home/cpan/pit/bare/conf/perl-5.12.0/.cpanplus/authors/id/C/CR/CREAMYG/CHECKSUMS' on disk; ttl (3600s) is not exceeded
[MSG] [Fri Apr 30 17:08:01 2010] Checksum matches for 'Lingua-StopWords-0.09.tar.gz'
[MSG] [Fri Apr 30 17:08:02 2010] Extracted 'Lingua::StopWords' to '/usr/home/cpan/pit/bare/conf/perl-5.12.0/.cpanplus/5.12.0/build/Lingua-StopWords-0.09'
[MSG] [Fri Apr 30 17:08:02 2010] CPANPLUS is prefering Build.PL
[MSG] [Fri Apr 30 17:08:02 2010] Checking if your kit is complete...
Looks good
Writing Makefile for Lingua::StopWords
[MSG] [Fri Apr 30 17:08:02 2010] DEFAULT 'filter_prereqs' HANDLER RETURNING 'sub return value'
[MSG] [Fri Apr 30 17:08:02 2010] Checking for previous PASS result for "Lingua-StopWords-0.09"
[MSG] [Fri Apr 30 17:08:02 2010] Found previous PASS result for "Lingua-StopWords-0.09" skipping tests.
[MSG] [Fri Apr 30 17:08:03 2010] cp lib/Lingua/StopWords/FR.pm blib/lib/Lingua/StopWords/FR.pm
cp lib/Lingua/StopWords/EN.pm blib/lib/Lingua/StopWords/EN.pm
cp lib/Lingua/StopWords/SV.pm blib/lib/Lingua/StopWords/SV.pm
cp lib/Lingua/StopWords/RU.pm blib/lib/Lingua/StopWords/RU.pm
cp lib/Lingua/StopWords.pm blib/lib/Lingua/StopWords.pm
cp lib/Lingua/StopWords/NO.pm blib/lib/Lingua/StopWords/NO.pm
cp lib/Lingua/StopWords/DE.pm blib/lib/Lingua/StopWords/DE.pm
cp lib/Lingua/StopWords/PT.pm blib/lib/Lingua/StopWords/PT.pm
cp lib/Lingua/StopWords/IT.pm blib/lib/Lingua/StopWords/IT.pm
cp lib/Lingua/StopWords/HU.pm blib/lib/Lingua/StopWords/HU.pm
cp lib/Lingua/StopWords/FI.pm blib/lib/Lingua/StopWords/FI.pm
cp lib/Lingua/StopWords/NL.pm blib/lib/Lingua/StopWords/NL.pm
cp lib/Lingua/StopWords/ES.pm blib/lib/Lingua/StopWords/ES.pm
cp lib/Lingua/StopWords/DA.pm blib/lib/Lingua/StopWords/DA.pm
Manifying blib/man3/Lingua::StopWords.3
[MSG] [Fri Apr 30 17:08:03 2010] Sending test report for 'Lingua-StopWords-0.09'
[MSG] [Fri Apr 30 17:08:04 2010] Ok, not sending test report
[MSG] [Fri Apr 30 17:08:16 2010] Building KinoSearch
cc -Isrc -I/usr/home/cpan/pit/bare/perl-5.12.0/lib/5.12.0/i386-freebsd/CORE -DPIC -fPIC -c -DHAS_FPSETMASK -DHAS_FLOATINGPOINT_H -fno-strict-aliasing -pipe -fstack-protector -I/usr/local/include -O -o src/KinoSearchSearchPhraseScorer.o src/KinoSearchSearchPhraseScorer.c
cc -Isrc -I/usr/home/cpan/pit/bare/perl-5.12.0/lib/5.12.0/i386-freebsd/CORE -DPIC -fPIC -c -DHAS_FPSETMASK -DHAS_FLOATINGPOINT_H -fno-strict-aliasing -pipe -fstack-protector -I/usr/local/include -O -o src/KinoSearchStoreOutStream.o src/KinoSearchStoreOutStream.c
cc -Isrc -I/usr/home/cpan/pit/bare/perl-5.12.0/lib/5.12.0/i386-freebsd/CORE -DPIC -fPIC -c -DHAS_FPSETMASK -DHAS_FLOATINGPOINT_H -fno-strict-aliasing -pipe -fstack-protector -I/usr/local/include -O -o src/KinoSearchIndexSegTermDocs.o src/KinoSearchIndexSegTermDocs.c
cc -Isrc -I/usr/home/cpan/pit/bare/perl-5.12.0/lib/5.12.0/i386-freebsd/CORE -DPIC -fPIC -c -DHAS_FPSETMASK -DHAS_FLOATINGPOINT_H -fno-strict-aliasing -pipe -fstack-protector -I/usr/local/include -O -o src/KinoSearchIndexMultiTermDocs.o src/KinoSearchIndexMultiTermDocs.c
cc -Isrc -I/usr/home/cpan/pit/bare/perl-5.12.0/lib/5.12.0/i386-freebsd/CORE -DPIC -fPIC -c -DHAS_FPSETMASK -DHAS_FLOATINGPOINT_H -fno-strict-aliasing -pipe -fstack-protector -I/usr/local/include -O -o src/KinoSearchDocumentField.o src/KinoSearchDocumentField.c
cc -Isrc -I/usr/home/cpan/pit/bare/perl-5.12.0/lib/5.12.0/i386-freebsd/CORE -DPIC -fPIC -c -DHAS_FPSETMASK -DHAS_FLOATINGPOINT_H -fno-strict-aliasing -pipe -fstack-protector -I/usr/local/include -O -o src/KinoSearchSearchScorer.o src/KinoSearchSearchScorer.c
cc -Isrc -I/usr/home/cpan/pit/bare/perl-5.12.0/lib/5.12.0/i386-freebsd/CORE -DPIC -fPIC -c -DHAS_FPSETMASK -DHAS_FLOATINGPOINT_H -fno-strict-aliasing -pipe -fstack-protector -I/usr/local/include -O -o src/KinoSearchAnalysisStopalizer.o src/KinoSearchAnalysisStopalizer.c
cc -Isrc -I/usr/home/cpan/pit/bare/perl-5.12.0/lib/5.12.0/i386-freebsd/CORE -DPIC -fPIC -c -DHAS_FPSETMASK -DHAS_FLOATINGPOINT_H -fno-strict-aliasing -pipe -fstack-protector -I/usr/local/include -O -o src/KinoSearchUtilSortExternal.o src/KinoSearchUtilSortExternal.c
cc -Isrc -I/usr/home/cpan/pit/bare/perl-5.12.0/lib/5.12.0/i386-freebsd/CORE -DPIC -fPIC -c -DHAS_FPSETMASK -DHAS_FLOATINGPOINT_H -fno-strict-aliasing -pipe -fstack-protector -I/usr/local/include -O -o src/KinoSearchIndexTermBuffer.o src/KinoSearchIndexTermBuffer.c
cc -Isrc -I/usr/home/cpan/pit/bare/perl-5.12.0/lib/5.12.0/i386-freebsd/CORE -DPIC -fPIC -c -DHAS_FPSETMASK -DHAS_FLOATINGPOINT_H -fno-strict-aliasing -pipe -fstack-protector -I/usr/local/include -O -o src/KinoSearchUtilMathUtils.o src/KinoSearchUtilMathUtils.c
cc -Isrc -I/usr/home/cpan/pit/bare/perl-5.12.0/lib/5.12.0/i386-freebsd/CORE -DPIC -fPIC -c -DHAS_FPSETMASK -DHAS_FLOATINGPOINT_H -fno-strict-aliasing -pipe -fstack-protector -I/usr/local/include -O -o src/KinoSearchSearchHitQueue.o src/KinoSearchSearchHitQueue.c
cc -Isrc -I/usr/home/cpan/pit/bare/perl-5.12.0/lib/5.12.0/i386-freebsd/CORE -DPIC -fPIC -c -DHAS_FPSETMASK -DHAS_FLOATINGPOINT_H -fno-strict-aliasing -pipe -fstack-protector -I/usr/local/include -O -o src/KinoSearchUtilIntMap.o src/KinoSearchUtilIntMap.c
cc -Isrc -I/usr/home/cpan/pit/bare/perl-5.12.0/lib/5.12.0/i386-freebsd/CORE -DPIC -fPIC -c -DHAS_FPSETMASK -DHAS_FLOATINGPOINT_H -fno-strict-aliasing -pipe -fstack-protector -I/usr/local/include -O -o src/KinoSearchSearchTermScorer.o src/KinoSearchSearchTermScorer.c
cc -Isrc -I/usr/home/cpan/pit/bare/perl-5.12.0/lib/5.12.0/i386-freebsd/CORE -DPIC -fPIC -c -DHAS_FPSETMASK -DHAS_FLOATINGPOINT_H -fno-strict-aliasing -pipe -fstack-protector -I/usr/local/include -O -o src/KinoSearchIndexTermInfo.o src/KinoSearchIndexTermInfo.c
cc -Isrc -I/usr/home/cpan/pit/bare/perl-5.12.0/lib/5.12.0/i386-freebsd/CORE -DPIC -fPIC -c -DHAS_FPSETMASK -DHAS_FLOATINGPOINT_H -fno-strict-aliasing -pipe -fstack-protector -I/usr/local/include -O -o src/KinoSearchUtilStringHelper.o src/KinoSearchUtilStringHelper.c
cc -Isrc -I/usr/home/cpan/pit/bare/perl-5.12.0/lib/5.12.0/i386-freebsd/CORE -DPIC -fPIC -c -DHAS_FPSETMASK -DHAS_FLOATINGPOINT_H -fno-strict-aliasing -pipe -fstack-protector -I/usr/local/include -O -o src/KinoSearchIndexDelDocs.o src/KinoSearchIndexDelDocs.c
cc -Isrc -I/usr/home/cpan/pit/bare/perl-5.12.0/lib/5.12.0/i386-freebsd/CORE -DPIC -fPIC -c -DHAS_FPSETMASK -DHAS_FLOATINGPOINT_H -fno-strict-aliasing -pipe -fstack-protector -I/usr/local/include -O -o src/KinoSearchAnalysisToken.o src/KinoSearchAnalysisToken.c
cc -Isrc -I/usr/home/cpan/pit/bare/perl-5.12.0/lib/5.12.0/i386-freebsd/CORE -DPIC -fPIC -c -DHAS_FPSETMASK -DHAS_FLOATINGPOINT_H -fno-strict-aliasing -pipe -fstack-protector -I/usr/local/include -O -o src/KinoSearchIndexSegTermEnum.o src/KinoSearchIndexSegTermEnum.c
cc -Isrc -I/usr/home/cpan/pit/bare/perl-5.12.0/lib/5.12.0/i386-freebsd/CORE -DPIC -fPIC -c -DHAS_FPSETMASK -DHAS_FLOATINGPOINT_H -fno-strict-aliasing -pipe -fstack-protector -I/usr/local/include -O -o src/KinoSearchIndexTermDocs.o src/KinoSearchIndexTermDocs.c
cc -Isrc -I/usr/home/cpan/pit/bare/perl-5.12.0/lib/5.12.0/i386-freebsd/CORE -DPIC -fPIC -c -DHAS_FPSETMASK -DHAS_FLOATINGPOINT_H -fno-strict-aliasing -pipe -fstack-protector -I/usr/local/include -O -o src/KinoSearchStoreInStream.o src/KinoSearchStoreInStream.c
cc -Isrc -I/usr/home/cpan/pit/bare/perl-5.12.0/lib/5.12.0/i386-freebsd/CORE -DPIC -fPIC -c -DHAS_FPSETMASK -DHAS_FLOATINGPOINT_H -fno-strict-aliasing -pipe -fstack-protector -I/usr/local/include -O -o src/KinoSearchSearchSimilarity.o src/KinoSearchSearchSimilarity.c
cc -Isrc -I/usr/home/cpan/pit/bare/perl-5.12.0/lib/5.12.0/i386-freebsd/CORE -DPIC -fPIC -c -DHAS_FPSETMASK -DHAS_FLOATINGPOINT_H -fno-strict-aliasing -pipe -fstack-protector -I/usr/local/include -O -o src/KinoSearchIndexTermInfosWriter.o src/KinoSearchIndexTermInfosWriter.c
cc -Isrc -I/usr/home/cpan/pit/bare/perl-5.12.0/lib/5.12.0/i386-freebsd/CORE -DPIC -fPIC -c -DHAS_FPSETMASK -DHAS_FLOATINGPOINT_H -fno-strict-aliasing -pipe -fstack-protector -I/usr/local/include -O -o src/KinoSearchUtilCarp.o src/KinoSearchUtilCarp.c
cc -Isrc -I/usr/home/cpan/pit/bare/perl-5.12.0/lib/5.12.0/i386-freebsd/CORE -DPIC -fPIC -c -DHAS_FPSETMASK -DHAS_FLOATINGPOINT_H -fno-strict-aliasing -pipe -fstack-protector -I/usr/local/include -O -o src/KinoSearchUtilPriorityQueue.o src/KinoSearchUtilPriorityQueue.c
cc -Isrc -I/usr/home/cpan/pit/bare/perl-5.12.0/lib/5.12.0/i386-freebsd/CORE -DPIC -fPIC -c -DHAS_FPSETMASK -DHAS_FLOATINGPOINT_H -fno-strict-aliasing -pipe -fstack-protector -I/usr/local/include -O -o src/KinoSearchUtilMemManager.o src/KinoSearchUtilMemManager.c
cc -Isrc -I/usr/home/cpan/pit/bare/perl-5.12.0/lib/5.12.0/i386-freebsd/CORE -DPIC -fPIC -c -DHAS_FPSETMASK -DHAS_FLOATINGPOINT_H -fno-strict-aliasing -pipe -fstack-protector -I/usr/local/include -O -o src/KinoSearchSearchHitCollector.o src/KinoSearchSearchHitCollector.c
cc -Isrc -I/usr/home/cpan/pit/bare/perl-5.12.0/lib/5.12.0/i386-freebsd/CORE -DPIC -fPIC -c -DHAS_FPSETMASK -DHAS_FLOATINGPOINT_H -fno-strict-aliasing -pipe -fstack-protector -I/usr/local/include -O -o src/KinoSearchUtilBitVector.o src/KinoSearchUtilBitVector.c
cc -Isrc -I/usr/home/cpan/pit/bare/perl-5.12.0/lib/5.12.0/i386-freebsd/CORE -DPIC -fPIC -c -DHAS_FPSETMASK -DHAS_FLOATINGPOINT_H -fno-strict-aliasing -pipe -fstack-protector -I/usr/local/include -O -o src/KinoSearchSearchBooleanScorer.o src/KinoSearchSearchBooleanScorer.c
cc -Isrc -I/usr/home/cpan/pit/bare/perl-5.12.0/lib/5.12.0/i386-freebsd/CORE -DPIC -fPIC -c -DHAS_FPSETMASK -DHAS_FLOATINGPOINT_H -fno-strict-aliasing -pipe -fstack-protector -I/usr/local/include -O -o src/KinoSearchUtilVerifyArgs.o src/KinoSearchUtilVerifyArgs.c
cc -Isrc -I/usr/home/cpan/pit/bare/perl-5.12.0/lib/5.12.0/i386-freebsd/CORE -DPIC -fPIC -c -DHAS_FPSETMASK -DHAS_FLOATINGPOINT_H -fno-strict-aliasing -pipe -fstack-protector -I/usr/local/include -O -o src/KinoSearchIndexSegWriter.o src/KinoSearchIndexSegWriter.c
cc -Isrc -I/usr/home/cpan/pit/bare/perl-5.12.0/lib/5.12.0/i386-freebsd/CORE -DPIC -fPIC -c -DHAS_FPSETMASK -DHAS_FLOATINGPOINT_H -fno-strict-aliasing -pipe -fstack-protector -I/usr/local/include -O -o src/KinoSearchAnalysisTokenBatch.o src/KinoSearchAnalysisTokenBatch.c
cc -Isrc -I/usr/home/cpan/pit/bare/perl-5.12.0/lib/5.12.0/i386-freebsd/CORE -DPIC -fPIC -c -DHAS_FPSETMASK -DHAS_FLOATINGPOINT_H -fno-strict-aliasing -pipe -fstack-protector -I/usr/local/include -O -o src/KinoSearchIndexPostingsWriter.o src/KinoSearchIndexPostingsWriter.c
cc -Isrc -I/usr/home/cpan/pit/bare/perl-5.12.0/lib/5.12.0/i386-freebsd/CORE -DPIC -fPIC -c -DHAS_FPSETMASK -DHAS_FLOATINGPOINT_H -fno-strict-aliasing -pipe -fstack-protector -I/usr/local/include -O -o src/KinoSearchUtilByteBuf.o src/KinoSearchUtilByteBuf.c
cc -Isrc -I/usr/home/cpan/pit/bare/perl-5.12.0/lib/5.12.0/i386-freebsd/CORE -DXS_VERSION="0.165" -DVERSION="0.165" -DPIC -fPIC -c -DHAS_FPSETMASK -DHAS_FLOATINGPOINT_H -fno-strict-aliasing -pipe -fstack-protector -I/usr/local/include -O -o lib/KinoSearch.o lib/KinoSearch.c
lib/KinoSearch.xs: In function 'XS_KinoSearch__Search__Similarity_new':
lib/KinoSearch.xs:110: warning: assignment discards qualifiers from pointer target type
lib/KinoSearch.xs: In function 'XS_KinoSearch__Search__HitCollector_new':
lib/KinoSearch.xs:419: warning: assignment discards qualifiers from pointer target type
lib/KinoSearch.xs: In function 'XS_KinoSearch__Analysis__TokenBatch_new':
lib/KinoSearch.xs:765: warning: assignment discards qualifiers from pointer target type
lib/KinoSearch.xs: In function 'XS_KinoSearch__Index__TermDocs_new':
lib/KinoSearch.xs:1837: warning: assignment discards qualifiers from pointer target type
lib/KinoSearch.xs: In function 'XS_KinoSearch__Util__PriorityQueue_new':
lib/KinoSearch.xs:2387: warning: assignment discards qualifiers from pointer target type
lib/KinoSearch.xs: In function 'XS_KinoSearch__Util__BitVector_new':
lib/KinoSearch.xs:2681: warning: assignment discards qualifiers from pointer target type
ExtUtils::Mkbootstrap::Mkbootstrap('blib/arch/auto/KinoSearch/KinoSearch.bs')
cc -shared -L/usr/local/lib -fstack-protector -o blib/arch/auto/KinoSearch/KinoSearch.so lib/KinoSearch.o src/KinoSearchSearchPhraseScorer.o src/KinoSearchStoreOutStream.o src/KinoSearchIndexSegTermDocs.o src/KinoSearchIndexMultiTermDocs.o src/KinoSearchDocumentField.o src/KinoSearchSearchScorer.o src/KinoSearchAnalysisStopalizer.o src/KinoSearchUtilSortExternal.o src/KinoSearchIndexTermBuffer.o src/KinoSearchUtilMathUtils.o src/KinoSearchSearchHitQueue.o src/KinoSearchUtilIntMap.o src/KinoSearchSearchTermScorer.o src/KinoSearchIndexTermInfo.o src/KinoSearchUtilStringHelper.o src/KinoSearchIndexDelDocs.o src/KinoSearchAnalysisToken.o src/KinoSearchIndexSegTermEnum.o src/KinoSearchIndexTermDocs.o src/KinoSearchStoreInStream.o src/KinoSearchSearchSimilarity.o src/KinoSearchIndexTermInfosWriter.o src/KinoSearchUtilCarp.o src/KinoSearchUtilPriorityQueue.o src/KinoSearchUtilMemManager.o src/KinoSearchSearchHitCollector.o src/KinoSearchUtilBitVector.o src/KinoSearchSearchBooleanScorer.o src/KinoSearchUtilVerifyArgs.o src/KinoSearchIndexSegWriter.o src/KinoSearchAnalysisTokenBatch.o src/KinoSearchIndexPostingsWriter.o src/KinoSearchUtilByteBuf.o
[MSG] [Fri Apr 30 17:08:16 2010] Tests skipped
[MSG] [Fri Apr 30 17:08:16 2010] Sending test report for 'KinoSearch-0.165'
[MSG] [Fri Apr 30 17:08:16 2010] Ok, not sending test report
[MSG] [Fri Apr 30 17:08:17 2010] cp lib/CPAN/IndexPod.pm blib/lib/CPAN/IndexPod.pm
Manifying blib/man3/CPAN::IndexPod.3
[ERROR] [Fri Apr 30 17:08:18 2010] MAKE TEST failed: No such file or directory PERL_DL_NONLAZY=1 /usr/home/cpan/pit/bare/perl-5.12.0/bin/perl "-MExtUtils::Command::MM" "-e" "test_harness(0, 'blib/lib', 'blib/arch')" t/*.t
t/pod.t ........... skipped: Test::Pod 1.14 required for testing POD
t/pod_coverage.t .. skipped: Test::Pod::Coverage 1.04 required for testing POD coverage
# Failed test 'redcarpet.png'
# at t/simple.t line 67.
# Structures begin differing at:
# $got->[1] = Does not exist
# $expected->[1] = 'GraphViz/examples/ppmgraph.pl'
# Looks like you failed 1 test of 12.
t/simple.t ........
Dubious, test returned 1 (wstat 256, 0x100)
Failed 1/12 subtests
Test Summary Report
-------------------
t/simple.t (Wstat: 256 Tests: 12 Failed: 1)
Failed test: 12
Non-zero exit status: 1
Files=3, Tests=12, 1 wallclock secs ( 0.03 usr 0.07 sys + 0.78 cusr 0.30 csys = 1.18 CPU)
Result: FAIL
Failed 1/3 test programs. 1/12 subtests failed.
*** Error code 1
Stop in /usr/home/cpan/pit/bare/conf/perl-5.12.0/.cpanplus/5.12.0/build/CPAN-IndexPod-0.25.
[MSG] [Fri Apr 30 17:08:18 2010] DEFAULT 'proceed_on_test_failure' HANDLER RETURNING 'sub return value'
PREREQUISITES:
Here is a list of prerequisites you specified and versions we
managed to load:
Module Name Have Want
Class::Accessor::Chained 0.01 0
File::Find::Rule 0.32 0
KinoSearch 0.165 0
Pod::Simple 3.13 0
Test::More 0.94 0
Perl module toolchain versions installed:
Module Name Have
CPANPLUS 0.9003
CPANPLUS::Dist::Build 0.46
Cwd 3.31
ExtUtils::CBuilder 0.2703
ExtUtils::Command 1.16
ExtUtils::Install 1.55
ExtUtils::MakeMaker 6.56
ExtUtils::Manifest 1.58
ExtUtils::ParseXS 2.2205
File::Spec 3.31
Module::Build 0.3607
Test::Harness 3.21
Test::More 0.94
version 0.82
******************************** NOTE ********************************
The comments above are created mechanically, possibly without manual
checking by the sender. As there are many people performing automatic
tests on each upload to CPAN, it is likely that you will receive
identical messages about the same problem.
If you believe that the message is mistaken, please reply to the first
one with correction and/or additional informations, and do not take
it personally. We appreciate your patience. :)
**********************************************************************
Additional comments:
This report was machine-generated by CPANPLUS::Dist::YACSmoke 0.56.
Powered by minismokebox version 0.26
------------------------------
ENVIRONMENT AND OTHER CONTEXT
------------------------------
Environment variables:
AUTOMATED_TESTING = 1
PATH = /sbin:/bin:/usr/sbin:/usr/bin:/usr/games:/usr/local/sbin:/usr/local/bin:/home/cpan/bin
PERL5LIB = :/usr/home/cpan/pit/bare/conf/perl-5.12.0/.cpanplus/5.12.0/build/Class-Accessor-0.34/blib/lib:/usr/home/cpan/pit/bare/conf/perl-5.12.0/.cpanplus/5.12.0/build/Class-Accessor-0.34/blib/arch:/usr/home/cpan/pit/bare/conf/perl-5.12.0/.cpanplus/5.12.0/build/Class-Accessor-Chained-0.01/blib/lib:/usr/home/cpan/pit/bare/conf/perl-5.12.0/.cpanplus/5.12.0/build/Class-Accessor-Chained-0.01/blib/arch:/usr/home/cpan/pit/bare/conf/perl-5.12.0/.cpanplus/5.12.0/build/Number-Compare-0.01/blib/lib:/usr/home/cpan/pit/bare/conf/perl-5.12.0/.cpanplus/5.12.0/build/Number-Compare-0.01/blib/arch:/usr/home/cpan/pit/bare/conf/perl-5.12.0/.cpanplus/5.12.0/build/Text-Glob-0.08/blib/lib:/usr/home/cpan/pit/bare/conf/perl-5.12.0/.cpanplus/5.12.0/build/Text-Glob-0.08/blib/arch:/usr/home/cpan/pit/bare/conf/perl-5.12.0/.cpanplus/5.12.0/build/File-Find-Rule-0.32/blib/lib:/usr/home/cpan/pit/bare/conf/perl-5.12.0/.cpanplus/5.12.0/build/File-Find-Rule-0.32/blib/arch:/usr/home/cpan/pit/bare/conf/perl-5.12.0/.cpanplus/5.12.0/build/Lingua-Stem-Snowball-0.952/blib/lib:/usr/home/cpan/pit/bare/conf/perl-5.12.0/.cpanplus/5.12.0/build/Lingua-Stem-Snowball-0.952/blib/arch:/usr/home/cpan/pit/bare/conf/perl-5.12.0/.cpanplus/5.12.0/build/Lingua-StopWords-0.09/blib/lib:/usr/home/cpan/pit/bare/conf/perl-5.12.0/.cpanplus/5.12.0/build/Lingua-StopWords-0.09/blib/arch:/usr/home/cpan/pit/bare/conf/perl-5.12.0/.cpanplus/5.12.0/build/KinoSearch-0.165/blib/lib:/usr/home/cpan/pit/bare/conf/perl-5.12.0/.cpanplus/5.12.0/build/KinoSearch-0.165/blib/arch:/usr/home/cpan/pit/bare/conf/perl-5.12.0/.cpanplus/5.12.0/build/CPAN-IndexPod-0.25/blib/lib:/usr/home/cpan/pit/bare/conf/perl-5.12.0/.cpanplus/5.12.0/build/CPAN-IndexPod-0.25/blib/arch
PERL5_CPANPLUS_IS_RUNNING = 97804
PERL5_CPANPLUS_IS_VERSION = 0.9003
PERL5_MINISMOKEBOX = 0.26
PERL5_YACSMOKE_BASE = /usr/home/cpan/pit/bare/conf/perl-5.12.0/
PERL_EXTUTILS_AUTOINSTALL = --defaultdeps
PERL_MM_USE_DEFAULT = 1
SHELL = /usr/local/bin/bash
TERM = screen
Perl special variables (and OS-specific diagnostics, for MSWin32):
Perl: $^X = /usr/home/cpan/pit/bare/perl-5.12.0/bin/perl
UID: $< = 1003
EUID: $> = 1003
GID: $( = 1003 1003 1003
EGID: $) = 1003 1003 1003
-------------------------------
--
Summary of my perl5 (revision 5 version 12 subversion 0) configuration:
Platform:
osname=freebsd, osvers=7.2-release, archname=i386-freebsd
uname='freebsd wintermute.staffordshire.gov.uk 7.2-release freebsd 7.2-release #0: fri may 1 08:49:13 utc 2009 root@walker.cse.buffalo.edu:usrobjusrsrcsysgeneric i386 '
config_args='-de -Dprefix=/usr/home/cpan/pit/bare/perl-5.12.0'
hint=recommended, useposix=true, d_sigaction=define
useithreads=undef, usemultiplicity=undef
useperlio=define, d_sfio=undef, uselargefiles=define, usesocks=undef
use64bitint=undef, use64bitall=undef, uselongdouble=undef
usemymalloc=n, bincompat5005=undef
Compiler:
cc='cc', ccflags ='-DHAS_FPSETMASK -DHAS_FLOATINGPOINT_H -fno-strict-aliasing -pipe -fstack-protector -I/usr/local/include',
optimize='-O',
cppflags='-DHAS_FPSETMASK -DHAS_FLOATINGPOINT_H -fno-strict-aliasing -pipe -fstack-protector -I/usr/local/include'
ccversion='', gccversion='4.2.1 20070719 [FreeBSD]', gccosandvers=''
intsize=4, longsize=4, ptrsize=4, doublesize=8, byteorder=1234
d_longlong=define, longlongsize=8, d_longdbl=define, longdblsize=12
ivtype='long', ivsize=4, nvtype='double', nvsize=8, Off_t='off_t', lseeksize=8
alignbytes=4, prototype=define
Linker and Libraries:
ld='cc', ldflags ='-Wl,-E -fstack-protector -L/usr/local/lib'
libpth=/usr/lib /usr/local/lib
libs=-lgdbm -lm -lcrypt -lutil -lc
perllibs=-lm -lcrypt -lutil -lc
libc=, so=so, useshrplib=false, libperl=libperl.a
gnulibc_version=''
Dynamic Linking:
dlsrc=dl_dlopen.xs, dlext=so, d_dlsymun=undef, ccdlflags=' '
cccdlflags='-DPIC -fPIC', lddlflags='-shared -L/usr/local/lib -fstack-protector'
Characteristics of this binary (from libperl):
Compile-time options: PERL_DONT_CREATE_GVSV PERL_MALLOC_WRAP
USE_LARGE_FILES USE_PERLIO USE_PERL_ATOF
Built under freebsd
Compiled at Apr 25 2010 21:18:12
%ENV:
PERL5LIB=":/usr/home/cpan/pit/bare/conf/perl-5.12.0/.cpanplus/5.12.0/build/Class-Accessor-0.34/blib/lib:/usr/home/cpan/pit/bare/conf/perl-5.12.0/.cpanplus/5.12.0/build/Class-Accessor-0.34/blib/arch:/usr/home/cpan/pit/bare/conf/perl-5.12.0/.cpanplus/5.12.0/build/Class-Accessor-Chained-0.01/blib/lib:/usr/home/cpan/pit/bare/conf/perl-5.12.0/.cpanplus/5.12.0/build/Class-Accessor-Chained-0.01/blib/arch:/usr/home/cpan/pit/bare/conf/perl-5.12.0/.cpanplus/5.12.0/build/Number-Compare-0.01/blib/lib:/usr/home/cpan/pit/bare/conf/perl-5.12.0/.cpanplus/5.12.0/build/Number-Compare-0.01/blib/arch:/usr/home/cpan/pit/bare/conf/perl-5.12.0/.cpanplus/5.12.0/build/Text-Glob-0.08/blib/lib:/usr/home/cpan/pit/bare/conf/perl-5.12.0/.cpanplus/5.12.0/build/Text-Glob-0.08/blib/arch:/usr/home/cpan/pit/bare/conf/perl-5.12.0/.cpanplus/5.12.0/build/File-Find-Rule-0.32/blib/lib:/usr/home/cpan/pit/bare/conf/perl-5.12.0/.cpanplus/5.12.0/build/File-Find-Rule-0.32/blib/arch:/usr/home/cpan/pit/bare/conf/perl-5.12.0/.cpanplus/5.12.0/build/Lingua-Stem-Snowball-0.952/blib/lib:/usr/home/cpan/pit/bare/conf/perl-5.12.0/.cpanplus/5.12.0/build/Lingua-Stem-Snowball-0.952/blib/arch:/usr/home/cpan/pit/bare/conf/perl-5.12.0/.cpanplus/5.12.0/build/Lingua-StopWords-0.09/blib/lib:/usr/home/cpan/pit/bare/conf/perl-5.12.0/.cpanplus/5.12.0/build/Lingua-StopWords-0.09/blib/arch:/usr/home/cpan/pit/bare/conf/perl-5.12.0/.cpanplus/5.12.0/build/KinoSearch-0.165/blib/lib:/usr/home/cpan/pit/bare/conf/perl-5.12.0/.cpanplus/5.12.0/build/KinoSearch-0.165/blib/arch:/usr/home/cpan/pit/bare/conf/perl-5.12.0/.cpanplus/5.12.0/build/CPAN-IndexPod-0.25/blib/lib:/usr/home/cpan/pit/bare/conf/perl-5.12.0/.cpanplus/5.12.0/build/CPAN-IndexPod-0.25/blib/arch"
PERL5_CPANPLUS_IS_RUNNING="97804"
PERL5_CPANPLUS_IS_VERSION="0.9003"
PERL5_MINISMOKEBOX="0.26"
PERL5_YACSMOKE_BASE="/usr/home/cpan/pit/bare/conf/perl-5.12.0/"
PERL_EXTUTILS_AUTOINSTALL="--defaultdeps"
PERL_MM_USE_DEFAULT="1"
@INC:
/usr/home/cpan/pit/bare/conf/perl-5.12.0/.cpanplus/5.12.0/build/Class-Accessor-0.34/blib/lib
/usr/home/cpan/pit/bare/conf/perl-5.12.0/.cpanplus/5.12.0/build/Class-Accessor-0.34/blib/arch
/usr/home/cpan/pit/bare/conf/perl-5.12.0/.cpanplus/5.12.0/build/Class-Accessor-Chained-0.01/blib/lib
/usr/home/cpan/pit/bare/conf/perl-5.12.0/.cpanplus/5.12.0/build/Class-Accessor-Chained-0.01/blib/arch
/usr/home/cpan/pit/bare/conf/perl-5.12.0/.cpanplus/5.12.0/build/Number-Compare-0.01/blib/lib
/usr/home/cpan/pit/bare/conf/perl-5.12.0/.cpanplus/5.12.0/build/Number-Compare-0.01/blib/arch
/usr/home/cpan/pit/bare/conf/perl-5.12.0/.cpanplus/5.12.0/build/Text-Glob-0.08/blib/lib
/usr/home/cpan/pit/bare/conf/perl-5.12.0/.cpanplus/5.12.0/build/Text-Glob-0.08/blib/arch
/usr/home/cpan/pit/bare/conf/perl-5.12.0/.cpanplus/5.12.0/build/File-Find-Rule-0.32/blib/lib
/usr/home/cpan/pit/bare/conf/perl-5.12.0/.cpanplus/5.12.0/build/File-Find-Rule-0.32/blib/arch
/usr/home/cpan/pit/bare/conf/perl-5.12.0/.cpanplus/5.12.0/build/Lingua-Stem-Snowball-0.952/blib/lib
/usr/home/cpan/pit/bare/conf/perl-5.12.0/.cpanplus/5.12.0/build/Lingua-Stem-Snowball-0.952/blib/arch
/usr/home/cpan/pit/bare/conf/perl-5.12.0/.cpanplus/5.12.0/build/Lingua-StopWords-0.09/blib/lib
/usr/home/cpan/pit/bare/conf/perl-5.12.0/.cpanplus/5.12.0/build/Lingua-StopWords-0.09/blib/arch
/usr/home/cpan/pit/bare/conf/perl-5.12.0/.cpanplus/5.12.0/build/KinoSearch-0.165/blib/lib
/usr/home/cpan/pit/bare/conf/perl-5.12.0/.cpanplus/5.12.0/build/KinoSearch-0.165/blib/arch
/usr/home/cpan/pit/bare/conf/perl-5.12.0/.cpanplus/5.12.0/build/CPAN-IndexPod-0.25/blib/lib
/usr/home/cpan/pit/bare/conf/perl-5.12.0/.cpanplus/5.12.0/build/CPAN-IndexPod-0.25/blib/arch
/usr/home/cpan/pit/bare/perl-5.12.0/lib/site_perl/5.12.0/i386-freebsd
/usr/home/cpan/pit/bare/perl-5.12.0/lib/site_perl/5.12.0
/usr/home/cpan/pit/bare/perl-5.12.0/lib/5.12.0/i386-freebsd
/usr/home/cpan/pit/bare/perl-5.12.0/lib/5.12.0
.