Back
From: metabase:user:e19ceca0-3168-11e0-8227-519973746d79
Subject: FAIL CPAN-IndexPod-0.25 v5.12.3 FreeBSD
Date: 2011-07-12T00:26:32Z
This distribution has been tested as part of the CPAN Testers
project, supporting the Perl programming language. See
http://wiki.cpantesters.org/ for more information or email
questions to cpan-testers-discuss@perl.org
--
Dear Leon Brocard,
This is a computer-generated report for CPAN-IndexPod-0.25
on perl 5.12.3, created by CPAN-Reporter-1.1902.
Thank you for uploading your work to CPAN. However, there was a problem
testing your distribution.
If you think this report is invalid, please consult the CPAN Testers Wiki
for suggestions on how to avoid getting FAIL reports for missing library
or binary dependencies, unsupported operating systems, and so on:
http://wiki.cpantesters.org/wiki/CPANAuthorNotes
Sections of this report:
* Tester comments
* Program output
* Prerequisites
* Environment and other context
------------------------------
TESTER COMMENTS
------------------------------
Additional comments from tester:
this report is from an automated smoke testing program
and was not reviewed by a human for accuracy
------------------------------
PROGRAM OUTPUT
------------------------------
Output from '/usr/bin/make test':
PERL_DL_NONLAZY=1 /usr/bin/perl "-MExtUtils::Command::MM" "-e" "test_harness(0, 'blib/lib', 'blib/arch')" t/*.t
t/pod.t ........... skipped: Test::Pod 1.14 required for testing POD
t/pod_coverage.t .. skipped: Test::Pod::Coverage 1.04 required for testing POD coverage
# Failed test 'use CPAN::IndexPod;'
# at t/simple.t line 8.
# Tried to use 'CPAN::IndexPod'.
# Error: KinoSearch::InvIndexer has been replaced by KinoSearch::Index::Indexer. at /home/swills/.cpan/build/KinoSearch-0.313-vnv_px/blib/lib/KinoSearch/InvIndexer.pm line 3
# require KinoSearch/InvIndexer.pm called at lib/CPAN/IndexPod.pm line 6
# CPAN::IndexPod::BEGIN() called at /home/swills/.cpan/build/KinoSearch-0.313-vnv_px/blib/lib/KinoSearch/InvIndexer.pm line 0
# eval {...} called at /home/swills/.cpan/build/KinoSearch-0.313-vnv_px/blib/lib/KinoSearch/InvIndexer.pm line 0
# require CPAN/IndexPod.pm called at (eval 10) line 2
# main::BEGIN() called at /home/swills/.cpan/build/KinoSearch-0.313-vnv_px/blib/lib/KinoSearch/InvIndexer.pm line 0
# eval {...} called at /home/swills/.cpan/build/KinoSearch-0.313-vnv_px/blib/lib/KinoSearch/InvIndexer.pm line 0
# eval 'package main;
# use CPAN::IndexPod @{$args[0]};
# 1;
#
# ;' called at /usr/local/lib/perl5/5.12.3/Test/More.pm line 858
# Test::More::_eval('package main;\x{a}use CPAN::IndexPod @{$args[0]};\x{a}1;\x{a}', 'ARRAY(0x2858a5a0)') called at /usr/local/lib/perl5/5.12.3/Test/More.pm line 833
# Test::More::use_ok('CPAN::IndexPod') called at t/simple.t line 8
# Compilation failed in require at lib/CPAN/IndexPod.pm line 6.
# BEGIN failed--compilation aborted at lib/CPAN/IndexPod.pm line 6.
# Compilation failed in require at (eval 10) line 2.
# BEGIN failed--compilation aborted at (eval 10) line 2.
Can't locate object method "new" via package "CPAN::IndexPod" at t/simple.t line 16.
# Looks like you planned 12 tests but ran 2.
# Looks like you failed 1 test of 2 run.
# Looks like your test exited with 2 just after 2.
t/simple.t ........
Dubious, test returned 2 (wstat 512, 0x200)
Failed 11/12 subtests
Test Summary Report
-------------------
t/simple.t (Wstat: 512 Tests: 2 Failed: 1)
Failed test: 1
Non-zero exit status: 2
Parse errors: Bad plan. You planned 12 tests but ran 2.
Files=3, Tests=2, 1 wallclock secs ( 0.03 usr 0.01 sys + 0.18 cusr 0.12 csys = 0.34 CPU)
Result: FAIL
Failed 1/3 test programs. 1/2 subtests failed.
*** Error code 2
Stop in /usr/home/swills/.cpan/build/CPAN-IndexPod-0.25-3z1fR0.
------------------------------
PREREQUISITES
------------------------------
Prerequisite modules loaded:
requires:
Module Need Have
------------------------ ---- -----
Class::Accessor::Chained 0 0.01
File::Find::Rule 0 0.32
KinoSearch 0 0.313
Pod::Simple 0 3.14
Test::More 0 0.94
------------------------------
ENVIRONMENT AND OTHER CONTEXT
------------------------------
Environment variables:
AUTOMATED_TESTING = 1
PATH = /sbin:/bin:/usr/sbin:/usr/bin:/usr/games:/usr/local/sbin:/usr/local/bin:/home/swills/bin
PERL5LIB = /home/swills/.cpan/build/KinoSearch-0.313-vnv_px/blib/arch:/home/swills/.cpan/build/KinoSearch-0.313-vnv_px/blib/lib:/home/swills/.cpan/build/Parse-RecDescent-1.965001-_Eud7t/blib/arch:/home/swills/.cpan/build/Parse-RecDescent-1.965001-_Eud7t/blib/lib:/home/swills/.cpan/build/JSON-XS-2.3-In9JWE/blib/arch:/home/swills/.cpan/build/JSON-XS-2.3-In9JWE/blib/lib:/home/swills/.cpan/build/common-sense-3.4-9D__ZU/blib/arch:/home/swills/.cpan/build/common-sense-3.4-9D__ZU/blib/lib:/home/swills/.cpan/build/Lingua-Stem-Snowball-0.952-V4kqwU/blib/arch:/home/swills/.cpan/build/Lingua-Stem-Snowball-0.952-V4kqwU/blib/lib:/home/swills/.cpan/build/Lingua-StopWords-0.09-3wrF25/blib/arch:/home/swills/.cpan/build/Lingua-StopWords-0.09-3wrF25/blib/lib:/home/swills/.cpan/build/Class-Accessor-Chained-0.01-zgRRVP/blib/arch:/home/swills/.cpan/build/Class-Accessor-Chained-0.01-zgRRVP/blib/lib:/home/swills/.cpan/build/Class-Accessor-0.34-A3yERM/blib/arch:/home/swills/.cpan/build/Class-Accessor-0.34-A3yERM/blib/lib
PERL5OPT =
PERL5_CPANPLUS_IS_RUNNING = 32858
PERL5_CPAN_IS_RUNNING = 32858
PERL5_CPAN_IS_RUNNING_IN_RECURSION = 1088,32858
PERL_CR_SMOKER_CURRENT = CPAN-IndexPod-0.25
PERL_EXTUTILS_AUTOINSTALL = --defaultdeps
PERL_MM_USE_DEFAULT = 1
SHELL = /usr/local/bin/zsh
TERM = screen
Perl special variables (and OS-specific diagnostics, for MSWin32):
$^X = /usr/bin/perl
$UID/$EUID = 1001 / 1001
$GID = 1001 1001 0
$EGID = 1001 1001 0
Perl module toolchain versions installed:
Module Have
------------------- -------
CPAN 1.94_56
Cwd 3.33
ExtUtils::CBuilder 0.27
ExtUtils::Command 1.16
ExtUtils::Install 1.55
ExtUtils::MakeMaker 0
ExtUtils::Manifest 1.57
ExtUtils::ParseXS 2.21
File::Spec 3.33
Module::Build 0.3603
Module::Signature n/a
Test::Harness 3.17
Test::More 0.94
YAML n/a
YAML::Syck n/a
version 0.82
--
Summary of my perl5 (revision 5 version 12 subversion 3) configuration:
Platform:
osname=freebsd, osvers=8.2-stable, archname=i386-freebsd-64int
uname='freebsd tinderbox.host 8.2-stable freebsd 8.2-stable #0: sun may 22 12:37:45 edt 2011 root@tinderbox.host:usrsrcsysmagickernelpath i386 '
config_args='-sde -Dprefix=/usr/local -Darchlib=/usr/local/lib/perl5/5.12.3/mach -Dprivlib=/usr/local/lib/perl5/5.12.3 -Dman3dir=/usr/local/lib/perl5/5.12.3/perl/man/man3 -Dman1dir=/usr/local/man/man1 -Dsitearch=/usr/local/lib/perl5/site_perl/5.12.3/mach -Dsitelib=/usr/local/lib/perl5/site_perl/5.12.3 -Dscriptdir=/usr/local/bin -Dsiteman3dir=/usr/local/lib/perl5/5.12.3/man/man3 -Dsiteman1dir=/usr/local/man/man1 -Ui_malloc -Ui_iconv -Uinstallusrbinperl -Dcc=cc -Duseshrplib -Dinc_version_list=none -Dccflags=-DAPPLLIB_EXP="/usr/local/lib/perl5/5.12.3/BSDPAN" -Doptimize=-O2 -pipe -fno-strict-aliasing -Ui_gdbm -Dusethreads=n -Dusemymalloc=n -Duse64bitint'
hint=recommended, useposix=true, d_sigaction=define
useithreads=undef, usemultiplicity=undef
useperlio=define, d_sfio=undef, uselargefiles=define, usesocks=undef
use64bitint=define, use64bitall=undef, uselongdouble=undef
usemymalloc=n, bincompat5005=undef
Compiler:
cc='cc', ccflags ='-DAPPLLIB_EXP="/usr/local/lib/perl5/5.12.3/BSDPAN" -DHAS_FPSETMASK -DHAS_FLOATINGPOINT_H -fno-strict-aliasing -pipe -fstack-protector -I/usr/local/include',
optimize='-O2 -pipe -fno-strict-aliasing',
cppflags='-DAPPLLIB_EXP="/usr/local/lib/perl5/5.12.3/BSDPAN" -DHAS_FPSETMASK -DHAS_FLOATINGPOINT_H -fno-strict-aliasing -pipe -fstack-protector -I/usr/local/include'
ccversion='', gccversion='4.2.2 20070831 prerelease [FreeBSD]', gccosandvers=''
intsize=4, longsize=4, ptrsize=4, doublesize=8, byteorder=12345678
d_longlong=define, longlongsize=8, d_longdbl=define, longdblsize=12
ivtype='long long', ivsize=8, nvtype='double', nvsize=8, Off_t='off_t', lseeksize=8
alignbytes=4, prototype=define
Linker and Libraries:
ld='cc', ldflags =' -Wl,-E -fstack-protector -L/usr/local/lib'
libpth=/usr/lib /usr/local/lib
libs=-lm -lcrypt -lutil
perllibs=-lm -lcrypt -lutil
libc=, so=so, useshrplib=true, libperl=libperl.so
gnulibc_version=''
Dynamic Linking:
dlsrc=dl_dlopen.xs, dlext=so, d_dlsymun=undef, ccdlflags=' -Wl,-R/usr/local/lib/perl5/5.12.3/mach/CORE'
cccdlflags='-DPIC -fPIC', lddlflags='-shared -L/usr/local/lib -fstack-protector'
Characteristics of this binary (from libperl):
Compile-time options: PERL_DONT_CREATE_GVSV PERL_MALLOC_WRAP USE_64_BIT_INT
USE_LARGE_FILES USE_PERLIO USE_PERL_ATOF
Built under freebsd
Compiled at May 22 2011 16:40:26
%ENV:
PERL5LIB="/home/swills/.cpan/build/KinoSearch-0.313-vnv_px/blib/arch:/home/swills/.cpan/build/KinoSearch-0.313-vnv_px/blib/lib:/home/swills/.cpan/build/Parse-RecDescent-1.965001-_Eud7t/blib/arch:/home/swills/.cpan/build/Parse-RecDescent-1.965001-_Eud7t/blib/lib:/home/swills/.cpan/build/JSON-XS-2.3-In9JWE/blib/arch:/home/swills/.cpan/build/JSON-XS-2.3-In9JWE/blib/lib:/home/swills/.cpan/build/common-sense-3.4-9D__ZU/blib/arch:/home/swills/.cpan/build/common-sense-3.4-9D__ZU/blib/lib:/home/swills/.cpan/build/Lingua-Stem-Snowball-0.952-V4kqwU/blib/arch:/home/swills/.cpan/build/Lingua-Stem-Snowball-0.952-V4kqwU/blib/lib:/home/swills/.cpan/build/Lingua-StopWords-0.09-3wrF25/blib/arch:/home/swills/.cpan/build/Lingua-StopWords-0.09-3wrF25/blib/lib:/home/swills/.cpan/build/Class-Accessor-Chained-0.01-zgRRVP/blib/arch:/home/swills/.cpan/build/Class-Accessor-Chained-0.01-zgRRVP/blib/lib:/home/swills/.cpan/build/Class-Accessor-0.34-A3yERM/blib/arch:/home/swills/.cpan/build/Class-Accessor-0.34-A3yERM/blib/lib"
PERL5OPT=""
PERL5_CPANPLUS_IS_RUNNING="32858"
PERL5_CPAN_IS_RUNNING="32858"
PERL5_CPAN_IS_RUNNING_IN_RECURSION="1088,32858"
PERL_CR_SMOKER_CURRENT="CPAN-IndexPod-0.25"
PERL_EXTUTILS_AUTOINSTALL="--defaultdeps"
PERL_MM_USE_DEFAULT="1"
@INC:
/home/swills/.cpan/build/KinoSearch-0.313-vnv_px/blib/arch
/home/swills/.cpan/build/KinoSearch-0.313-vnv_px/blib/lib
/home/swills/.cpan/build/Parse-RecDescent-1.965001-_Eud7t/blib/arch
/home/swills/.cpan/build/Parse-RecDescent-1.965001-_Eud7t/blib/lib
/home/swills/.cpan/build/JSON-XS-2.3-In9JWE/blib/arch
/home/swills/.cpan/build/JSON-XS-2.3-In9JWE/blib/lib
/home/swills/.cpan/build/common-sense-3.4-9D__ZU/blib/arch
/home/swills/.cpan/build/common-sense-3.4-9D__ZU/blib/lib
/home/swills/.cpan/build/Lingua-Stem-Snowball-0.952-V4kqwU/blib/arch
/home/swills/.cpan/build/Lingua-Stem-Snowball-0.952-V4kqwU/blib/lib
/home/swills/.cpan/build/Lingua-StopWords-0.09-3wrF25/blib/arch
/home/swills/.cpan/build/Lingua-StopWords-0.09-3wrF25/blib/lib
/home/swills/.cpan/build/Class-Accessor-Chained-0.01-zgRRVP/blib/arch
/home/swills/.cpan/build/Class-Accessor-Chained-0.01-zgRRVP/blib/lib
/home/swills/.cpan/build/Class-Accessor-0.34-A3yERM/blib/arch
/home/swills/.cpan/build/Class-Accessor-0.34-A3yERM/blib/lib
/usr/local/lib/perl5/5.12.3/BSDPAN
/usr/local/lib/perl5/site_perl/5.12.3/mach
/usr/local/lib/perl5/site_perl/5.12.3
/usr/local/lib/perl5/5.12.3/mach
/usr/local/lib/perl5/5.12.3
.